[INFO] fetching crate advreader 2.3.0...
[INFO] testing advreader-2.3.0 against 1.83.0 for beta-1.84.0-4-retry
[INFO] extracting crate advreader 2.3.0 into /workspace/builds/worker-0-tc1/source
[INFO] validating manifest of crates.io crate advreader 2.3.0 on toolchain 1.83.0
[INFO] running `Command { std: CARGO_HOME="/workspace/cargo-home" RUSTUP_HOME="/workspace/rustup-home" "/workspace/cargo-home/bin/cargo" "+1.83.0" "metadata" "--manifest-path" "Cargo.toml" "--no-deps", kill_on_drop: false }`
[INFO] started tweaking crates.io crate advreader 2.3.0
[INFO] removed 0 missing examples
[INFO] removed 0 missing tests
[INFO] finished tweaking crates.io crate advreader 2.3.0
[INFO] tweaked toml for crates.io crate advreader 2.3.0 written to /workspace/builds/worker-0-tc1/source/Cargo.toml
[INFO] crate crates.io crate advreader 2.3.0 already has a lockfile, it will not be regenerated
[INFO] running `Command { std: CARGO_HOME="/workspace/cargo-home" RUSTUP_HOME="/workspace/rustup-home" "/workspace/cargo-home/bin/cargo" "+1.83.0" "fetch" "--manifest-path" "Cargo.toml", kill_on_drop: false }`
[INFO] running `Command { std: "docker" "create" "-v" "/var/lib/crater-agent-workspace/builds/worker-0-tc1/target:/opt/rustwide/target:rw,Z" "-v" "/var/lib/crater-agent-workspace/builds/worker-0-tc1/source:/opt/rustwide/workdir:ro,Z" "-v" "/var/lib/crater-agent-workspace/cargo-home:/opt/rustwide/cargo-home:ro,Z" "-v" "/var/lib/crater-agent-workspace/rustup-home:/opt/rustwide/rustup-home:ro,Z" "-e" "SOURCE_DIR=/opt/rustwide/workdir" "-e" "CARGO_TARGET_DIR=/opt/rustwide/target" "-e" "CARGO_HOME=/opt/rustwide/cargo-home" "-e" "RUSTUP_HOME=/opt/rustwide/rustup-home" "-w" "/opt/rustwide/workdir" "-m" "1610612736" "--user" "0:0" "--network" "none" "ghcr.io/rust-lang/crates-build-env/linux@sha256:f3a9d4ad9d972b27faf3965f35b62e55ba32bbce8f20bc8fe909558a86702fde" "/opt/rustwide/cargo-home/bin/cargo" "+1.83.0" "metadata" "--no-deps" "--format-version=1", kill_on_drop: false }`
[INFO] [stdout] 2b5af0066a230885ad15f04374870180f3ffad98608b424f1a918d7443eb8a39
[INFO] running `Command { std: "docker" "start" "-a" "2b5af0066a230885ad15f04374870180f3ffad98608b424f1a918d7443eb8a39", kill_on_drop: false }`
[INFO] running `Command { std: "docker" "inspect" "2b5af0066a230885ad15f04374870180f3ffad98608b424f1a918d7443eb8a39", kill_on_drop: false }`
[INFO] running `Command { std: "docker" "rm" "-f" "2b5af0066a230885ad15f04374870180f3ffad98608b424f1a918d7443eb8a39", kill_on_drop: false }`
[INFO] [stdout] 2b5af0066a230885ad15f04374870180f3ffad98608b424f1a918d7443eb8a39
[INFO] running `Command { std: "docker" "create" "-v" "/var/lib/crater-agent-workspace/builds/worker-0-tc1/target:/opt/rustwide/target:rw,Z" "-v" "/var/lib/crater-agent-workspace/builds/worker-0-tc1/source:/opt/rustwide/workdir:ro,Z" "-v" "/var/lib/crater-agent-workspace/cargo-home:/opt/rustwide/cargo-home:ro,Z" "-v" "/var/lib/crater-agent-workspace/rustup-home:/opt/rustwide/rustup-home:ro,Z" "-e" "SOURCE_DIR=/opt/rustwide/workdir" "-e" "CARGO_TARGET_DIR=/opt/rustwide/target" "-e" "CARGO_INCREMENTAL=0" "-e" "RUST_BACKTRACE=full" "-e" "RUSTFLAGS=--cap-lints=warn" "-e" "RUSTDOCFLAGS=--cap-lints=warn" "-e" "CARGO_HOME=/opt/rustwide/cargo-home" "-e" "RUSTUP_HOME=/opt/rustwide/rustup-home" "-w" "/opt/rustwide/workdir" "-m" "1610612736" "--user" "0:0" "--network" "none" "ghcr.io/rust-lang/crates-build-env/linux@sha256:f3a9d4ad9d972b27faf3965f35b62e55ba32bbce8f20bc8fe909558a86702fde" "/opt/rustwide/cargo-home/bin/cargo" "+1.83.0" "build" "--frozen" "--message-format=json", kill_on_drop: false }`
[INFO] [stdout] be9b1a367e0540b43b1f1f021303f0c5fe92658ac9de0446f712c72a17f1d0bc
[INFO] running `Command { std: "docker" "start" "-a" "be9b1a367e0540b43b1f1f021303f0c5fe92658ac9de0446f712c72a17f1d0bc", kill_on_drop: false }`
[INFO] [stderr]    Compiling libc v0.2.155
[INFO] [stderr]    Compiling unicode-width v0.1.13
[INFO] [stderr]    Compiling remove_dir_all v0.5.3
[INFO] [stderr]    Compiling autocfg v1.3.0
[INFO] [stderr]    Compiling scopeguard v1.2.0
[INFO] [stderr]    Compiling cfg-if v1.0.0
[INFO] [stderr]    Compiling futures-sink v0.3.30
[INFO] [stderr]    Compiling getopts v0.2.21
[INFO] [stderr]    Compiling futures-core v0.3.30
[INFO] [stderr]    Compiling pulldown-cmark v0.0.3
[INFO] [stderr]    Compiling lock_api v0.4.12
[INFO] [stderr]    Compiling spin v0.9.8
[INFO] [stderr]    Compiling getrandom v0.2.15
[INFO] [stderr]    Compiling nanorand v0.7.0
[INFO] [stderr]    Compiling rand v0.4.6
[INFO] [stderr]    Compiling flume v0.11.0
[INFO] [stderr]    Compiling tempdir v0.3.7
[INFO] [stderr]    Compiling skeptic v0.4.0
[INFO] [stderr]    Compiling local-encoding v0.2.0
[INFO] [stderr]    Compiling advreader v2.3.0 (/opt/rustwide/workdir)
[INFO] [stderr]     Finished `dev` profile [unoptimized + debuginfo] target(s) in 7.84s
[INFO] running `Command { std: "docker" "inspect" "be9b1a367e0540b43b1f1f021303f0c5fe92658ac9de0446f712c72a17f1d0bc", kill_on_drop: false }`
[INFO] running `Command { std: "docker" "rm" "-f" "be9b1a367e0540b43b1f1f021303f0c5fe92658ac9de0446f712c72a17f1d0bc", kill_on_drop: false }`
[INFO] [stdout] be9b1a367e0540b43b1f1f021303f0c5fe92658ac9de0446f712c72a17f1d0bc
[INFO] running `Command { std: "docker" "create" "-v" "/var/lib/crater-agent-workspace/builds/worker-0-tc1/target:/opt/rustwide/target:rw,Z" "-v" "/var/lib/crater-agent-workspace/builds/worker-0-tc1/source:/opt/rustwide/workdir:ro,Z" "-v" "/var/lib/crater-agent-workspace/cargo-home:/opt/rustwide/cargo-home:ro,Z" "-v" "/var/lib/crater-agent-workspace/rustup-home:/opt/rustwide/rustup-home:ro,Z" "-e" "SOURCE_DIR=/opt/rustwide/workdir" "-e" "CARGO_TARGET_DIR=/opt/rustwide/target" "-e" "CARGO_INCREMENTAL=0" "-e" "RUST_BACKTRACE=full" "-e" "RUSTFLAGS=--cap-lints=warn" "-e" "RUSTDOCFLAGS=--cap-lints=warn" "-e" "CARGO_HOME=/opt/rustwide/cargo-home" "-e" "RUSTUP_HOME=/opt/rustwide/rustup-home" "-w" "/opt/rustwide/workdir" "-m" "1610612736" "--user" "0:0" "--network" "none" "ghcr.io/rust-lang/crates-build-env/linux@sha256:f3a9d4ad9d972b27faf3965f35b62e55ba32bbce8f20bc8fe909558a86702fde" "/opt/rustwide/cargo-home/bin/cargo" "+1.83.0" "test" "--frozen" "--no-run" "--message-format=json", kill_on_drop: false }`
[INFO] [stdout] ac05960fd0fcc18beeec4f1657b896c5f716751ad9571a4b4f47b0dcc11f6d95
[INFO] running `Command { std: "docker" "start" "-a" "ac05960fd0fcc18beeec4f1657b896c5f716751ad9571a4b4f47b0dcc11f6d95", kill_on_drop: false }`
[INFO] [stderr]    Compiling libc v0.2.155
[INFO] [stderr]    Compiling proc-macro2 v1.0.86
[INFO] [stderr]    Compiling unicode-ident v1.0.12
[INFO] [stderr]    Compiling crossbeam-utils v0.8.20
[INFO] [stderr]    Compiling serde v1.0.204
[INFO] [stderr]    Compiling num-traits v0.2.19
[INFO] [stderr]    Compiling serde_json v1.0.120
[INFO] [stderr]    Compiling rayon-core v1.12.1
[INFO] [stderr]    Compiling either v1.13.0
[INFO] [stderr]    Compiling half v2.4.1
[INFO] [stderr]    Compiling regex-syntax v0.8.4
[INFO] [stderr]    Compiling plotters-backend v0.3.6
[INFO] [stderr]    Compiling ryu v1.0.18
[INFO] [stderr]    Compiling anstyle v1.0.7
[INFO] [stderr]    Compiling itoa v1.0.11
[INFO] [stderr]    Compiling ciborium-io v0.2.2
[INFO] [stderr]    Compiling clap_lex v0.7.1
[INFO] [stderr]    Compiling ciborium-ll v0.2.2
[INFO] [stderr]    Compiling plotters-svg v0.3.6
[INFO] [stderr]    Compiling rand v0.4.6
[INFO] [stderr]    Compiling getrandom v0.2.15
[INFO] [stderr]    Compiling quote v1.0.36
[INFO] [stderr]    Compiling crossbeam-epoch v0.9.18
[INFO] [stderr]    Compiling nanorand v0.7.0
[INFO] [stderr]    Compiling syn v2.0.70
[INFO] [stderr]    Compiling crossbeam-deque v0.8.5
[INFO] [stderr]    Compiling clap_builder v4.5.9
[INFO] [stderr]    Compiling itertools v0.10.5
[INFO] [stderr]    Compiling regex-automata v0.4.7
[INFO] [stderr]    Compiling tempdir v0.3.7
[INFO] [stderr]    Compiling skeptic v0.4.0
[INFO] [stderr]    Compiling cast v0.3.0
[INFO] [stderr]    Compiling local-encoding v0.2.0
[INFO] [stderr]    Compiling same-file v1.0.6
[INFO] [stderr]    Compiling criterion-plot v0.5.0
[INFO] [stderr]    Compiling walkdir v2.5.0
[INFO] [stderr]    Compiling flume v0.11.0
[INFO] [stderr]    Compiling clap v4.5.9
[INFO] [stderr]    Compiling rayon v1.10.0
[INFO] [stderr]    Compiling plotters v0.3.6
[INFO] [stderr]    Compiling is-terminal v0.4.12
[INFO] [stderr]    Compiling num_cpus v1.16.0
[INFO] [stderr]    Compiling oorandom v11.1.4
[INFO] [stderr]    Compiling once_cell v1.19.0
[INFO] [stderr]    Compiling anes v0.1.6
[INFO] [stderr]    Compiling threadpool v1.8.1
[INFO] [stderr]    Compiling advreader v2.3.0 (/opt/rustwide/workdir)
[INFO] [stderr]    Compiling serde_derive v1.0.204
[INFO] [stderr]    Compiling regex v1.10.5
[INFO] [stderr]    Compiling ciborium v0.2.2
[INFO] [stderr]    Compiling tinytemplate v1.2.1
[INFO] [stderr]    Compiling criterion v0.5.1
[INFO] [stderr]     Finished `test` profile [unoptimized + debuginfo] target(s) in 47.93s
[INFO] running `Command { std: "docker" "inspect" "ac05960fd0fcc18beeec4f1657b896c5f716751ad9571a4b4f47b0dcc11f6d95", kill_on_drop: false }`
[INFO] running `Command { std: "docker" "rm" "-f" "ac05960fd0fcc18beeec4f1657b896c5f716751ad9571a4b4f47b0dcc11f6d95", kill_on_drop: false }`
[INFO] [stdout] ac05960fd0fcc18beeec4f1657b896c5f716751ad9571a4b4f47b0dcc11f6d95
[INFO] running `Command { std: "docker" "create" "-v" "/var/lib/crater-agent-workspace/builds/worker-0-tc1/target:/opt/rustwide/target:rw,Z" "-v" "/var/lib/crater-agent-workspace/builds/worker-0-tc1/source:/opt/rustwide/workdir:ro,Z" "-v" "/var/lib/crater-agent-workspace/cargo-home:/opt/rustwide/cargo-home:ro,Z" "-v" "/var/lib/crater-agent-workspace/rustup-home:/opt/rustwide/rustup-home:ro,Z" "-e" "SOURCE_DIR=/opt/rustwide/workdir" "-e" "CARGO_TARGET_DIR=/opt/rustwide/target" "-e" "CARGO_INCREMENTAL=0" "-e" "RUST_BACKTRACE=full" "-e" "RUSTFLAGS=--cap-lints=warn" "-e" "RUSTDOCFLAGS=--cap-lints=warn" "-e" "CARGO_HOME=/opt/rustwide/cargo-home" "-e" "RUSTUP_HOME=/opt/rustwide/rustup-home" "-w" "/opt/rustwide/workdir" "-m" "1610612736" "--user" "0:0" "--network" "none" "ghcr.io/rust-lang/crates-build-env/linux@sha256:f3a9d4ad9d972b27faf3965f35b62e55ba32bbce8f20bc8fe909558a86702fde" "/opt/rustwide/cargo-home/bin/cargo" "+1.83.0" "test" "--frozen", kill_on_drop: false }`
[INFO] [stdout] e3d5096f34a888a893320c83aaad76200ac7af0e67e85ecf3381df7275653e39
[INFO] running `Command { std: "docker" "start" "-a" "e3d5096f34a888a893320c83aaad76200ac7af0e67e85ecf3381df7275653e39", kill_on_drop: false }`
[INFO] [stderr]     Finished `test` profile [unoptimized + debuginfo] target(s) in 0.14s
[INFO] [stderr]      Running unittests src/lib.rs (/opt/rustwide/target/debug/deps/advreader-ed591c911570bab2)
[INFO] [stdout] 
[INFO] [stdout] running 23 tests
[INFO] [stdout] test test::read_block_a2l::tests::read_block_a2l_valid_a2ml_block_edge1 ... ok
[INFO] [stdout] test test::read_block_a2l::tests::read_block_a2l_valid_a2ml_block_edge2 ... ok
[INFO] [stdout] test test::read_block_a2l::tests::read_block_a2l_valid_a2ml_block_edge4 ... ok
[INFO] [stdout] test test::read_block_a2l::tests::read_block_a2l_valid_a2ml_block_edge5 ... ok
[INFO] [stdout] test test::read_block_a2l::tests::read_block_a2l_valid_a2ml_block_edge8 ... ok
[INFO] [stdout] test test::read_block_a2l::tests::read_block_a2l_no_block ... ok
[INFO] [stdout] test test::read_block_a2l::tests::read_block_a2l_valid_a2ml_block_with_contents ... ok
[INFO] [stdout] test test::read_block_a2l::tests::read_block_a2l_valid_if_data_block_edge1 ... ok
[INFO] [stdout] test test::read_block_a2l::tests::read_block_a2l_valid_if_data_block_edge2 ... ok
[INFO] [stdout] test test::read_block_a2l::tests::read_block_a2l_valid_if_data_block_edge3 ... ok
[INFO] [stdout] test test::read_block_a2l::tests::read_block_a2l_valid_a2ml_block_edge3 ... ok
[INFO] [stdout] test test::read_block_a2l::tests::read_block_a2l_valid_if_data_block_with_contents ... ok
[INFO] [stdout] test test::read_number::tests::read_number ... FAILED
[INFO] [stdout] test test::read_push_back::tests::read_mixed ... FAILED
[INFO] [stdout] test test::read_line_comment::tests::read_line_comment ... FAILED
[INFO] [stdout] test test::read_block_a2l::tests::read_block_a2l_valid_a2ml_block_edge6 ... ok
[INFO] [stdout] test test::read_comment::tests::read_comment ... FAILED
[INFO] [stdout] test test::read_string::tests::read_string_double_quotes ... FAILED
[INFO] [stdout] test test::read_string::tests::read_string_double_quotes_trim ... FAILED
[INFO] [stdout] test test::read_string::tests::read_string_trim ... FAILED
[INFO] [stdout] test test::read_string::tests::read_string ... FAILED
[INFO] [stdout] test test::read_number::tests::read_number_keep_base ... FAILED
[INFO] [stdout] test test::read_block_a2l::tests::read_block_a2l_valid_a2ml_block_edge7 ... ok
[INFO] [stdout] 
[INFO] [stdout] failures:
[INFO] [stdout] 
[INFO] [stdout] ---- test::read_number::tests::read_number stdout ----
[INFO] [stdout] Error: Os { code: 2, kind: NotFound, message: "No such file or directory" }
[INFO] [stdout] 
[INFO] [stdout] ---- test::read_push_back::tests::read_mixed stdout ----
[INFO] [stdout] Error: Custom { kind: NotFound, error: "File \"testdata/mixed.txt\" not found or is not readable!" }
[INFO] [stdout] 
[INFO] [stdout] ---- test::read_line_comment::tests::read_line_comment stdout ----
[INFO] [stdout] Error: Os { code: 2, kind: NotFound, message: "No such file or directory" }
[INFO] [stdout] 
[INFO] [stdout] ---- test::read_comment::tests::read_comment stdout ----
[INFO] [stdout] Error: Os { code: 2, kind: NotFound, message: "No such file or directory" }
[INFO] [stdout] 
[INFO] [stdout] ---- test::read_string::tests::read_string_double_quotes stdout ----
[INFO] [stdout] Error: Os { code: 2, kind: NotFound, message: "No such file or directory" }
[INFO] [stdout] 
[INFO] [stdout] ---- test::read_string::tests::read_string_double_quotes_trim stdout ----
[INFO] [stdout] Error: Os { code: 2, kind: NotFound, message: "No such file or directory" }
[INFO] [stdout] 
[INFO] [stdout] ---- test::read_string::tests::read_string_trim stdout ----
[INFO] [stdout] Error: Os { code: 2, kind: NotFound, message: "No such file or directory" }
[INFO] [stdout] 
[INFO] [stdout] ---- test::read_string::tests::read_string stdout ----
[INFO] [stdout] Error: Os { code: 2, kind: NotFound, message: "No such file or directory" }
[INFO] [stdout] 
[INFO] [stdout] ---- test::read_number::tests::read_number_keep_base stdout ----
[INFO] [stdout] Error: Os { code: 2, kind: NotFound, message: "No such file or directory" }
[INFO] [stdout] 
[INFO] [stdout] 
[INFO] [stdout] failures:
[INFO] [stdout]     test::read_comment::tests::read_comment
[INFO] [stdout]     test::read_line_comment::tests::read_line_comment
[INFO] [stdout]     test::read_number::tests::read_number
[INFO] [stdout]     test::read_number::tests::read_number_keep_base
[INFO] [stdout]     test::read_push_back::tests::read_mixed
[INFO] [stdout]     test::read_string::tests::read_string
[INFO] [stdout]     test::read_string::tests::read_string_double_quotes
[INFO] [stdout]     test::read_string::tests::read_string_double_quotes_trim
[INFO] [stdout]     test::read_string::tests::read_string_trim
[INFO] [stdout] 
[INFO] [stdout] test result: FAILED. 14 passed; 9 failed; 0 ignored; 0 measured; 0 filtered out; finished in 0.03s
[INFO] [stdout] 
[INFO] [stderr] error: test failed, to rerun pass `--lib`
[INFO] running `Command { std: "docker" "inspect" "e3d5096f34a888a893320c83aaad76200ac7af0e67e85ecf3381df7275653e39", kill_on_drop: false }`
[INFO] running `Command { std: "docker" "rm" "-f" "e3d5096f34a888a893320c83aaad76200ac7af0e67e85ecf3381df7275653e39", kill_on_drop: false }`
[INFO] [stdout] e3d5096f34a888a893320c83aaad76200ac7af0e67e85ecf3381df7275653e39
