[INFO] fetching crate advent_of_code_traits 0.2.0...
[INFO] testing advent_of_code_traits-0.2.0 against 1.83.0 for beta-1.84.0-4-retry
[INFO] extracting crate advent_of_code_traits 0.2.0 into /workspace/builds/worker-4-tc1/source
[INFO] validating manifest of crates.io crate advent_of_code_traits 0.2.0 on toolchain 1.83.0
[INFO] running `Command { std: CARGO_HOME="/workspace/cargo-home" RUSTUP_HOME="/workspace/rustup-home" "/workspace/cargo-home/bin/cargo" "+1.83.0" "metadata" "--manifest-path" "Cargo.toml" "--no-deps", kill_on_drop: false }`
[INFO] started tweaking crates.io crate advent_of_code_traits 0.2.0
[INFO] finished tweaking crates.io crate advent_of_code_traits 0.2.0
[INFO] tweaked toml for crates.io crate advent_of_code_traits 0.2.0 written to /workspace/builds/worker-4-tc1/source/Cargo.toml
[INFO] crate crates.io crate advent_of_code_traits 0.2.0 already has a lockfile, it will not be regenerated
[INFO] running `Command { std: CARGO_HOME="/workspace/cargo-home" RUSTUP_HOME="/workspace/rustup-home" "/workspace/cargo-home/bin/cargo" "+1.83.0" "fetch" "--manifest-path" "Cargo.toml", kill_on_drop: false }`
[INFO] running `Command { std: "docker" "create" "-v" "/var/lib/crater-agent-workspace/builds/worker-4-tc1/target:/opt/rustwide/target:rw,Z" "-v" "/var/lib/crater-agent-workspace/builds/worker-4-tc1/source:/opt/rustwide/workdir:ro,Z" "-v" "/var/lib/crater-agent-workspace/cargo-home:/opt/rustwide/cargo-home:ro,Z" "-v" "/var/lib/crater-agent-workspace/rustup-home:/opt/rustwide/rustup-home:ro,Z" "-e" "SOURCE_DIR=/opt/rustwide/workdir" "-e" "CARGO_TARGET_DIR=/opt/rustwide/target" "-e" "CARGO_HOME=/opt/rustwide/cargo-home" "-e" "RUSTUP_HOME=/opt/rustwide/rustup-home" "-w" "/opt/rustwide/workdir" "-m" "1610612736" "--user" "0:0" "--network" "none" "ghcr.io/rust-lang/crates-build-env/linux@sha256:f3a9d4ad9d972b27faf3965f35b62e55ba32bbce8f20bc8fe909558a86702fde" "/opt/rustwide/cargo-home/bin/cargo" "+1.83.0" "metadata" "--no-deps" "--format-version=1", kill_on_drop: false }`
[INFO] [stdout] b63870437332d4e129ab053a5bb52541b149488ab0daa9755265a63830f9fb08
[INFO] running `Command { std: "docker" "start" "-a" "b63870437332d4e129ab053a5bb52541b149488ab0daa9755265a63830f9fb08", kill_on_drop: false }`
[INFO] running `Command { std: "docker" "inspect" "b63870437332d4e129ab053a5bb52541b149488ab0daa9755265a63830f9fb08", kill_on_drop: false }`
[INFO] running `Command { std: "docker" "rm" "-f" "b63870437332d4e129ab053a5bb52541b149488ab0daa9755265a63830f9fb08", kill_on_drop: false }`
[INFO] [stdout] b63870437332d4e129ab053a5bb52541b149488ab0daa9755265a63830f9fb08
[INFO] running `Command { std: "docker" "create" "-v" "/var/lib/crater-agent-workspace/builds/worker-4-tc1/target:/opt/rustwide/target:rw,Z" "-v" "/var/lib/crater-agent-workspace/builds/worker-4-tc1/source:/opt/rustwide/workdir:ro,Z" "-v" "/var/lib/crater-agent-workspace/cargo-home:/opt/rustwide/cargo-home:ro,Z" "-v" "/var/lib/crater-agent-workspace/rustup-home:/opt/rustwide/rustup-home:ro,Z" "-e" "SOURCE_DIR=/opt/rustwide/workdir" "-e" "CARGO_TARGET_DIR=/opt/rustwide/target" "-e" "CARGO_INCREMENTAL=0" "-e" "RUST_BACKTRACE=full" "-e" "RUSTFLAGS=--cap-lints=warn" "-e" "RUSTDOCFLAGS=--cap-lints=warn" "-e" "CARGO_HOME=/opt/rustwide/cargo-home" "-e" "RUSTUP_HOME=/opt/rustwide/rustup-home" "-w" "/opt/rustwide/workdir" "-m" "1610612736" "--user" "0:0" "--network" "none" "ghcr.io/rust-lang/crates-build-env/linux@sha256:f3a9d4ad9d972b27faf3965f35b62e55ba32bbce8f20bc8fe909558a86702fde" "/opt/rustwide/cargo-home/bin/cargo" "+1.83.0" "build" "--frozen" "--message-format=json", kill_on_drop: false }`
[INFO] [stdout] db232760f0184ddf244286e54f70903c705fe27b9034a7137094c069fc9158fa
[INFO] running `Command { std: "docker" "start" "-a" "db232760f0184ddf244286e54f70903c705fe27b9034a7137094c069fc9158fa", kill_on_drop: false }`
[INFO] [stderr]    Compiling advent_of_code_traits v0.2.0 (/opt/rustwide/workdir)
[INFO] [stderr]     Finished `dev` profile [unoptimized + debuginfo] target(s) in 0.64s
[INFO] running `Command { std: "docker" "inspect" "db232760f0184ddf244286e54f70903c705fe27b9034a7137094c069fc9158fa", kill_on_drop: false }`
[INFO] running `Command { std: "docker" "rm" "-f" "db232760f0184ddf244286e54f70903c705fe27b9034a7137094c069fc9158fa", kill_on_drop: false }`
[INFO] [stdout] db232760f0184ddf244286e54f70903c705fe27b9034a7137094c069fc9158fa
[INFO] running `Command { std: "docker" "create" "-v" "/var/lib/crater-agent-workspace/builds/worker-4-tc1/target:/opt/rustwide/target:rw,Z" "-v" "/var/lib/crater-agent-workspace/builds/worker-4-tc1/source:/opt/rustwide/workdir:ro,Z" "-v" "/var/lib/crater-agent-workspace/cargo-home:/opt/rustwide/cargo-home:ro,Z" "-v" "/var/lib/crater-agent-workspace/rustup-home:/opt/rustwide/rustup-home:ro,Z" "-e" "SOURCE_DIR=/opt/rustwide/workdir" "-e" "CARGO_TARGET_DIR=/opt/rustwide/target" "-e" "CARGO_INCREMENTAL=0" "-e" "RUST_BACKTRACE=full" "-e" "RUSTFLAGS=--cap-lints=warn" "-e" "RUSTDOCFLAGS=--cap-lints=warn" "-e" "CARGO_HOME=/opt/rustwide/cargo-home" "-e" "RUSTUP_HOME=/opt/rustwide/rustup-home" "-w" "/opt/rustwide/workdir" "-m" "1610612736" "--user" "0:0" "--network" "none" "ghcr.io/rust-lang/crates-build-env/linux@sha256:f3a9d4ad9d972b27faf3965f35b62e55ba32bbce8f20bc8fe909558a86702fde" "/opt/rustwide/cargo-home/bin/cargo" "+1.83.0" "test" "--frozen" "--no-run" "--message-format=json", kill_on_drop: false }`
[INFO] [stdout] 72b0aa6603c1ec09acba6193ac53fba761b30219fd528c44b7708f30e0c51d8d
[INFO] running `Command { std: "docker" "start" "-a" "72b0aa6603c1ec09acba6193ac53fba761b30219fd528c44b7708f30e0c51d8d", kill_on_drop: false }`
[INFO] [stderr]    Compiling advent_of_code_traits v0.2.0 (/opt/rustwide/workdir)
[INFO] [stderr]     Finished `test` profile [unoptimized + debuginfo] target(s) in 0.80s
[INFO] running `Command { std: "docker" "inspect" "72b0aa6603c1ec09acba6193ac53fba761b30219fd528c44b7708f30e0c51d8d", kill_on_drop: false }`
[INFO] running `Command { std: "docker" "rm" "-f" "72b0aa6603c1ec09acba6193ac53fba761b30219fd528c44b7708f30e0c51d8d", kill_on_drop: false }`
[INFO] [stdout] 72b0aa6603c1ec09acba6193ac53fba761b30219fd528c44b7708f30e0c51d8d
[INFO] running `Command { std: "docker" "create" "-v" "/var/lib/crater-agent-workspace/builds/worker-4-tc1/target:/opt/rustwide/target:rw,Z" "-v" "/var/lib/crater-agent-workspace/builds/worker-4-tc1/source:/opt/rustwide/workdir:ro,Z" "-v" "/var/lib/crater-agent-workspace/cargo-home:/opt/rustwide/cargo-home:ro,Z" "-v" "/var/lib/crater-agent-workspace/rustup-home:/opt/rustwide/rustup-home:ro,Z" "-e" "SOURCE_DIR=/opt/rustwide/workdir" "-e" "CARGO_TARGET_DIR=/opt/rustwide/target" "-e" "CARGO_INCREMENTAL=0" "-e" "RUST_BACKTRACE=full" "-e" "RUSTFLAGS=--cap-lints=warn" "-e" "RUSTDOCFLAGS=--cap-lints=warn" "-e" "CARGO_HOME=/opt/rustwide/cargo-home" "-e" "RUSTUP_HOME=/opt/rustwide/rustup-home" "-w" "/opt/rustwide/workdir" "-m" "1610612736" "--user" "0:0" "--network" "none" "ghcr.io/rust-lang/crates-build-env/linux@sha256:f3a9d4ad9d972b27faf3965f35b62e55ba32bbce8f20bc8fe909558a86702fde" "/opt/rustwide/cargo-home/bin/cargo" "+1.83.0" "test" "--frozen", kill_on_drop: false }`
[INFO] [stdout] 59bbd11b2c30d59e3cf7395c4638769f27d63154c0b741855944480f8e81d6e9
[INFO] running `Command { std: "docker" "start" "-a" "59bbd11b2c30d59e3cf7395c4638769f27d63154c0b741855944480f8e81d6e9", kill_on_drop: false }`
[INFO] [stderr]     Finished `test` profile [unoptimized + debuginfo] target(s) in 0.02s
[INFO] [stderr]      Running unittests src/lib.rs (/opt/rustwide/target/debug/deps/advent_of_code_traits-bbdb8d0626777e86)
[INFO] [stdout] 
[INFO] [stdout] running 0 tests
[INFO] [stdout] 
[INFO] [stdout] test result: ok. 0 passed; 0 failed; 0 ignored; 0 measured; 0 filtered out; finished in 0.00s
[INFO] [stdout] 
[INFO] [stderr]    Doc-tests advent_of_code_traits
[INFO] [stdout] 
[INFO] [stdout] running 11 tests
[INFO] [stdout] test src/days.rs - days (line 20) - compile ... ok
[INFO] [stdout] test src/lib.rs - (line 94) - compile ... FAILED
[INFO] [stdout] test src/lib.rs - run (line 187) ... ignored
[INFO] [stdout] test src/lib.rs - run (line 191) ... ignored
[INFO] [stdout] test src/days.rs - days (line 6) ... ok
[INFO] [stdout] test src/lib.rs - (line 19) ... ok
[INFO] [stdout] test src/lib.rs - (line 111) ... ok
[INFO] [stdout] test src/lib.rs - (line 25) ... ok
[INFO] [stdout] test src/lib.rs - (line 58) ... ok
[INFO] [stdout] test src/days.rs - days (line 11) ... ok
[INFO] [stdout] test src/lib.rs - MissingPartTwo (line 213) ... ok
[INFO] [stdout] 
[INFO] [stdout] failures:
[INFO] [stdout] 
[INFO] [stdout] ---- src/lib.rs - (line 94) stdout ----
[INFO] [stdout] error[E0405]: cannot find trait `MissingPartTwo` in this scope
[INFO] [stdout]  --> src/lib.rs:95:6
[INFO] [stdout]   |
[INFO] [stdout] 3 | impl MissingPartTwo<Day25> for AdventOfCode2021<Day25> {}
[INFO] [stdout]   |      ^^^^^^^^^^^^^^ not found in this scope
[INFO] [stdout]   |
[INFO] [stdout] help: consider importing this trait
[INFO] [stdout]   |
[INFO] [stdout] 2 + use advent_of_code_traits::MissingPartTwo;
[INFO] [stdout]   |
[INFO] [stdout] 
[INFO] [stdout] error[E0412]: cannot find type `Day25` in this scope
[INFO] [stdout]  --> src/lib.rs:95:21
[INFO] [stdout]   |
[INFO] [stdout] 3 | impl MissingPartTwo<Day25> for AdventOfCode2021<Day25> {}
[INFO] [stdout]   |                     ^^^^^ not found in this scope
[INFO] [stdout]   |
[INFO] [stdout] help: you might be missing a type parameter
[INFO] [stdout]   |
[INFO] [stdout] 3 | impl<Day25> MissingPartTwo<Day25> for AdventOfCode2021<Day25> {}
[INFO] [stdout]   |     +++++++
[INFO] [stdout] 
[INFO] [stdout] error[E0412]: cannot find type `AdventOfCode2021` in this scope
[INFO] [stdout]  --> src/lib.rs:95:32
[INFO] [stdout]   |
[INFO] [stdout] 3 | impl MissingPartTwo<Day25> for AdventOfCode2021<Day25> {}
[INFO] [stdout]   |                                ^^^^^^^^^^^^^^^^ not found in this scope
[INFO] [stdout] 
[INFO] [stdout] error[E0412]: cannot find type `Day25` in this scope
[INFO] [stdout]  --> src/lib.rs:95:49
[INFO] [stdout]   |
[INFO] [stdout] 3 | impl MissingPartTwo<Day25> for AdventOfCode2021<Day25> {}
[INFO] [stdout]   |                                                 ^^^^^ not found in this scope
[INFO] [stdout]   |
[INFO] [stdout] help: you might be missing a type parameter
[INFO] [stdout]   |
[INFO] [stdout] 3 | impl<Day25> MissingPartTwo<Day25> for AdventOfCode2021<Day25> {}
[INFO] [stdout]   |     +++++++
[INFO] [stdout] 
[INFO] [stdout] error: aborting due to 4 previous errors
[INFO] [stdout] 
[INFO] [stdout] Some errors have detailed explanations: E0405, E0412.
[INFO] [stdout] For more information about an error, try `rustc --explain E0405`.
[INFO] [stdout] Couldn't compile the test.
[INFO] [stdout] 
[INFO] [stdout] failures:
[INFO] [stdout]     src/lib.rs - (line 94)
[INFO] [stdout] 
[INFO] [stdout] test result: FAILED. 8 passed; 1 failed; 2 ignored; 0 measured; 0 filtered out; finished in 1.38s
[INFO] [stdout] 
[INFO] [stderr] error: doctest failed, to rerun pass `--doc`
[INFO] running `Command { std: "docker" "inspect" "59bbd11b2c30d59e3cf7395c4638769f27d63154c0b741855944480f8e81d6e9", kill_on_drop: false }`
[INFO] running `Command { std: "docker" "rm" "-f" "59bbd11b2c30d59e3cf7395c4638769f27d63154c0b741855944480f8e81d6e9", kill_on_drop: false }`
[INFO] [stdout] 59bbd11b2c30d59e3cf7395c4638769f27d63154c0b741855944480f8e81d6e9
