[INFO] fetching crate advent-ocr 0.1.3...
[INFO] testing advent-ocr-0.1.3 against 1.83.0 for beta-1.84.0-4-retry
[INFO] extracting crate advent-ocr 0.1.3 into /workspace/builds/worker-5-tc1/source
[INFO] validating manifest of crates.io crate advent-ocr 0.1.3 on toolchain 1.83.0
[INFO] running `Command { std: CARGO_HOME="/workspace/cargo-home" RUSTUP_HOME="/workspace/rustup-home" "/workspace/cargo-home/bin/cargo" "+1.83.0" "metadata" "--manifest-path" "Cargo.toml" "--no-deps", kill_on_drop: false }`
[INFO] started tweaking crates.io crate advent-ocr 0.1.3
[INFO] finished tweaking crates.io crate advent-ocr 0.1.3
[INFO] tweaked toml for crates.io crate advent-ocr 0.1.3 written to /workspace/builds/worker-5-tc1/source/Cargo.toml
[INFO] running `Command { std: CARGO_HOME="/workspace/cargo-home" RUSTUP_HOME="/workspace/rustup-home" "/workspace/cargo-home/bin/cargo" "+1.83.0" "generate-lockfile" "--manifest-path" "Cargo.toml", kill_on_drop: false }`
[INFO] running `Command { std: CARGO_HOME="/workspace/cargo-home" RUSTUP_HOME="/workspace/rustup-home" "/workspace/cargo-home/bin/cargo" "+1.83.0" "fetch" "--manifest-path" "Cargo.toml", kill_on_drop: false }`
[INFO] running `Command { std: "docker" "create" "-v" "/var/lib/crater-agent-workspace/builds/worker-5-tc1/target:/opt/rustwide/target:rw,Z" "-v" "/var/lib/crater-agent-workspace/builds/worker-5-tc1/source:/opt/rustwide/workdir:ro,Z" "-v" "/var/lib/crater-agent-workspace/cargo-home:/opt/rustwide/cargo-home:ro,Z" "-v" "/var/lib/crater-agent-workspace/rustup-home:/opt/rustwide/rustup-home:ro,Z" "-e" "SOURCE_DIR=/opt/rustwide/workdir" "-e" "CARGO_TARGET_DIR=/opt/rustwide/target" "-e" "CARGO_HOME=/opt/rustwide/cargo-home" "-e" "RUSTUP_HOME=/opt/rustwide/rustup-home" "-w" "/opt/rustwide/workdir" "-m" "1610612736" "--user" "0:0" "--network" "none" "ghcr.io/rust-lang/crates-build-env/linux@sha256:f3a9d4ad9d972b27faf3965f35b62e55ba32bbce8f20bc8fe909558a86702fde" "/opt/rustwide/cargo-home/bin/cargo" "+1.83.0" "metadata" "--no-deps" "--format-version=1", kill_on_drop: false }`
[INFO] [stdout] b6bc341a2830a53266411527a1b821cbf545ba472024f5ccbaaebc3c6e0d278c
[INFO] running `Command { std: "docker" "start" "-a" "b6bc341a2830a53266411527a1b821cbf545ba472024f5ccbaaebc3c6e0d278c", kill_on_drop: false }`
[INFO] running `Command { std: "docker" "inspect" "b6bc341a2830a53266411527a1b821cbf545ba472024f5ccbaaebc3c6e0d278c", kill_on_drop: false }`
[INFO] running `Command { std: "docker" "rm" "-f" "b6bc341a2830a53266411527a1b821cbf545ba472024f5ccbaaebc3c6e0d278c", kill_on_drop: false }`
[INFO] [stdout] b6bc341a2830a53266411527a1b821cbf545ba472024f5ccbaaebc3c6e0d278c
[INFO] running `Command { std: "docker" "create" "-v" "/var/lib/crater-agent-workspace/builds/worker-5-tc1/target:/opt/rustwide/target:rw,Z" "-v" "/var/lib/crater-agent-workspace/builds/worker-5-tc1/source:/opt/rustwide/workdir:ro,Z" "-v" "/var/lib/crater-agent-workspace/cargo-home:/opt/rustwide/cargo-home:ro,Z" "-v" "/var/lib/crater-agent-workspace/rustup-home:/opt/rustwide/rustup-home:ro,Z" "-e" "SOURCE_DIR=/opt/rustwide/workdir" "-e" "CARGO_TARGET_DIR=/opt/rustwide/target" "-e" "CARGO_INCREMENTAL=0" "-e" "RUST_BACKTRACE=full" "-e" "RUSTFLAGS=--cap-lints=warn" "-e" "RUSTDOCFLAGS=--cap-lints=warn" "-e" "CARGO_HOME=/opt/rustwide/cargo-home" "-e" "RUSTUP_HOME=/opt/rustwide/rustup-home" "-w" "/opt/rustwide/workdir" "-m" "1610612736" "--user" "0:0" "--network" "none" "ghcr.io/rust-lang/crates-build-env/linux@sha256:f3a9d4ad9d972b27faf3965f35b62e55ba32bbce8f20bc8fe909558a86702fde" "/opt/rustwide/cargo-home/bin/cargo" "+1.83.0" "build" "--frozen" "--message-format=json", kill_on_drop: false }`
[INFO] [stdout] e0ca597a2db399edc76a771e538f2ea9eb770eba9f55a3d158c57e0007b124d6
[INFO] running `Command { std: "docker" "start" "-a" "e0ca597a2db399edc76a771e538f2ea9eb770eba9f55a3d158c57e0007b124d6", kill_on_drop: false }`
[INFO] [stderr]    Compiling advent-ocr v0.1.3 (/opt/rustwide/workdir)
[INFO] [stderr]     Finished `dev` profile [unoptimized + debuginfo] target(s) in 0.62s
[INFO] running `Command { std: "docker" "inspect" "e0ca597a2db399edc76a771e538f2ea9eb770eba9f55a3d158c57e0007b124d6", kill_on_drop: false }`
[INFO] running `Command { std: "docker" "rm" "-f" "e0ca597a2db399edc76a771e538f2ea9eb770eba9f55a3d158c57e0007b124d6", kill_on_drop: false }`
[INFO] [stdout] e0ca597a2db399edc76a771e538f2ea9eb770eba9f55a3d158c57e0007b124d6
[INFO] running `Command { std: "docker" "create" "-v" "/var/lib/crater-agent-workspace/builds/worker-5-tc1/target:/opt/rustwide/target:rw,Z" "-v" "/var/lib/crater-agent-workspace/builds/worker-5-tc1/source:/opt/rustwide/workdir:ro,Z" "-v" "/var/lib/crater-agent-workspace/cargo-home:/opt/rustwide/cargo-home:ro,Z" "-v" "/var/lib/crater-agent-workspace/rustup-home:/opt/rustwide/rustup-home:ro,Z" "-e" "SOURCE_DIR=/opt/rustwide/workdir" "-e" "CARGO_TARGET_DIR=/opt/rustwide/target" "-e" "CARGO_INCREMENTAL=0" "-e" "RUST_BACKTRACE=full" "-e" "RUSTFLAGS=--cap-lints=warn" "-e" "RUSTDOCFLAGS=--cap-lints=warn" "-e" "CARGO_HOME=/opt/rustwide/cargo-home" "-e" "RUSTUP_HOME=/opt/rustwide/rustup-home" "-w" "/opt/rustwide/workdir" "-m" "1610612736" "--user" "0:0" "--network" "none" "ghcr.io/rust-lang/crates-build-env/linux@sha256:f3a9d4ad9d972b27faf3965f35b62e55ba32bbce8f20bc8fe909558a86702fde" "/opt/rustwide/cargo-home/bin/cargo" "+1.83.0" "test" "--frozen" "--no-run" "--message-format=json", kill_on_drop: false }`
[INFO] [stdout] 7a8a311531b3bd335bb63de415b778588c6dffad217225f750672f25ae9e4db3
[INFO] running `Command { std: "docker" "start" "-a" "7a8a311531b3bd335bb63de415b778588c6dffad217225f750672f25ae9e4db3", kill_on_drop: false }`
[INFO] [stderr]    Compiling advent-ocr v0.1.3 (/opt/rustwide/workdir)
[INFO] [stderr]     Finished `test` profile [unoptimized + debuginfo] target(s) in 0.95s
[INFO] running `Command { std: "docker" "inspect" "7a8a311531b3bd335bb63de415b778588c6dffad217225f750672f25ae9e4db3", kill_on_drop: false }`
[INFO] running `Command { std: "docker" "rm" "-f" "7a8a311531b3bd335bb63de415b778588c6dffad217225f750672f25ae9e4db3", kill_on_drop: false }`
[INFO] [stdout] 7a8a311531b3bd335bb63de415b778588c6dffad217225f750672f25ae9e4db3
[INFO] running `Command { std: "docker" "create" "-v" "/var/lib/crater-agent-workspace/builds/worker-5-tc1/target:/opt/rustwide/target:rw,Z" "-v" "/var/lib/crater-agent-workspace/builds/worker-5-tc1/source:/opt/rustwide/workdir:ro,Z" "-v" "/var/lib/crater-agent-workspace/cargo-home:/opt/rustwide/cargo-home:ro,Z" "-v" "/var/lib/crater-agent-workspace/rustup-home:/opt/rustwide/rustup-home:ro,Z" "-e" "SOURCE_DIR=/opt/rustwide/workdir" "-e" "CARGO_TARGET_DIR=/opt/rustwide/target" "-e" "CARGO_INCREMENTAL=0" "-e" "RUST_BACKTRACE=full" "-e" "RUSTFLAGS=--cap-lints=warn" "-e" "RUSTDOCFLAGS=--cap-lints=warn" "-e" "CARGO_HOME=/opt/rustwide/cargo-home" "-e" "RUSTUP_HOME=/opt/rustwide/rustup-home" "-w" "/opt/rustwide/workdir" "-m" "1610612736" "--user" "0:0" "--network" "none" "ghcr.io/rust-lang/crates-build-env/linux@sha256:f3a9d4ad9d972b27faf3965f35b62e55ba32bbce8f20bc8fe909558a86702fde" "/opt/rustwide/cargo-home/bin/cargo" "+1.83.0" "test" "--frozen", kill_on_drop: false }`
[INFO] [stdout] 53c593e9f79586b9665a273509319122bc20f03570d37f779e50ca3f48a6884d
[INFO] running `Command { std: "docker" "start" "-a" "53c593e9f79586b9665a273509319122bc20f03570d37f779e50ca3f48a6884d", kill_on_drop: false }`
[INFO] [stderr]     Finished `test` profile [unoptimized + debuginfo] target(s) in 0.03s
[INFO] [stderr]      Running unittests src/lib.rs (/opt/rustwide/target/debug/deps/advent_ocr-df9c6cf88690d8a4)
[INFO] [stdout] 
[INFO] [stdout] running 10 tests
[INFO] [stdout] test tests::last_line_not_square_should_fail ... ok
[INFO] [stdout] test tests::char_vec ... ok
[INFO] [stdout] test tests::not_square_should_fail ... ok
[INFO] [stdout] test tests::bool_vec ... ok
[INFO] [stdout] test tests::size10 ... ok
[INFO] [stdout] test tests::size5_should_fail ... ok
[INFO] [stdout] test tests::vec_vec_bool ... ok
[INFO] [stdout] test tests::size6 ... ok
[INFO] [stdout] test tests::vec_vec_char ... ok
[INFO] [stdout] test tests::y_bug ... ok
[INFO] [stdout] 
[INFO] [stdout] test result: ok. 10 passed; 0 failed; 0 ignored; 0 measured; 0 filtered out; finished in 0.02s
[INFO] [stdout] 
[INFO] [stderr]    Doc-tests advent_ocr
[INFO] [stdout] 
[INFO] [stdout] running 2 tests
[INFO] [stdout] test src/scannable.rs - scannable::Scannable::normalize (line 11) ... FAILED
[INFO] [stdout] test src/lib.rs - ocr (line 28) ... FAILED
[INFO] [stdout] 
[INFO] [stdout] failures:
[INFO] [stdout] 
[INFO] [stdout] ---- src/scannable.rs - scannable::Scannable::normalize (line 11) stdout ----
[INFO] [stdout] error: expected expression, found `.`
[INFO] [stdout]  --> src/scannable.rs:12:1
[INFO] [stdout]   |
[INFO] [stdout] 3 | .##..###...##.
[INFO] [stdout]   | ^ expected expression
[INFO] [stdout] 
[INFO] [stdout] error: aborting due to 1 previous error
[INFO] [stdout] 
[INFO] [stdout] Couldn't compile the test.
[INFO] [stdout] ---- src/lib.rs - ocr (line 28) stdout ----
[INFO] [stdout] error[E0425]: cannot find function `ocr` in this scope
[INFO] [stdout]   --> src/lib.rs:38:9
[INFO] [stdout]    |
[INFO] [stdout] 12 | let s = ocr(image);
[INFO] [stdout]    |         ^^^ not found in this scope
[INFO] [stdout]    |
[INFO] [stdout] help: consider importing this function
[INFO] [stdout]    |
[INFO] [stdout] 2  + use advent_ocr::ocr;
[INFO] [stdout]    |
[INFO] [stdout] 
[INFO] [stdout] error: aborting due to 1 previous error
[INFO] [stdout] 
[INFO] [stdout] For more information about this error, try `rustc --explain E0425`.
[INFO] [stdout] Couldn't compile the test.
[INFO] [stdout] 
[INFO] [stdout] failures:
[INFO] [stdout]     src/lib.rs - ocr (line 28)
[INFO] [stdout]     src/scannable.rs - scannable::Scannable::normalize (line 11)
[INFO] [stdout] 
[INFO] [stdout] test result: FAILED. 0 passed; 2 failed; 0 ignored; 0 measured; 0 filtered out; finished in 0.16s
[INFO] [stdout] 
[INFO] [stderr] error: doctest failed, to rerun pass `--doc`
[INFO] running `Command { std: "docker" "inspect" "53c593e9f79586b9665a273509319122bc20f03570d37f779e50ca3f48a6884d", kill_on_drop: false }`
[INFO] running `Command { std: "docker" "rm" "-f" "53c593e9f79586b9665a273509319122bc20f03570d37f779e50ca3f48a6884d", kill_on_drop: false }`
[INFO] [stdout] 53c593e9f79586b9665a273509319122bc20f03570d37f779e50ca3f48a6884d
