[INFO] fetching crate adv_linalg_proc_macro 0.2.0...
[INFO] testing adv_linalg_proc_macro-0.2.0 against 1.83.0 for beta-1.84.0-4-retry
[INFO] extracting crate adv_linalg_proc_macro 0.2.0 into /workspace/builds/worker-4-tc1/source
[INFO] validating manifest of crates.io crate adv_linalg_proc_macro 0.2.0 on toolchain 1.83.0
[INFO] running `Command { std: CARGO_HOME="/workspace/cargo-home" RUSTUP_HOME="/workspace/rustup-home" "/workspace/cargo-home/bin/cargo" "+1.83.0" "metadata" "--manifest-path" "Cargo.toml" "--no-deps", kill_on_drop: false }`
[INFO] started tweaking crates.io crate adv_linalg_proc_macro 0.2.0
[INFO] finished tweaking crates.io crate adv_linalg_proc_macro 0.2.0
[INFO] tweaked toml for crates.io crate adv_linalg_proc_macro 0.2.0 written to /workspace/builds/worker-4-tc1/source/Cargo.toml
[INFO] running `Command { std: CARGO_HOME="/workspace/cargo-home" RUSTUP_HOME="/workspace/rustup-home" "/workspace/cargo-home/bin/cargo" "+1.83.0" "generate-lockfile" "--manifest-path" "Cargo.toml", kill_on_drop: false }`
[INFO] [stderr]     Updating crates.io index
[INFO] [stderr]      Locking 4 packages to latest compatible versions
[INFO] [stderr]       Adding venial v0.5.0 (available: v0.6.0)
[INFO] running `Command { std: CARGO_HOME="/workspace/cargo-home" RUSTUP_HOME="/workspace/rustup-home" "/workspace/cargo-home/bin/cargo" "+1.83.0" "fetch" "--manifest-path" "Cargo.toml", kill_on_drop: false }`
[INFO] running `Command { std: "docker" "create" "-v" "/var/lib/crater-agent-workspace/builds/worker-4-tc1/target:/opt/rustwide/target:rw,Z" "-v" "/var/lib/crater-agent-workspace/builds/worker-4-tc1/source:/opt/rustwide/workdir:ro,Z" "-v" "/var/lib/crater-agent-workspace/cargo-home:/opt/rustwide/cargo-home:ro,Z" "-v" "/var/lib/crater-agent-workspace/rustup-home:/opt/rustwide/rustup-home:ro,Z" "-e" "SOURCE_DIR=/opt/rustwide/workdir" "-e" "CARGO_TARGET_DIR=/opt/rustwide/target" "-e" "CARGO_HOME=/opt/rustwide/cargo-home" "-e" "RUSTUP_HOME=/opt/rustwide/rustup-home" "-w" "/opt/rustwide/workdir" "-m" "1610612736" "--user" "0:0" "--network" "none" "ghcr.io/rust-lang/crates-build-env/linux@sha256:f3a9d4ad9d972b27faf3965f35b62e55ba32bbce8f20bc8fe909558a86702fde" "/opt/rustwide/cargo-home/bin/cargo" "+1.83.0" "metadata" "--no-deps" "--format-version=1", kill_on_drop: false }`
[INFO] [stdout] 111fb10b82c459427d08da902ff28f2a368fc69762891ccc896230d9b95ee1d6
[INFO] running `Command { std: "docker" "start" "-a" "111fb10b82c459427d08da902ff28f2a368fc69762891ccc896230d9b95ee1d6", kill_on_drop: false }`
[INFO] running `Command { std: "docker" "inspect" "111fb10b82c459427d08da902ff28f2a368fc69762891ccc896230d9b95ee1d6", kill_on_drop: false }`
[INFO] running `Command { std: "docker" "rm" "-f" "111fb10b82c459427d08da902ff28f2a368fc69762891ccc896230d9b95ee1d6", kill_on_drop: false }`
[INFO] [stdout] 111fb10b82c459427d08da902ff28f2a368fc69762891ccc896230d9b95ee1d6
[INFO] running `Command { std: "docker" "create" "-v" "/var/lib/crater-agent-workspace/builds/worker-4-tc1/target:/opt/rustwide/target:rw,Z" "-v" "/var/lib/crater-agent-workspace/builds/worker-4-tc1/source:/opt/rustwide/workdir:ro,Z" "-v" "/var/lib/crater-agent-workspace/cargo-home:/opt/rustwide/cargo-home:ro,Z" "-v" "/var/lib/crater-agent-workspace/rustup-home:/opt/rustwide/rustup-home:ro,Z" "-e" "SOURCE_DIR=/opt/rustwide/workdir" "-e" "CARGO_TARGET_DIR=/opt/rustwide/target" "-e" "CARGO_INCREMENTAL=0" "-e" "RUST_BACKTRACE=full" "-e" "RUSTFLAGS=--cap-lints=warn" "-e" "RUSTDOCFLAGS=--cap-lints=warn" "-e" "CARGO_HOME=/opt/rustwide/cargo-home" "-e" "RUSTUP_HOME=/opt/rustwide/rustup-home" "-w" "/opt/rustwide/workdir" "-m" "1610612736" "--user" "0:0" "--network" "none" "ghcr.io/rust-lang/crates-build-env/linux@sha256:f3a9d4ad9d972b27faf3965f35b62e55ba32bbce8f20bc8fe909558a86702fde" "/opt/rustwide/cargo-home/bin/cargo" "+1.83.0" "build" "--frozen" "--message-format=json", kill_on_drop: false }`
[INFO] [stdout] 52ef207b877e81f887d952e34c319863a7adc6e64ae7b5b02448399ff14dbcbb
[INFO] running `Command { std: "docker" "start" "-a" "52ef207b877e81f887d952e34c319863a7adc6e64ae7b5b02448399ff14dbcbb", kill_on_drop: false }`
[INFO] [stderr]    Compiling proc-macro2 v1.0.92
[INFO] [stderr]    Compiling unicode-ident v1.0.14
[INFO] [stderr]    Compiling quote v1.0.37
[INFO] [stderr]    Compiling venial v0.5.0
[INFO] [stderr]    Compiling adv_linalg_proc_macro v0.2.0 (/opt/rustwide/workdir)
[INFO] [stderr]     Finished `dev` profile [unoptimized + debuginfo] target(s) in 2.51s
[INFO] running `Command { std: "docker" "inspect" "52ef207b877e81f887d952e34c319863a7adc6e64ae7b5b02448399ff14dbcbb", kill_on_drop: false }`
[INFO] running `Command { std: "docker" "rm" "-f" "52ef207b877e81f887d952e34c319863a7adc6e64ae7b5b02448399ff14dbcbb", kill_on_drop: false }`
[INFO] [stdout] 52ef207b877e81f887d952e34c319863a7adc6e64ae7b5b02448399ff14dbcbb
[INFO] running `Command { std: "docker" "create" "-v" "/var/lib/crater-agent-workspace/builds/worker-4-tc1/target:/opt/rustwide/target:rw,Z" "-v" "/var/lib/crater-agent-workspace/builds/worker-4-tc1/source:/opt/rustwide/workdir:ro,Z" "-v" "/var/lib/crater-agent-workspace/cargo-home:/opt/rustwide/cargo-home:ro,Z" "-v" "/var/lib/crater-agent-workspace/rustup-home:/opt/rustwide/rustup-home:ro,Z" "-e" "SOURCE_DIR=/opt/rustwide/workdir" "-e" "CARGO_TARGET_DIR=/opt/rustwide/target" "-e" "CARGO_INCREMENTAL=0" "-e" "RUST_BACKTRACE=full" "-e" "RUSTFLAGS=--cap-lints=warn" "-e" "RUSTDOCFLAGS=--cap-lints=warn" "-e" "CARGO_HOME=/opt/rustwide/cargo-home" "-e" "RUSTUP_HOME=/opt/rustwide/rustup-home" "-w" "/opt/rustwide/workdir" "-m" "1610612736" "--user" "0:0" "--network" "none" "ghcr.io/rust-lang/crates-build-env/linux@sha256:f3a9d4ad9d972b27faf3965f35b62e55ba32bbce8f20bc8fe909558a86702fde" "/opt/rustwide/cargo-home/bin/cargo" "+1.83.0" "test" "--frozen" "--no-run" "--message-format=json", kill_on_drop: false }`
[INFO] [stdout] a1de7d75660c5e4f30e73b1f40c997baaf7bbf7eb42a4f35ce6db37fc911c9e1
[INFO] running `Command { std: "docker" "start" "-a" "a1de7d75660c5e4f30e73b1f40c997baaf7bbf7eb42a4f35ce6db37fc911c9e1", kill_on_drop: false }`
[INFO] [stderr]    Compiling adv_linalg_proc_macro v0.2.0 (/opt/rustwide/workdir)
[INFO] [stderr]     Finished `test` profile [unoptimized + debuginfo] target(s) in 0.44s
[INFO] running `Command { std: "docker" "inspect" "a1de7d75660c5e4f30e73b1f40c997baaf7bbf7eb42a4f35ce6db37fc911c9e1", kill_on_drop: false }`
[INFO] running `Command { std: "docker" "rm" "-f" "a1de7d75660c5e4f30e73b1f40c997baaf7bbf7eb42a4f35ce6db37fc911c9e1", kill_on_drop: false }`
[INFO] [stdout] a1de7d75660c5e4f30e73b1f40c997baaf7bbf7eb42a4f35ce6db37fc911c9e1
[INFO] running `Command { std: "docker" "create" "-v" "/var/lib/crater-agent-workspace/builds/worker-4-tc1/target:/opt/rustwide/target:rw,Z" "-v" "/var/lib/crater-agent-workspace/builds/worker-4-tc1/source:/opt/rustwide/workdir:ro,Z" "-v" "/var/lib/crater-agent-workspace/cargo-home:/opt/rustwide/cargo-home:ro,Z" "-v" "/var/lib/crater-agent-workspace/rustup-home:/opt/rustwide/rustup-home:ro,Z" "-e" "SOURCE_DIR=/opt/rustwide/workdir" "-e" "CARGO_TARGET_DIR=/opt/rustwide/target" "-e" "CARGO_INCREMENTAL=0" "-e" "RUST_BACKTRACE=full" "-e" "RUSTFLAGS=--cap-lints=warn" "-e" "RUSTDOCFLAGS=--cap-lints=warn" "-e" "CARGO_HOME=/opt/rustwide/cargo-home" "-e" "RUSTUP_HOME=/opt/rustwide/rustup-home" "-w" "/opt/rustwide/workdir" "-m" "1610612736" "--user" "0:0" "--network" "none" "ghcr.io/rust-lang/crates-build-env/linux@sha256:f3a9d4ad9d972b27faf3965f35b62e55ba32bbce8f20bc8fe909558a86702fde" "/opt/rustwide/cargo-home/bin/cargo" "+1.83.0" "test" "--frozen", kill_on_drop: false }`
[INFO] [stdout] dd28126bd42c671f1619baccfefd437b8318f1b6a073fe405743a91f25ab000c
[INFO] running `Command { std: "docker" "start" "-a" "dd28126bd42c671f1619baccfefd437b8318f1b6a073fe405743a91f25ab000c", kill_on_drop: false }`
[INFO] [stderr]     Finished `test` profile [unoptimized + debuginfo] target(s) in 0.02s
[INFO] [stderr]      Running unittests src/lib.rs (/opt/rustwide/target/debug/deps/adv_linalg_proc_macro-676d2ba9932109fd)
[INFO] [stdout] 
[INFO] [stdout] running 0 tests
[INFO] [stdout] 
[INFO] [stderr]    Doc-tests adv_linalg_proc_macro
[INFO] [stdout] test result: ok. 0 passed; 0 failed; 0 ignored; 0 measured; 0 filtered out; finished in 0.00s
[INFO] [stdout] 
[INFO] [stdout] 
[INFO] [stdout] running 1 test
[INFO] [stdout] test src/lib.rs - derive_sealed (line 9) ... FAILED
[INFO] [stdout] 
[INFO] [stdout] failures:
[INFO] [stdout] 
[INFO] [stdout] ---- src/lib.rs - derive_sealed (line 9) stdout ----
[INFO] [stdout] error[E0405]: cannot find trait `Sealed` in this scope
[INFO] [stdout]  --> src/lib.rs:12:6
[INFO] [stdout]   |
[INFO] [stdout] 5 | impl Sealed for MyType {}
[INFO] [stdout]   |      ^^^^^^ not found in this scope
[INFO] [stdout] 
[INFO] [stdout] error: aborting due to 1 previous error
[INFO] [stdout] 
[INFO] [stdout] For more information about this error, try `rustc --explain E0405`.
[INFO] [stdout] Couldn't compile the test.
[INFO] [stdout] 
[INFO] [stdout] failures:
[INFO] [stdout]     src/lib.rs - derive_sealed (line 9)
[INFO] [stdout] 
[INFO] [stdout] test result: FAILED. 0 passed; 1 failed; 0 ignored; 0 measured; 0 filtered out; finished in 0.05s
[INFO] [stdout] 
[INFO] [stderr] error: doctest failed, to rerun pass `--doc`
[INFO] running `Command { std: "docker" "inspect" "dd28126bd42c671f1619baccfefd437b8318f1b6a073fe405743a91f25ab000c", kill_on_drop: false }`
[INFO] running `Command { std: "docker" "rm" "-f" "dd28126bd42c671f1619baccfefd437b8318f1b6a073fe405743a91f25ab000c", kill_on_drop: false }`
[INFO] [stdout] dd28126bd42c671f1619baccfefd437b8318f1b6a073fe405743a91f25ab000c
