[INFO] fetching crate adb-client-tokio 0.0.8...
[INFO] testing adb-client-tokio-0.0.8 against 1.83.0 for beta-1.84.0-4-retry
[INFO] extracting crate adb-client-tokio 0.0.8 into /workspace/builds/worker-1-tc1/source
[INFO] validating manifest of crates.io crate adb-client-tokio 0.0.8 on toolchain 1.83.0
[INFO] running `Command { std: CARGO_HOME="/workspace/cargo-home" RUSTUP_HOME="/workspace/rustup-home" "/workspace/cargo-home/bin/cargo" "+1.83.0" "metadata" "--manifest-path" "Cargo.toml" "--no-deps", kill_on_drop: false }`
[INFO] started tweaking crates.io crate adb-client-tokio 0.0.8
[INFO] finished tweaking crates.io crate adb-client-tokio 0.0.8
[INFO] tweaked toml for crates.io crate adb-client-tokio 0.0.8 written to /workspace/builds/worker-1-tc1/source/Cargo.toml
[INFO] running `Command { std: CARGO_HOME="/workspace/cargo-home" RUSTUP_HOME="/workspace/rustup-home" "/workspace/cargo-home/bin/cargo" "+1.83.0" "generate-lockfile" "--manifest-path" "Cargo.toml", kill_on_drop: false }`
[INFO] [stderr]     Updating crates.io index
[INFO] [stderr]      Locking 72 packages to latest compatible versions
[INFO] [stderr]       Adding thiserror v1.0.69 (available: v2.0.7)
[INFO] running `Command { std: CARGO_HOME="/workspace/cargo-home" RUSTUP_HOME="/workspace/rustup-home" "/workspace/cargo-home/bin/cargo" "+1.83.0" "fetch" "--manifest-path" "Cargo.toml", kill_on_drop: false }`
[INFO] [stderr]  Downloading crates ...
[INFO] [stderr]   Downloaded hexdump v0.1.2
[INFO] [stderr]   Downloaded pretty-hex v0.4.1
[INFO] [stderr]   Downloaded usb-ids v1.2024.5
[INFO] running `Command { std: "docker" "create" "-v" "/var/lib/crater-agent-workspace/builds/worker-1-tc1/target:/opt/rustwide/target:rw,Z" "-v" "/var/lib/crater-agent-workspace/builds/worker-1-tc1/source:/opt/rustwide/workdir:ro,Z" "-v" "/var/lib/crater-agent-workspace/cargo-home:/opt/rustwide/cargo-home:ro,Z" "-v" "/var/lib/crater-agent-workspace/rustup-home:/opt/rustwide/rustup-home:ro,Z" "-e" "SOURCE_DIR=/opt/rustwide/workdir" "-e" "CARGO_TARGET_DIR=/opt/rustwide/target" "-e" "CARGO_HOME=/opt/rustwide/cargo-home" "-e" "RUSTUP_HOME=/opt/rustwide/rustup-home" "-w" "/opt/rustwide/workdir" "-m" "1610612736" "--user" "0:0" "--network" "none" "ghcr.io/rust-lang/crates-build-env/linux@sha256:f3a9d4ad9d972b27faf3965f35b62e55ba32bbce8f20bc8fe909558a86702fde" "/opt/rustwide/cargo-home/bin/cargo" "+1.83.0" "metadata" "--no-deps" "--format-version=1", kill_on_drop: false }`
[INFO] [stdout] 534b877db0aea63e4a5942ea7ecf8d88dc0972f108501bcdc35fd7e3f080e650
[INFO] running `Command { std: "docker" "start" "-a" "534b877db0aea63e4a5942ea7ecf8d88dc0972f108501bcdc35fd7e3f080e650", kill_on_drop: false }`
[INFO] running `Command { std: "docker" "inspect" "534b877db0aea63e4a5942ea7ecf8d88dc0972f108501bcdc35fd7e3f080e650", kill_on_drop: false }`
[INFO] running `Command { std: "docker" "rm" "-f" "534b877db0aea63e4a5942ea7ecf8d88dc0972f108501bcdc35fd7e3f080e650", kill_on_drop: false }`
[INFO] [stdout] 534b877db0aea63e4a5942ea7ecf8d88dc0972f108501bcdc35fd7e3f080e650
[INFO] running `Command { std: "docker" "create" "-v" "/var/lib/crater-agent-workspace/builds/worker-1-tc1/target:/opt/rustwide/target:rw,Z" "-v" "/var/lib/crater-agent-workspace/builds/worker-1-tc1/source:/opt/rustwide/workdir:ro,Z" "-v" "/var/lib/crater-agent-workspace/cargo-home:/opt/rustwide/cargo-home:ro,Z" "-v" "/var/lib/crater-agent-workspace/rustup-home:/opt/rustwide/rustup-home:ro,Z" "-e" "SOURCE_DIR=/opt/rustwide/workdir" "-e" "CARGO_TARGET_DIR=/opt/rustwide/target" "-e" "CARGO_INCREMENTAL=0" "-e" "RUST_BACKTRACE=full" "-e" "RUSTFLAGS=--cap-lints=warn" "-e" "RUSTDOCFLAGS=--cap-lints=warn" "-e" "CARGO_HOME=/opt/rustwide/cargo-home" "-e" "RUSTUP_HOME=/opt/rustwide/rustup-home" "-w" "/opt/rustwide/workdir" "-m" "1610612736" "--user" "0:0" "--network" "none" "ghcr.io/rust-lang/crates-build-env/linux@sha256:f3a9d4ad9d972b27faf3965f35b62e55ba32bbce8f20bc8fe909558a86702fde" "/opt/rustwide/cargo-home/bin/cargo" "+1.83.0" "build" "--frozen" "--message-format=json", kill_on_drop: false }`
[INFO] [stdout] 0c1b08fad9d833a131003622cfd06d583bbe25dd0982136ce9adacb7a1fc65b7
[INFO] running `Command { std: "docker" "start" "-a" "0c1b08fad9d833a131003622cfd06d583bbe25dd0982136ce9adacb7a1fc65b7", kill_on_drop: false }`
[INFO] [stderr]    Compiling proc-macro2 v1.0.92
[INFO] [stderr]    Compiling unicode-ident v1.0.14
[INFO] [stderr]    Compiling autocfg v1.4.0
[INFO] [stderr]    Compiling libc v0.2.168
[INFO] [stderr]    Compiling siphasher v0.3.11
[INFO] [stderr]    Compiling futures-core v0.3.31
[INFO] [stderr]    Compiling parking_lot_core v0.9.10
[INFO] [stderr]    Compiling rand_core v0.6.4
[INFO] [stderr]    Compiling memchr v2.7.4
[INFO] [stderr]    Compiling pin-project-lite v0.2.15
[INFO] [stderr]    Compiling cfg-if v1.0.0
[INFO] [stderr]    Compiling scopeguard v1.2.0
[INFO] [stderr]    Compiling futures-sink v0.3.31
[INFO] [stderr]    Compiling smallvec v1.13.2
[INFO] [stderr]    Compiling minimal-lexical v0.2.1
[INFO] [stderr]    Compiling rand v0.8.5
[INFO] [stderr]    Compiling bytes v1.9.0
[INFO] [stderr]    Compiling futures-task v0.3.31
[INFO] [stderr]    Compiling futures-io v0.3.31
[INFO] [stderr]    Compiling futures-channel v0.3.31
[INFO] [stderr]    Compiling thiserror v1.0.69
[INFO] [stderr]    Compiling regex-syntax v0.8.5
[INFO] [stderr]    Compiling phf_shared v0.11.2
[INFO] [stderr]    Compiling arrayvec v0.5.2
[INFO] [stderr]    Compiling pretty-hex v0.4.1
[INFO] [stderr]    Compiling phf v0.11.2
[INFO] [stderr]    Compiling hexdump v0.1.2
[INFO] [stderr]    Compiling aho-corasick v1.1.3
[INFO] [stderr]    Compiling lock_api v0.4.12
[INFO] [stderr]    Compiling slab v0.4.9
[INFO] [stderr]    Compiling quote v1.0.37
[INFO] [stderr]    Compiling syn v2.0.90
[INFO] [stderr]    Compiling nom v7.1.3
[INFO] [stderr]    Compiling mio v1.0.3
[INFO] [stderr]    Compiling signal-hook-registry v1.4.2
[INFO] [stderr]    Compiling socket2 v0.5.8
[INFO] [stderr]    Compiling phf_generator v0.11.2
[INFO] [stderr]    Compiling phf_codegen v0.11.2
[INFO] [stderr]    Compiling parking_lot v0.12.3
[INFO] [stderr]    Compiling regex-automata v0.4.9
[INFO] [stderr]    Compiling usb-ids v1.2024.5
[INFO] [stderr]    Compiling regex v1.11.1
[INFO] [stderr]    Compiling tokio-macros v2.4.0
[INFO] [stderr]    Compiling futures-macro v0.3.31
[INFO] [stderr]    Compiling thiserror-impl v1.0.69
[INFO] [stderr]    Compiling futures-util v0.3.31
[INFO] [stderr]    Compiling tokio v1.42.0
[INFO] [stderr]    Compiling futures-executor v0.3.31
[INFO] [stderr]    Compiling futures v0.3.31
[INFO] [stderr]    Compiling tokio-stream v0.1.17
[INFO] [stderr]    Compiling tokio-util v0.7.13
[INFO] [stderr]    Compiling adb-client-tokio v0.0.8 (/opt/rustwide/workdir)
[INFO] [stdout] warning: unused imports: `AdbRequestEncoder` and `AdbResponseDecoder`
[INFO] [stdout]  --> src/client.rs:2:55
[INFO] [stdout]   |
[INFO] [stdout] 2 |     AdbClientConnection, AdbClientStream, AdbRequest, AdbRequestEncoder, AdbResponseDecoder,
[INFO] [stdout]   |                                                       ^^^^^^^^^^^^^^^^^  ^^^^^^^^^^^^^^^^^^
[INFO] [stdout]   |
[INFO] [stdout]   = note: `#[warn(unused_imports)]` on by default
[INFO] [stdout] 
[INFO] [stdout] 
[INFO] [stdout] warning: unused import: `std::path::Path`
[INFO] [stdout]  --> src/client.rs:8:5
[INFO] [stdout]   |
[INFO] [stdout] 8 | use std::path::Path;
[INFO] [stdout]   |     ^^^^^^^^^^^^^^^
[INFO] [stdout] 
[INFO] [stdout] 
[INFO] [stdout] warning: unused import: `FramedWrite`
[INFO] [stdout]   --> src/client.rs:11:37
[INFO] [stdout]    |
[INFO] [stdout] 11 | use tokio_util::codec::{FramedRead, FramedWrite};
[INFO] [stdout]    |                                     ^^^^^^^^^^^
[INFO] [stdout] 
[INFO] [stdout] 
[INFO] [stderr]     Finished `dev` profile [unoptimized + debuginfo] target(s) in 25.90s
[INFO] running `Command { std: "docker" "inspect" "0c1b08fad9d833a131003622cfd06d583bbe25dd0982136ce9adacb7a1fc65b7", kill_on_drop: false }`
[INFO] running `Command { std: "docker" "rm" "-f" "0c1b08fad9d833a131003622cfd06d583bbe25dd0982136ce9adacb7a1fc65b7", kill_on_drop: false }`
[INFO] [stdout] 0c1b08fad9d833a131003622cfd06d583bbe25dd0982136ce9adacb7a1fc65b7
[INFO] running `Command { std: "docker" "create" "-v" "/var/lib/crater-agent-workspace/builds/worker-1-tc1/target:/opt/rustwide/target:rw,Z" "-v" "/var/lib/crater-agent-workspace/builds/worker-1-tc1/source:/opt/rustwide/workdir:ro,Z" "-v" "/var/lib/crater-agent-workspace/cargo-home:/opt/rustwide/cargo-home:ro,Z" "-v" "/var/lib/crater-agent-workspace/rustup-home:/opt/rustwide/rustup-home:ro,Z" "-e" "SOURCE_DIR=/opt/rustwide/workdir" "-e" "CARGO_TARGET_DIR=/opt/rustwide/target" "-e" "CARGO_INCREMENTAL=0" "-e" "RUST_BACKTRACE=full" "-e" "RUSTFLAGS=--cap-lints=warn" "-e" "RUSTDOCFLAGS=--cap-lints=warn" "-e" "CARGO_HOME=/opt/rustwide/cargo-home" "-e" "RUSTUP_HOME=/opt/rustwide/rustup-home" "-w" "/opt/rustwide/workdir" "-m" "1610612736" "--user" "0:0" "--network" "none" "ghcr.io/rust-lang/crates-build-env/linux@sha256:f3a9d4ad9d972b27faf3965f35b62e55ba32bbce8f20bc8fe909558a86702fde" "/opt/rustwide/cargo-home/bin/cargo" "+1.83.0" "test" "--frozen" "--no-run" "--message-format=json", kill_on_drop: false }`
[INFO] [stdout] 6a33bae2ccef8517570c8475aa608c4ebb4bbd70755e488f4355c79131d4154f
[INFO] running `Command { std: "docker" "start" "-a" "6a33bae2ccef8517570c8475aa608c4ebb4bbd70755e488f4355c79131d4154f", kill_on_drop: false }`
[INFO] [stderr]    Compiling adb-client-tokio v0.0.8 (/opt/rustwide/workdir)
[INFO] [stdout] warning: unused imports: `AdbRequestEncoder` and `AdbResponseDecoder`
[INFO] [stdout]  --> src/client.rs:2:55
[INFO] [stdout]   |
[INFO] [stdout] 2 |     AdbClientConnection, AdbClientStream, AdbRequest, AdbRequestEncoder, AdbResponseDecoder,
[INFO] [stdout]   |                                                       ^^^^^^^^^^^^^^^^^  ^^^^^^^^^^^^^^^^^^
[INFO] [stdout]   |
[INFO] [stdout]   = note: `#[warn(unused_imports)]` on by default
[INFO] [stdout] 
[INFO] [stdout] 
[INFO] [stdout] warning: unused import: `std::path::Path`
[INFO] [stdout]  --> src/client.rs:8:5
[INFO] [stdout]   |
[INFO] [stdout] 8 | use std::path::Path;
[INFO] [stdout]   |     ^^^^^^^^^^^^^^^
[INFO] [stdout] 
[INFO] [stdout] 
[INFO] [stdout] warning: unused import: `FramedWrite`
[INFO] [stdout]   --> src/client.rs:11:37
[INFO] [stdout]    |
[INFO] [stdout] 11 | use tokio_util::codec::{FramedRead, FramedWrite};
[INFO] [stdout]    |                                     ^^^^^^^^^^^
[INFO] [stdout] 
[INFO] [stdout] 
[INFO] [stdout] warning: unused imports: `AdbRequestEncoder` and `AdbResponseDecoder`
[INFO] [stdout]  --> src/client.rs:2:55
[INFO] [stdout]   |
[INFO] [stdout] 2 |     AdbClientConnection, AdbClientStream, AdbRequest, AdbRequestEncoder, AdbResponseDecoder,
[INFO] [stdout]   |                                                       ^^^^^^^^^^^^^^^^^  ^^^^^^^^^^^^^^^^^^
[INFO] [stdout]   |
[INFO] [stdout]   = note: `#[warn(unused_imports)]` on by default
[INFO] [stdout] 
[INFO] [stdout] 
[INFO] [stdout] warning: unused import: `std::path::Path`
[INFO] [stdout]  --> src/client.rs:8:5
[INFO] [stdout]   |
[INFO] [stdout] 8 | use std::path::Path;
[INFO] [stdout]   |     ^^^^^^^^^^^^^^^
[INFO] [stdout] 
[INFO] [stdout] 
[INFO] [stdout] warning: unused import: `FramedWrite`
[INFO] [stdout]   --> src/client.rs:11:37
[INFO] [stdout]    |
[INFO] [stdout] 11 | use tokio_util::codec::{FramedRead, FramedWrite};
[INFO] [stdout]    |                                     ^^^^^^^^^^^
[INFO] [stdout] 
[INFO] [stdout] 
[INFO] [stdout] warning: variable does not need to be mutable
[INFO] [stdout]    --> src/client.rs:340:13
[INFO] [stdout]     |
[INFO] [stdout] 340 |         let mut adb_client = AdbClientSocketUrl::TCP("127.0.0.1:5037".to_owned()).connect().await?;
[INFO] [stdout]     |             ----^^^^^^^^^^
[INFO] [stdout]     |             |
[INFO] [stdout]     |             help: remove this `mut`
[INFO] [stdout]     |
[INFO] [stdout]     = note: `#[warn(unused_mut)]` on by default
[INFO] [stdout] 
[INFO] [stdout] 
[INFO] [stdout] warning: variable does not need to be mutable
[INFO] [stdout]    --> src/client.rs:349:13
[INFO] [stdout]     |
[INFO] [stdout] 349 |         let mut adb_client = AdbClientSocketUrl::TCP("127.0.0.1:5037".to_owned()).connect().await?;
[INFO] [stdout]     |             ----^^^^^^^^^^
[INFO] [stdout]     |             |
[INFO] [stdout]     |             help: remove this `mut`
[INFO] [stdout] 
[INFO] [stdout] 
[INFO] [stdout] warning: variable does not need to be mutable
[INFO] [stdout]    --> src/client.rs:354:13
[INFO] [stdout]     |
[INFO] [stdout] 354 |         let mut adb_client = AdbClientSocketUrl::TCP("127.0.0.1:5037".to_owned()).connect().await?;
[INFO] [stdout]     |             ----^^^^^^^^^^
[INFO] [stdout]     |             |
[INFO] [stdout]     |             help: remove this `mut`
[INFO] [stdout] 
[INFO] [stdout] 
[INFO] [stderr]     Finished `test` profile [unoptimized + debuginfo] target(s) in 1.68s
[INFO] running `Command { std: "docker" "inspect" "6a33bae2ccef8517570c8475aa608c4ebb4bbd70755e488f4355c79131d4154f", kill_on_drop: false }`
[INFO] running `Command { std: "docker" "rm" "-f" "6a33bae2ccef8517570c8475aa608c4ebb4bbd70755e488f4355c79131d4154f", kill_on_drop: false }`
[INFO] [stdout] 6a33bae2ccef8517570c8475aa608c4ebb4bbd70755e488f4355c79131d4154f
[INFO] running `Command { std: "docker" "create" "-v" "/var/lib/crater-agent-workspace/builds/worker-1-tc1/target:/opt/rustwide/target:rw,Z" "-v" "/var/lib/crater-agent-workspace/builds/worker-1-tc1/source:/opt/rustwide/workdir:ro,Z" "-v" "/var/lib/crater-agent-workspace/cargo-home:/opt/rustwide/cargo-home:ro,Z" "-v" "/var/lib/crater-agent-workspace/rustup-home:/opt/rustwide/rustup-home:ro,Z" "-e" "SOURCE_DIR=/opt/rustwide/workdir" "-e" "CARGO_TARGET_DIR=/opt/rustwide/target" "-e" "CARGO_INCREMENTAL=0" "-e" "RUST_BACKTRACE=full" "-e" "RUSTFLAGS=--cap-lints=warn" "-e" "RUSTDOCFLAGS=--cap-lints=warn" "-e" "CARGO_HOME=/opt/rustwide/cargo-home" "-e" "RUSTUP_HOME=/opt/rustwide/rustup-home" "-w" "/opt/rustwide/workdir" "-m" "1610612736" "--user" "0:0" "--network" "none" "ghcr.io/rust-lang/crates-build-env/linux@sha256:f3a9d4ad9d972b27faf3965f35b62e55ba32bbce8f20bc8fe909558a86702fde" "/opt/rustwide/cargo-home/bin/cargo" "+1.83.0" "test" "--frozen", kill_on_drop: false }`
[INFO] [stdout] 31b6c6d741fbd0472ad7c82afc43ee34bc85a3c2b070a58266530c4da9284af1
[INFO] running `Command { std: "docker" "start" "-a" "31b6c6d741fbd0472ad7c82afc43ee34bc85a3c2b070a58266530c4da9284af1", kill_on_drop: false }`
[INFO] [stderr] warning: unused imports: `AdbRequestEncoder` and `AdbResponseDecoder`
[INFO] [stderr]  --> src/client.rs:2:55
[INFO] [stderr]   |
[INFO] [stderr] 2 |     AdbClientConnection, AdbClientStream, AdbRequest, AdbRequestEncoder, AdbResponseDecoder,
[INFO] [stderr]   |                                                       ^^^^^^^^^^^^^^^^^  ^^^^^^^^^^^^^^^^^^
[INFO] [stderr]   |
[INFO] [stderr]   = note: `#[warn(unused_imports)]` on by default
[INFO] [stderr] 
[INFO] [stderr] warning: unused import: `std::path::Path`
[INFO] [stderr]  --> src/client.rs:8:5
[INFO] [stderr]   |
[INFO] [stderr] 8 | use std::path::Path;
[INFO] [stderr]   |     ^^^^^^^^^^^^^^^
[INFO] [stderr] 
[INFO] [stderr] warning: unused import: `FramedWrite`
[INFO] [stderr]   --> src/client.rs:11:37
[INFO] [stderr]    |
[INFO] [stderr] 11 | use tokio_util::codec::{FramedRead, FramedWrite};
[INFO] [stderr]    |                                     ^^^^^^^^^^^
[INFO] [stderr] 
[INFO] [stderr] warning: variable does not need to be mutable
[INFO] [stderr]    --> src/client.rs:340:13
[INFO] [stderr]     |
[INFO] [stderr] 340 |         let mut adb_client = AdbClientSocketUrl::TCP("127.0.0.1:5037".to_owned()).connect().await?;
[INFO] [stderr]     |             ----^^^^^^^^^^
[INFO] [stderr]     |             |
[INFO] [stderr]     |             help: remove this `mut`
[INFO] [stderr]     |
[INFO] [stderr]     = note: `#[warn(unused_mut)]` on by default
[INFO] [stderr] 
[INFO] [stderr] warning: variable does not need to be mutable
[INFO] [stderr]    --> src/client.rs:349:13
[INFO] [stderr]     |
[INFO] [stderr] 349 |         let mut adb_client = AdbClientSocketUrl::TCP("127.0.0.1:5037".to_owned()).connect().await?;
[INFO] [stderr]     |             ----^^^^^^^^^^
[INFO] [stderr]     |             |
[INFO] [stderr]     |             help: remove this `mut`
[INFO] [stderr] 
[INFO] [stderr] warning: variable does not need to be mutable
[INFO] [stderr]    --> src/client.rs:354:13
[INFO] [stderr]     |
[INFO] [stderr] 354 |         let mut adb_client = AdbClientSocketUrl::TCP("127.0.0.1:5037".to_owned()).connect().await?;
[INFO] [stderr]     |             ----^^^^^^^^^^
[INFO] [stderr]     |             |
[INFO] [stderr]     |             help: remove this `mut`
[INFO] [stderr] 
[INFO] [stderr] warning: `adb-client-tokio` (lib) generated 3 warnings (run `cargo fix --lib -p adb-client-tokio` to apply 3 suggestions)
[INFO] [stderr] warning: `adb-client-tokio` (lib test) generated 6 warnings (3 duplicates) (run `cargo fix --lib -p adb-client-tokio --tests` to apply 3 suggestions)
[INFO] [stderr]     Finished `test` profile [unoptimized + debuginfo] target(s) in 0.13s
[INFO] [stderr]      Running unittests src/lib.rs (/opt/rustwide/target/debug/deps/adb_client_tokio-4a8b646bea36ce93)
[INFO] [stdout] 
[INFO] [stdout] running 5 tests
[INFO] [stdout] test client::tests::test_tcpip_command ... ignored
[INFO] [stdout] test client::tests::test_failure ... FAILED
[INFO] [stdout] test client::tests::test_get_devices_command ... FAILED
[INFO] [stdout] test client::tests::test_get_host_version_command ... FAILED
[INFO] [stdout] test client::tests::test_get_prop_command ... FAILED
[INFO] [stdout] 
[INFO] [stdout] failures:
[INFO] [stdout] 
[INFO] [stdout] ---- client::tests::test_failure stdout ----
[INFO] [stdout] Error: IOError(Os { code: 111, kind: ConnectionRefused, message: "Connection refused" })
[INFO] [stdout] 
[INFO] [stdout] ---- client::tests::test_get_devices_command stdout ----
[INFO] [stdout] Error: IOError(Os { code: 111, kind: ConnectionRefused, message: "Connection refused" })
[INFO] [stdout] 
[INFO] [stdout] ---- client::tests::test_get_host_version_command stdout ----
[INFO] [stdout] Error: IOError(Os { code: 111, kind: ConnectionRefused, message: "Connection refused" })
[INFO] [stdout] 
[INFO] [stdout] ---- client::tests::test_get_prop_command stdout ----
[INFO] [stdout] Error: IOError(Os { code: 111, kind: ConnectionRefused, message: "Connection refused" })
[INFO] [stdout] 
[INFO] [stdout] 
[INFO] [stdout] failures:
[INFO] [stdout]     client::tests::test_failure
[INFO] [stdout]     client::tests::test_get_devices_command
[INFO] [stdout]     client::tests::test_get_host_version_command
[INFO] [stdout]     client::tests::test_get_prop_command
[INFO] [stdout] 
[INFO] [stdout] test result: FAILED. 0 passed; 4 failed; 1 ignored; 0 measured; 0 filtered out; finished in 0.01s
[INFO] [stdout] 
[INFO] [stderr] error: test failed, to rerun pass `--lib`
[INFO] running `Command { std: "docker" "inspect" "31b6c6d741fbd0472ad7c82afc43ee34bc85a3c2b070a58266530c4da9284af1", kill_on_drop: false }`
[INFO] running `Command { std: "docker" "rm" "-f" "31b6c6d741fbd0472ad7c82afc43ee34bc85a3c2b070a58266530c4da9284af1", kill_on_drop: false }`
[INFO] [stdout] 31b6c6d741fbd0472ad7c82afc43ee34bc85a3c2b070a58266530c4da9284af1
