[INFO] fetching crate ad9850 0.1.2...
[INFO] testing ad9850-0.1.2 against 1.83.0 for beta-1.84.0-4-retry
[INFO] extracting crate ad9850 0.1.2 into /workspace/builds/worker-2-tc1/source
[INFO] validating manifest of crates.io crate ad9850 0.1.2 on toolchain 1.83.0
[INFO] running `Command { std: CARGO_HOME="/workspace/cargo-home" RUSTUP_HOME="/workspace/rustup-home" "/workspace/cargo-home/bin/cargo" "+1.83.0" "metadata" "--manifest-path" "Cargo.toml" "--no-deps", kill_on_drop: false }`
[INFO] removed /workspace/builds/worker-2-tc1/source/.cargo/config.toml
[INFO] started tweaking crates.io crate ad9850 0.1.2
[INFO] finished tweaking crates.io crate ad9850 0.1.2
[INFO] tweaked toml for crates.io crate ad9850 0.1.2 written to /workspace/builds/worker-2-tc1/source/Cargo.toml
[INFO] running `Command { std: CARGO_HOME="/workspace/cargo-home" RUSTUP_HOME="/workspace/rustup-home" "/workspace/cargo-home/bin/cargo" "+1.83.0" "generate-lockfile" "--manifest-path" "Cargo.toml", kill_on_drop: false }`
[INFO] [stderr]     Updating crates.io index
[INFO] [stderr]      Locking 4 packages to latest compatible versions
[INFO] [stderr]       Adding embedded-hal v0.2.7 (available: v1.0.0)
[INFO] running `Command { std: CARGO_HOME="/workspace/cargo-home" RUSTUP_HOME="/workspace/rustup-home" "/workspace/cargo-home/bin/cargo" "+1.83.0" "fetch" "--manifest-path" "Cargo.toml", kill_on_drop: false }`
[INFO] running `Command { std: "docker" "create" "-v" "/var/lib/crater-agent-workspace/builds/worker-2-tc1/target:/opt/rustwide/target:rw,Z" "-v" "/var/lib/crater-agent-workspace/builds/worker-2-tc1/source:/opt/rustwide/workdir:ro,Z" "-v" "/var/lib/crater-agent-workspace/cargo-home:/opt/rustwide/cargo-home:ro,Z" "-v" "/var/lib/crater-agent-workspace/rustup-home:/opt/rustwide/rustup-home:ro,Z" "-e" "SOURCE_DIR=/opt/rustwide/workdir" "-e" "CARGO_TARGET_DIR=/opt/rustwide/target" "-e" "CARGO_HOME=/opt/rustwide/cargo-home" "-e" "RUSTUP_HOME=/opt/rustwide/rustup-home" "-w" "/opt/rustwide/workdir" "-m" "1610612736" "--user" "0:0" "--network" "none" "ghcr.io/rust-lang/crates-build-env/linux@sha256:f3a9d4ad9d972b27faf3965f35b62e55ba32bbce8f20bc8fe909558a86702fde" "/opt/rustwide/cargo-home/bin/cargo" "+1.83.0" "metadata" "--no-deps" "--format-version=1", kill_on_drop: false }`
[INFO] [stdout] 011f8c25eaa1698e6f7a524e3a7ccd5c21cbc1a860c7c113d27656210503f78a
[INFO] running `Command { std: "docker" "start" "-a" "011f8c25eaa1698e6f7a524e3a7ccd5c21cbc1a860c7c113d27656210503f78a", kill_on_drop: false }`
[INFO] running `Command { std: "docker" "inspect" "011f8c25eaa1698e6f7a524e3a7ccd5c21cbc1a860c7c113d27656210503f78a", kill_on_drop: false }`
[INFO] running `Command { std: "docker" "rm" "-f" "011f8c25eaa1698e6f7a524e3a7ccd5c21cbc1a860c7c113d27656210503f78a", kill_on_drop: false }`
[INFO] [stdout] 011f8c25eaa1698e6f7a524e3a7ccd5c21cbc1a860c7c113d27656210503f78a
[INFO] running `Command { std: "docker" "create" "-v" "/var/lib/crater-agent-workspace/builds/worker-2-tc1/target:/opt/rustwide/target:rw,Z" "-v" "/var/lib/crater-agent-workspace/builds/worker-2-tc1/source:/opt/rustwide/workdir:ro,Z" "-v" "/var/lib/crater-agent-workspace/cargo-home:/opt/rustwide/cargo-home:ro,Z" "-v" "/var/lib/crater-agent-workspace/rustup-home:/opt/rustwide/rustup-home:ro,Z" "-e" "SOURCE_DIR=/opt/rustwide/workdir" "-e" "CARGO_TARGET_DIR=/opt/rustwide/target" "-e" "CARGO_INCREMENTAL=0" "-e" "RUST_BACKTRACE=full" "-e" "RUSTFLAGS=--cap-lints=warn" "-e" "RUSTDOCFLAGS=--cap-lints=warn" "-e" "CARGO_HOME=/opt/rustwide/cargo-home" "-e" "RUSTUP_HOME=/opt/rustwide/rustup-home" "-w" "/opt/rustwide/workdir" "-m" "1610612736" "--user" "0:0" "--network" "none" "ghcr.io/rust-lang/crates-build-env/linux@sha256:f3a9d4ad9d972b27faf3965f35b62e55ba32bbce8f20bc8fe909558a86702fde" "/opt/rustwide/cargo-home/bin/cargo" "+1.83.0" "build" "--frozen" "--message-format=json", kill_on_drop: false }`
[INFO] [stdout] 38b7f48ed31823cab725fe4fb821908c8a5f753bf4c99267b2bb1caf3ddd0982
[INFO] running `Command { std: "docker" "start" "-a" "38b7f48ed31823cab725fe4fb821908c8a5f753bf4c99267b2bb1caf3ddd0982", kill_on_drop: false }`
[INFO] [stderr]    Compiling nb v1.1.0
[INFO] [stderr]    Compiling void v1.0.2
[INFO] [stderr]    Compiling nb v0.1.3
[INFO] [stderr]    Compiling embedded-hal v0.2.7
[INFO] [stderr]    Compiling ad9850 v0.1.2 (/opt/rustwide/workdir)
[INFO] [stderr]     Finished `dev` profile [unoptimized + debuginfo] target(s) in 0.49s
[INFO] running `Command { std: "docker" "inspect" "38b7f48ed31823cab725fe4fb821908c8a5f753bf4c99267b2bb1caf3ddd0982", kill_on_drop: false }`
[INFO] running `Command { std: "docker" "rm" "-f" "38b7f48ed31823cab725fe4fb821908c8a5f753bf4c99267b2bb1caf3ddd0982", kill_on_drop: false }`
[INFO] [stdout] 38b7f48ed31823cab725fe4fb821908c8a5f753bf4c99267b2bb1caf3ddd0982
[INFO] running `Command { std: "docker" "create" "-v" "/var/lib/crater-agent-workspace/builds/worker-2-tc1/target:/opt/rustwide/target:rw,Z" "-v" "/var/lib/crater-agent-workspace/builds/worker-2-tc1/source:/opt/rustwide/workdir:ro,Z" "-v" "/var/lib/crater-agent-workspace/cargo-home:/opt/rustwide/cargo-home:ro,Z" "-v" "/var/lib/crater-agent-workspace/rustup-home:/opt/rustwide/rustup-home:ro,Z" "-e" "SOURCE_DIR=/opt/rustwide/workdir" "-e" "CARGO_TARGET_DIR=/opt/rustwide/target" "-e" "CARGO_INCREMENTAL=0" "-e" "RUST_BACKTRACE=full" "-e" "RUSTFLAGS=--cap-lints=warn" "-e" "RUSTDOCFLAGS=--cap-lints=warn" "-e" "CARGO_HOME=/opt/rustwide/cargo-home" "-e" "RUSTUP_HOME=/opt/rustwide/rustup-home" "-w" "/opt/rustwide/workdir" "-m" "1610612736" "--user" "0:0" "--network" "none" "ghcr.io/rust-lang/crates-build-env/linux@sha256:f3a9d4ad9d972b27faf3965f35b62e55ba32bbce8f20bc8fe909558a86702fde" "/opt/rustwide/cargo-home/bin/cargo" "+1.83.0" "test" "--frozen" "--no-run" "--message-format=json", kill_on_drop: false }`
[INFO] [stdout] f93e98d3e78261ed3e4155e79ff722a04d8f36a2e64c164b5e04558a7550ecba
[INFO] running `Command { std: "docker" "start" "-a" "f93e98d3e78261ed3e4155e79ff722a04d8f36a2e64c164b5e04558a7550ecba", kill_on_drop: false }`
[INFO] [stderr]    Compiling ad9850 v0.1.2 (/opt/rustwide/workdir)
[INFO] [stderr]     Finished `test` profile [unoptimized + debuginfo] target(s) in 0.40s
[INFO] running `Command { std: "docker" "inspect" "f93e98d3e78261ed3e4155e79ff722a04d8f36a2e64c164b5e04558a7550ecba", kill_on_drop: false }`
[INFO] running `Command { std: "docker" "rm" "-f" "f93e98d3e78261ed3e4155e79ff722a04d8f36a2e64c164b5e04558a7550ecba", kill_on_drop: false }`
[INFO] [stdout] f93e98d3e78261ed3e4155e79ff722a04d8f36a2e64c164b5e04558a7550ecba
[INFO] running `Command { std: "docker" "create" "-v" "/var/lib/crater-agent-workspace/builds/worker-2-tc1/target:/opt/rustwide/target:rw,Z" "-v" "/var/lib/crater-agent-workspace/builds/worker-2-tc1/source:/opt/rustwide/workdir:ro,Z" "-v" "/var/lib/crater-agent-workspace/cargo-home:/opt/rustwide/cargo-home:ro,Z" "-v" "/var/lib/crater-agent-workspace/rustup-home:/opt/rustwide/rustup-home:ro,Z" "-e" "SOURCE_DIR=/opt/rustwide/workdir" "-e" "CARGO_TARGET_DIR=/opt/rustwide/target" "-e" "CARGO_INCREMENTAL=0" "-e" "RUST_BACKTRACE=full" "-e" "RUSTFLAGS=--cap-lints=warn" "-e" "RUSTDOCFLAGS=--cap-lints=warn" "-e" "CARGO_HOME=/opt/rustwide/cargo-home" "-e" "RUSTUP_HOME=/opt/rustwide/rustup-home" "-w" "/opt/rustwide/workdir" "-m" "1610612736" "--user" "0:0" "--network" "none" "ghcr.io/rust-lang/crates-build-env/linux@sha256:f3a9d4ad9d972b27faf3965f35b62e55ba32bbce8f20bc8fe909558a86702fde" "/opt/rustwide/cargo-home/bin/cargo" "+1.83.0" "test" "--frozen", kill_on_drop: false }`
[INFO] [stdout] 80c4a88dfa44c51c677c924df53008ee203be0a5e90f90c79bd8429e5f2097f7
[INFO] running `Command { std: "docker" "start" "-a" "80c4a88dfa44c51c677c924df53008ee203be0a5e90f90c79bd8429e5f2097f7", kill_on_drop: false }`
[INFO] [stderr]     Finished `test` profile [unoptimized + debuginfo] target(s) in 0.02s
[INFO] [stdout] 
[INFO] [stderr]      Running unittests src/lib.rs (/opt/rustwide/target/debug/deps/ad9850-c4814ad531b6c020)
[INFO] [stdout] running 0 tests
[INFO] [stdout] 
[INFO] [stderr]    Doc-tests ad9850
[INFO] [stdout] test result: ok. 0 passed; 0 failed; 0 ignored; 0 measured; 0 filtered out; finished in 0.00s
[INFO] [stdout] 
[INFO] [stdout] 
[INFO] [stdout] running 3 tests
[INFO] [stdout] test src/lib.rs - (line 15) ... ignored
[INFO] [stdout] test src/lib.rs - Ad9850<mode::Init,Reset,Data,FqUd,WClk>::new (line 93) ... ignored
[INFO] [stdout] test src/lib.rs - util::phase_to_control_byte (line 190) ... FAILED
[INFO] [stdout] 
[INFO] [stdout] failures:
[INFO] [stdout] 
[INFO] [stdout] ---- src/lib.rs - util::phase_to_control_byte (line 190) stdout ----
[INFO] [stdout] error[E0433]: failed to resolve: use of undeclared crate or module `ad98509`
[INFO] [stdout]  --> src/lib.rs:192:5
[INFO] [stdout]   |
[INFO] [stdout] 5 | use ad98509::util::phase_to_control_byte;
[INFO] [stdout]   |     ^^^^^^^ use of undeclared crate or module `ad98509`
[INFO] [stdout]   |
[INFO] [stdout] help: there is a crate or module with a similar name
[INFO] [stdout]   |
[INFO] [stdout] 5 | use ad9850::util::phase_to_control_byte;
[INFO] [stdout]   |     ~~~~~~
[INFO] [stdout] 
[INFO] [stdout] error: aborting due to 1 previous error
[INFO] [stdout] 
[INFO] [stdout] For more information about this error, try `rustc --explain E0433`.
[INFO] [stdout] Couldn't compile the test.
[INFO] [stdout] 
[INFO] [stdout] failures:
[INFO] [stdout]     src/lib.rs - util::phase_to_control_byte (line 190)
[INFO] [stdout] 
[INFO] [stdout] test result: FAILED. 0 passed; 1 failed; 2 ignored; 0 measured; 0 filtered out; finished in 0.06s
[INFO] [stdout] 
[INFO] [stderr] error: doctest failed, to rerun pass `--doc`
[INFO] running `Command { std: "docker" "inspect" "80c4a88dfa44c51c677c924df53008ee203be0a5e90f90c79bd8429e5f2097f7", kill_on_drop: false }`
[INFO] running `Command { std: "docker" "rm" "-f" "80c4a88dfa44c51c677c924df53008ee203be0a5e90f90c79bd8429e5f2097f7", kill_on_drop: false }`
[INFO] [stdout] 80c4a88dfa44c51c677c924df53008ee203be0a5e90f90c79bd8429e5f2097f7
