[INFO] fetching crate ad-astra-export 1.0.0...
[INFO] testing ad-astra-export-1.0.0 against beta-2024-12-08 for beta-1.84.0-4-retry
[INFO] extracting crate ad-astra-export 1.0.0 into /workspace/builds/worker-2-tc2/source
[INFO] validating manifest of crates.io crate ad-astra-export 1.0.0 on toolchain beta-2024-12-08
[INFO] running `Command { std: CARGO_HOME="/workspace/cargo-home" RUSTUP_HOME="/workspace/rustup-home" "/workspace/cargo-home/bin/cargo" "+beta-2024-12-08" "metadata" "--manifest-path" "Cargo.toml" "--no-deps", kill_on_drop: false }`
[INFO] started tweaking crates.io crate ad-astra-export 1.0.0
[INFO] finished tweaking crates.io crate ad-astra-export 1.0.0
[INFO] tweaked toml for crates.io crate ad-astra-export 1.0.0 written to /workspace/builds/worker-2-tc2/source/Cargo.toml
[INFO] running `Command { std: CARGO_HOME="/workspace/cargo-home" RUSTUP_HOME="/workspace/rustup-home" "/workspace/cargo-home/bin/cargo" "+beta-2024-12-08" "generate-lockfile" "--manifest-path" "Cargo.toml", kill_on_drop: false }`
[INFO] [stderr]     Updating crates.io index
[INFO] [stderr]     Blocking waiting for file lock on package cache
[INFO] [stderr]      Locking 29 packages to latest compatible versions
[INFO] [stderr]       Adding cargo_toml v0.20.5 (available: v0.21.0)
[INFO] running `Command { std: CARGO_HOME="/workspace/cargo-home" RUSTUP_HOME="/workspace/rustup-home" "/workspace/cargo-home/bin/cargo" "+beta-2024-12-08" "fetch" "--manifest-path" "Cargo.toml", kill_on_drop: false }`
[INFO] [stderr]     Blocking waiting for file lock on package cache
[INFO] running `Command { std: "docker" "create" "-v" "/var/lib/crater-agent-workspace/builds/worker-2-tc2/target:/opt/rustwide/target:rw,Z" "-v" "/var/lib/crater-agent-workspace/builds/worker-2-tc2/source:/opt/rustwide/workdir:ro,Z" "-v" "/var/lib/crater-agent-workspace/cargo-home:/opt/rustwide/cargo-home:ro,Z" "-v" "/var/lib/crater-agent-workspace/rustup-home:/opt/rustwide/rustup-home:ro,Z" "-e" "SOURCE_DIR=/opt/rustwide/workdir" "-e" "CARGO_TARGET_DIR=/opt/rustwide/target" "-e" "CARGO_HOME=/opt/rustwide/cargo-home" "-e" "RUSTUP_HOME=/opt/rustwide/rustup-home" "-w" "/opt/rustwide/workdir" "-m" "1610612736" "--user" "0:0" "--network" "none" "ghcr.io/rust-lang/crates-build-env/linux@sha256:f3a9d4ad9d972b27faf3965f35b62e55ba32bbce8f20bc8fe909558a86702fde" "/opt/rustwide/cargo-home/bin/cargo" "+beta-2024-12-08" "metadata" "--no-deps" "--format-version=1", kill_on_drop: false }`
[INFO] [stdout] 19637369016ff2ada923c861ab64491edba14b396c141f7300cbc643de0c21e9
[INFO] running `Command { std: "docker" "start" "-a" "19637369016ff2ada923c861ab64491edba14b396c141f7300cbc643de0c21e9", kill_on_drop: false }`
[INFO] running `Command { std: "docker" "inspect" "19637369016ff2ada923c861ab64491edba14b396c141f7300cbc643de0c21e9", kill_on_drop: false }`
[INFO] running `Command { std: "docker" "rm" "-f" "19637369016ff2ada923c861ab64491edba14b396c141f7300cbc643de0c21e9", kill_on_drop: false }`
[INFO] [stdout] 19637369016ff2ada923c861ab64491edba14b396c141f7300cbc643de0c21e9
[INFO] running `Command { std: "docker" "create" "-v" "/var/lib/crater-agent-workspace/builds/worker-2-tc2/target:/opt/rustwide/target:rw,Z" "-v" "/var/lib/crater-agent-workspace/builds/worker-2-tc2/source:/opt/rustwide/workdir:ro,Z" "-v" "/var/lib/crater-agent-workspace/cargo-home:/opt/rustwide/cargo-home:ro,Z" "-v" "/var/lib/crater-agent-workspace/rustup-home:/opt/rustwide/rustup-home:ro,Z" "-e" "SOURCE_DIR=/opt/rustwide/workdir" "-e" "CARGO_TARGET_DIR=/opt/rustwide/target" "-e" "CARGO_INCREMENTAL=0" "-e" "RUST_BACKTRACE=full" "-e" "RUSTFLAGS=--cap-lints=warn" "-e" "RUSTDOCFLAGS=--cap-lints=warn" "-e" "CARGO_HOME=/opt/rustwide/cargo-home" "-e" "RUSTUP_HOME=/opt/rustwide/rustup-home" "-w" "/opt/rustwide/workdir" "-m" "1610612736" "--user" "0:0" "--network" "none" "ghcr.io/rust-lang/crates-build-env/linux@sha256:f3a9d4ad9d972b27faf3965f35b62e55ba32bbce8f20bc8fe909558a86702fde" "/opt/rustwide/cargo-home/bin/cargo" "+beta-2024-12-08" "build" "--frozen" "--message-format=json", kill_on_drop: false }`
[INFO] [stdout] 1afeac3d1cc4b45a11c086c314337b1748253abbc21768ea0923e6396396b6f4
[INFO] running `Command { std: "docker" "start" "-a" "1afeac3d1cc4b45a11c086c314337b1748253abbc21768ea0923e6396396b6f4", kill_on_drop: false }`
[INFO] [stderr]    Compiling proc-macro2 v1.0.92
[INFO] [stderr]    Compiling unicode-ident v1.0.14
[INFO] [stderr]    Compiling serde v1.0.216
[INFO] [stderr]    Compiling libc v0.2.168
[INFO] [stderr]    Compiling hashbrown v0.15.2
[INFO] [stderr]    Compiling equivalent v1.0.1
[INFO] [stderr]    Compiling version_check v0.9.5
[INFO] [stderr]    Compiling winnow v0.6.20
[INFO] [stderr]    Compiling cfg-if v1.0.0
[INFO] [stderr]    Compiling prettyplease v0.2.25
[INFO] [stderr]    Compiling paste v1.0.15
[INFO] [stderr]    Compiling zerocopy v0.7.35
[INFO] [stderr]    Compiling once_cell v1.20.2
[INFO] [stderr]    Compiling unicode-segmentation v1.12.0
[INFO] [stderr]    Compiling ahash v0.8.11
[INFO] [stderr]    Compiling convert_case v0.6.0
[INFO] [stderr]    Compiling indexmap v2.7.0
[INFO] [stderr]    Compiling quote v1.0.37
[INFO] [stderr]    Compiling getrandom v0.2.15
[INFO] [stderr]    Compiling syn v2.0.90
[INFO] [stderr]    Compiling serde_derive v1.0.216
[INFO] [stderr]    Compiling toml_datetime v0.6.8
[INFO] [stderr]    Compiling serde_spanned v0.6.8
[INFO] [stderr]    Compiling toml_edit v0.22.22
[INFO] [stderr]    Compiling toml v0.8.19
[INFO] [stderr]    Compiling cargo_toml v0.20.5
[INFO] [stderr]    Compiling ad-astra-export v1.0.0 (/opt/rustwide/workdir)
[INFO] [stderr]     Finished `dev` profile [unoptimized + debuginfo] target(s) in 27.89s
[INFO] running `Command { std: "docker" "inspect" "1afeac3d1cc4b45a11c086c314337b1748253abbc21768ea0923e6396396b6f4", kill_on_drop: false }`
[INFO] running `Command { std: "docker" "rm" "-f" "1afeac3d1cc4b45a11c086c314337b1748253abbc21768ea0923e6396396b6f4", kill_on_drop: false }`
[INFO] [stdout] 1afeac3d1cc4b45a11c086c314337b1748253abbc21768ea0923e6396396b6f4
[INFO] running `Command { std: "docker" "create" "-v" "/var/lib/crater-agent-workspace/builds/worker-2-tc2/target:/opt/rustwide/target:rw,Z" "-v" "/var/lib/crater-agent-workspace/builds/worker-2-tc2/source:/opt/rustwide/workdir:ro,Z" "-v" "/var/lib/crater-agent-workspace/cargo-home:/opt/rustwide/cargo-home:ro,Z" "-v" "/var/lib/crater-agent-workspace/rustup-home:/opt/rustwide/rustup-home:ro,Z" "-e" "SOURCE_DIR=/opt/rustwide/workdir" "-e" "CARGO_TARGET_DIR=/opt/rustwide/target" "-e" "CARGO_INCREMENTAL=0" "-e" "RUST_BACKTRACE=full" "-e" "RUSTFLAGS=--cap-lints=warn" "-e" "RUSTDOCFLAGS=--cap-lints=warn" "-e" "CARGO_HOME=/opt/rustwide/cargo-home" "-e" "RUSTUP_HOME=/opt/rustwide/rustup-home" "-w" "/opt/rustwide/workdir" "-m" "1610612736" "--user" "0:0" "--network" "none" "ghcr.io/rust-lang/crates-build-env/linux@sha256:f3a9d4ad9d972b27faf3965f35b62e55ba32bbce8f20bc8fe909558a86702fde" "/opt/rustwide/cargo-home/bin/cargo" "+beta-2024-12-08" "test" "--frozen" "--no-run" "--message-format=json", kill_on_drop: false }`
[INFO] [stdout] fc5662373af6a61540fbdbfb3b9e4aae722fe47eb4723836d887802f2d7d55dd
[INFO] running `Command { std: "docker" "start" "-a" "fc5662373af6a61540fbdbfb3b9e4aae722fe47eb4723836d887802f2d7d55dd", kill_on_drop: false }`
[INFO] [stderr]    Compiling ad-astra-export v1.0.0 (/opt/rustwide/workdir)
[INFO] [stderr]     Finished `test` profile [unoptimized + debuginfo] target(s) in 5.09s
[INFO] running `Command { std: "docker" "inspect" "fc5662373af6a61540fbdbfb3b9e4aae722fe47eb4723836d887802f2d7d55dd", kill_on_drop: false }`
[INFO] running `Command { std: "docker" "rm" "-f" "fc5662373af6a61540fbdbfb3b9e4aae722fe47eb4723836d887802f2d7d55dd", kill_on_drop: false }`
[INFO] [stdout] fc5662373af6a61540fbdbfb3b9e4aae722fe47eb4723836d887802f2d7d55dd
[INFO] running `Command { std: "docker" "create" "-v" "/var/lib/crater-agent-workspace/builds/worker-2-tc2/target:/opt/rustwide/target:rw,Z" "-v" "/var/lib/crater-agent-workspace/builds/worker-2-tc2/source:/opt/rustwide/workdir:ro,Z" "-v" "/var/lib/crater-agent-workspace/cargo-home:/opt/rustwide/cargo-home:ro,Z" "-v" "/var/lib/crater-agent-workspace/rustup-home:/opt/rustwide/rustup-home:ro,Z" "-e" "SOURCE_DIR=/opt/rustwide/workdir" "-e" "CARGO_TARGET_DIR=/opt/rustwide/target" "-e" "CARGO_INCREMENTAL=0" "-e" "RUST_BACKTRACE=full" "-e" "RUSTFLAGS=--cap-lints=warn" "-e" "RUSTDOCFLAGS=--cap-lints=warn" "-e" "CARGO_HOME=/opt/rustwide/cargo-home" "-e" "RUSTUP_HOME=/opt/rustwide/rustup-home" "-w" "/opt/rustwide/workdir" "-m" "1610612736" "--user" "0:0" "--network" "none" "ghcr.io/rust-lang/crates-build-env/linux@sha256:f3a9d4ad9d972b27faf3965f35b62e55ba32bbce8f20bc8fe909558a86702fde" "/opt/rustwide/cargo-home/bin/cargo" "+beta-2024-12-08" "test" "--frozen", kill_on_drop: false }`
[INFO] [stdout] 09e6a377529211b6b1f276a170b79f4055a26d179c9d0362cb5889ac6ef7c49f
[INFO] running `Command { std: "docker" "start" "-a" "09e6a377529211b6b1f276a170b79f4055a26d179c9d0362cb5889ac6ef7c49f", kill_on_drop: false }`
[INFO] [stderr]     Finished `test` profile [unoptimized + debuginfo] target(s) in 0.04s
[INFO] [stderr]      Running unittests src/lib.rs (/opt/rustwide/target/debug/deps/ad_astra_export-dc9c081b60a217b6)
[INFO] [stdout] 
[INFO] [stdout] running 0 tests
[INFO] [stdout] 
[INFO] [stderr]    Doc-tests ad_astra_export
[INFO] [stdout] test result: ok. 0 passed; 0 failed; 0 ignored; 0 measured; 0 filtered out; finished in 0.00s
[INFO] [stdout] 
[INFO] [stdout] 
[INFO] [stdout] running 18 tests
[INFO] [stdout] test src/lib.rs - export (line 342) ... ignored
[INFO] [stdout] test src/lib.rs - export (line 364) ... ignored
[INFO] [stdout] test src/lib.rs - export (line 436) ... ignored
[INFO] [stdout] test src/lib.rs - export (line 740) ... ignored
[INFO] [stdout] test src/lib.rs - export (line 783) ... ignored
[INFO] [stdout] test src/lib.rs - export (line 518) ... ok
[INFO] [stdout] test src/lib.rs - export (line 601) ... ok
[INFO] [stdout] test src/lib.rs - export (line 387) ... ok
[INFO] [stdout] test src/lib.rs - export (line 298) ... ok
[INFO] [stdout] test src/lib.rs - export (line 644) ... ok
[INFO] [stdout] test src/lib.rs - export (line 809) ... ok
[INFO] [stdout] test src/lib.rs - export (line 318) ... ok
[INFO] [stdout] test src/lib.rs - export (line 184) ... ok
[INFO] [stdout] test src/lib.rs - export (line 692) ... ok
[INFO] [stdout] test src/lib.rs - export (line 272) ... ok
[INFO] [stdout] test src/lib.rs - export (line 487) ... ok
[INFO] [stdout] test src/lib.rs - export (line 90) ... ok
[INFO] [stdout] test src/lib.rs - export (line 138) ... FAILED
[INFO] [stdout] 
[INFO] [stdout] failures:
[INFO] [stdout] 
[INFO] [stdout] ---- src/lib.rs - export (line 138) stdout ----
[INFO] [stdout] error[E0433]: failed to resolve: could not find `ad_astra` in the list of imported crates
[INFO] [stdout]   --> src/lib.rs:164:8
[INFO] [stdout]    |
[INFO] [stdout] 29 | struct Foo;
[INFO] [stdout]    |        ^^^ could not find `ad_astra` in the list of imported crates
[INFO] [stdout] 
[INFO] [stdout] error: aborting due to 1 previous error
[INFO] [stdout] 
[INFO] [stdout] For more information about this error, try `rustc --explain E0433`.
[INFO] [stdout] Couldn't compile the test.
[INFO] [stdout] 
[INFO] [stdout] failures:
[INFO] [stdout]     src/lib.rs - export (line 138)
[INFO] [stdout] 
[INFO] [stdout] test result: FAILED. 12 passed; 1 failed; 5 ignored; 0 measured; 0 filtered out; finished in 0.71s
[INFO] [stdout] 
[INFO] [stderr] error: doctest failed, to rerun pass `--doc`
[INFO] running `Command { std: "docker" "inspect" "09e6a377529211b6b1f276a170b79f4055a26d179c9d0362cb5889ac6ef7c49f", kill_on_drop: false }`
[INFO] running `Command { std: "docker" "rm" "-f" "09e6a377529211b6b1f276a170b79f4055a26d179c9d0362cb5889ac6ef7c49f", kill_on_drop: false }`
[INFO] [stdout] 09e6a377529211b6b1f276a170b79f4055a26d179c9d0362cb5889ac6ef7c49f
