[INFO] fetching crate actix-governor 0.8.0...
[INFO] testing actix-governor-0.8.0 against 1.83.0 for beta-1.84.0-4-retry
[INFO] extracting crate actix-governor 0.8.0 into /workspace/builds/worker-3-tc1/source
[INFO] validating manifest of crates.io crate actix-governor 0.8.0 on toolchain 1.83.0
[INFO] running `Command { std: CARGO_HOME="/workspace/cargo-home" RUSTUP_HOME="/workspace/rustup-home" "/workspace/cargo-home/bin/cargo" "+1.83.0" "metadata" "--manifest-path" "Cargo.toml" "--no-deps", kill_on_drop: false }`
[INFO] started tweaking crates.io crate actix-governor 0.8.0
[INFO] removed 0 missing examples
[INFO] finished tweaking crates.io crate actix-governor 0.8.0
[INFO] tweaked toml for crates.io crate actix-governor 0.8.0 written to /workspace/builds/worker-3-tc1/source/Cargo.toml
[INFO] crate crates.io crate actix-governor 0.8.0 already has a lockfile, it will not be regenerated
[INFO] running `Command { std: CARGO_HOME="/workspace/cargo-home" RUSTUP_HOME="/workspace/rustup-home" "/workspace/cargo-home/bin/cargo" "+1.83.0" "fetch" "--manifest-path" "Cargo.toml", kill_on_drop: false }`
[INFO] [stderr]  Downloading crates ...
[INFO] [stderr]   Downloaded governor v0.8.0
[INFO] running `Command { std: "docker" "create" "-v" "/var/lib/crater-agent-workspace/builds/worker-3-tc1/target:/opt/rustwide/target:rw,Z" "-v" "/var/lib/crater-agent-workspace/builds/worker-3-tc1/source:/opt/rustwide/workdir:ro,Z" "-v" "/var/lib/crater-agent-workspace/cargo-home:/opt/rustwide/cargo-home:ro,Z" "-v" "/var/lib/crater-agent-workspace/rustup-home:/opt/rustwide/rustup-home:ro,Z" "-e" "SOURCE_DIR=/opt/rustwide/workdir" "-e" "CARGO_TARGET_DIR=/opt/rustwide/target" "-e" "CARGO_HOME=/opt/rustwide/cargo-home" "-e" "RUSTUP_HOME=/opt/rustwide/rustup-home" "-w" "/opt/rustwide/workdir" "-m" "1610612736" "--user" "0:0" "--network" "none" "ghcr.io/rust-lang/crates-build-env/linux@sha256:f3a9d4ad9d972b27faf3965f35b62e55ba32bbce8f20bc8fe909558a86702fde" "/opt/rustwide/cargo-home/bin/cargo" "+1.83.0" "metadata" "--no-deps" "--format-version=1", kill_on_drop: false }`
[INFO] [stdout] da04c6bdd906d6fafd733676d7fee6f8f1a01026e7264599a8df734880412a99
[INFO] running `Command { std: "docker" "start" "-a" "da04c6bdd906d6fafd733676d7fee6f8f1a01026e7264599a8df734880412a99", kill_on_drop: false }`
[INFO] running `Command { std: "docker" "inspect" "da04c6bdd906d6fafd733676d7fee6f8f1a01026e7264599a8df734880412a99", kill_on_drop: false }`
[INFO] running `Command { std: "docker" "rm" "-f" "da04c6bdd906d6fafd733676d7fee6f8f1a01026e7264599a8df734880412a99", kill_on_drop: false }`
[INFO] [stdout] da04c6bdd906d6fafd733676d7fee6f8f1a01026e7264599a8df734880412a99
[INFO] running `Command { std: "docker" "create" "-v" "/var/lib/crater-agent-workspace/builds/worker-3-tc1/target:/opt/rustwide/target:rw,Z" "-v" "/var/lib/crater-agent-workspace/builds/worker-3-tc1/source:/opt/rustwide/workdir:ro,Z" "-v" "/var/lib/crater-agent-workspace/cargo-home:/opt/rustwide/cargo-home:ro,Z" "-v" "/var/lib/crater-agent-workspace/rustup-home:/opt/rustwide/rustup-home:ro,Z" "-e" "SOURCE_DIR=/opt/rustwide/workdir" "-e" "CARGO_TARGET_DIR=/opt/rustwide/target" "-e" "CARGO_INCREMENTAL=0" "-e" "RUST_BACKTRACE=full" "-e" "RUSTFLAGS=--cap-lints=warn" "-e" "RUSTDOCFLAGS=--cap-lints=warn" "-e" "CARGO_HOME=/opt/rustwide/cargo-home" "-e" "RUSTUP_HOME=/opt/rustwide/rustup-home" "-w" "/opt/rustwide/workdir" "-m" "1610612736" "--user" "0:0" "--network" "none" "ghcr.io/rust-lang/crates-build-env/linux@sha256:f3a9d4ad9d972b27faf3965f35b62e55ba32bbce8f20bc8fe909558a86702fde" "/opt/rustwide/cargo-home/bin/cargo" "+1.83.0" "build" "--frozen" "--message-format=json", kill_on_drop: false }`
[INFO] [stdout] ff3147106775582367ff40c6373626689494281bfbf3fa07fee26f7c9cf613f4
[INFO] running `Command { std: "docker" "start" "-a" "ff3147106775582367ff40c6373626689494281bfbf3fa07fee26f7c9cf613f4", kill_on_drop: false }`
[INFO] [stderr]    Compiling libc v0.2.159
[INFO] [stderr]    Compiling autocfg v1.4.0
[INFO] [stderr]    Compiling proc-macro2 v1.0.87
[INFO] [stderr]    Compiling cfg-if v1.0.0
[INFO] [stderr]    Compiling unicode-ident v1.0.13
[INFO] [stderr]    Compiling pin-project-lite v0.2.14
[INFO] [stderr]    Compiling futures-core v0.3.31
[INFO] [stderr]    Compiling scopeguard v1.2.0
[INFO] [stderr]    Compiling version_check v0.9.5
[INFO] [stderr]    Compiling parking_lot_core v0.9.10
[INFO] [stderr]    Compiling smallvec v1.13.2
[INFO] [stderr]    Compiling futures-sink v0.3.31
[INFO] [stderr]    Compiling log v0.4.22
[INFO] [stderr]    Compiling typenum v1.17.0
[INFO] [stderr]    Compiling memchr v2.7.4
[INFO] [stderr]    Compiling byteorder v1.5.0
[INFO] [stderr]    Compiling itoa v1.0.11
[INFO] [stderr]    Compiling bytes v1.7.2
[INFO] [stderr]    Compiling futures-io v0.3.31
[INFO] [stderr]    Compiling bitflags v2.6.0
[INFO] [stderr]    Compiling tracing-core v0.1.32
[INFO] [stderr]    Compiling futures-channel v0.3.31
[INFO] [stderr]    Compiling serde v1.0.213
[INFO] [stderr]    Compiling pin-utils v0.1.0
[INFO] [stderr]    Compiling once_cell v1.20.0
[INFO] [stderr]    Compiling futures-task v0.3.31
[INFO] [stderr]    Compiling paste v1.0.15
[INFO] [stderr]    Compiling local-waker v0.1.4
[INFO] [stderr]    Compiling percent-encoding v2.3.1
[INFO] [stderr]    Compiling crossbeam-utils v0.8.20
[INFO] [stderr]    Compiling tinyvec_macros v0.1.1
[INFO] [stderr]    Compiling tinyvec v1.8.0
[INFO] [stderr]    Compiling httparse v1.9.4
[INFO] [stderr]    Compiling fnv v1.0.7
[INFO] [stderr]    Compiling form_urlencoded v1.2.1
[INFO] [stderr]    Compiling tracing v0.1.40
[INFO] [stderr]    Compiling generic-array v0.14.7
[INFO] [stderr]    Compiling ahash v0.8.11
[INFO] [stderr]    Compiling lock_api v0.4.12
[INFO] [stderr]    Compiling slab v0.4.9
[INFO] [stderr]    Compiling quote v1.0.37
[INFO] [stderr]    Compiling bytestring v1.3.1
[INFO] [stderr]    Compiling syn v2.0.85
[INFO] [stderr]    Compiling http v0.2.12
[INFO] [stderr]    Compiling actix-utils v3.0.1
[INFO] [stderr]    Compiling cpufeatures v0.2.14
[INFO] [stderr]    Compiling portable-atomic v1.7.0
[INFO] [stderr]    Compiling powerfmt v0.2.0
[INFO] [stderr]    Compiling serde_json v1.0.128
[INFO] [stderr]    Compiling ryu v1.0.18
[INFO] [stderr]    Compiling unicode-bidi v0.3.15
[INFO] [stderr]    Compiling convert_case v0.4.0
[INFO] [stderr]    Compiling local-channel v0.1.5
[INFO] [stderr]    Compiling mio v1.0.2
[INFO] [stderr]    Compiling socket2 v0.5.7
[INFO] [stderr]    Compiling getrandom v0.2.15
[INFO] [stderr]    Compiling signal-hook-registry v1.4.2
[INFO] [stderr]    Compiling unicode-normalization v0.1.23
[INFO] [stderr]    Compiling rand_core v0.6.4
[INFO] [stderr]    Compiling deranged v0.3.11
[INFO] [stderr]    Compiling raw-cpuid v11.1.0
[INFO] [stderr]    Compiling encoding_rs v0.8.34
[INFO] [stderr]    Compiling actix-service v2.0.2
[INFO] [stderr]    Compiling parking_lot v0.12.3
[INFO] [stderr]    Compiling time-core v0.1.2
[INFO] [stderr]    Compiling language-tags v0.3.2
[INFO] [stderr]    Compiling httpdate v1.0.3
[INFO] [stderr]    Compiling tokio v1.40.0
[INFO] [stderr]    Compiling regex-lite v0.1.6
[INFO] [stderr]    Compiling idna v0.5.0
[INFO] [stderr]    Compiling block-buffer v0.10.4
[INFO] [stderr]    Compiling crypto-common v0.1.6
[INFO] [stderr]    Compiling base64 v0.22.1
[INFO] [stderr]    Compiling num-conv v0.1.0
[INFO] [stderr]    Compiling mime v0.3.17
[INFO] [stderr]    Compiling hashbrown v0.14.5
[INFO] [stderr]    Compiling digest v0.10.7
[INFO] [stderr]    Compiling time v0.3.36
[INFO] [stderr]    Compiling spinning_top v0.3.0
[INFO] [stderr]    Compiling futures-timer v3.0.3
[INFO] [stderr]    Compiling no-std-compat v0.4.1
[INFO] [stderr]    Compiling nonzero_ext v0.3.0
[INFO] [stderr]    Compiling sha1 v0.10.6
[INFO] [stderr]    Compiling impl-more v0.1.6
[INFO] [stderr]    Compiling url v2.5.2
[INFO] [stderr]    Compiling dashmap v6.1.0
[INFO] [stderr]    Compiling quanta v0.12.3
[INFO] [stderr]    Compiling actix-router v0.5.3
[INFO] [stderr]    Compiling serde_urlencoded v0.7.1
[INFO] [stderr]    Compiling actix-rt v2.10.0
[INFO] [stderr]    Compiling tokio-util v0.7.12
[INFO] [stderr]    Compiling zerocopy-derive v0.7.35
[INFO] [stderr]    Compiling futures-macro v0.3.31
[INFO] [stderr]    Compiling derive_more v0.99.18
[INFO] [stderr]    Compiling actix-codec v0.5.2
[INFO] [stderr]    Compiling zerocopy v0.7.35
[INFO] [stderr]    Compiling futures-util v0.3.31
[INFO] [stderr]    Compiling ppv-lite86 v0.2.20
[INFO] [stderr]    Compiling rand_chacha v0.3.1
[INFO] [stderr]    Compiling rand v0.8.5
[INFO] [stderr]    Compiling actix-http v3.9.0
[INFO] [stderr]    Compiling actix-server v2.5.0
[INFO] [stderr]    Compiling futures-executor v0.3.30
[INFO] [stderr]    Compiling governor v0.8.0
[INFO] [stderr]    Compiling futures v0.3.30
[INFO] [stderr]    Compiling actix-web v4.9.0
[INFO] [stderr]    Compiling actix-governor v0.8.0 (/opt/rustwide/workdir)
[INFO] [stderr]     Finished `dev` profile [unoptimized + debuginfo] target(s) in 30.74s
[INFO] running `Command { std: "docker" "inspect" "ff3147106775582367ff40c6373626689494281bfbf3fa07fee26f7c9cf613f4", kill_on_drop: false }`
[INFO] running `Command { std: "docker" "rm" "-f" "ff3147106775582367ff40c6373626689494281bfbf3fa07fee26f7c9cf613f4", kill_on_drop: false }`
[INFO] [stdout] ff3147106775582367ff40c6373626689494281bfbf3fa07fee26f7c9cf613f4
[INFO] running `Command { std: "docker" "create" "-v" "/var/lib/crater-agent-workspace/builds/worker-3-tc1/target:/opt/rustwide/target:rw,Z" "-v" "/var/lib/crater-agent-workspace/builds/worker-3-tc1/source:/opt/rustwide/workdir:ro,Z" "-v" "/var/lib/crater-agent-workspace/cargo-home:/opt/rustwide/cargo-home:ro,Z" "-v" "/var/lib/crater-agent-workspace/rustup-home:/opt/rustwide/rustup-home:ro,Z" "-e" "SOURCE_DIR=/opt/rustwide/workdir" "-e" "CARGO_TARGET_DIR=/opt/rustwide/target" "-e" "CARGO_INCREMENTAL=0" "-e" "RUST_BACKTRACE=full" "-e" "RUSTFLAGS=--cap-lints=warn" "-e" "RUSTDOCFLAGS=--cap-lints=warn" "-e" "CARGO_HOME=/opt/rustwide/cargo-home" "-e" "RUSTUP_HOME=/opt/rustwide/rustup-home" "-w" "/opt/rustwide/workdir" "-m" "1610612736" "--user" "0:0" "--network" "none" "ghcr.io/rust-lang/crates-build-env/linux@sha256:f3a9d4ad9d972b27faf3965f35b62e55ba32bbce8f20bc8fe909558a86702fde" "/opt/rustwide/cargo-home/bin/cargo" "+1.83.0" "test" "--frozen" "--no-run" "--message-format=json", kill_on_drop: false }`
[INFO] [stdout] 467d307184c611f77701b4012831167286aeee98a3bc4f6af50cf8698f70437b
[INFO] running `Command { std: "docker" "start" "-a" "467d307184c611f77701b4012831167286aeee98a3bc4f6af50cf8698f70437b", kill_on_drop: false }`
[INFO] [stderr]    Compiling jobserver v0.1.32
[INFO] [stderr]    Compiling shlex v1.3.0
[INFO] [stderr]    Compiling pkg-config v0.3.30
[INFO] [stderr]    Compiling tokio v1.40.0
[INFO] [stderr]    Compiling tracing-core v0.1.32
[INFO] [stderr]    Compiling serde v1.0.213
[INFO] [stderr]    Compiling serde_derive v1.0.213
[INFO] [stderr]    Compiling alloc-no-stdlib v2.0.4
[INFO] [stderr]    Compiling zstd-safe v7.2.1
[INFO] [stderr]    Compiling aho-corasick v1.1.3
[INFO] [stderr]    Compiling actix-macros v0.2.4
[INFO] [stderr]    Compiling bytes v1.7.2
[INFO] [stderr]    Compiling adler2 v2.0.0
[INFO] [stderr]    Compiling equivalent v1.0.1
[INFO] [stderr]    Compiling regex-syntax v0.8.4
[INFO] [stderr]    Compiling indexmap v2.5.0
[INFO] [stderr]    Compiling alloc-stdlib v0.2.2
[INFO] [stderr]    Compiling miniz_oxide v0.8.0
[INFO] [stderr]    Compiling cc v1.1.19
[INFO] [stderr]    Compiling tracing v0.1.40
[INFO] [stderr]    Compiling brotli-decompressor v4.0.1
[INFO] [stderr]    Compiling time-macros v0.2.18
[INFO] [stderr]    Compiling cookie v0.16.2
[INFO] [stderr]    Compiling crc32fast v1.4.2
[INFO] [stderr]    Compiling bytestring v1.3.1
[INFO] [stderr]    Compiling flate2 v1.0.33
[INFO] [stderr]    Compiling zstd-sys v2.0.13+zstd.1.5.6
[INFO] [stderr]    Compiling brotli v6.0.0
[INFO] [stderr]    Compiling time v0.3.36
[INFO] [stderr]    Compiling regex-automata v0.4.7
[INFO] [stderr]    Compiling actix-router v0.5.3
[INFO] [stderr]    Compiling actix-web-codegen v4.3.0
[INFO] [stderr]    Compiling tokio-util v0.7.12
[INFO] [stderr]    Compiling actix-rt v2.10.0
[INFO] [stderr]    Compiling actix-server v2.5.0
[INFO] [stderr]    Compiling regex v1.10.6
[INFO] [stderr]    Compiling zstd v0.13.2
[INFO] [stderr]    Compiling h2 v0.3.26
[INFO] [stderr]    Compiling actix-codec v0.5.2
[INFO] [stderr]    Compiling serde_json v1.0.128
[INFO] [stderr]    Compiling serde_urlencoded v0.7.1
[INFO] [stderr]    Compiling actix-http v3.9.0
[INFO] [stderr]    Compiling actix-web v4.9.0
[INFO] [stderr]    Compiling actix-governor v0.8.0 (/opt/rustwide/workdir)
[INFO] [stderr]     Finished `test` profile [unoptimized + debuginfo] target(s) in 41.12s
[INFO] running `Command { std: "docker" "inspect" "467d307184c611f77701b4012831167286aeee98a3bc4f6af50cf8698f70437b", kill_on_drop: false }`
[INFO] running `Command { std: "docker" "rm" "-f" "467d307184c611f77701b4012831167286aeee98a3bc4f6af50cf8698f70437b", kill_on_drop: false }`
[INFO] [stdout] 467d307184c611f77701b4012831167286aeee98a3bc4f6af50cf8698f70437b
[INFO] running `Command { std: "docker" "create" "-v" "/var/lib/crater-agent-workspace/builds/worker-3-tc1/target:/opt/rustwide/target:rw,Z" "-v" "/var/lib/crater-agent-workspace/builds/worker-3-tc1/source:/opt/rustwide/workdir:ro,Z" "-v" "/var/lib/crater-agent-workspace/cargo-home:/opt/rustwide/cargo-home:ro,Z" "-v" "/var/lib/crater-agent-workspace/rustup-home:/opt/rustwide/rustup-home:ro,Z" "-e" "SOURCE_DIR=/opt/rustwide/workdir" "-e" "CARGO_TARGET_DIR=/opt/rustwide/target" "-e" "CARGO_INCREMENTAL=0" "-e" "RUST_BACKTRACE=full" "-e" "RUSTFLAGS=--cap-lints=warn" "-e" "RUSTDOCFLAGS=--cap-lints=warn" "-e" "CARGO_HOME=/opt/rustwide/cargo-home" "-e" "RUSTUP_HOME=/opt/rustwide/rustup-home" "-w" "/opt/rustwide/workdir" "-m" "1610612736" "--user" "0:0" "--network" "none" "ghcr.io/rust-lang/crates-build-env/linux@sha256:f3a9d4ad9d972b27faf3965f35b62e55ba32bbce8f20bc8fe909558a86702fde" "/opt/rustwide/cargo-home/bin/cargo" "+1.83.0" "test" "--frozen", kill_on_drop: false }`
[INFO] [stdout] 0a5ea260758c3b1168c10c279b192d98f31abfc0ef126ecbaa2c08edac987d4c
[INFO] running `Command { std: "docker" "start" "-a" "0a5ea260758c3b1168c10c279b192d98f31abfc0ef126ecbaa2c08edac987d4c", kill_on_drop: false }`
[INFO] [stderr]     Finished `test` profile [unoptimized + debuginfo] target(s) in 0.52s
[INFO] [stderr]      Running unittests src/lib.rs (/opt/rustwide/target/debug/deps/actix_governor-c07ac82cba2a1cf0)
[INFO] [stdout] 
[INFO] [stdout] running 14 tests
[INFO] [stdout] test tests::builder_test ... ok
[INFO] [stdout] test tests::test_network_authentication_required_response_error ... ok
[INFO] [stdout] test tests::test_forbidden_response_error ... ok
[INFO] [stdout] test tests::test_key_extraction_whitelisted_key_with_header ... ok
[INFO] [stdout] test tests::test_method_filter ... ok
[INFO] [stdout] test tests::test_json_error_response ... ok
[INFO] [stdout] test tests::test_key_extraction_unwhitelisted_key_with_header ... ok
[INFO] [stdout] test tests::test_key_extraction_whitelisted_key ... ok
[INFO] [stdout] test tests::test_html_error_response ... ok
[INFO] [stdout] test tests::test_method_filter_use_headers ... ok
[INFO] [stdout] test tests::test_server ... ok
[INFO] [stdout] test tests::test_server_permissive ... ok
[INFO] [stdout] test tests::test_server_use_headers ... ok
[INFO] [stderr]    Doc-tests actix_governor
[INFO] [stdout] test tests::test_server_per_second ... ok
[INFO] [stdout] 
[INFO] [stdout] test result: ok. 14 passed; 0 failed; 0 ignored; 0 measured; 0 filtered out; finished in 0.12s
[INFO] [stdout] 
[INFO] [stdout] 
[INFO] [stdout] running 9 tests
[INFO] [stdout] test src/lib.rs - (line 33) - compile ... ok
[INFO] [stdout] test src/key_extractor.rs - key_extractor::KeyExtractor::exceed_rate_limit_response (line 53) ... ok
[INFO] [stdout] test src/key_extractor.rs - key_extractor::KeyExtractor (line 13) ... ok
[INFO] [stdout] test src/lib.rs - (line 76) ... FAILED
[INFO] [stdout] test src/key_extractor.rs - key_extractor::SimpleKeyExtractionError<T>::new (line 132) ... ok
[INFO] [stdout] test src/key_extractor.rs - key_extractor::SimpleKeyExtractionError<T>::set_content_type (line 174) ... ok
[INFO] [stdout] test src/key_extractor.rs - key_extractor::SimpleKeyExtractionError<T>::set_status_code (line 154) ... ok
[INFO] [stdout] test src/lib.rs - GovernorConfigBuilder (line 199) ... ok
[INFO] [stdout] test src/lib.rs - GovernorConfigBuilder (line 211) ... ok
[INFO] [stdout] 
[INFO] [stdout] failures:
[INFO] [stdout] 
[INFO] [stdout] ---- src/lib.rs - (line 76) stdout ----
[INFO] [stdout] error: linking with `cc` failed: exit status: 1
[INFO] [stdout]   |
[INFO] [stdout]   = note: LC_ALL="C" PATH="/opt/rustwide/rustup-home/toolchains/1.83.0-x86_64-unknown-linux-gnu/lib/rustlib/x86_64-unknown-linux-gnu/bin:/opt/rustwide/cargo-home/bin:/usr/local/sbin:/usr/local/bin:/usr/sbin:/usr/bin:/sbin:/bin" VSLANG="1033" "cc" "-m64" "/tmp/rustc6H4sTL/symbols.o" "/tmp/rustdoctestrL5uvq/rust_out.rust_out.cb03291d53e4e161-cgu.0.rcgu.o" "/tmp/rustdoctestrL5uvq/rust_out.1s7umcihpz0t7nkz1uc2ifee9.rcgu.o" "-Wl,--as-needed" "-Wl,-Bstatic" "/opt/rustwide/target/debug/deps/libactix_governor-055665be4c18147e.rlib" "/opt/rustwide/target/debug/deps/libgovernor-09517e793805f7b6.rlib" "/opt/rustwide/target/debug/deps/libquanta-6014503e3740fea7.rlib" "/opt/rustwide/target/debug/deps/libraw_cpuid-21aa5da08dc6ce66.rlib" "/opt/rustwide/target/debug/deps/libdashmap-9d9b1063a96d6729.rlib" "/opt/rustwide/target/debug/deps/libcrossbeam_utils-be96993693568ee0.rlib" "/opt/rustwide/target/debug/deps/libfutures_timer-7ba65e3faa7d6a1b.rlib" "/opt/rustwide/target/debug/deps/libnonzero_ext-0fd3be192e00e591.rlib" "/opt/rustwide/target/debug/deps/libportable_atomic-a0bdb764bbed9aae.rlib" "/opt/rustwide/target/debug/deps/libno_std_compat-bb09d7198fcfc17b.rlib" "/opt/rustwide/target/debug/deps/libfutures-bb12888da9704270.rlib" "/opt/rustwide/target/debug/deps/libfutures_executor-94b623aa6543b4e2.rlib" "/opt/rustwide/target/debug/deps/libactix_web-6e3258a4a0236d4f.rlib" "/opt/rustwide/target/debug/deps/libimpl_more-f068c6ff71ed2b0e.rlib" "/opt/rustwide/target/debug/deps/liburl-d79477b6a7acdfea.rlib" "/opt/rustwide/target/debug/deps/libidna-c5cbf6a6a8091d7a.rlib" "/opt/rustwide/target/debug/deps/libunicode_normalization-6cd54dadd8ba4f14.rlib" "/opt/rustwide/target/debug/deps/libtinyvec-ae8d3c8ddfe5386c.rlib" "/opt/rustwide/target/debug/deps/libtinyvec_macros-bb1333ecdeeba2ad.rlib" "/opt/rustwide/target/debug/deps/libunicode_bidi-c5175d65f0694929.rlib" "/opt/rustwide/target/debug/deps/libserde_urlencoded-c7a55de01f854139.rlib" "/opt/rustwide/target/debug/deps/libform_urlencoded-533db7122d3ddfc5.rlib" "/opt/rustwide/target/debug/deps/libserde_json-5a35f720bc2f081c.rlib" "/opt/rustwide/target/debug/deps/libryu-bba83beca99dd7c0.rlib" "/opt/rustwide/target/debug/deps/libactix_server-bcb11d8ae3f22abd.rlib" "/opt/rustwide/target/debug/deps/libactix_router-9246e58ade8fee6b.rlib" "/opt/rustwide/target/debug/deps/libregex-d820822284ba20a1.rlib" "/opt/rustwide/target/debug/deps/libregex_automata-fed483145797a4fc.rlib" "/opt/rustwide/target/debug/deps/libaho_corasick-ca3c2ec2e6ffa0c6.rlib" "/opt/rustwide/target/debug/deps/libregex_syntax-a0f47b1b68ff7cf9.rlib" "/opt/rustwide/target/debug/deps/libserde-107c4e637753c35c.rlib" "/opt/rustwide/target/debug/deps/libcookie-7b8688bc5b9b7fea.rlib" "/opt/rustwide/target/debug/deps/libtime-473ab2855a06c7e3.rlib" "/opt/rustwide/target/debug/deps/libtime_core-920e11b901147e65.rlib" "/opt/rustwide/target/debug/deps/libnum_conv-4bd030b5826783c5.rlib" "/opt/rustwide/target/debug/deps/libderanged-e4c875d97de0e89c.rlib" "/opt/rustwide/target/debug/deps/libpowerfmt-776ac6678c847955.rlib" "/opt/rustwide/target/debug/deps/libactix_http-131c081f5bb110fa.rlib" "/opt/rustwide/target/debug/deps/librand-897479ce04761a95.rlib" "/opt/rustwide/target/debug/deps/librand_chacha-4af488c313878359.rlib" "/opt/rustwide/target/debug/deps/libppv_lite86-094150cbe29e09a2.rlib" "/opt/rustwide/target/debug/deps/librand_core-e22360dfc468261f.rlib" "/opt/rustwide/target/debug/deps/libhttparse-7e79592399482295.rlib" "/opt/rustwide/target/debug/deps/libbrotli-3a0fc8f091fa3eb2.rlib" "/opt/rustwide/target/debug/deps/libbrotli_decompressor-0ade4f35466d69f1.rlib" "/opt/rustwide/target/debug/deps/liballoc_stdlib-b00ae21cbdd7d212.rlib" "/opt/rustwide/target/debug/deps/liballoc_no_stdlib-83c0c71c2f685ac9.rlib" "/opt/rustwide/target/debug/deps/libhttpdate-b9f758d21a0e98fe.rlib" "/opt/rustwide/target/debug/deps/libsha1-88a110334434f801.rlib" "/opt/rustwide/target/debug/deps/libcpufeatures-3c21a44eca610fa5.rlib" "/opt/rustwide/target/debug/deps/libdigest-b187633d31a1ee34.rlib" "/opt/rustwide/target/debug/deps/libblock_buffer-b33225e8228c539f.rlib" "/opt/rustwide/target/debug/deps/libcrypto_common-51e69f872257e8d4.rlib" "/opt/rustwide/target/debug/deps/libgeneric_array-96b5f8b414fbdd75.rlib" "/opt/rustwide/target/debug/deps/libtypenum-f8bcce2b4da82a7e.rlib" "/opt/rustwide/target/debug/deps/libbase64-1d5853d8a2dd9229.rlib" "/opt/rustwide/target/debug/deps/liblocal_channel-3e5609cb302d47c6.rlib" "/opt/rustwide/target/debug/deps/libbytestring-78a8ec138213277e.rlib" "/opt/rustwide/target/debug/deps/libencoding_rs-8700cf6701f4ea83.rlib" "/opt/rustwide/target/debug/deps/liblanguage_tags-4d9300954b9ef20b.rlib" "/opt/rustwide/target/debug/deps/libahash-962c062b1ec08ddb.rlib" "/opt/rustwide/target/debug/deps/libgetrandom-d429a7fd4140f83d.rlib" "/opt/rustwide/target/debug/deps/libzerocopy-1aa5223026862a2f.rlib" "/opt/rustwide/target/debug/deps/libbyteorder-d36d73da0d12e75b.rlib" "/opt/rustwide/target/debug/deps/libmime-566b615028bbb9d4.rlib" "/opt/rustwide/target/debug/deps/libpercent_encoding-88cba40a7181d984.rlib" "/opt/rustwide/target/debug/deps/libh2-37458d0a713c753c.rlib" "/opt/rustwide/target/debug/deps/libindexmap-36f7e42ea8b8d78e.rlib" "/opt/rustwide/target/debug/deps/libequivalent-4d5cfde55792e26d.rlib" "/opt/rustwide/target/debug/deps/libhashbrown-7d02282e476b54c1.rlib" "/opt/rustwide/target/debug/deps/libfutures_util-2073a90ab3ee8d2c.rlib" "/opt/rustwide/target/debug/deps/libfutures_io-306100ebd700a899.rlib" "/opt/rustwide/target/debug/deps/libslab-083dd68e0bc19c95.rlib" "/opt/rustwide/target/debug/deps/libfutures_channel-a5d761b9bb71370e.rlib" "/opt/rustwide/target/debug/deps/libfutures_task-b8cf8cc4fcc89c75.rlib" "/opt/rustwide/target/debug/deps/libpin_utils-6bd6355de79f98af.rlib" "/opt/rustwide/target/debug/deps/libzstd-5a79addca7abc71a.rlib" "/opt/rustwide/target/debug/deps/libzstd_safe-87aab7aa06bda470.rlib" "/opt/rustwide/target/debug/deps/libzstd_sys-5a1bfc1c535e3ed4.rlib" "/opt/rustwide/target/debug/deps/libflate2-c1edbe7bfb6f7558.rlib" "/opt/rustwide/target/debug/deps/libminiz_oxide-dbe4d5c6b06aebd9.rlib" "/opt/rustwide/target/debug/deps/libadler2-e253e5013e39fbc6.rlib" "/opt/rustwide/target/debug/deps/libcrc32fast-6da0a50d86e2d24a.rlib" "/opt/rustwide/target/debug/deps/libactix_service-4afed7eb8ee6b36a.rlib" "/opt/rustwide/target/debug/deps/libactix_codec-6c215d0e660477c2.rlib" "/opt/rustwide/target/debug/deps/libtracing-bbec7f9ce0cd4f88.rlib" "/opt/rustwide/target/debug/deps/libtracing_core-002206960e152ff2.rlib" "/opt/rustwide/target/debug/deps/libonce_cell-9db44b95f389a441.rlib" "/opt/rustwide/target/debug/deps/libmemchr-a61794c77f52d343.rlib" "/opt/rustwide/target/debug/deps/libbitflags-53c76c4f639396f9.rlib" "/opt/rustwide/target/debug/deps/libtokio_util-1a7bd7ad9b2dfc39.rlib" "/opt/rustwide/target/debug/deps/libfutures_sink-140504a081023950.rlib" "/opt/rustwide/target/debug/deps/libactix_utils-e839587b9b747d67.rlib" "/opt/rustwide/target/debug/deps/liblocal_waker-c7b5cf9ac6ffca21.rlib" "/opt/rustwide/target/debug/deps/libactix_rt-396e8661720a5fef.rlib" "/opt/rustwide/target/debug/deps/libtokio-7dc88dd808dacea7.rlib" "/opt/rustwide/target/debug/deps/libsignal_hook_registry-b6af86005e3cab6f.rlib" "/opt/rustwide/target/debug/deps/libsocket2-a931dfd19583e381.rlib" "/opt/rustwide/target/debug/deps/libmio-838dfae380506dcc.rlib" "/opt/rustwide/target/debug/deps/liblog-2579a5a2dbce8c4d.rlib" "/opt/rustwide/target/debug/deps/libparking_lot-8338e5fa67e7baae.rlib" "/opt/rustwide/target/debug/deps/libparking_lot_core-2de5ed87abbfb568.rlib" "/opt/rustwide/target/debug/deps/liblibc-c79c75013b5c6287.rlib" "/opt/rustwide/target/debug/deps/libcfg_if-8217498f8667ada9.rlib" "/opt/rustwide/target/debug/deps/libsmallvec-27682ff183e60130.rlib" "/opt/rustwide/target/debug/deps/liblock_api-a23216ec06dff3bb.rlib" "/opt/rustwide/target/debug/deps/libscopeguard-d59b845c07f126eb.rlib" "/opt/rustwide/target/debug/deps/libpin_project_lite-04d37b8eb510eecb.rlib" "/opt/rustwide/target/debug/deps/libfutures_core-6acc1f6b4df0dd33.rlib" "/opt/rustwide/target/debug/deps/libhttp-13ce825008bf47b9.rlib" "/opt/rustwide/target/debug/deps/libitoa-cde9c8f28780c780.rlib" "/opt/rustwide/target/debug/deps/libbytes-f13b9daec80db726.rlib" "/opt/rustwide/target/debug/deps/libfnv-b4bd047f342dff07.rlib" "/opt/rustwide/rustup-home/toolchains/1.83.0-x86_64-unknown-linux-gnu/lib/rustlib/x86_64-unknown-linux-gnu/lib/libstd-ca74a2d9c5166d9f.rlib" "/opt/rustwide/rustup-home/toolchains/1.83.0-x86_64-unknown-linux-gnu/lib/rustlib/x86_64-unknown-linux-gnu/lib/libpanic_unwind-e31ab23316ed5080.rlib" "/opt/rustwide/rustup-home/toolchains/1.83.0-x86_64-unknown-linux-gnu/lib/rustlib/x86_64-unknown-linux-gnu/lib/libobject-27dc4aa955912662.rlib" "/opt/rustwide/rustup-home/toolchains/1.83.0-x86_64-unknown-linux-gnu/lib/rustlib/x86_64-unknown-linux-gnu/lib/libmemchr-bd0d6cccce077b99.rlib" "/opt/rustwide/rustup-home/toolchains/1.83.0-x86_64-unknown-linux-gnu/lib/rustlib/x86_64-unknown-linux-gnu/lib/libaddr2line-8d001680935b5e3c.rlib" "/opt/rustwide/rustup-home/toolchains/1.83.0-x86_64-unknown-linux-gnu/lib/rustlib/x86_64-unknown-linux-gnu/lib/libgimli-ba8ce71964f984f4.rlib" "/opt/rustwide/rustup-home/toolchains/1.83.0-x86_64-unknown-linux-gnu/lib/rustlib/x86_64-unknown-linux-gnu/lib/librustc_demangle-99a73526abcec14b.rlib" "/opt/rustwide/rustup-home/toolchains/1.83.0-x86_64-unknown-linux-gnu/lib/rustlib/x86_64-unknown-linux-gnu/lib/libstd_detect-63ac0d22cff92579.rlib" "/opt/rustwide/rustup-home/toolchains/1.83.0-x86_64-unknown-linux-gnu/lib/rustlib/x86_64-unknown-linux-gnu/lib/libhashbrown-9057355c92c922d5.rlib" "/opt/rustwide/rustup-home/toolchains/1.83.0-x86_64-unknown-linux-gnu/lib/rustlib/x86_64-unknown-linux-gnu/lib/librustc_std_workspace_alloc-358be9bc1f6bab04.rlib" "/opt/rustwide/rustup-home/toolchains/1.83.0-x86_64-unknown-linux-gnu/lib/rustlib/x86_64-unknown-linux-gnu/lib/libminiz_oxide-aca15549d5bff974.rlib" "/opt/rustwide/rustup-home/toolchains/1.83.0-x86_64-unknown-linux-gnu/lib/rustlib/x86_64-unknown-linux-gnu/lib/libadler-8251d2cef7072448.rlib" "/opt/rustwide/rustup-home/toolchains/1.83.0-x86_64-unknown-linux-gnu/lib/rustlib/x86_64-unknown-linux-gnu/lib/libunwind-7d50b86011c66411.rlib" "/opt/rustwide/rustup-home/toolchains/1.83.0-x86_64-unknown-linux-gnu/lib/rustlib/x86_64-unknown-linux-gnu/lib/libcfg_if-51ea098fce5006bf.rlib" "/opt/rustwide/rustup-home/toolchains/1.83.0-x86_64-unknown-linux-gnu/lib/rustlib/x86_64-unknown-linux-gnu/lib/liblibc-5a14e0d0b712e731.rlib" "/opt/rustwide/rustup-home/toolchains/1.83.0-x86_64-unknown-linux-gnu/lib/rustlib/x86_64-unknown-linux-gnu/lib/liballoc-8b83dbf3a7b8f999.rlib" "/opt/rustwide/rustup-home/toolchains/1.83.0-x86_64-unknown-linux-gnu/lib/rustlib/x86_64-unknown-linux-gnu/lib/librustc_std_workspace_core-c6fd227bdc7b39ff.rlib" "/opt/rustwide/rustup-home/toolchains/1.83.0-x86_64-unknown-linux-gnu/lib/rustlib/x86_64-unknown-linux-gnu/lib/libcore-959d3389fa3da8a5.rlib" "/opt/rustwide/rustup-home/toolchains/1.83.0-x86_64-unknown-linux-gnu/lib/rustlib/x86_64-unknown-linux-gnu/lib/libcompiler_builtins-abe05db089cc2c62.rlib" "-Wl,-Bdynamic" "-lgcc_s" "-lutil" "-lrt" "-lpthread" "-lm" "-ldl" "-lc" "-Wl,--eh-frame-hdr" "-Wl,-z,noexecstack" "-L" "/opt/rustwide/target/debug/build/zstd-sys-758c423927b09d9a/out" "-L" "/opt/rustwide/rustup-home/toolchains/1.83.0-x86_64-unknown-linux-gnu/lib/rustlib/x86_64-unknown-linux-gnu/lib" "-o" "/tmp/rustdoctestrL5uvq/rust_out" "-Wl,--gc-sections" "-pie" "-Wl,-z,relro,-z,now" "-nodefaultlibs"
[INFO] [stdout]   = note: collect2: fatal error: ld terminated with signal 9 [Killed]
[INFO] [stdout]           compilation terminated.
[INFO] [stdout]           
[INFO] [stdout] 
[INFO] [stdout] error: aborting due to 1 previous error
[INFO] [stdout] 
[INFO] [stdout] Couldn't compile the test.
[INFO] [stdout] 
[INFO] [stdout] failures:
[INFO] [stdout]     src/lib.rs - (line 76)
[INFO] [stdout] 
[INFO] [stdout] test result: FAILED. 8 passed; 1 failed; 0 ignored; 0 measured; 0 filtered out; finished in 9.53s
[INFO] [stdout] 
[INFO] [stderr] error: doctest failed, to rerun pass `--doc`
[INFO] running `Command { std: "docker" "inspect" "0a5ea260758c3b1168c10c279b192d98f31abfc0ef126ecbaa2c08edac987d4c", kill_on_drop: false }`
[INFO] running `Command { std: "docker" "rm" "-f" "0a5ea260758c3b1168c10c279b192d98f31abfc0ef126ecbaa2c08edac987d4c", kill_on_drop: false }`
[INFO] [stdout] 0a5ea260758c3b1168c10c279b192d98f31abfc0ef126ecbaa2c08edac987d4c
