[INFO] fetching crate actix-contrib-logger 0.1.0...
[INFO] testing actix-contrib-logger-0.1.0 against 1.83.0 for beta-1.84.0-4-retry
[INFO] extracting crate actix-contrib-logger 0.1.0 into /workspace/builds/worker-5-tc1/source
[INFO] validating manifest of crates.io crate actix-contrib-logger 0.1.0 on toolchain 1.83.0
[INFO] running `Command { std: CARGO_HOME="/workspace/cargo-home" RUSTUP_HOME="/workspace/rustup-home" "/workspace/cargo-home/bin/cargo" "+1.83.0" "metadata" "--manifest-path" "Cargo.toml" "--no-deps", kill_on_drop: false }`
[INFO] started tweaking crates.io crate actix-contrib-logger 0.1.0
[INFO] finished tweaking crates.io crate actix-contrib-logger 0.1.0
[INFO] tweaked toml for crates.io crate actix-contrib-logger 0.1.0 written to /workspace/builds/worker-5-tc1/source/Cargo.toml
[INFO] running `Command { std: CARGO_HOME="/workspace/cargo-home" RUSTUP_HOME="/workspace/rustup-home" "/workspace/cargo-home/bin/cargo" "+1.83.0" "generate-lockfile" "--manifest-path" "Cargo.toml", kill_on_drop: false }`
[INFO] [stderr]     Updating crates.io index
[INFO] [stderr]      Locking 166 packages to latest compatible versions
[INFO] [stderr]       Adding env_logger v0.10.2 (available: v0.11.5)
[INFO] [stderr]       Adding http v0.2.12 (available: v1.2.0)
[INFO] running `Command { std: CARGO_HOME="/workspace/cargo-home" RUSTUP_HOME="/workspace/rustup-home" "/workspace/cargo-home/bin/cargo" "+1.83.0" "fetch" "--manifest-path" "Cargo.toml", kill_on_drop: false }`
[INFO] running `Command { std: "docker" "create" "-v" "/var/lib/crater-agent-workspace/builds/worker-5-tc1/target:/opt/rustwide/target:rw,Z" "-v" "/var/lib/crater-agent-workspace/builds/worker-5-tc1/source:/opt/rustwide/workdir:ro,Z" "-v" "/var/lib/crater-agent-workspace/cargo-home:/opt/rustwide/cargo-home:ro,Z" "-v" "/var/lib/crater-agent-workspace/rustup-home:/opt/rustwide/rustup-home:ro,Z" "-e" "SOURCE_DIR=/opt/rustwide/workdir" "-e" "CARGO_TARGET_DIR=/opt/rustwide/target" "-e" "CARGO_HOME=/opt/rustwide/cargo-home" "-e" "RUSTUP_HOME=/opt/rustwide/rustup-home" "-w" "/opt/rustwide/workdir" "-m" "1610612736" "--user" "0:0" "--network" "none" "ghcr.io/rust-lang/crates-build-env/linux@sha256:f3a9d4ad9d972b27faf3965f35b62e55ba32bbce8f20bc8fe909558a86702fde" "/opt/rustwide/cargo-home/bin/cargo" "+1.83.0" "metadata" "--no-deps" "--format-version=1", kill_on_drop: false }`
[INFO] [stdout] 463efde25431d9120e0e60f5613395fe744f873c3d8c05c3eb42b19f9c6d0571
[INFO] running `Command { std: "docker" "start" "-a" "463efde25431d9120e0e60f5613395fe744f873c3d8c05c3eb42b19f9c6d0571", kill_on_drop: false }`
[INFO] running `Command { std: "docker" "inspect" "463efde25431d9120e0e60f5613395fe744f873c3d8c05c3eb42b19f9c6d0571", kill_on_drop: false }`
[INFO] running `Command { std: "docker" "rm" "-f" "463efde25431d9120e0e60f5613395fe744f873c3d8c05c3eb42b19f9c6d0571", kill_on_drop: false }`
[INFO] [stdout] 463efde25431d9120e0e60f5613395fe744f873c3d8c05c3eb42b19f9c6d0571
[INFO] running `Command { std: "docker" "create" "-v" "/var/lib/crater-agent-workspace/builds/worker-5-tc1/target:/opt/rustwide/target:rw,Z" "-v" "/var/lib/crater-agent-workspace/builds/worker-5-tc1/source:/opt/rustwide/workdir:ro,Z" "-v" "/var/lib/crater-agent-workspace/cargo-home:/opt/rustwide/cargo-home:ro,Z" "-v" "/var/lib/crater-agent-workspace/rustup-home:/opt/rustwide/rustup-home:ro,Z" "-e" "SOURCE_DIR=/opt/rustwide/workdir" "-e" "CARGO_TARGET_DIR=/opt/rustwide/target" "-e" "CARGO_INCREMENTAL=0" "-e" "RUST_BACKTRACE=full" "-e" "RUSTFLAGS=--cap-lints=warn" "-e" "RUSTDOCFLAGS=--cap-lints=warn" "-e" "CARGO_HOME=/opt/rustwide/cargo-home" "-e" "RUSTUP_HOME=/opt/rustwide/rustup-home" "-w" "/opt/rustwide/workdir" "-m" "1610612736" "--user" "0:0" "--network" "none" "ghcr.io/rust-lang/crates-build-env/linux@sha256:f3a9d4ad9d972b27faf3965f35b62e55ba32bbce8f20bc8fe909558a86702fde" "/opt/rustwide/cargo-home/bin/cargo" "+1.83.0" "build" "--frozen" "--message-format=json", kill_on_drop: false }`
[INFO] [stdout] ffcd672bde60f565fc0985aeebf8eb72a8dea5581d77aa33ecb1d0c6587c39f9
[INFO] running `Command { std: "docker" "start" "-a" "ffcd672bde60f565fc0985aeebf8eb72a8dea5581d77aa33ecb1d0c6587c39f9", kill_on_drop: false }`
[INFO] [stderr]    Compiling proc-macro2 v1.0.92
[INFO] [stderr]    Compiling unicode-ident v1.0.14
[INFO] [stderr]    Compiling libc v0.2.168
[INFO] [stderr]    Compiling pin-project-lite v0.2.15
[INFO] [stderr]    Compiling version_check v0.9.5
[INFO] [stderr]    Compiling autocfg v1.4.0
[INFO] [stderr]    Compiling smallvec v1.13.2
[INFO] [stderr]    Compiling stable_deref_trait v1.2.0
[INFO] [stderr]    Compiling log v0.4.22
[INFO] [stderr]    Compiling parking_lot_core v0.9.10
[INFO] [stderr]    Compiling bytes v1.9.0
[INFO] [stderr]    Compiling futures-core v0.3.31
[INFO] [stderr]    Compiling scopeguard v1.2.0
[INFO] [stderr]    Compiling memchr v2.7.4
[INFO] [stderr]    Compiling writeable v0.5.5
[INFO] [stderr]    Compiling once_cell v1.20.2
[INFO] [stderr]    Compiling typenum v1.17.0
[INFO] [stderr]    Compiling itoa v1.0.14
[INFO] [stderr]    Compiling litemap v0.7.4
[INFO] [stderr]    Compiling shlex v1.3.0
[INFO] [stderr]    Compiling serde v1.0.216
[INFO] [stderr]    Compiling pkg-config v0.3.31
[INFO] [stderr]    Compiling tracing-core v0.1.33
[INFO] [stderr]    Compiling icu_locid_transform_data v1.5.0
[INFO] [stderr]    Compiling byteorder v1.5.0
[INFO] [stderr]    Compiling icu_properties_data v1.5.0
[INFO] [stderr]    Compiling futures-sink v0.3.31
[INFO] [stderr]    Compiling paste v1.0.15
[INFO] [stderr]    Compiling percent-encoding v2.3.1
[INFO] [stderr]    Compiling icu_normalizer_data v1.5.0
[INFO] [stderr]    Compiling generic-array v0.14.7
[INFO] [stderr]    Compiling write16 v1.0.0
[INFO] [stderr]    Compiling alloc-no-stdlib v2.0.4
[INFO] [stderr]    Compiling pin-utils v0.1.0
[INFO] [stderr]    Compiling local-waker v0.1.4
[INFO] [stderr]    Compiling utf8_iter v1.0.4
[INFO] [stderr]    Compiling futures-task v0.3.31
[INFO] [stderr]    Compiling regex-syntax v0.8.5
[INFO] [stderr]    Compiling zstd-safe v7.2.1
[INFO] [stderr]    Compiling utf16_iter v1.0.5
[INFO] [stderr]    Compiling alloc-stdlib v0.2.2
[INFO] [stderr]    Compiling lock_api v0.4.12
[INFO] [stderr]    Compiling slab v0.4.9
[INFO] [stderr]    Compiling futures-util v0.3.31
[INFO] [stderr]    Compiling http v0.2.12
[INFO] [stderr]    Compiling ahash v0.8.11
[INFO] [stderr]    Compiling aho-corasick v1.1.3
[INFO] [stderr]    Compiling quote v1.0.37
[INFO] [stderr]    Compiling tracing v0.1.41
[INFO] [stderr]    Compiling jobserver v0.1.32
[INFO] [stderr]    Compiling mio v1.0.3
[INFO] [stderr]    Compiling syn v2.0.90
[INFO] [stderr]    Compiling signal-hook-registry v1.4.2
[INFO] [stderr]    Compiling socket2 v0.5.8
[INFO] [stderr]    Compiling parking_lot v0.12.3
[INFO] [stderr]    Compiling getrandom v0.2.15
[INFO] [stderr]    Compiling cc v1.2.4
[INFO] [stderr]    Compiling rand_core v0.6.4
[INFO] [stderr]    Compiling powerfmt v0.2.0
[INFO] [stderr]    Compiling httparse v1.9.5
[INFO] [stderr]    Compiling time-core v0.1.2
[INFO] [stderr]    Compiling hashbrown v0.15.2
[INFO] [stderr]    Compiling tokio v1.42.0
[INFO] [stderr]    Compiling regex-lite v0.1.6
[INFO] [stderr]    Compiling equivalent v1.0.1
[INFO] [stderr]    Compiling adler2 v2.0.0
[INFO] [stderr]    Compiling num-conv v0.1.0
[INFO] [stderr]    Compiling miniz_oxide v0.8.0
[INFO] [stderr]    Compiling deranged v0.3.11
[INFO] [stderr]    Compiling time-macros v0.2.19
[INFO] [stderr]    Compiling bytestring v1.4.0
[INFO] [stderr]    Compiling crypto-common v0.1.6
[INFO] [stderr]    Compiling regex-automata v0.4.9
[INFO] [stderr]    Compiling block-buffer v0.10.4
[INFO] [stderr]    Compiling indexmap v2.7.0
[INFO] [stderr]    Compiling actix-service v2.0.2
[INFO] [stderr]    Compiling digest v0.10.7
[INFO] [stderr]    Compiling brotli-decompressor v4.0.1
[INFO] [stderr]    Compiling actix-utils v3.0.1
[INFO] [stderr]    Compiling form_urlencoded v1.2.1
[INFO] [stderr]    Compiling cookie v0.16.2
[INFO] [stderr]    Compiling crc32fast v1.4.2
[INFO] [stderr]    Compiling ryu v1.0.18
[INFO] [stderr]    Compiling bitflags v2.6.0
[INFO] [stderr]    Compiling convert_case v0.4.0
[INFO] [stderr]    Compiling serde_json v1.0.133
[INFO] [stderr]    Compiling cpufeatures v0.2.16
[INFO] [stderr]    Compiling sha1 v0.10.6
[INFO] [stderr]    Compiling flate2 v1.0.35
[INFO] [stderr]    Compiling local-channel v0.1.5
[INFO] [stderr]    Compiling encoding_rs v0.8.35
[INFO] [stderr]    Compiling base64 v0.22.1
[INFO] [stderr]    Compiling mime v0.3.17
[INFO] [stderr]    Compiling language-tags v0.3.2
[INFO] [stderr]    Compiling httpdate v1.0.3
[INFO] [stderr]    Compiling is-terminal v0.4.13
[INFO] [stderr]    Compiling impl-more v0.1.8
[INFO] [stderr]    Compiling termcolor v1.4.1
[INFO] [stderr]    Compiling zstd-sys v2.0.13+zstd.1.5.6
[INFO] [stderr]    Compiling actix-router v0.5.3
[INFO] [stderr]    Compiling serde_urlencoded v0.7.1
[INFO] [stderr]    Compiling brotli v6.0.0
[INFO] [stderr]    Compiling time v0.3.37
[INFO] [stderr]    Compiling regex v1.11.1
[INFO] [stderr]    Compiling synstructure v0.13.1
[INFO] [stderr]    Compiling env_logger v0.10.2
[INFO] [stderr]    Compiling zerofrom-derive v0.1.5
[INFO] [stderr]    Compiling yoke-derive v0.7.5
[INFO] [stderr]    Compiling zerovec-derive v0.10.3
[INFO] [stderr]    Compiling displaydoc v0.2.5
[INFO] [stderr]    Compiling icu_provider_macros v1.5.0
[INFO] [stderr]    Compiling zerocopy-derive v0.7.35
[INFO] [stderr]    Compiling actix-macros v0.2.4
[INFO] [stderr]    Compiling derive_more v0.99.18
[INFO] [stderr]    Compiling actix-web-codegen v4.3.0
[INFO] [stderr]    Compiling zerocopy v0.7.35
[INFO] [stderr]    Compiling tokio-util v0.7.13
[INFO] [stderr]    Compiling actix-rt v2.10.0
[INFO] [stderr]    Compiling ppv-lite86 v0.2.20
[INFO] [stderr]    Compiling actix-server v2.5.0
[INFO] [stderr]    Compiling zstd v0.13.2
[INFO] [stderr]    Compiling rand_chacha v0.3.1
[INFO] [stderr]    Compiling rand v0.8.5
[INFO] [stderr]    Compiling h2 v0.3.26
[INFO] [stderr]    Compiling actix-codec v0.5.2
[INFO] [stderr]    Compiling zerofrom v0.1.5
[INFO] [stderr]    Compiling yoke v0.7.5
[INFO] [stderr]    Compiling zerovec v0.10.4
[INFO] [stderr]    Compiling tinystr v0.7.6
[INFO] [stderr]    Compiling icu_collections v1.5.0
[INFO] [stderr]    Compiling icu_locid v1.5.0
[INFO] [stderr]    Compiling icu_provider v1.5.0
[INFO] [stderr]    Compiling icu_locid_transform v1.5.0
[INFO] [stderr]    Compiling icu_properties v1.5.1
[INFO] [stderr]    Compiling actix-http v3.9.0
[INFO] [stderr]    Compiling icu_normalizer v1.5.0
[INFO] [stderr]    Compiling idna_adapter v1.2.0
[INFO] [stderr]    Compiling idna v1.0.3
[INFO] [stderr]    Compiling url v2.5.4
[INFO] [stderr]    Compiling actix-web v4.9.0
[INFO] [stderr]    Compiling actix-contrib-logger v0.1.0 (/opt/rustwide/workdir)
[INFO] [stderr]     Finished `dev` profile [unoptimized + debuginfo] target(s) in 1m 06s
[INFO] running `Command { std: "docker" "inspect" "ffcd672bde60f565fc0985aeebf8eb72a8dea5581d77aa33ecb1d0c6587c39f9", kill_on_drop: false }`
[INFO] running `Command { std: "docker" "rm" "-f" "ffcd672bde60f565fc0985aeebf8eb72a8dea5581d77aa33ecb1d0c6587c39f9", kill_on_drop: false }`
[INFO] [stdout] ffcd672bde60f565fc0985aeebf8eb72a8dea5581d77aa33ecb1d0c6587c39f9
[INFO] running `Command { std: "docker" "create" "-v" "/var/lib/crater-agent-workspace/builds/worker-5-tc1/target:/opt/rustwide/target:rw,Z" "-v" "/var/lib/crater-agent-workspace/builds/worker-5-tc1/source:/opt/rustwide/workdir:ro,Z" "-v" "/var/lib/crater-agent-workspace/cargo-home:/opt/rustwide/cargo-home:ro,Z" "-v" "/var/lib/crater-agent-workspace/rustup-home:/opt/rustwide/rustup-home:ro,Z" "-e" "SOURCE_DIR=/opt/rustwide/workdir" "-e" "CARGO_TARGET_DIR=/opt/rustwide/target" "-e" "CARGO_INCREMENTAL=0" "-e" "RUST_BACKTRACE=full" "-e" "RUSTFLAGS=--cap-lints=warn" "-e" "RUSTDOCFLAGS=--cap-lints=warn" "-e" "CARGO_HOME=/opt/rustwide/cargo-home" "-e" "RUSTUP_HOME=/opt/rustwide/rustup-home" "-w" "/opt/rustwide/workdir" "-m" "1610612736" "--user" "0:0" "--network" "none" "ghcr.io/rust-lang/crates-build-env/linux@sha256:f3a9d4ad9d972b27faf3965f35b62e55ba32bbce8f20bc8fe909558a86702fde" "/opt/rustwide/cargo-home/bin/cargo" "+1.83.0" "test" "--frozen" "--no-run" "--message-format=json", kill_on_drop: false }`
[INFO] [stdout] 5f6d4d63b1eb2bd430c00c7b852b287e47e5e27f80fd5ffd086d8a0b8f983302
[INFO] running `Command { std: "docker" "start" "-a" "5f6d4d63b1eb2bd430c00c7b852b287e47e5e27f80fd5ffd086d8a0b8f983302", kill_on_drop: false }`
[INFO] [stderr]    Compiling actix-contrib-logger v0.1.0 (/opt/rustwide/workdir)
[INFO] [stderr]     Finished `test` profile [unoptimized + debuginfo] target(s) in 5.73s
[INFO] running `Command { std: "docker" "inspect" "5f6d4d63b1eb2bd430c00c7b852b287e47e5e27f80fd5ffd086d8a0b8f983302", kill_on_drop: false }`
[INFO] running `Command { std: "docker" "rm" "-f" "5f6d4d63b1eb2bd430c00c7b852b287e47e5e27f80fd5ffd086d8a0b8f983302", kill_on_drop: false }`
[INFO] [stdout] 5f6d4d63b1eb2bd430c00c7b852b287e47e5e27f80fd5ffd086d8a0b8f983302
[INFO] running `Command { std: "docker" "create" "-v" "/var/lib/crater-agent-workspace/builds/worker-5-tc1/target:/opt/rustwide/target:rw,Z" "-v" "/var/lib/crater-agent-workspace/builds/worker-5-tc1/source:/opt/rustwide/workdir:ro,Z" "-v" "/var/lib/crater-agent-workspace/cargo-home:/opt/rustwide/cargo-home:ro,Z" "-v" "/var/lib/crater-agent-workspace/rustup-home:/opt/rustwide/rustup-home:ro,Z" "-e" "SOURCE_DIR=/opt/rustwide/workdir" "-e" "CARGO_TARGET_DIR=/opt/rustwide/target" "-e" "CARGO_INCREMENTAL=0" "-e" "RUST_BACKTRACE=full" "-e" "RUSTFLAGS=--cap-lints=warn" "-e" "RUSTDOCFLAGS=--cap-lints=warn" "-e" "CARGO_HOME=/opt/rustwide/cargo-home" "-e" "RUSTUP_HOME=/opt/rustwide/rustup-home" "-w" "/opt/rustwide/workdir" "-m" "1610612736" "--user" "0:0" "--network" "none" "ghcr.io/rust-lang/crates-build-env/linux@sha256:f3a9d4ad9d972b27faf3965f35b62e55ba32bbce8f20bc8fe909558a86702fde" "/opt/rustwide/cargo-home/bin/cargo" "+1.83.0" "test" "--frozen", kill_on_drop: false }`
[INFO] [stdout] 1c02943a1fcb476ff380f0121cda3b5892dac92d6d46c22e8c5fe15f08412aaf
[INFO] running `Command { std: "docker" "start" "-a" "1c02943a1fcb476ff380f0121cda3b5892dac92d6d46c22e8c5fe15f08412aaf", kill_on_drop: false }`
[INFO] [stderr]     Finished `test` profile [unoptimized + debuginfo] target(s) in 0.17s
[INFO] [stderr]      Running unittests src/lib.rs (/opt/rustwide/target/debug/deps/actix_contrib_logger-ec0b8a0bee3950d1)
[INFO] [stdout] 
[INFO] [stdout] running 10 tests
[INFO] [stdout] test middleware::logger::tests::test_custom_closure_response_log ... ok
[INFO] [stdout] test middleware::logger::tests::test_closure_logger_in_middleware ... ok
[INFO] [stdout] test middleware::logger::tests::test_escape_percent ... ok
[INFO] [stdout] test middleware::logger::tests::test_default_format ... ok
[INFO] [stdout] test middleware::logger::tests::test_custom_closure_req_log ... ok
[INFO] [stdout] test middleware::logger::tests::test_logger ... ok
[INFO] [stdout] test middleware::logger::tests::test_remote_addr_format ... ok
[INFO] [stdout] test middleware::logger::tests::test_url_path ... ok
[INFO] [stdout] test middleware::logger::tests::test_request_time_format ... ok
[INFO] [stdout] test middleware::logger::tests::test_logger_exclude_regex ... ok
[INFO] [stdout] 
[INFO] [stdout] test result: ok. 10 passed; 0 failed; 0 ignored; 0 measured; 0 filtered out; finished in 0.03s
[INFO] [stdout] 
[INFO] [stderr]    Doc-tests actix_contrib_logger
[INFO] [stdout] 
[INFO] [stdout] running 5 tests
[INFO] [stdout] test src/middleware/logger.rs - middleware::logger::Logger::custom_level (line 258) ... FAILED
[INFO] [stdout] test src/middleware/logger.rs - middleware::logger::Logger::custom_error_resp_level (line 296) ... ok
[INFO] [stdout] test src/middleware/logger.rs - middleware::logger::Logger::custom_request_replace (line 165) ... ok
[INFO] [stdout] test src/middleware/logger.rs - middleware::logger::Logger::custom_response_replace (line 210) ... ok
[INFO] [stdout] test src/middleware/logger.rs - middleware::logger::Logger (line 58) ... ok
[INFO] [stdout] 
[INFO] [stdout] failures:
[INFO] [stdout] 
[INFO] [stdout] ---- src/middleware/logger.rs - middleware::logger::Logger::custom_level (line 258) stdout ----
[INFO] [stdout] error: linking with `cc` failed: exit status: 1
[INFO] [stdout]   |
[INFO] [stdout]   = note: LC_ALL="C" PATH="/opt/rustwide/rustup-home/toolchains/1.83.0-x86_64-unknown-linux-gnu/lib/rustlib/x86_64-unknown-linux-gnu/bin:/opt/rustwide/cargo-home/bin:/usr/local/sbin:/usr/local/bin:/usr/sbin:/usr/bin:/sbin:/bin" VSLANG="1033" "cc" "-m64" "/tmp/rustcbyrcd4/symbols.o" "/tmp/rustdoctest2Bt99F/rust_out.rust_out.cb03291d53e4e161-cgu.0.rcgu.o" "/tmp/rustdoctest2Bt99F/rust_out.1s7umcihpz0t7nkz1uc2ifee9.rcgu.o" "-Wl,--as-needed" "-Wl,-Bstatic" "/opt/rustwide/target/debug/deps/libactix_contrib_logger-f4547d51373a34c6.rlib" "/opt/rustwide/target/debug/deps/libenv_logger-9f8a8e97e337813e.rlib" "/opt/rustwide/target/debug/deps/libtermcolor-943bee2709ee6353.rlib" "/opt/rustwide/target/debug/deps/libis_terminal-2b0a17c430ac6e62.rlib" "/opt/rustwide/target/debug/deps/libhumantime-4077790961ce8912.rlib" "/opt/rustwide/target/debug/deps/libactix_web-fcfa33d4586538fa.rlib" "/opt/rustwide/target/debug/deps/libimpl_more-07382020a38ea08c.rlib" "/opt/rustwide/target/debug/deps/liburl-fb1e9ec2e67af8e3.rlib" "/opt/rustwide/target/debug/deps/libidna-10e859f3d21b86c5.rlib" "/opt/rustwide/target/debug/deps/libidna_adapter-f87fef53c23467d2.rlib" "/opt/rustwide/target/debug/deps/libicu_normalizer-957986db2bdf2733.rlib" "/opt/rustwide/target/debug/deps/libicu_normalizer_data-762e61f43eae08c2.rlib" "/opt/rustwide/target/debug/deps/libwrite16-85fd16f27fd45657.rlib" "/opt/rustwide/target/debug/deps/libutf8_iter-fbf995b92c341ba3.rlib" "/opt/rustwide/target/debug/deps/libutf16_iter-83f8708e12b6535a.rlib" "/opt/rustwide/target/debug/deps/libicu_properties-9270ca9c84598063.rlib" "/opt/rustwide/target/debug/deps/libicu_properties_data-52a01acc947e4a6d.rlib" "/opt/rustwide/target/debug/deps/libicu_locid_transform-b4429478dfa57ac9.rlib" "/opt/rustwide/target/debug/deps/libicu_locid_transform_data-38f8208716c2d35a.rlib" "/opt/rustwide/target/debug/deps/libicu_collections-f580123dfd731285.rlib" "/opt/rustwide/target/debug/deps/libicu_provider-a7d23b39b97caa19.rlib" "/opt/rustwide/target/debug/deps/libicu_locid-550638a7cccbc7f4.rlib" "/opt/rustwide/target/debug/deps/liblitemap-a0ca3b3971bb4be7.rlib" "/opt/rustwide/target/debug/deps/libtinystr-6dd7a6ea22442228.rlib" "/opt/rustwide/target/debug/deps/libzerovec-3fc4ebf7626bcbef.rlib" "/opt/rustwide/target/debug/deps/libwriteable-c63e282ed55b92df.rlib" "/opt/rustwide/target/debug/deps/libyoke-c8194a6a3caf20a5.rlib" "/opt/rustwide/target/debug/deps/libzerofrom-0ba18ddbd9aa0fd2.rlib" "/opt/rustwide/target/debug/deps/libstable_deref_trait-3602560bab1848e8.rlib" "/opt/rustwide/target/debug/deps/libserde_urlencoded-851790582d1e3f14.rlib" "/opt/rustwide/target/debug/deps/libform_urlencoded-533db7122d3ddfc5.rlib" "/opt/rustwide/target/debug/deps/libserde_json-3d74f6fcc5577714.rlib" "/opt/rustwide/target/debug/deps/libryu-bba83beca99dd7c0.rlib" "/opt/rustwide/target/debug/deps/libactix_server-8bcc5f623589c3bd.rlib" "/opt/rustwide/target/debug/deps/libactix_router-38ffe532f8b5ec56.rlib" "/opt/rustwide/target/debug/deps/libserde-1264674b1177a500.rlib" "/opt/rustwide/target/debug/deps/libcookie-934ae179c07557fa.rlib" "/opt/rustwide/target/debug/deps/libactix_http-eb4c55c63086924d.rlib" "/opt/rustwide/target/debug/deps/librand-7ee3ff12aea3de0b.rlib" "/opt/rustwide/target/debug/deps/librand_chacha-dda9ba6c2f31eb84.rlib" "/opt/rustwide/target/debug/deps/libppv_lite86-0d05b8bf99f5c0c8.rlib" "/opt/rustwide/target/debug/deps/librand_core-1f8e996801df326c.rlib" "/opt/rustwide/target/debug/deps/libhttparse-63cb856626cec0ca.rlib" "/opt/rustwide/target/debug/deps/libbrotli-3a0fc8f091fa3eb2.rlib" "/opt/rustwide/target/debug/deps/libbrotli_decompressor-0ade4f35466d69f1.rlib" "/opt/rustwide/target/debug/deps/liballoc_stdlib-b00ae21cbdd7d212.rlib" "/opt/rustwide/target/debug/deps/liballoc_no_stdlib-83c0c71c2f685ac9.rlib" "/opt/rustwide/target/debug/deps/libhttpdate-b9f758d21a0e98fe.rlib" "/opt/rustwide/target/debug/deps/libsha1-bf5eef885aa892bf.rlib" "/opt/rustwide/target/debug/deps/libcpufeatures-9ef920896d0c969a.rlib" "/opt/rustwide/target/debug/deps/libdigest-b187633d31a1ee34.rlib" "/opt/rustwide/target/debug/deps/libblock_buffer-b33225e8228c539f.rlib" "/opt/rustwide/target/debug/deps/libcrypto_common-51e69f872257e8d4.rlib" "/opt/rustwide/target/debug/deps/libgeneric_array-96b5f8b414fbdd75.rlib" "/opt/rustwide/target/debug/deps/libtypenum-f8bcce2b4da82a7e.rlib" "/opt/rustwide/target/debug/deps/libbase64-1d5853d8a2dd9229.rlib" "/opt/rustwide/target/debug/deps/liblocal_channel-3e5609cb302d47c6.rlib" "/opt/rustwide/target/debug/deps/libbytestring-249673eb9ce05387.rlib" "/opt/rustwide/target/debug/deps/libencoding_rs-769073f1aea0b84b.rlib" "/opt/rustwide/target/debug/deps/liblanguage_tags-4d9300954b9ef20b.rlib" "/opt/rustwide/target/debug/deps/libahash-c197496c83a5adaf.rlib" "/opt/rustwide/target/debug/deps/libgetrandom-21e7353a01032e9e.rlib" "/opt/rustwide/target/debug/deps/libzerocopy-0a526291554463e2.rlib" "/opt/rustwide/target/debug/deps/libbyteorder-d36d73da0d12e75b.rlib" "/opt/rustwide/target/debug/deps/libmime-566b615028bbb9d4.rlib" "/opt/rustwide/target/debug/deps/libpercent_encoding-88cba40a7181d984.rlib" "/opt/rustwide/target/debug/deps/libh2-1e5587915a71bcf9.rlib" "/opt/rustwide/target/debug/deps/libindexmap-10fc62c8bb74c388.rlib" "/opt/rustwide/target/debug/deps/libequivalent-4d5cfde55792e26d.rlib" "/opt/rustwide/target/debug/deps/libhashbrown-62cdb64ce3ed52bb.rlib" "/opt/rustwide/target/debug/deps/libslab-083dd68e0bc19c95.rlib" "/opt/rustwide/target/debug/deps/libfutures_util-3f03d1a6bd133472.rlib" "/opt/rustwide/target/debug/deps/libfutures_task-38a1640ff121ca3e.rlib" "/opt/rustwide/target/debug/deps/libpin_utils-6bd6355de79f98af.rlib" "/opt/rustwide/target/debug/deps/libzstd-5d7770c5febf7d0d.rlib" "/opt/rustwide/target/debug/deps/libzstd_safe-b7088619cb10a6f5.rlib" "/opt/rustwide/target/debug/deps/libzstd_sys-2b4db95f154d2053.rlib" "/opt/rustwide/target/debug/deps/libflate2-ced89c5b21dca3b7.rlib" "/opt/rustwide/target/debug/deps/libminiz_oxide-dbe4d5c6b06aebd9.rlib" "/opt/rustwide/target/debug/deps/libadler2-e253e5013e39fbc6.rlib" "/opt/rustwide/target/debug/deps/libcrc32fast-6da0a50d86e2d24a.rlib" "/opt/rustwide/target/debug/deps/libactix_codec-4f3cfbb066caea87.rlib" "/opt/rustwide/target/debug/deps/libtracing-7fdf2f8c2721092d.rlib" "/opt/rustwide/target/debug/deps/libtracing_core-9b2ef5bfdc695f2a.rlib" "/opt/rustwide/target/debug/deps/libonce_cell-6f631f2a5f71cecc.rlib" "/opt/rustwide/target/debug/deps/libbitflags-53c76c4f639396f9.rlib" "/opt/rustwide/target/debug/deps/libtokio_util-dfdd604ddb09c45f.rlib" "/opt/rustwide/target/debug/deps/libfutures_sink-140504a081023950.rlib" "/opt/rustwide/target/debug/deps/libactix_rt-3b13646d6ae5e57e.rlib" "/opt/rustwide/target/debug/deps/libtokio-49742d9fa585b53b.rlib" "/opt/rustwide/target/debug/deps/libsignal_hook_registry-92d753f0bfdc0b99.rlib" "/opt/rustwide/target/debug/deps/libsocket2-cca1afe887309ed0.rlib" "/opt/rustwide/target/debug/deps/libmio-7a9782c4c5781d4e.rlib" "/opt/rustwide/target/debug/deps/libparking_lot-07e7be1ce6997a0a.rlib" "/opt/rustwide/target/debug/deps/libparking_lot_core-d4fd9788bc18a904.rlib" "/opt/rustwide/target/debug/deps/liblibc-48c07cb418e82d02.rlib" "/opt/rustwide/target/debug/deps/libcfg_if-8217498f8667ada9.rlib" "/opt/rustwide/target/debug/deps/libsmallvec-01f95b0ceff06af9.rlib" "/opt/rustwide/target/debug/deps/liblock_api-a23216ec06dff3bb.rlib" "/opt/rustwide/target/debug/deps/libscopeguard-d59b845c07f126eb.rlib" "/opt/rustwide/target/debug/deps/libhttp-23c828acfeaa9be7.rlib" "/opt/rustwide/target/debug/deps/libfnv-b4bd047f342dff07.rlib" "/opt/rustwide/target/debug/deps/libtime-c0d268fa53ef8fac.rlib" "/opt/rustwide/target/debug/deps/libitoa-e8776415c5fe0047.rlib" "/opt/rustwide/target/debug/deps/libtime_core-920e11b901147e65.rlib" "/opt/rustwide/target/debug/deps/libnum_conv-4bd030b5826783c5.rlib" "/opt/rustwide/target/debug/deps/libderanged-e4c875d97de0e89c.rlib" "/opt/rustwide/target/debug/deps/libpowerfmt-776ac6678c847955.rlib" "/opt/rustwide/target/debug/deps/libregex-d95b326e6b6c6daa.rlib" "/opt/rustwide/target/debug/deps/libregex_automata-fb68867d3d4723af.rlib" "/opt/rustwide/target/debug/deps/libaho_corasick-ca3c2ec2e6ffa0c6.rlib" "/opt/rustwide/target/debug/deps/libmemchr-a61794c77f52d343.rlib" "/opt/rustwide/target/debug/deps/libregex_syntax-155e812807b49638.rlib" "/opt/rustwide/target/debug/deps/liblog-6d50fe4853ae55d4.rlib" "/opt/rustwide/target/debug/deps/libbytes-4283fbd60d33408b.rlib" "/opt/rustwide/target/debug/deps/libactix_utils-39b573a551a4f33c.rlib" "/opt/rustwide/target/debug/deps/liblocal_waker-c7b5cf9ac6ffca21.rlib" "/opt/rustwide/target/debug/deps/libactix_service-d2529f95f10d5500.rlib" "/opt/rustwide/target/debug/deps/libpin_project_lite-be51d264b86b6c5b.rlib" "/opt/rustwide/target/debug/deps/libfutures_core-6acc1f6b4df0dd33.rlib" "/opt/rustwide/rustup-home/toolchains/1.83.0-x86_64-unknown-linux-gnu/lib/rustlib/x86_64-unknown-linux-gnu/lib/libstd-ca74a2d9c5166d9f.rlib" "/opt/rustwide/rustup-home/toolchains/1.83.0-x86_64-unknown-linux-gnu/lib/rustlib/x86_64-unknown-linux-gnu/lib/libpanic_unwind-e31ab23316ed5080.rlib" "/opt/rustwide/rustup-home/toolchains/1.83.0-x86_64-unknown-linux-gnu/lib/rustlib/x86_64-unknown-linux-gnu/lib/libobject-27dc4aa955912662.rlib" "/opt/rustwide/rustup-home/toolchains/1.83.0-x86_64-unknown-linux-gnu/lib/rustlib/x86_64-unknown-linux-gnu/lib/libmemchr-bd0d6cccce077b99.rlib" "/opt/rustwide/rustup-home/toolchains/1.83.0-x86_64-unknown-linux-gnu/lib/rustlib/x86_64-unknown-linux-gnu/lib/libaddr2line-8d001680935b5e3c.rlib" "/opt/rustwide/rustup-home/toolchains/1.83.0-x86_64-unknown-linux-gnu/lib/rustlib/x86_64-unknown-linux-gnu/lib/libgimli-ba8ce71964f984f4.rlib" "/opt/rustwide/rustup-home/toolchains/1.83.0-x86_64-unknown-linux-gnu/lib/rustlib/x86_64-unknown-linux-gnu/lib/librustc_demangle-99a73526abcec14b.rlib" "/opt/rustwide/rustup-home/toolchains/1.83.0-x86_64-unknown-linux-gnu/lib/rustlib/x86_64-unknown-linux-gnu/lib/libstd_detect-63ac0d22cff92579.rlib" "/opt/rustwide/rustup-home/toolchains/1.83.0-x86_64-unknown-linux-gnu/lib/rustlib/x86_64-unknown-linux-gnu/lib/libhashbrown-9057355c92c922d5.rlib" "/opt/rustwide/rustup-home/toolchains/1.83.0-x86_64-unknown-linux-gnu/lib/rustlib/x86_64-unknown-linux-gnu/lib/librustc_std_workspace_alloc-358be9bc1f6bab04.rlib" "/opt/rustwide/rustup-home/toolchains/1.83.0-x86_64-unknown-linux-gnu/lib/rustlib/x86_64-unknown-linux-gnu/lib/libminiz_oxide-aca15549d5bff974.rlib" "/opt/rustwide/rustup-home/toolchains/1.83.0-x86_64-unknown-linux-gnu/lib/rustlib/x86_64-unknown-linux-gnu/lib/libadler-8251d2cef7072448.rlib" "/opt/rustwide/rustup-home/toolchains/1.83.0-x86_64-unknown-linux-gnu/lib/rustlib/x86_64-unknown-linux-gnu/lib/libunwind-7d50b86011c66411.rlib" "/opt/rustwide/rustup-home/toolchains/1.83.0-x86_64-unknown-linux-gnu/lib/rustlib/x86_64-unknown-linux-gnu/lib/libcfg_if-51ea098fce5006bf.rlib" "/opt/rustwide/rustup-home/toolchains/1.83.0-x86_64-unknown-linux-gnu/lib/rustlib/x86_64-unknown-linux-gnu/lib/liblibc-5a14e0d0b712e731.rlib" "/opt/rustwide/rustup-home/toolchains/1.83.0-x86_64-unknown-linux-gnu/lib/rustlib/x86_64-unknown-linux-gnu/lib/liballoc-8b83dbf3a7b8f999.rlib" "/opt/rustwide/rustup-home/toolchains/1.83.0-x86_64-unknown-linux-gnu/lib/rustlib/x86_64-unknown-linux-gnu/lib/librustc_std_workspace_core-c6fd227bdc7b39ff.rlib" "/opt/rustwide/rustup-home/toolchains/1.83.0-x86_64-unknown-linux-gnu/lib/rustlib/x86_64-unknown-linux-gnu/lib/libcore-959d3389fa3da8a5.rlib" "/opt/rustwide/rustup-home/toolchains/1.83.0-x86_64-unknown-linux-gnu/lib/rustlib/x86_64-unknown-linux-gnu/lib/libcompiler_builtins-abe05db089cc2c62.rlib" "-Wl,-Bdynamic" "-lgcc_s" "-lutil" "-lrt" "-lpthread" "-lm" "-ldl" "-lc" "-Wl,--eh-frame-hdr" "-Wl,-z,noexecstack" "-L" "/opt/rustwide/target/debug/build/zstd-sys-d9a8095f566e4a5b/out" "-L" "/opt/rustwide/rustup-home/toolchains/1.83.0-x86_64-unknown-linux-gnu/lib/rustlib/x86_64-unknown-linux-gnu/lib" "-o" "/tmp/rustdoctest2Bt99F/rust_out" "-Wl,--gc-sections" "-pie" "-Wl,-z,relro,-z,now" "-nodefaultlibs"
[INFO] [stdout]   = note: collect2: fatal error: ld terminated with signal 9 [Killed]
[INFO] [stdout]           compilation terminated.
[INFO] [stdout]           
[INFO] [stdout] 
[INFO] [stdout] error: aborting due to 1 previous error
[INFO] [stdout] 
[INFO] [stdout] Couldn't compile the test.
[INFO] [stdout] 
[INFO] [stdout] failures:
[INFO] [stdout]     src/middleware/logger.rs - middleware::logger::Logger::custom_level (line 258)
[INFO] [stdout] 
[INFO] [stdout] test result: FAILED. 4 passed; 1 failed; 0 ignored; 0 measured; 0 filtered out; finished in 6.72s
[INFO] [stdout] 
[INFO] [stderr] error: doctest failed, to rerun pass `--doc`
[INFO] running `Command { std: "docker" "inspect" "1c02943a1fcb476ff380f0121cda3b5892dac92d6d46c22e8c5fe15f08412aaf", kill_on_drop: false }`
[INFO] running `Command { std: "docker" "rm" "-f" "1c02943a1fcb476ff380f0121cda3b5892dac92d6d46c22e8c5fe15f08412aaf", kill_on_drop: false }`
[INFO] [stdout] 1c02943a1fcb476ff380f0121cda3b5892dac92d6d46c22e8c5fe15f08412aaf
