[INFO] fetching crate act_rs 0.2.0...
[INFO] testing act_rs-0.2.0 against 1.83.0 for beta-1.84.0-4-retry
[INFO] extracting crate act_rs 0.2.0 into /workspace/builds/worker-6-tc1/source
[INFO] validating manifest of crates.io crate act_rs 0.2.0 on toolchain 1.83.0
[INFO] running `Command { std: CARGO_HOME="/workspace/cargo-home" RUSTUP_HOME="/workspace/rustup-home" "/workspace/cargo-home/bin/cargo" "+1.83.0" "metadata" "--manifest-path" "Cargo.toml" "--no-deps", kill_on_drop: false }`
[INFO] started tweaking crates.io crate act_rs 0.2.0
[INFO] finished tweaking crates.io crate act_rs 0.2.0
[INFO] tweaked toml for crates.io crate act_rs 0.2.0 written to /workspace/builds/worker-6-tc1/source/Cargo.toml
[INFO] running `Command { std: CARGO_HOME="/workspace/cargo-home" RUSTUP_HOME="/workspace/rustup-home" "/workspace/cargo-home/bin/cargo" "+1.83.0" "generate-lockfile" "--manifest-path" "Cargo.toml", kill_on_drop: false }`
[INFO] [stderr]     Updating crates.io index
[INFO] [stderr]      Locking 40 packages to latest compatible versions
[INFO] running `Command { std: CARGO_HOME="/workspace/cargo-home" RUSTUP_HOME="/workspace/rustup-home" "/workspace/cargo-home/bin/cargo" "+1.83.0" "fetch" "--manifest-path" "Cargo.toml", kill_on_drop: false }`
[INFO] [stderr]  Downloading crates ...
[INFO] [stderr]   Downloaded delegate v0.13.1
[INFO] running `Command { std: "docker" "create" "-v" "/var/lib/crater-agent-workspace/builds/worker-6-tc1/target:/opt/rustwide/target:rw,Z" "-v" "/var/lib/crater-agent-workspace/builds/worker-6-tc1/source:/opt/rustwide/workdir:ro,Z" "-v" "/var/lib/crater-agent-workspace/cargo-home:/opt/rustwide/cargo-home:ro,Z" "-v" "/var/lib/crater-agent-workspace/rustup-home:/opt/rustwide/rustup-home:ro,Z" "-e" "SOURCE_DIR=/opt/rustwide/workdir" "-e" "CARGO_TARGET_DIR=/opt/rustwide/target" "-e" "CARGO_HOME=/opt/rustwide/cargo-home" "-e" "RUSTUP_HOME=/opt/rustwide/rustup-home" "-w" "/opt/rustwide/workdir" "-m" "1610612736" "--user" "0:0" "--network" "none" "ghcr.io/rust-lang/crates-build-env/linux@sha256:f3a9d4ad9d972b27faf3965f35b62e55ba32bbce8f20bc8fe909558a86702fde" "/opt/rustwide/cargo-home/bin/cargo" "+1.83.0" "metadata" "--no-deps" "--format-version=1", kill_on_drop: false }`
[INFO] [stdout] e3de085f2143e1d2248f09ac091cdde08c3e248091535327a36818f716101c53
[INFO] running `Command { std: "docker" "start" "-a" "e3de085f2143e1d2248f09ac091cdde08c3e248091535327a36818f716101c53", kill_on_drop: false }`
[INFO] running `Command { std: "docker" "inspect" "e3de085f2143e1d2248f09ac091cdde08c3e248091535327a36818f716101c53", kill_on_drop: false }`
[INFO] running `Command { std: "docker" "rm" "-f" "e3de085f2143e1d2248f09ac091cdde08c3e248091535327a36818f716101c53", kill_on_drop: false }`
[INFO] [stdout] e3de085f2143e1d2248f09ac091cdde08c3e248091535327a36818f716101c53
[INFO] running `Command { std: "docker" "create" "-v" "/var/lib/crater-agent-workspace/builds/worker-6-tc1/target:/opt/rustwide/target:rw,Z" "-v" "/var/lib/crater-agent-workspace/builds/worker-6-tc1/source:/opt/rustwide/workdir:ro,Z" "-v" "/var/lib/crater-agent-workspace/cargo-home:/opt/rustwide/cargo-home:ro,Z" "-v" "/var/lib/crater-agent-workspace/rustup-home:/opt/rustwide/rustup-home:ro,Z" "-e" "SOURCE_DIR=/opt/rustwide/workdir" "-e" "CARGO_TARGET_DIR=/opt/rustwide/target" "-e" "CARGO_INCREMENTAL=0" "-e" "RUST_BACKTRACE=full" "-e" "RUSTFLAGS=--cap-lints=warn" "-e" "RUSTDOCFLAGS=--cap-lints=warn" "-e" "CARGO_HOME=/opt/rustwide/cargo-home" "-e" "RUSTUP_HOME=/opt/rustwide/rustup-home" "-w" "/opt/rustwide/workdir" "-m" "1610612736" "--user" "0:0" "--network" "none" "ghcr.io/rust-lang/crates-build-env/linux@sha256:f3a9d4ad9d972b27faf3965f35b62e55ba32bbce8f20bc8fe909558a86702fde" "/opt/rustwide/cargo-home/bin/cargo" "+1.83.0" "build" "--frozen" "--message-format=json", kill_on_drop: false }`
[INFO] [stdout] c0380f07824de06631b99c78228abd2e7aacf47b13abf5ed40e7bd411fe88dbc
[INFO] running `Command { std: "docker" "start" "-a" "c0380f07824de06631b99c78228abd2e7aacf47b13abf5ed40e7bd411fe88dbc", kill_on_drop: false }`
[INFO] [stderr]    Compiling proc-macro2 v1.0.92
[INFO] [stderr]    Compiling unicode-ident v1.0.14
[INFO] [stderr]    Compiling autocfg v1.4.0
[INFO] [stderr]    Compiling futures-core v0.3.31
[INFO] [stderr]    Compiling futures-sink v0.3.31
[INFO] [stderr]    Compiling pin-utils v0.1.0
[INFO] [stderr]    Compiling futures-io v0.3.31
[INFO] [stderr]    Compiling memchr v2.7.4
[INFO] [stderr]    Compiling pin-project-lite v0.2.15
[INFO] [stderr]    Compiling futures-task v0.3.31
[INFO] [stderr]    Compiling futures-channel v0.3.31
[INFO] [stderr]    Compiling slab v0.4.9
[INFO] [stderr]    Compiling quote v1.0.37
[INFO] [stderr]    Compiling syn v2.0.90
[INFO] [stderr]    Compiling futures-macro v0.3.31
[INFO] [stderr]    Compiling async-trait v0.1.83
[INFO] [stderr]    Compiling delegate v0.13.1
[INFO] [stderr]    Compiling futures-util v0.3.31
[INFO] [stderr]    Compiling futures-executor v0.3.31
[INFO] [stderr]    Compiling futures v0.3.31
[INFO] [stderr]    Compiling act_rs v0.2.0 (/opt/rustwide/workdir)
[INFO] [stderr]     Finished `dev` profile [unoptimized + debuginfo] target(s) in 9.21s
[INFO] running `Command { std: "docker" "inspect" "c0380f07824de06631b99c78228abd2e7aacf47b13abf5ed40e7bd411fe88dbc", kill_on_drop: false }`
[INFO] running `Command { std: "docker" "rm" "-f" "c0380f07824de06631b99c78228abd2e7aacf47b13abf5ed40e7bd411fe88dbc", kill_on_drop: false }`
[INFO] [stdout] c0380f07824de06631b99c78228abd2e7aacf47b13abf5ed40e7bd411fe88dbc
[INFO] running `Command { std: "docker" "create" "-v" "/var/lib/crater-agent-workspace/builds/worker-6-tc1/target:/opt/rustwide/target:rw,Z" "-v" "/var/lib/crater-agent-workspace/builds/worker-6-tc1/source:/opt/rustwide/workdir:ro,Z" "-v" "/var/lib/crater-agent-workspace/cargo-home:/opt/rustwide/cargo-home:ro,Z" "-v" "/var/lib/crater-agent-workspace/rustup-home:/opt/rustwide/rustup-home:ro,Z" "-e" "SOURCE_DIR=/opt/rustwide/workdir" "-e" "CARGO_TARGET_DIR=/opt/rustwide/target" "-e" "CARGO_INCREMENTAL=0" "-e" "RUST_BACKTRACE=full" "-e" "RUSTFLAGS=--cap-lints=warn" "-e" "RUSTDOCFLAGS=--cap-lints=warn" "-e" "CARGO_HOME=/opt/rustwide/cargo-home" "-e" "RUSTUP_HOME=/opt/rustwide/rustup-home" "-w" "/opt/rustwide/workdir" "-m" "1610612736" "--user" "0:0" "--network" "none" "ghcr.io/rust-lang/crates-build-env/linux@sha256:f3a9d4ad9d972b27faf3965f35b62e55ba32bbce8f20bc8fe909558a86702fde" "/opt/rustwide/cargo-home/bin/cargo" "+1.83.0" "test" "--frozen" "--no-run" "--message-format=json", kill_on_drop: false }`
[INFO] [stdout] a39b81e9913fcefefe1f5f22aef127749635a8ee1a85eeaa232b9327813066a2
[INFO] running `Command { std: "docker" "start" "-a" "a39b81e9913fcefefe1f5f22aef127749635a8ee1a85eeaa232b9327813066a2", kill_on_drop: false }`
[INFO] [stderr]    Compiling act_rs v0.2.0 (/opt/rustwide/workdir)
[INFO] [stdout] warning: struct `IntTest` is never constructed
[INFO] [stdout]   --> src/lib.rs:36:12
[INFO] [stdout]    |
[INFO] [stdout] 36 |     struct IntTest
[INFO] [stdout]    |            ^^^^^^^
[INFO] [stdout]    |
[INFO] [stdout]    = note: `#[warn(dead_code)]` on by default
[INFO] [stdout] 
[INFO] [stdout] 
[INFO] [stdout] warning: associated items `new`, `increment`, `decrement`, `plus`, and `minus` are never used
[INFO] [stdout]   --> src/lib.rs:46:12
[INFO] [stdout]    |
[INFO] [stdout] 43 |     impl IntTest
[INFO] [stdout]    |     ------------ associated items in this implementation
[INFO] [stdout] ...
[INFO] [stdout] 46 |         fn new() -> Self
[INFO] [stdout]    |            ^^^
[INFO] [stdout] ...
[INFO] [stdout] 58 |         pub fn increment(&mut self) -> i32
[INFO] [stdout]    |                ^^^^^^^^^
[INFO] [stdout] ...
[INFO] [stdout] 67 |         pub fn decrement(&mut self) -> i32
[INFO] [stdout]    |                ^^^^^^^^^
[INFO] [stdout] ...
[INFO] [stdout] 76 |         pub fn plus(&mut self, val: i32) -> i32
[INFO] [stdout]    |                ^^^^
[INFO] [stdout] ...
[INFO] [stdout] 85 |         pub fn minus(&mut self, val: i32) -> i32
[INFO] [stdout]    |                ^^^^^
[INFO] [stdout] 
[INFO] [stdout] 
[INFO] [stdout] warning: struct `IntTestIncrement` is never constructed
[INFO] [stdout]   --> src/lib.rs:98:12
[INFO] [stdout]    |
[INFO] [stdout] 98 |     struct IntTestIncrement
[INFO] [stdout]    |            ^^^^^^^^^^^^^^^^
[INFO] [stdout] 
[INFO] [stdout] 
[INFO] [stdout] warning: associated function `new` is never used
[INFO] [stdout]    --> src/lib.rs:105:16
[INFO] [stdout]     |
[INFO] [stdout] 102 |     impl IntTestIncrement
[INFO] [stdout]     |     --------------------- associated function in this implementation
[INFO] [stdout] ...
[INFO] [stdout] 105 |         pub fn new() -> Self
[INFO] [stdout]     |                ^^^
[INFO] [stdout] 
[INFO] [stdout] 
[INFO] [stderr]     Finished `test` profile [unoptimized + debuginfo] target(s) in 0.47s
[INFO] running `Command { std: "docker" "inspect" "a39b81e9913fcefefe1f5f22aef127749635a8ee1a85eeaa232b9327813066a2", kill_on_drop: false }`
[INFO] running `Command { std: "docker" "rm" "-f" "a39b81e9913fcefefe1f5f22aef127749635a8ee1a85eeaa232b9327813066a2", kill_on_drop: false }`
[INFO] [stdout] a39b81e9913fcefefe1f5f22aef127749635a8ee1a85eeaa232b9327813066a2
[INFO] running `Command { std: "docker" "create" "-v" "/var/lib/crater-agent-workspace/builds/worker-6-tc1/target:/opt/rustwide/target:rw,Z" "-v" "/var/lib/crater-agent-workspace/builds/worker-6-tc1/source:/opt/rustwide/workdir:ro,Z" "-v" "/var/lib/crater-agent-workspace/cargo-home:/opt/rustwide/cargo-home:ro,Z" "-v" "/var/lib/crater-agent-workspace/rustup-home:/opt/rustwide/rustup-home:ro,Z" "-e" "SOURCE_DIR=/opt/rustwide/workdir" "-e" "CARGO_TARGET_DIR=/opt/rustwide/target" "-e" "CARGO_INCREMENTAL=0" "-e" "RUST_BACKTRACE=full" "-e" "RUSTFLAGS=--cap-lints=warn" "-e" "RUSTDOCFLAGS=--cap-lints=warn" "-e" "CARGO_HOME=/opt/rustwide/cargo-home" "-e" "RUSTUP_HOME=/opt/rustwide/rustup-home" "-w" "/opt/rustwide/workdir" "-m" "1610612736" "--user" "0:0" "--network" "none" "ghcr.io/rust-lang/crates-build-env/linux@sha256:f3a9d4ad9d972b27faf3965f35b62e55ba32bbce8f20bc8fe909558a86702fde" "/opt/rustwide/cargo-home/bin/cargo" "+1.83.0" "test" "--frozen", kill_on_drop: false }`
[INFO] [stdout] 931843ed8d2629cdf0206a324cd4835438b9cf36f1593f58ec3a59df27d2f65e
[INFO] running `Command { std: "docker" "start" "-a" "931843ed8d2629cdf0206a324cd4835438b9cf36f1593f58ec3a59df27d2f65e", kill_on_drop: false }`
[INFO] [stderr] warning: struct `IntTest` is never constructed
[INFO] [stderr]   --> src/lib.rs:36:12
[INFO] [stderr]    |
[INFO] [stderr] 36 |     struct IntTest
[INFO] [stderr]    |            ^^^^^^^
[INFO] [stderr]    |
[INFO] [stderr]    = note: `#[warn(dead_code)]` on by default
[INFO] [stderr] 
[INFO] [stderr] warning: associated items `new`, `increment`, `decrement`, `plus`, and `minus` are never used
[INFO] [stderr]   --> src/lib.rs:46:12
[INFO] [stderr]    |
[INFO] [stderr] 43 |     impl IntTest
[INFO] [stderr]    |     ------------ associated items in this implementation
[INFO] [stderr] ...
[INFO] [stderr] 46 |         fn new() -> Self
[INFO] [stderr]    |            ^^^
[INFO] [stderr] ...
[INFO] [stderr] 58 |         pub fn increment(&mut self) -> i32
[INFO] [stderr]    |                ^^^^^^^^^
[INFO] [stderr] ...
[INFO] [stderr] 67 |         pub fn decrement(&mut self) -> i32
[INFO] [stderr]    |                ^^^^^^^^^
[INFO] [stderr] ...
[INFO] [stderr] 76 |         pub fn plus(&mut self, val: i32) -> i32
[INFO] [stderr]    |                ^^^^
[INFO] [stderr] ...
[INFO] [stderr] 85 |         pub fn minus(&mut self, val: i32) -> i32
[INFO] [stderr]    |                ^^^^^
[INFO] [stderr] 
[INFO] [stderr] warning: struct `IntTestIncrement` is never constructed
[INFO] [stderr]   --> src/lib.rs:98:12
[INFO] [stderr]    |
[INFO] [stderr] 98 |     struct IntTestIncrement
[INFO] [stderr]    |            ^^^^^^^^^^^^^^^^
[INFO] [stderr] 
[INFO] [stderr] warning: associated function `new` is never used
[INFO] [stderr]    --> src/lib.rs:105:16
[INFO] [stderr]     |
[INFO] [stderr] 102 |     impl IntTestIncrement
[INFO] [stderr]     |     --------------------- associated function in this implementation
[INFO] [stderr] ...
[INFO] [stderr] 105 |         pub fn new() -> Self
[INFO] [stderr]     |                ^^^
[INFO] [stderr] 
[INFO] [stderr] warning: `act_rs` (lib test) generated 4 warnings
[INFO] [stderr]     Finished `test` profile [unoptimized + debuginfo] target(s) in 0.05s
[INFO] [stderr]      Running unittests src/lib.rs (/opt/rustwide/target/debug/deps/act_rs-76ac7e0574df4583)
[INFO] [stdout] 
[INFO] [stdout] running 0 tests
[INFO] [stdout] 
[INFO] [stdout] test result: ok. 0 passed; 0 failed; 0 ignored; 0 measured; 0 filtered out; finished in 0.00s
[INFO] [stdout] 
[INFO] [stderr]    Doc-tests act_rs
[INFO] [stdout] 
[INFO] [stdout] running 2 tests
[INFO] [stdout] test src/../README.md - (line 121) ... FAILED
[INFO] [stdout] test src/../README.md - (line 133) ... FAILED
[INFO] [stdout] 
[INFO] [stdout] failures:
[INFO] [stdout] 
[INFO] [stdout] ---- src/../README.md - (line 121) stdout ----
[INFO] [stdout] error[E0425]: cannot find function `bar` in this scope
[INFO] [stdout]  --> src/../README.md:125:5
[INFO] [stdout]   |
[INFO] [stdout] 6 |     bar();
[INFO] [stdout]   |     ^^^ not found in this scope
[INFO] [stdout] 
[INFO] [stdout] error: aborting due to 1 previous error
[INFO] [stdout] 
[INFO] [stdout] For more information about this error, try `rustc --explain E0425`.
[INFO] [stdout] Couldn't compile the test.
[INFO] [stdout] ---- src/../README.md - (line 133) stdout ----
[INFO] [stdout] error[E0425]: cannot find function `bar` in this scope
[INFO] [stdout]  --> src/../README.md:136:5
[INFO] [stdout]   |
[INFO] [stdout] 5 |     bar();
[INFO] [stdout]   |     ^^^ not found in this scope
[INFO] [stdout] 
[INFO] [stdout] error: aborting due to 1 previous error
[INFO] [stdout] 
[INFO] [stdout] For more information about this error, try `rustc --explain E0425`.
[INFO] [stdout] Couldn't compile the test.
[INFO] [stdout] 
[INFO] [stdout] failures:
[INFO] [stdout]     src/../README.md - (line 121)
[INFO] [stdout]     src/../README.md - (line 133)
[INFO] [stdout] 
[INFO] [stdout] test result: FAILED. 0 passed; 2 failed; 0 ignored; 0 measured; 0 filtered out; finished in 0.09s
[INFO] [stdout] 
[INFO] [stderr] error: doctest failed, to rerun pass `--doc`
[INFO] running `Command { std: "docker" "inspect" "931843ed8d2629cdf0206a324cd4835438b9cf36f1593f58ec3a59df27d2f65e", kill_on_drop: false }`
[INFO] running `Command { std: "docker" "rm" "-f" "931843ed8d2629cdf0206a324cd4835438b9cf36f1593f58ec3a59df27d2f65e", kill_on_drop: false }`
[INFO] [stdout] 931843ed8d2629cdf0206a324cd4835438b9cf36f1593f58ec3a59df27d2f65e
