[INFO] fetching crate act 0.1.1...
[INFO] testing act-0.1.1 against 1.83.0 for beta-1.84.0-4-retry
[INFO] extracting crate act 0.1.1 into /workspace/builds/worker-0-tc1/source
[INFO] validating manifest of crates.io crate act 0.1.1 on toolchain 1.83.0
[INFO] running `Command { std: CARGO_HOME="/workspace/cargo-home" RUSTUP_HOME="/workspace/rustup-home" "/workspace/cargo-home/bin/cargo" "+1.83.0" "metadata" "--manifest-path" "Cargo.toml" "--no-deps", kill_on_drop: false }`
[INFO] started tweaking crates.io crate act 0.1.1
[INFO] finished tweaking crates.io crate act 0.1.1
[INFO] tweaked toml for crates.io crate act 0.1.1 written to /workspace/builds/worker-0-tc1/source/Cargo.toml
[INFO] running `Command { std: CARGO_HOME="/workspace/cargo-home" RUSTUP_HOME="/workspace/rustup-home" "/workspace/cargo-home/bin/cargo" "+1.83.0" "generate-lockfile" "--manifest-path" "Cargo.toml", kill_on_drop: false }`
[INFO] [stderr]     Updating crates.io index
[INFO] [stderr]      Locking 2 packages to latest compatible versions
[INFO] [stderr]       Adding ansi-escapes v0.1.1 (available: v0.2.0)
[INFO] running `Command { std: CARGO_HOME="/workspace/cargo-home" RUSTUP_HOME="/workspace/rustup-home" "/workspace/cargo-home/bin/cargo" "+1.83.0" "fetch" "--manifest-path" "Cargo.toml", kill_on_drop: false }`
[INFO] [stderr] warning: no edition set: defaulting to the 2015 edition while the latest is 2021
[INFO] [stderr]  Downloading crates ...
[INFO] [stderr]   Downloaded ansi-escapes v0.1.1
[INFO] running `Command { std: "docker" "create" "-v" "/var/lib/crater-agent-workspace/builds/worker-0-tc1/target:/opt/rustwide/target:rw,Z" "-v" "/var/lib/crater-agent-workspace/builds/worker-0-tc1/source:/opt/rustwide/workdir:ro,Z" "-v" "/var/lib/crater-agent-workspace/cargo-home:/opt/rustwide/cargo-home:ro,Z" "-v" "/var/lib/crater-agent-workspace/rustup-home:/opt/rustwide/rustup-home:ro,Z" "-e" "SOURCE_DIR=/opt/rustwide/workdir" "-e" "CARGO_TARGET_DIR=/opt/rustwide/target" "-e" "CARGO_HOME=/opt/rustwide/cargo-home" "-e" "RUSTUP_HOME=/opt/rustwide/rustup-home" "-w" "/opt/rustwide/workdir" "-m" "1610612736" "--user" "0:0" "--network" "none" "ghcr.io/rust-lang/crates-build-env/linux@sha256:f3a9d4ad9d972b27faf3965f35b62e55ba32bbce8f20bc8fe909558a86702fde" "/opt/rustwide/cargo-home/bin/cargo" "+1.83.0" "metadata" "--no-deps" "--format-version=1", kill_on_drop: false }`
[INFO] [stdout] 754f0275832f4e021a548794a31e9c80ceb731c3e24818afb6befdabadfcc183
[INFO] running `Command { std: "docker" "start" "-a" "754f0275832f4e021a548794a31e9c80ceb731c3e24818afb6befdabadfcc183", kill_on_drop: false }`
[INFO] running `Command { std: "docker" "inspect" "754f0275832f4e021a548794a31e9c80ceb731c3e24818afb6befdabadfcc183", kill_on_drop: false }`
[INFO] running `Command { std: "docker" "rm" "-f" "754f0275832f4e021a548794a31e9c80ceb731c3e24818afb6befdabadfcc183", kill_on_drop: false }`
[INFO] [stdout] 754f0275832f4e021a548794a31e9c80ceb731c3e24818afb6befdabadfcc183
[INFO] running `Command { std: "docker" "create" "-v" "/var/lib/crater-agent-workspace/builds/worker-0-tc1/target:/opt/rustwide/target:rw,Z" "-v" "/var/lib/crater-agent-workspace/builds/worker-0-tc1/source:/opt/rustwide/workdir:ro,Z" "-v" "/var/lib/crater-agent-workspace/cargo-home:/opt/rustwide/cargo-home:ro,Z" "-v" "/var/lib/crater-agent-workspace/rustup-home:/opt/rustwide/rustup-home:ro,Z" "-e" "SOURCE_DIR=/opt/rustwide/workdir" "-e" "CARGO_TARGET_DIR=/opt/rustwide/target" "-e" "CARGO_INCREMENTAL=0" "-e" "RUST_BACKTRACE=full" "-e" "RUSTFLAGS=--cap-lints=warn" "-e" "RUSTDOCFLAGS=--cap-lints=warn" "-e" "CARGO_HOME=/opt/rustwide/cargo-home" "-e" "RUSTUP_HOME=/opt/rustwide/rustup-home" "-w" "/opt/rustwide/workdir" "-m" "1610612736" "--user" "0:0" "--network" "none" "ghcr.io/rust-lang/crates-build-env/linux@sha256:f3a9d4ad9d972b27faf3965f35b62e55ba32bbce8f20bc8fe909558a86702fde" "/opt/rustwide/cargo-home/bin/cargo" "+1.83.0" "build" "--frozen" "--message-format=json", kill_on_drop: false }`
[INFO] [stdout] 19c9cd0c0eb1d27bf972aa98ef119a0a9cfc7d0a4da2305f93631779bfc950eb
[INFO] running `Command { std: "docker" "start" "-a" "19c9cd0c0eb1d27bf972aa98ef119a0a9cfc7d0a4da2305f93631779bfc950eb", kill_on_drop: false }`
[INFO] [stderr] warning: no edition set: defaulting to the 2015 edition while the latest is 2021
[INFO] [stderr]    Compiling ansi-escapes v0.1.1
[INFO] [stderr]    Compiling rustc-serialize v0.3.25
[INFO] [stderr]    Compiling act v0.1.1 (/opt/rustwide/workdir)
[INFO] [stdout] warning: unused macro definition: `try_opt_res`
[INFO] [stdout]   --> src/lib.rs:82:14
[INFO] [stdout]    |
[INFO] [stdout] 82 | macro_rules! try_opt_res {
[INFO] [stdout]    |              ^^^^^^^^^^^
[INFO] [stdout]    |
[INFO] [stdout]    = note: `#[warn(unused_macros)]` on by default
[INFO] [stdout] 
[INFO] [stdout] 
[INFO] [stdout] warning: use of deprecated macro `try`: use the `?` operator instead
[INFO] [stdout]    --> src/lib.rs:210:23
[INFO] [stdout]     |
[INFO] [stdout] 210 |     let rg: RawGame = try!(json::decode(&s));
[INFO] [stdout]     |                       ^^^
[INFO] [stdout]     |
[INFO] [stdout]     = note: `#[warn(deprecated)]` on by default
[INFO] [stdout] 
[INFO] [stdout] 
[INFO] [stdout] warning: use of unstable library feature 'rustc_encodable_decodable': derive macro for `rustc-serialize`; should not be used in new code
[INFO] [stdout]    --> src/lib.rs:218:20
[INFO] [stdout]     |
[INFO] [stdout] 218 |     #[derive(Clone,RustcDecodable)]
[INFO] [stdout]     |                    ^^^^^^^^^^^^^^
[INFO] [stdout]     |
[INFO] [stdout]     = warning: this was previously accepted by the compiler but is being phased out; it will become a hard error in a future release!
[INFO] [stdout]     = note: for more information, see issue #64266 <https://github.com/rust-lang/rust/issues/64266>
[INFO] [stdout]     = note: `#[warn(soft_unstable)]` on by default
[INFO] [stdout] 
[INFO] [stdout] 
[INFO] [stdout] warning: use of deprecated macro `RustcDecodable`: rustc-serialize is deprecated and no longer supported
[INFO] [stdout]    --> src/lib.rs:218:20
[INFO] [stdout]     |
[INFO] [stdout] 218 |     #[derive(Clone,RustcDecodable)]
[INFO] [stdout]     |                    ^^^^^^^^^^^^^^
[INFO] [stdout] 
[INFO] [stdout] 
[INFO] [stdout] warning: use of unstable library feature 'rustc_encodable_decodable': derive macro for `rustc-serialize`; should not be used in new code
[INFO] [stdout]    --> src/lib.rs:246:20
[INFO] [stdout]     |
[INFO] [stdout] 246 |     #[derive(Clone,RustcDecodable)]
[INFO] [stdout]     |                    ^^^^^^^^^^^^^^
[INFO] [stdout]     |
[INFO] [stdout]     = warning: this was previously accepted by the compiler but is being phased out; it will become a hard error in a future release!
[INFO] [stdout]     = note: for more information, see issue #64266 <https://github.com/rust-lang/rust/issues/64266>
[INFO] [stdout] 
[INFO] [stdout] 
[INFO] [stdout] warning: use of deprecated macro `RustcDecodable`: rustc-serialize is deprecated and no longer supported
[INFO] [stdout]    --> src/lib.rs:246:20
[INFO] [stdout]     |
[INFO] [stdout] 246 |     #[derive(Clone,RustcDecodable)]
[INFO] [stdout]     |                    ^^^^^^^^^^^^^^
[INFO] [stdout] 
[INFO] [stdout] 
[INFO] [stdout] warning: use of unstable library feature 'rustc_encodable_decodable': derive macro for `rustc-serialize`; should not be used in new code
[INFO] [stdout]    --> src/lib.rs:263:20
[INFO] [stdout]     |
[INFO] [stdout] 263 |     #[derive(Clone,RustcDecodable)]
[INFO] [stdout]     |                    ^^^^^^^^^^^^^^
[INFO] [stdout]     |
[INFO] [stdout]     = warning: this was previously accepted by the compiler but is being phased out; it will become a hard error in a future release!
[INFO] [stdout]     = note: for more information, see issue #64266 <https://github.com/rust-lang/rust/issues/64266>
[INFO] [stdout] 
[INFO] [stdout] 
[INFO] [stdout] warning: use of deprecated macro `RustcDecodable`: rustc-serialize is deprecated and no longer supported
[INFO] [stdout]    --> src/lib.rs:263:20
[INFO] [stdout]     |
[INFO] [stdout] 263 |     #[derive(Clone,RustcDecodable)]
[INFO] [stdout]     |                    ^^^^^^^^^^^^^^
[INFO] [stdout] 
[INFO] [stdout] 
[INFO] [stdout] warning: unused import: `std::io`
[INFO] [stdout]    --> src/lib.rs:225:17
[INFO] [stdout]     |
[INFO] [stdout] 225 |             use std::io;
[INFO] [stdout]     |                 ^^^^^^^
[INFO] [stdout]     |
[INFO] [stdout]     = note: `#[warn(unused_imports)]` on by default
[INFO] [stdout] 
[INFO] [stdout] 
[INFO] [stderr]     Finished `dev` profile [unoptimized + debuginfo] target(s) in 3.58s
[INFO] [stderr] warning: the following packages contain code that will be rejected by a future version of Rust: act v0.1.1 (/opt/rustwide/workdir)
[INFO] [stderr] note: to see what the problems were, use the option `--future-incompat-report`, or run `cargo report future-incompatibilities --id 1`
[INFO] running `Command { std: "docker" "inspect" "19c9cd0c0eb1d27bf972aa98ef119a0a9cfc7d0a4da2305f93631779bfc950eb", kill_on_drop: false }`
[INFO] running `Command { std: "docker" "rm" "-f" "19c9cd0c0eb1d27bf972aa98ef119a0a9cfc7d0a4da2305f93631779bfc950eb", kill_on_drop: false }`
[INFO] [stdout] 19c9cd0c0eb1d27bf972aa98ef119a0a9cfc7d0a4da2305f93631779bfc950eb
[INFO] running `Command { std: "docker" "create" "-v" "/var/lib/crater-agent-workspace/builds/worker-0-tc1/target:/opt/rustwide/target:rw,Z" "-v" "/var/lib/crater-agent-workspace/builds/worker-0-tc1/source:/opt/rustwide/workdir:ro,Z" "-v" "/var/lib/crater-agent-workspace/cargo-home:/opt/rustwide/cargo-home:ro,Z" "-v" "/var/lib/crater-agent-workspace/rustup-home:/opt/rustwide/rustup-home:ro,Z" "-e" "SOURCE_DIR=/opt/rustwide/workdir" "-e" "CARGO_TARGET_DIR=/opt/rustwide/target" "-e" "CARGO_INCREMENTAL=0" "-e" "RUST_BACKTRACE=full" "-e" "RUSTFLAGS=--cap-lints=warn" "-e" "RUSTDOCFLAGS=--cap-lints=warn" "-e" "CARGO_HOME=/opt/rustwide/cargo-home" "-e" "RUSTUP_HOME=/opt/rustwide/rustup-home" "-w" "/opt/rustwide/workdir" "-m" "1610612736" "--user" "0:0" "--network" "none" "ghcr.io/rust-lang/crates-build-env/linux@sha256:f3a9d4ad9d972b27faf3965f35b62e55ba32bbce8f20bc8fe909558a86702fde" "/opt/rustwide/cargo-home/bin/cargo" "+1.83.0" "test" "--frozen" "--no-run" "--message-format=json", kill_on_drop: false }`
[INFO] [stdout] 15fc6052b669d8ff1458736e3fed4add3b819af6fd00ce0ec4b5e922464667ae
[INFO] running `Command { std: "docker" "start" "-a" "15fc6052b669d8ff1458736e3fed4add3b819af6fd00ce0ec4b5e922464667ae", kill_on_drop: false }`
[INFO] [stderr] warning: no edition set: defaulting to the 2015 edition while the latest is 2021
[INFO] [stdout] warning: unused macro definition: `try_opt_res`
[INFO] [stdout]   --> src/lib.rs:82:14
[INFO] [stdout]    |
[INFO] [stdout] 82 | macro_rules! try_opt_res {
[INFO] [stdout]    |              ^^^^^^^^^^^
[INFO] [stdout]    |
[INFO] [stdout]    = note: `#[warn(unused_macros)]` on by default
[INFO] [stdout] 
[INFO] [stdout] 
[INFO] [stdout] warning: use of deprecated macro `try`: use the `?` operator instead
[INFO] [stdout]    --> src/lib.rs:210:23
[INFO] [stdout]     |
[INFO] [stdout] 210 |     let rg: RawGame = try!(json::decode(&s));
[INFO] [stdout]     |                       ^^^
[INFO] [stdout]     |
[INFO] [stdout]     = note: `#[warn(deprecated)]` on by default
[INFO] [stdout] 
[INFO] [stdout] 
[INFO] [stdout] warning: use of unstable library feature 'rustc_encodable_decodable': derive macro for `rustc-serialize`; should not be used in new code
[INFO] [stdout]    --> src/lib.rs:218:20
[INFO] [stdout]     |
[INFO] [stdout] 218 |     #[derive(Clone,RustcDecodable)]
[INFO] [stdout]     |                    ^^^^^^^^^^^^^^
[INFO] [stdout]     |
[INFO] [stdout]     = warning: this was previously accepted by the compiler but is being phased out; it will become a hard error in a future release!
[INFO] [stdout]     = note: for more information, see issue #64266 <https://github.com/rust-lang/rust/issues/64266>
[INFO] [stdout]     = note: `#[warn(soft_unstable)]` on by default
[INFO] [stdout] 
[INFO] [stdout] 
[INFO] [stdout] warning: use of deprecated macro `RustcDecodable`: rustc-serialize is deprecated and no longer supported
[INFO] [stdout]    --> src/lib.rs:218:20
[INFO] [stdout]     |
[INFO] [stdout] 218 |     #[derive(Clone,RustcDecodable)]
[INFO] [stdout]     |                    ^^^^^^^^^^^^^^
[INFO] [stdout] 
[INFO] [stdout] 
[INFO] [stdout] warning: use of unstable library feature 'rustc_encodable_decodable': derive macro for `rustc-serialize`; should not be used in new code
[INFO] [stdout]    --> src/lib.rs:246:20
[INFO] [stdout]     |
[INFO] [stdout] 246 |     #[derive(Clone,RustcDecodable)]
[INFO] [stdout]     |                    ^^^^^^^^^^^^^^
[INFO] [stdout]     |
[INFO] [stdout]     = warning: this was previously accepted by the compiler but is being phased out; it will become a hard error in a future release!
[INFO] [stdout]     = note: for more information, see issue #64266 <https://github.com/rust-lang/rust/issues/64266>
[INFO] [stdout] 
[INFO] [stdout] 
[INFO] [stdout] warning: use of deprecated macro `RustcDecodable`: rustc-serialize is deprecated and no longer supported
[INFO] [stdout]    --> src/lib.rs:246:20
[INFO] [stdout]     |
[INFO] [stdout] 246 |     #[derive(Clone,RustcDecodable)]
[INFO] [stdout]     |                    ^^^^^^^^^^^^^^
[INFO] [stdout] 
[INFO] [stdout] 
[INFO] [stderr]    Compiling act v0.1.1 (/opt/rustwide/workdir)
[INFO] [stdout] warning: use of unstable library feature 'rustc_encodable_decodable': derive macro for `rustc-serialize`; should not be used in new code
[INFO] [stdout]    --> src/lib.rs:263:20
[INFO] [stdout]     |
[INFO] [stdout] 263 |     #[derive(Clone,RustcDecodable)]
[INFO] [stdout]     |                    ^^^^^^^^^^^^^^
[INFO] [stdout]     |
[INFO] [stdout]     = warning: this was previously accepted by the compiler but is being phased out; it will become a hard error in a future release!
[INFO] [stdout]     = note: for more information, see issue #64266 <https://github.com/rust-lang/rust/issues/64266>
[INFO] [stdout] 
[INFO] [stdout] 
[INFO] [stdout] warning: use of deprecated macro `RustcDecodable`: rustc-serialize is deprecated and no longer supported
[INFO] [stdout]    --> src/lib.rs:263:20
[INFO] [stdout]     |
[INFO] [stdout] 263 |     #[derive(Clone,RustcDecodable)]
[INFO] [stdout]     |                    ^^^^^^^^^^^^^^
[INFO] [stdout] 
[INFO] [stdout] 
[INFO] [stdout] warning: unused import: `std::io`
[INFO] [stdout]    --> src/lib.rs:225:17
[INFO] [stdout]     |
[INFO] [stdout] 225 |             use std::io;
[INFO] [stdout]     |                 ^^^^^^^
[INFO] [stdout]     |
[INFO] [stdout]     = note: `#[warn(unused_imports)]` on by default
[INFO] [stdout] 
[INFO] [stdout] 
[INFO] [stdout] warning: unused macro definition: `try_opt_res`
[INFO] [stdout]   --> src/lib.rs:82:14
[INFO] [stdout]    |
[INFO] [stdout] 82 | macro_rules! try_opt_res {
[INFO] [stdout]    |              ^^^^^^^^^^^
[INFO] [stdout]    |
[INFO] [stdout]    = note: `#[warn(unused_macros)]` on by default
[INFO] [stdout] 
[INFO] [stdout] 
[INFO] [stdout] warning: use of deprecated macro `try`: use the `?` operator instead
[INFO] [stdout]    --> src/lib.rs:210:23
[INFO] [stdout]     |
[INFO] [stdout] 210 |     let rg: RawGame = try!(json::decode(&s));
[INFO] [stdout]     |                       ^^^
[INFO] [stdout]     |
[INFO] [stdout]     = note: `#[warn(deprecated)]` on by default
[INFO] [stdout] 
[INFO] [stdout] 
[INFO] [stdout] warning: use of unstable library feature 'rustc_encodable_decodable': derive macro for `rustc-serialize`; should not be used in new code
[INFO] [stdout]    --> src/lib.rs:218:20
[INFO] [stdout]     |
[INFO] [stdout] 218 |     #[derive(Clone,RustcDecodable)]
[INFO] [stdout]     |                    ^^^^^^^^^^^^^^
[INFO] [stdout]     |
[INFO] [stdout]     = warning: this was previously accepted by the compiler but is being phased out; it will become a hard error in a future release!
[INFO] [stdout]     = note: for more information, see issue #64266 <https://github.com/rust-lang/rust/issues/64266>
[INFO] [stdout]     = note: `#[warn(soft_unstable)]` on by default
[INFO] [stdout] 
[INFO] [stdout] 
[INFO] [stdout] warning: use of deprecated macro `RustcDecodable`: rustc-serialize is deprecated and no longer supported
[INFO] [stdout]    --> src/lib.rs:218:20
[INFO] [stdout]     |
[INFO] [stdout] 218 |     #[derive(Clone,RustcDecodable)]
[INFO] [stdout]     |                    ^^^^^^^^^^^^^^
[INFO] [stdout] 
[INFO] [stdout] 
[INFO] [stdout] warning: use of unstable library feature 'rustc_encodable_decodable': derive macro for `rustc-serialize`; should not be used in new code
[INFO] [stdout]    --> src/lib.rs:246:20
[INFO] [stdout]     |
[INFO] [stdout] 246 |     #[derive(Clone,RustcDecodable)]
[INFO] [stdout]     |                    ^^^^^^^^^^^^^^
[INFO] [stdout]     |
[INFO] [stdout]     = warning: this was previously accepted by the compiler but is being phased out; it will become a hard error in a future release!
[INFO] [stdout]     = note: for more information, see issue #64266 <https://github.com/rust-lang/rust/issues/64266>
[INFO] [stdout] 
[INFO] [stdout] 
[INFO] [stdout] warning: use of deprecated macro `RustcDecodable`: rustc-serialize is deprecated and no longer supported
[INFO] [stdout]    --> src/lib.rs:246:20
[INFO] [stdout]     |
[INFO] [stdout] 246 |     #[derive(Clone,RustcDecodable)]
[INFO] [stdout]     |                    ^^^^^^^^^^^^^^
[INFO] [stdout] 
[INFO] [stdout] 
[INFO] [stdout] warning: use of unstable library feature 'rustc_encodable_decodable': derive macro for `rustc-serialize`; should not be used in new code
[INFO] [stdout]    --> src/lib.rs:263:20
[INFO] [stdout]     |
[INFO] [stdout] 263 |     #[derive(Clone,RustcDecodable)]
[INFO] [stdout]     |                    ^^^^^^^^^^^^^^
[INFO] [stdout]     |
[INFO] [stdout]     = warning: this was previously accepted by the compiler but is being phased out; it will become a hard error in a future release!
[INFO] [stdout]     = note: for more information, see issue #64266 <https://github.com/rust-lang/rust/issues/64266>
[INFO] [stdout] 
[INFO] [stdout] 
[INFO] [stdout] warning: use of deprecated macro `RustcDecodable`: rustc-serialize is deprecated and no longer supported
[INFO] [stdout]    --> src/lib.rs:263:20
[INFO] [stdout]     |
[INFO] [stdout] 263 |     #[derive(Clone,RustcDecodable)]
[INFO] [stdout]     |                    ^^^^^^^^^^^^^^
[INFO] [stdout] 
[INFO] [stdout] 
[INFO] [stdout] warning: unused import: `std::io`
[INFO] [stdout]    --> src/lib.rs:225:17
[INFO] [stdout]     |
[INFO] [stdout] 225 |             use std::io;
[INFO] [stdout]     |                 ^^^^^^^
[INFO] [stdout]     |
[INFO] [stdout]     = note: `#[warn(unused_imports)]` on by default
[INFO] [stdout] 
[INFO] [stdout] 
[INFO] [stderr]     Finished `test` profile [unoptimized + debuginfo] target(s) in 0.81s
[INFO] [stderr] warning: the following packages contain code that will be rejected by a future version of Rust: act v0.1.1 (/opt/rustwide/workdir)
[INFO] [stderr] note: to see what the problems were, use the option `--future-incompat-report`, or run `cargo report future-incompatibilities --id 2`
[INFO] running `Command { std: "docker" "inspect" "15fc6052b669d8ff1458736e3fed4add3b819af6fd00ce0ec4b5e922464667ae", kill_on_drop: false }`
[INFO] running `Command { std: "docker" "rm" "-f" "15fc6052b669d8ff1458736e3fed4add3b819af6fd00ce0ec4b5e922464667ae", kill_on_drop: false }`
[INFO] [stdout] 15fc6052b669d8ff1458736e3fed4add3b819af6fd00ce0ec4b5e922464667ae
[INFO] running `Command { std: "docker" "create" "-v" "/var/lib/crater-agent-workspace/builds/worker-0-tc1/target:/opt/rustwide/target:rw,Z" "-v" "/var/lib/crater-agent-workspace/builds/worker-0-tc1/source:/opt/rustwide/workdir:ro,Z" "-v" "/var/lib/crater-agent-workspace/cargo-home:/opt/rustwide/cargo-home:ro,Z" "-v" "/var/lib/crater-agent-workspace/rustup-home:/opt/rustwide/rustup-home:ro,Z" "-e" "SOURCE_DIR=/opt/rustwide/workdir" "-e" "CARGO_TARGET_DIR=/opt/rustwide/target" "-e" "CARGO_INCREMENTAL=0" "-e" "RUST_BACKTRACE=full" "-e" "RUSTFLAGS=--cap-lints=warn" "-e" "RUSTDOCFLAGS=--cap-lints=warn" "-e" "CARGO_HOME=/opt/rustwide/cargo-home" "-e" "RUSTUP_HOME=/opt/rustwide/rustup-home" "-w" "/opt/rustwide/workdir" "-m" "1610612736" "--user" "0:0" "--network" "none" "ghcr.io/rust-lang/crates-build-env/linux@sha256:f3a9d4ad9d972b27faf3965f35b62e55ba32bbce8f20bc8fe909558a86702fde" "/opt/rustwide/cargo-home/bin/cargo" "+1.83.0" "test" "--frozen", kill_on_drop: false }`
[INFO] [stdout] 3e380d833524cff43b40028cd5204b50ef7ea176bb746fbeac764cb302c38317
[INFO] running `Command { std: "docker" "start" "-a" "3e380d833524cff43b40028cd5204b50ef7ea176bb746fbeac764cb302c38317", kill_on_drop: false }`
[INFO] [stderr] warning: no edition set: defaulting to the 2015 edition while the latest is 2021
[INFO] [stderr] warning: unused macro definition: `try_opt_res`
[INFO] [stderr]   --> src/lib.rs:82:14
[INFO] [stderr]    |
[INFO] [stderr] 82 | macro_rules! try_opt_res {
[INFO] [stderr]    |              ^^^^^^^^^^^
[INFO] [stderr]    |
[INFO] [stderr]    = note: `#[warn(unused_macros)]` on by default
[INFO] [stderr] 
[INFO] [stderr] warning: use of deprecated macro `try`: use the `?` operator instead
[INFO] [stderr]    --> src/lib.rs:210:23
[INFO] [stderr]     |
[INFO] [stderr] 210 |     let rg: RawGame = try!(json::decode(&s));
[INFO] [stderr]     |                       ^^^
[INFO] [stderr]     |
[INFO] [stderr]     = note: `#[warn(deprecated)]` on by default
[INFO] [stderr] 
[INFO] [stderr] warning: use of unstable library feature 'rustc_encodable_decodable': derive macro for `rustc-serialize`; should not be used in new code
[INFO] [stderr]    --> src/lib.rs:218:20
[INFO] [stderr]     |
[INFO] [stderr] 218 |     #[derive(Clone,RustcDecodable)]
[INFO] [stderr]     |                    ^^^^^^^^^^^^^^
[INFO] [stderr]     |
[INFO] [stderr]     = warning: this was previously accepted by the compiler but is being phased out; it will become a hard error in a future release!
[INFO] [stderr]     = note: for more information, see issue #64266 <https://github.com/rust-lang/rust/issues/64266>
[INFO] [stderr]     = note: `#[warn(soft_unstable)]` on by default
[INFO] [stderr] 
[INFO] [stderr] warning: use of deprecated macro `RustcDecodable`: rustc-serialize is deprecated and no longer supported
[INFO] [stderr]    --> src/lib.rs:218:20
[INFO] [stderr]     |
[INFO] [stderr] 218 |     #[derive(Clone,RustcDecodable)]
[INFO] [stderr]     |                    ^^^^^^^^^^^^^^
[INFO] [stderr] 
[INFO] [stderr] warning: use of unstable library feature 'rustc_encodable_decodable': derive macro for `rustc-serialize`; should not be used in new code
[INFO] [stderr]    --> src/lib.rs:246:20
[INFO] [stderr]     |
[INFO] [stderr] 246 |     #[derive(Clone,RustcDecodable)]
[INFO] [stderr]     |                    ^^^^^^^^^^^^^^
[INFO] [stderr]     |
[INFO] [stderr]     = warning: this was previously accepted by the compiler but is being phased out; it will become a hard error in a future release!
[INFO] [stderr]     = note: for more information, see issue #64266 <https://github.com/rust-lang/rust/issues/64266>
[INFO] [stderr] 
[INFO] [stderr] warning: use of deprecated macro `RustcDecodable`: rustc-serialize is deprecated and no longer supported
[INFO] [stderr]    --> src/lib.rs:246:20
[INFO] [stderr]     |
[INFO] [stderr] 246 |     #[derive(Clone,RustcDecodable)]
[INFO] [stderr]     |                    ^^^^^^^^^^^^^^
[INFO] [stderr] 
[INFO] [stderr] warning: use of unstable library feature 'rustc_encodable_decodable': derive macro for `rustc-serialize`; should not be used in new code
[INFO] [stderr]    --> src/lib.rs:263:20
[INFO] [stderr]     |
[INFO] [stderr] 263 |     #[derive(Clone,RustcDecodable)]
[INFO] [stderr]     |                    ^^^^^^^^^^^^^^
[INFO] [stderr]     |
[INFO] [stderr]     = warning: this was previously accepted by the compiler but is being phased out; it will become a hard error in a future release!
[INFO] [stderr]     = note: for more information, see issue #64266 <https://github.com/rust-lang/rust/issues/64266>
[INFO] [stderr] 
[INFO] [stderr] warning: use of deprecated macro `RustcDecodable`: rustc-serialize is deprecated and no longer supported
[INFO] [stderr]    --> src/lib.rs:263:20
[INFO] [stderr]     |
[INFO] [stderr] 263 |     #[derive(Clone,RustcDecodable)]
[INFO] [stderr]     |                    ^^^^^^^^^^^^^^
[INFO] [stderr] 
[INFO] [stderr] warning: unused import: `std::io`
[INFO] [stderr]    --> src/lib.rs:225:17
[INFO] [stderr]     |
[INFO] [stderr] 225 |             use std::io;
[INFO] [stderr]     |                 ^^^^^^^
[INFO] [stderr]     |
[INFO] [stderr]     = note: `#[warn(unused_imports)]` on by default
[INFO] [stderr] 
[INFO] [stderr] warning: `act` (lib) generated 9 warnings (run `cargo fix --lib -p act` to apply 1 suggestion)
[INFO] [stderr] warning: `act` (lib test) generated 9 warnings (9 duplicates)
[INFO] [stderr]     Finished `test` profile [unoptimized + debuginfo] target(s) in 0.02s
[INFO] [stderr] warning: the following packages contain code that will be rejected by a future version of Rust: act v0.1.1 (/opt/rustwide/workdir)
[INFO] [stderr] note: to see what the problems were, use the option `--future-incompat-report`, or run `cargo report future-incompatibilities --id 2`
[INFO] [stderr]      Running unittests src/lib.rs (/opt/rustwide/target/debug/deps/act-2f8dce14c524e974)
[INFO] [stderr]      Running unittests src/bin/act.rs (/opt/rustwide/target/debug/deps/act-b1d542a93da9cb60)
[INFO] [stdout] 
[INFO] [stdout] running 0 tests
[INFO] [stdout] 
[INFO] [stdout] test result: ok. 0 passed; 0 failed; 0 ignored; 0 measured; 0 filtered out; finished in 0.00s
[INFO] [stdout] 
[INFO] [stdout] 
[INFO] [stdout] running 0 tests
[INFO] [stdout] 
[INFO] [stdout] test result: ok. 0 passed; 0 failed; 0 ignored; 0 measured; 0 filtered out; finished in 0.00s
[INFO] [stdout] 
[INFO] [stderr]    Doc-tests act
[INFO] [stdout] 
[INFO] [stdout] running 2 tests
[INFO] [stdout] test src/lib.rs - Action (line 97) ... FAILED
[INFO] [stdout] test src/lib.rs - (line 8) ... FAILED
[INFO] [stdout] 
[INFO] [stdout] failures:
[INFO] [stdout] 
[INFO] [stdout] ---- src/lib.rs - Action (line 97) stdout ----
[INFO] [stdout] error[E0308]: arguments to this enum variant are incorrect
[INFO] [stdout]    --> src/lib.rs:102:26
[INFO] [stdout]     |
[INFO] [stdout] 7   |     let move_to_locked = Action::Move("Unlock the door ","locked_room","LockedRoomKey");
[INFO] [stdout]     |                          ^^^^^^^^^^^^ ------------------ ------------- --------------- expected `String`, found `&str`
[INFO] [stdout]     |                                       |                  |
[INFO] [stdout]     |                                       |                  expected `String`, found `&str`
[INFO] [stdout]     |                                       expected `String`, found `&str`
[INFO] [stdout]     |
[INFO] [stdout] note: tuple variant defined here
[INFO] [stdout]    --> /opt/rustwide/workdir/src/lib.rs:108:5
[INFO] [stdout]     |
[INFO] [stdout] 108 |     Move(String,String,String)
[INFO] [stdout]     |     ^^^^
[INFO] [stdout] help: try using a conversion method
[INFO] [stdout]     |
[INFO] [stdout] 7   |     let move_to_locked = Action::Move("Unlock the door ".to_string(),"locked_room","LockedRoomKey");
[INFO] [stdout]     |                                                         ++++++++++++
[INFO] [stdout] help: try using a conversion method
[INFO] [stdout]     |
[INFO] [stdout] 7   |     let move_to_locked = Action::Move("Unlock the door ","locked_room".to_string(),"LockedRoomKey");
[INFO] [stdout]     |                                                                       ++++++++++++
[INFO] [stdout] help: try using a conversion method
[INFO] [stdout]     |
[INFO] [stdout] 7   |     let move_to_locked = Action::Move("Unlock the door ","locked_room","LockedRoomKey".to_string());
[INFO] [stdout]     |                                                                                       ++++++++++++
[INFO] [stdout] 
[INFO] [stdout] error: aborting due to 1 previous error
[INFO] [stdout] 
[INFO] [stdout] For more information about this error, try `rustc --explain E0308`.
[INFO] [stdout] Couldn't compile the test.
[INFO] [stdout] ---- src/lib.rs - (line 8) stdout ----
[INFO] [stdout] Test executable failed (exit status: 101).
[INFO] [stdout] 
[INFO] [stdout] stdout:
[INFO] [stdout] Made with 
[INFO] [stdout] 
[INFO] [stdout] 
[INFO] [stdout]       _/           _//   _//! _//!//!
[INFO] [stdout]      _/ //      _//   _//     _//
[INFO] [stdout]     _/  _//    _//            _//
[INFO] [stdout]    _//   _//   _//            _//
[INFO] [stdout]   _//!//! _//  _//            _//
[INFO] [stdout]  _//       _//  _//   _//     _//
[INFO] [stdout] _//         _//   _//!/       _//
[INFO] [stdout] 
[INFO] [stdout] Make your own game at github.com/ichy-wayland/act
[INFO] [stdout] cIm a starting room! Welcome to this example game.
[INFO] [stdout] 
[INFO] [stdout] 0. Move to another room
[INFO] [stdout] 
[INFO] [stdout] 
[INFO] [stdout] 
[INFO] [stdout] stderr:
[INFO] [stdout] thread 'main' panicked at src/lib.rs:193:36:
[INFO] [stdout] called `Option::unwrap()` on a `None` value
[INFO] [stdout] stack backtrace:
[INFO] [stdout]    0:     0x5602715a4a3a - std::backtrace_rs::backtrace::libunwind::trace::h5a5b8284f2d0c266
[INFO] [stdout]                                at /rustc/90b35a6239c3d8bdabc530a6a0816f7ff89a0aaf/library/std/src/../../backtrace/src/backtrace/libunwind.rs:116:5
[INFO] [stdout]    1:     0x5602715a4a3a - std::backtrace_rs::backtrace::trace_unsynchronized::h76d4f1c9b0b875e3
[INFO] [stdout]                                at /rustc/90b35a6239c3d8bdabc530a6a0816f7ff89a0aaf/library/std/src/../../backtrace/src/backtrace/mod.rs:66:5
[INFO] [stdout]    2:     0x5602715a4a3a - std::sys::backtrace::_print_fmt::hc4546b8364a537c6
[INFO] [stdout]                                at /rustc/90b35a6239c3d8bdabc530a6a0816f7ff89a0aaf/library/std/src/sys/backtrace.rs:66:9
[INFO] [stdout]    3:     0x5602715a4a3a - <std::sys::backtrace::BacktraceLock::print::DisplayBacktrace as core::fmt::Display>::fmt::h5b6bd5631a6d1f6b
[INFO] [stdout]                                at /rustc/90b35a6239c3d8bdabc530a6a0816f7ff89a0aaf/library/std/src/sys/backtrace.rs:39:26
[INFO] [stdout]    4:     0x5602715c44d3 - core::fmt::rt::Argument::fmt::h270f6602a2b96f62
[INFO] [stdout]                                at /rustc/90b35a6239c3d8bdabc530a6a0816f7ff89a0aaf/library/core/src/fmt/rt.rs:177:76
[INFO] [stdout]    5:     0x5602715c44d3 - core::fmt::write::h7550c97b06c86515
[INFO] [stdout]                                at /rustc/90b35a6239c3d8bdabc530a6a0816f7ff89a0aaf/library/core/src/fmt/mod.rs:1186:21
[INFO] [stdout]    6:     0x5602715a1f43 - std::io::Write::write_fmt::h7b09c64fe0be9c84
[INFO] [stdout]                                at /rustc/90b35a6239c3d8bdabc530a6a0816f7ff89a0aaf/library/std/src/io/mod.rs:1839:15
[INFO] [stdout]    7:     0x5602715a4882 - std::sys::backtrace::BacktraceLock::print::h2395ccd2c84ba3aa
[INFO] [stdout]                                at /rustc/90b35a6239c3d8bdabc530a6a0816f7ff89a0aaf/library/std/src/sys/backtrace.rs:42:9
[INFO] [stdout]    8:     0x5602715a582c - std::panicking::default_hook::{{closure}}::he19d4c7230e07961
[INFO] [stdout]                                at /rustc/90b35a6239c3d8bdabc530a6a0816f7ff89a0aaf/library/std/src/panicking.rs:268:22
[INFO] [stdout]    9:     0x5602715a5672 - std::panicking::default_hook::hf614597d3c67bbdb
[INFO] [stdout]                                at /rustc/90b35a6239c3d8bdabc530a6a0816f7ff89a0aaf/library/std/src/panicking.rs:295:9
[INFO] [stdout]   10:     0x5602715a5e07 - std::panicking::rust_panic_with_hook::h8942133a8b252070
[INFO] [stdout]                                at /rustc/90b35a6239c3d8bdabc530a6a0816f7ff89a0aaf/library/std/src/panicking.rs:801:13
[INFO] [stdout]   11:     0x5602715a5c66 - std::panicking::begin_panic_handler::{{closure}}::hb5f5963570096b29
[INFO] [stdout]                                at /rustc/90b35a6239c3d8bdabc530a6a0816f7ff89a0aaf/library/std/src/panicking.rs:667:13
[INFO] [stdout]   12:     0x5602715a4f19 - std::sys::backtrace::__rust_end_short_backtrace::h6208cedc1922feda
[INFO] [stdout]                                at /rustc/90b35a6239c3d8bdabc530a6a0816f7ff89a0aaf/library/std/src/sys/backtrace.rs:170:18
[INFO] [stdout]   13:     0x5602715a592c - rust_begin_unwind
[INFO] [stdout]                                at /rustc/90b35a6239c3d8bdabc530a6a0816f7ff89a0aaf/library/std/src/panicking.rs:665:5
[INFO] [stdout]   14:     0x560271545320 - core::panicking::panic_fmt::h0c3082644d1bf418
[INFO] [stdout]                                at /rustc/90b35a6239c3d8bdabc530a6a0816f7ff89a0aaf/library/core/src/panicking.rs:74:14
[INFO] [stdout]   15:     0x5602715453ac - core::panicking::panic::h957f98c65a3b3074
[INFO] [stdout]                                at /rustc/90b35a6239c3d8bdabc530a6a0816f7ff89a0aaf/library/core/src/panicking.rs:148:5
[INFO] [stdout]   16:     0x560271545299 - core::option::unwrap_failed::h098b0d47c83374d6
[INFO] [stdout]                                at /rustc/90b35a6239c3d8bdabc530a6a0816f7ff89a0aaf/library/core/src/option.rs:2012:5
[INFO] [stdout]   17:     0x56027154a95f - core::option::Option<T>::unwrap::h3ea76bc722be94a7
[INFO] [stdout]                                at /rustc/90b35a6239c3d8bdabc530a6a0816f7ff89a0aaf/library/core/src/option.rs:972:21
[INFO] [stdout]   18:     0x56027154a95f - act::Game::play::h3783911c17d1609b
[INFO] [stdout]                                at /opt/rustwide/workdir/src/lib.rs:193:19
[INFO] [stdout]   19:     0x5602715462d2 - rust_out::main::h86d391cc11b8a827
[INFO] [stdout]   20:     0x560271545cb3 - core::ops::function::FnOnce::call_once::hd1e0b33d350e8c2e
[INFO] [stdout]   21:     0x560271545c96 - std::sys::backtrace::__rust_begin_short_backtrace::hb7c4fd168269da08
[INFO] [stdout]   22:     0x560271545c79 - std::rt::lang_start::{{closure}}::h7630186e3858a44d
[INFO] [stdout]   23:     0x56027159f8ce - core::ops::function::impls::<impl core::ops::function::FnOnce<A> for &F>::call_once::hfdb85f4ee94732d3
[INFO] [stdout]                                at /rustc/90b35a6239c3d8bdabc530a6a0816f7ff89a0aaf/library/core/src/ops/function.rs:284:13
[INFO] [stdout]   24:     0x56027159f8ce - std::panicking::try::do_call::h6e577310f330cbef
[INFO] [stdout]                                at /rustc/90b35a6239c3d8bdabc530a6a0816f7ff89a0aaf/library/std/src/panicking.rs:557:40
[INFO] [stdout]   25:     0x56027159f8ce - std::panicking::try::ha588d438267d2645
[INFO] [stdout]                                at /rustc/90b35a6239c3d8bdabc530a6a0816f7ff89a0aaf/library/std/src/panicking.rs:520:19
[INFO] [stdout]   26:     0x56027159f8ce - std::panic::catch_unwind::h429fda1e025f26d9
[INFO] [stdout]                                at /rustc/90b35a6239c3d8bdabc530a6a0816f7ff89a0aaf/library/std/src/panic.rs:358:14
[INFO] [stdout]   27:     0x56027159f8ce - std::rt::lang_start_internal::{{closure}}::h7b731265e841c4bf
[INFO] [stdout]                                at /rustc/90b35a6239c3d8bdabc530a6a0816f7ff89a0aaf/library/std/src/rt.rs:174:48
[INFO] [stdout]   28:     0x56027159f8ce - std::panicking::try::do_call::hc0f6a675b7ae5a36
[INFO] [stdout]                                at /rustc/90b35a6239c3d8bdabc530a6a0816f7ff89a0aaf/library/std/src/panicking.rs:557:40
[INFO] [stdout]   29:     0x56027159f8ce - std::panicking::try::h4c93b7ff0671f1ff
[INFO] [stdout]                                at /rustc/90b35a6239c3d8bdabc530a6a0816f7ff89a0aaf/library/std/src/panicking.rs:520:19
[INFO] [stdout]   30:     0x56027159f8ce - std::panic::catch_unwind::hcc1e154961d16ce6
[INFO] [stdout]                                at /rustc/90b35a6239c3d8bdabc530a6a0816f7ff89a0aaf/library/std/src/panic.rs:358:14
[INFO] [stdout]   31:     0x56027159f8ce - std::rt::lang_start_internal::h1c66660c99c8424c
[INFO] [stdout]                                at /rustc/90b35a6239c3d8bdabc530a6a0816f7ff89a0aaf/library/std/src/rt.rs:174:20
[INFO] [stdout]   32:     0x560271545c57 - std::rt::lang_start::hcdb31f4834f76b8c
[INFO] [stdout]   33:     0x560271546345 - main
[INFO] [stdout]   34:     0x79ef8c5abd90 - <unknown>
[INFO] [stdout]   35:     0x79ef8c5abe40 - __libc_start_main
[INFO] [stdout]   36:     0x560271545b65 - _start
[INFO] [stdout]   37:                0x0 - <unknown>
[INFO] [stdout] 
[INFO] [stdout] 
[INFO] [stdout] 
[INFO] [stdout] failures:
[INFO] [stdout]     src/lib.rs - (line 8)
[INFO] [stdout]     src/lib.rs - Action (line 97)
[INFO] [stdout] 
[INFO] [stdout] test result: FAILED. 0 passed; 2 failed; 0 ignored; 0 measured; 0 filtered out; finished in 4.52s
[INFO] [stdout] 
[INFO] [stderr] error: doctest failed, to rerun pass `--doc`
[INFO] running `Command { std: "docker" "inspect" "3e380d833524cff43b40028cd5204b50ef7ea176bb746fbeac764cb302c38317", kill_on_drop: false }`
[INFO] running `Command { std: "docker" "rm" "-f" "3e380d833524cff43b40028cd5204b50ef7ea176bb746fbeac764cb302c38317", kill_on_drop: false }`
[INFO] [stdout] 3e380d833524cff43b40028cd5204b50ef7ea176bb746fbeac764cb302c38317
