[INFO] fetching crate acril-http 0.1.0...
[INFO] testing acril-http-0.1.0 against beta-2024-12-08 for beta-1.84.0-4-retry
[INFO] extracting crate acril-http 0.1.0 into /workspace/builds/worker-3-tc2/source
[INFO] validating manifest of crates.io crate acril-http 0.1.0 on toolchain beta-2024-12-08
[INFO] running `Command { std: CARGO_HOME="/workspace/cargo-home" RUSTUP_HOME="/workspace/rustup-home" "/workspace/cargo-home/bin/cargo" "+beta-2024-12-08" "metadata" "--manifest-path" "Cargo.toml" "--no-deps", kill_on_drop: false }`
[INFO] started tweaking crates.io crate acril-http 0.1.0
[INFO] finished tweaking crates.io crate acril-http 0.1.0
[INFO] tweaked toml for crates.io crate acril-http 0.1.0 written to /workspace/builds/worker-3-tc2/source/Cargo.toml
[INFO] running `Command { std: CARGO_HOME="/workspace/cargo-home" RUSTUP_HOME="/workspace/rustup-home" "/workspace/cargo-home/bin/cargo" "+beta-2024-12-08" "generate-lockfile" "--manifest-path" "Cargo.toml", kill_on_drop: false }`
[INFO] [stderr]     Updating crates.io index
[INFO] [stderr]      Locking 155 packages to latest compatible versions
[INFO] [stderr]       Adding async-tls v0.12.0 (available: v0.13.0)
[INFO] running `Command { std: CARGO_HOME="/workspace/cargo-home" RUSTUP_HOME="/workspace/rustup-home" "/workspace/cargo-home/bin/cargo" "+beta-2024-12-08" "fetch" "--manifest-path" "Cargo.toml", kill_on_drop: false }`
[INFO] running `Command { std: "docker" "create" "-v" "/var/lib/crater-agent-workspace/builds/worker-3-tc2/target:/opt/rustwide/target:rw,Z" "-v" "/var/lib/crater-agent-workspace/builds/worker-3-tc2/source:/opt/rustwide/workdir:ro,Z" "-v" "/var/lib/crater-agent-workspace/cargo-home:/opt/rustwide/cargo-home:ro,Z" "-v" "/var/lib/crater-agent-workspace/rustup-home:/opt/rustwide/rustup-home:ro,Z" "-e" "SOURCE_DIR=/opt/rustwide/workdir" "-e" "CARGO_TARGET_DIR=/opt/rustwide/target" "-e" "CARGO_HOME=/opt/rustwide/cargo-home" "-e" "RUSTUP_HOME=/opt/rustwide/rustup-home" "-w" "/opt/rustwide/workdir" "-m" "1610612736" "--user" "0:0" "--network" "none" "ghcr.io/rust-lang/crates-build-env/linux@sha256:f3a9d4ad9d972b27faf3965f35b62e55ba32bbce8f20bc8fe909558a86702fde" "/opt/rustwide/cargo-home/bin/cargo" "+beta-2024-12-08" "metadata" "--no-deps" "--format-version=1", kill_on_drop: false }`
[INFO] [stdout] 4766f7aa415f020dbc21d44e4d6df9eb17035edbcb0eee9ca502510d876686a6
[INFO] running `Command { std: "docker" "start" "-a" "4766f7aa415f020dbc21d44e4d6df9eb17035edbcb0eee9ca502510d876686a6", kill_on_drop: false }`
[INFO] running `Command { std: "docker" "inspect" "4766f7aa415f020dbc21d44e4d6df9eb17035edbcb0eee9ca502510d876686a6", kill_on_drop: false }`
[INFO] running `Command { std: "docker" "rm" "-f" "4766f7aa415f020dbc21d44e4d6df9eb17035edbcb0eee9ca502510d876686a6", kill_on_drop: false }`
[INFO] [stdout] 4766f7aa415f020dbc21d44e4d6df9eb17035edbcb0eee9ca502510d876686a6
[INFO] running `Command { std: "docker" "create" "-v" "/var/lib/crater-agent-workspace/builds/worker-3-tc2/target:/opt/rustwide/target:rw,Z" "-v" "/var/lib/crater-agent-workspace/builds/worker-3-tc2/source:/opt/rustwide/workdir:ro,Z" "-v" "/var/lib/crater-agent-workspace/cargo-home:/opt/rustwide/cargo-home:ro,Z" "-v" "/var/lib/crater-agent-workspace/rustup-home:/opt/rustwide/rustup-home:ro,Z" "-e" "SOURCE_DIR=/opt/rustwide/workdir" "-e" "CARGO_TARGET_DIR=/opt/rustwide/target" "-e" "CARGO_INCREMENTAL=0" "-e" "RUST_BACKTRACE=full" "-e" "RUSTFLAGS=--cap-lints=warn" "-e" "RUSTDOCFLAGS=--cap-lints=warn" "-e" "CARGO_HOME=/opt/rustwide/cargo-home" "-e" "RUSTUP_HOME=/opt/rustwide/rustup-home" "-w" "/opt/rustwide/workdir" "-m" "1610612736" "--user" "0:0" "--network" "none" "ghcr.io/rust-lang/crates-build-env/linux@sha256:f3a9d4ad9d972b27faf3965f35b62e55ba32bbce8f20bc8fe909558a86702fde" "/opt/rustwide/cargo-home/bin/cargo" "+beta-2024-12-08" "build" "--frozen" "--message-format=json", kill_on_drop: false }`
[INFO] [stdout] 1654fe2650ce30add34a114c1fed68c2c82fd2a49f84ea7284bdff82a5a126cd
[INFO] running `Command { std: "docker" "start" "-a" "1654fe2650ce30add34a114c1fed68c2c82fd2a49f84ea7284bdff82a5a126cd", kill_on_drop: false }`
[INFO] [stderr]    Compiling proc-macro2 v1.0.92
[INFO] [stderr]    Compiling unicode-ident v1.0.14
[INFO] [stderr]    Compiling pin-project-lite v0.2.15
[INFO] [stderr]    Compiling cfg-if v1.0.0
[INFO] [stderr]    Compiling libc v0.2.168
[INFO] [stderr]    Compiling crossbeam-utils v0.8.20
[INFO] [stderr]    Compiling futures-core v0.3.31
[INFO] [stderr]    Compiling futures-io v0.3.31
[INFO] [stderr]    Compiling stable_deref_trait v1.2.0
[INFO] [stderr]    Compiling parking v2.2.1
[INFO] [stderr]    Compiling shlex v1.3.0
[INFO] [stderr]    Compiling autocfg v1.4.0
[INFO] [stderr]    Compiling writeable v0.5.5
[INFO] [stderr]    Compiling litemap v0.7.4
[INFO] [stderr]    Compiling icu_locid_transform_data v1.5.0
[INFO] [stderr]    Compiling serde v1.0.216
[INFO] [stderr]    Compiling memchr v2.7.4
[INFO] [stderr]    Compiling fastrand v2.3.0
[INFO] [stderr]    Compiling untrusted v0.9.0
[INFO] [stderr]    Compiling icu_properties_data v1.5.0
[INFO] [stderr]    Compiling rustix v0.38.42
[INFO] [stderr]    Compiling spin v0.9.8
[INFO] [stderr]    Compiling cc v1.2.4
[INFO] [stderr]    Compiling getrandom v0.1.16
[INFO] [stderr]    Compiling write16 v1.0.0
[INFO] [stderr]    Compiling tracing-core v0.1.33
[INFO] [stderr]    Compiling once_cell v1.20.2
[INFO] [stderr]    Compiling futures-lite v2.5.0
[INFO] [stderr]    Compiling byteorder v1.5.0
[INFO] [stderr]    Compiling value-bag v1.10.0
[INFO] [stderr]    Compiling linux-raw-sys v0.4.14
[INFO] [stderr]    Compiling percent-encoding v2.3.1
[INFO] [stderr]    Compiling bitflags v2.6.0
[INFO] [stderr]    Compiling utf8_iter v1.0.4
[INFO] [stderr]    Compiling utf16_iter v1.0.5
[INFO] [stderr]    Compiling smallvec v1.13.2
[INFO] [stderr]    Compiling concurrent-queue v2.5.0
[INFO] [stderr]    Compiling icu_normalizer_data v1.5.0
[INFO] [stderr]    Compiling log v0.4.22
[INFO] [stderr]    Compiling slab v0.4.9
[INFO] [stderr]    Compiling tracing v0.1.41
[INFO] [stderr]    Compiling pin-utils v0.1.0
[INFO] [stderr]    Compiling futures-sink v0.3.31
[INFO] [stderr]    Compiling async-task v4.7.1
[INFO] [stderr]    Compiling thiserror v1.0.69
[INFO] [stderr]    Compiling event-listener v5.3.1
[INFO] [stderr]    Compiling atomic-waker v1.1.2
[INFO] [stderr]    Compiling futures-channel v0.3.31
[INFO] [stderr]    Compiling form_urlencoded v1.2.1
[INFO] [stderr]    Compiling piper v0.2.4
[INFO] [stderr]    Compiling rustls v0.20.9
[INFO] [stderr]    Compiling itoa v1.0.14
[INFO] [stderr]    Compiling anyhow v1.0.94
[INFO] [stderr]    Compiling spin v0.5.2
[INFO] [stderr]    Compiling ryu v1.0.18
[INFO] [stderr]    Compiling event-listener-strategy v0.5.3
[INFO] [stderr]    Compiling getrandom v0.2.15
[INFO] [stderr]    Compiling async-lock v3.4.0
[INFO] [stderr]    Compiling async-channel v2.3.1
[INFO] [stderr]    Compiling event-listener v2.5.3
[INFO] [stderr]    Compiling untrusted v0.7.1
[INFO] [stderr]    Compiling quote v1.0.37
[INFO] [stderr]    Compiling futures-task v0.3.31
[INFO] [stderr]    Compiling serde_json v1.0.133
[INFO] [stderr]    Compiling http-types v2.12.0
[INFO] [stderr]    Compiling waker-fn v1.2.0
[INFO] [stderr]    Compiling blocking v1.6.1
[INFO] [stderr]    Compiling async-executor v1.13.1
[INFO] [stderr]    Compiling async-channel v1.9.0
[INFO] [stderr]    Compiling fastrand v1.9.0
[INFO] [stderr]    Compiling base64 v0.21.7
[INFO] [stderr]    Compiling httparse v1.9.5
[INFO] [stderr]    Compiling kv-log-macro v1.0.7
[INFO] [stderr]    Compiling syn v2.0.90
[INFO] [stderr]    Compiling rand_core v0.5.1
[INFO] [stderr]    Compiling base64 v0.13.1
[INFO] [stderr]    Compiling infer v0.2.3
[INFO] [stderr]    Compiling futures-lite v1.13.0
[INFO] [stderr]    Compiling async-dup v1.2.4
[INFO] [stderr]    Compiling ring v0.17.8
[INFO] [stderr]    Compiling ring v0.16.20
[INFO] [stderr]    Compiling rustls-pemfile v1.0.4
[INFO] [stderr]    Compiling polling v3.7.4
[INFO] [stderr]    Compiling async-io v2.4.0
[INFO] [stderr]    Compiling synstructure v0.13.1
[INFO] [stderr]    Compiling async-global-executor v2.4.1
[INFO] [stderr]    Compiling zerofrom-derive v0.1.5
[INFO] [stderr]    Compiling yoke-derive v0.7.5
[INFO] [stderr]    Compiling zerovec-derive v0.10.3
[INFO] [stderr]    Compiling displaydoc v0.2.5
[INFO] [stderr]    Compiling icu_provider_macros v1.5.0
[INFO] [stderr]    Compiling serde_derive v1.0.216
[INFO] [stderr]    Compiling zerocopy-derive v0.7.35
[INFO] [stderr]    Compiling futures-macro v0.3.31
[INFO] [stderr]    Compiling thiserror-impl v1.0.69
[INFO] [stderr]    Compiling pin-project-internal v1.1.7
[INFO] [stderr]    Compiling async-std v1.13.0
[INFO] [stderr]    Compiling webpki v0.22.4
[INFO] [stderr]    Compiling sct v0.7.1
[INFO] [stderr]    Compiling webpki-roots v0.22.6
[INFO] [stderr]    Compiling zerocopy v0.7.35
[INFO] [stderr]    Compiling ppv-lite86 v0.2.20
[INFO] [stderr]    Compiling futures-util v0.3.31
[INFO] [stderr]    Compiling pin-project v1.1.7
[INFO] [stderr]    Compiling zerofrom v0.1.5
[INFO] [stderr]    Compiling yoke v0.7.5
[INFO] [stderr]    Compiling zerovec v0.10.4
[INFO] [stderr]    Compiling rand_chacha v0.2.2
[INFO] [stderr]    Compiling rand v0.7.3
[INFO] [stderr]    Compiling tinystr v0.7.6
[INFO] [stderr]    Compiling icu_collections v1.5.0
[INFO] [stderr]    Compiling icu_locid v1.5.0
[INFO] [stderr]    Compiling async-tls v0.12.0
[INFO] [stderr]    Compiling icu_provider v1.5.0
[INFO] [stderr]    Compiling icu_locid_transform v1.5.0
[INFO] [stderr]    Compiling icu_properties v1.5.1
[INFO] [stderr]    Compiling futures-executor v0.3.31
[INFO] [stderr]    Compiling futures v0.3.31
[INFO] [stderr]    Compiling icu_normalizer v1.5.0
[INFO] [stderr]    Compiling serde_urlencoded v0.7.1
[INFO] [stderr]    Compiling serde_qs v0.8.5
[INFO] [stderr]    Compiling idna_adapter v1.2.0
[INFO] [stderr]    Compiling idna v1.0.3
[INFO] [stderr]    Compiling url v2.5.4
[INFO] [stderr]    Compiling acril-http v0.1.0 (/opt/rustwide/workdir)
[INFO] [stderr]     Finished `dev` profile [unoptimized + debuginfo] target(s) in 42.09s
[INFO] running `Command { std: "docker" "inspect" "1654fe2650ce30add34a114c1fed68c2c82fd2a49f84ea7284bdff82a5a126cd", kill_on_drop: false }`
[INFO] running `Command { std: "docker" "rm" "-f" "1654fe2650ce30add34a114c1fed68c2c82fd2a49f84ea7284bdff82a5a126cd", kill_on_drop: false }`
[INFO] [stdout] 1654fe2650ce30add34a114c1fed68c2c82fd2a49f84ea7284bdff82a5a126cd
[INFO] running `Command { std: "docker" "create" "-v" "/var/lib/crater-agent-workspace/builds/worker-3-tc2/target:/opt/rustwide/target:rw,Z" "-v" "/var/lib/crater-agent-workspace/builds/worker-3-tc2/source:/opt/rustwide/workdir:ro,Z" "-v" "/var/lib/crater-agent-workspace/cargo-home:/opt/rustwide/cargo-home:ro,Z" "-v" "/var/lib/crater-agent-workspace/rustup-home:/opt/rustwide/rustup-home:ro,Z" "-e" "SOURCE_DIR=/opt/rustwide/workdir" "-e" "CARGO_TARGET_DIR=/opt/rustwide/target" "-e" "CARGO_INCREMENTAL=0" "-e" "RUST_BACKTRACE=full" "-e" "RUSTFLAGS=--cap-lints=warn" "-e" "RUSTDOCFLAGS=--cap-lints=warn" "-e" "CARGO_HOME=/opt/rustwide/cargo-home" "-e" "RUSTUP_HOME=/opt/rustwide/rustup-home" "-w" "/opt/rustwide/workdir" "-m" "1610612736" "--user" "0:0" "--network" "none" "ghcr.io/rust-lang/crates-build-env/linux@sha256:f3a9d4ad9d972b27faf3965f35b62e55ba32bbce8f20bc8fe909558a86702fde" "/opt/rustwide/cargo-home/bin/cargo" "+beta-2024-12-08" "test" "--frozen" "--no-run" "--message-format=json", kill_on_drop: false }`
[INFO] [stdout] 5ccd54204ecc9463c4628f12f315e2e360cceec1ed06b02064c57f5512d71680
[INFO] running `Command { std: "docker" "start" "-a" "5ccd54204ecc9463c4628f12f315e2e360cceec1ed06b02064c57f5512d71680", kill_on_drop: false }`
[INFO] [stderr]    Compiling acril-http v0.1.0 (/opt/rustwide/workdir)
[INFO] [stdout] warning: unexpected `cfg` condition value: `lllllllllllllllll`
[INFO] [stdout]    --> src/chunked/decoder.rs:235:7
[INFO] [stdout]     |
[INFO] [stdout] 235 | #[cfg(feature ="lllllllllllllllll")]
[INFO] [stdout]     |       ^^^^^^^^^^^^^^^^^^^^^^^^^^^^ help: remove the condition
[INFO] [stdout]     |
[INFO] [stdout]     = note: no expected values for `feature`
[INFO] [stdout]     = help: consider adding `lllllllllllllllll` as a feature in `Cargo.toml`
[INFO] [stdout]     = note: see <https://doc.rust-lang.org/nightly/rustc/check-cfg/cargo-specifics.html> for more information about checking conditional configuration
[INFO] [stdout] note: the lint level is defined here
[INFO] [stdout]    --> src/lib.rs:93:24
[INFO] [stdout]     |
[INFO] [stdout] 93  | #![cfg_attr(test, deny(warnings))]
[INFO] [stdout]     |                        ^^^^^^^^
[INFO] [stdout]     = note: `#[warn(unexpected_cfgs)]` implied by `#[warn(warnings)]`
[INFO] [stdout] 
[INFO] [stdout] 
[INFO] [stderr]     Finished `test` profile [unoptimized + debuginfo] target(s) in 2.70s
[INFO] running `Command { std: "docker" "inspect" "5ccd54204ecc9463c4628f12f315e2e360cceec1ed06b02064c57f5512d71680", kill_on_drop: false }`
[INFO] running `Command { std: "docker" "rm" "-f" "5ccd54204ecc9463c4628f12f315e2e360cceec1ed06b02064c57f5512d71680", kill_on_drop: false }`
[INFO] [stdout] 5ccd54204ecc9463c4628f12f315e2e360cceec1ed06b02064c57f5512d71680
[INFO] running `Command { std: "docker" "create" "-v" "/var/lib/crater-agent-workspace/builds/worker-3-tc2/target:/opt/rustwide/target:rw,Z" "-v" "/var/lib/crater-agent-workspace/builds/worker-3-tc2/source:/opt/rustwide/workdir:ro,Z" "-v" "/var/lib/crater-agent-workspace/cargo-home:/opt/rustwide/cargo-home:ro,Z" "-v" "/var/lib/crater-agent-workspace/rustup-home:/opt/rustwide/rustup-home:ro,Z" "-e" "SOURCE_DIR=/opt/rustwide/workdir" "-e" "CARGO_TARGET_DIR=/opt/rustwide/target" "-e" "CARGO_INCREMENTAL=0" "-e" "RUST_BACKTRACE=full" "-e" "RUSTFLAGS=--cap-lints=warn" "-e" "RUSTDOCFLAGS=--cap-lints=warn" "-e" "CARGO_HOME=/opt/rustwide/cargo-home" "-e" "RUSTUP_HOME=/opt/rustwide/rustup-home" "-w" "/opt/rustwide/workdir" "-m" "1610612736" "--user" "0:0" "--network" "none" "ghcr.io/rust-lang/crates-build-env/linux@sha256:f3a9d4ad9d972b27faf3965f35b62e55ba32bbce8f20bc8fe909558a86702fde" "/opt/rustwide/cargo-home/bin/cargo" "+beta-2024-12-08" "test" "--frozen", kill_on_drop: false }`
[INFO] [stdout] a95724e524cc07d0ebd41412b3b68814c16b703a527f7414ee60f4ab90161ffd
[INFO] running `Command { std: "docker" "start" "-a" "a95724e524cc07d0ebd41412b3b68814c16b703a527f7414ee60f4ab90161ffd", kill_on_drop: false }`
[INFO] [stderr] warning: unexpected `cfg` condition value: `lllllllllllllllll`
[INFO] [stderr]    --> src/chunked/decoder.rs:235:7
[INFO] [stderr]     |
[INFO] [stderr] 235 | #[cfg(feature ="lllllllllllllllll")]
[INFO] [stderr]     |       ^^^^^^^^^^^^^^^^^^^^^^^^^^^^ help: remove the condition
[INFO] [stderr]     |
[INFO] [stderr]     = note: no expected values for `feature`
[INFO] [stderr]     = help: consider adding `lllllllllllllllll` as a feature in `Cargo.toml`
[INFO] [stderr]     = note: see <https://doc.rust-lang.org/nightly/rustc/check-cfg/cargo-specifics.html> for more information about checking conditional configuration
[INFO] [stderr] note: the lint level is defined here
[INFO] [stderr]    --> src/lib.rs:93:24
[INFO] [stderr]     |
[INFO] [stderr] 93  | #![cfg_attr(test, deny(warnings))]
[INFO] [stderr]     |                        ^^^^^^^^
[INFO] [stderr]     = note: `#[warn(unexpected_cfgs)]` implied by `#[warn(warnings)]`
[INFO] [stderr] 
[INFO] [stderr] warning: `acril-http` (lib test) generated 1 warning
[INFO] [stderr]     Finished `test` profile [unoptimized + debuginfo] target(s) in 0.15s
[INFO] [stderr]      Running unittests src/lib.rs (/opt/rustwide/target/debug/deps/acril_http-346a43a7b8ee1508)
[INFO] [stdout] 
[INFO] [stdout] running 15 tests
[INFO] [stdout] test date::tests::test2 ... ok
[INFO] [stdout] test chunked::encoder::test_bytes_to_read::simple_check_of_known_values ... ok
[INFO] [stdout] test date::tests::test3 ... ok
[INFO] [stdout] test date::tests::size_of ... ok
[INFO] [stdout] test date::tests::test_fmt ... ok
[INFO] [stdout] test server::decode::tests::url_for_conflicting_connect ... ok
[INFO] [stdout] test server::decode::tests::url_for_connect ... ok
[INFO] [stdout] test date::tests::test_rfc_example ... ok
[INFO] [stdout] test server::decode::tests::url_for_host_plus_path ... ok
[INFO] [stdout] test server::decode::tests::url_for_query ... ok
[INFO] [stdout] test server::decode::tests::url_for_malformed_resource_path ... ok
[INFO] [stdout] test server::decode::tests::url_for_triple_slash_path ... ok
[INFO] [stdout] test server::decode::tests::url_for_anchor ... ok
[INFO] [stdout] test server::decode::tests::url_for_double_slash_path ... ok
[INFO] [stderr]    Doc-tests acril_http
[INFO] [stdout] test server::decode::tests::url_for_host_plus_absolute_url ... ok
[INFO] [stdout] 
[INFO] [stdout] test result: ok. 15 passed; 0 failed; 0 ignored; 0 measured; 0 filtered out; finished in 0.02s
[INFO] [stdout] 
[INFO] [stderr] warning: lint `missing_doc_code_examples` has been renamed to `rustdoc::missing_doc_code_examples`
[INFO] [stderr]   --> src/lib.rs:92:23
[INFO] [stderr]    |
[INFO] [stderr] 92 | #![warn(missing_docs, missing_doc_code_examples, unreachable_pub)]
[INFO] [stderr]    |                       ^^^^^^^^^^^^^^^^^^^^^^^^^ help: use the new name: `rustdoc::missing_doc_code_examples`
[INFO] [stderr]    |
[INFO] [stderr]    = note: `#[warn(renamed_and_removed_lints)]` on by default
[INFO] [stderr] 
[INFO] [stderr] warning: unknown lint: `rustdoc::missing_doc_code_examples`
[INFO] [stderr]   --> src/lib.rs:92:1
[INFO] [stderr]    |
[INFO] [stderr] 92 | #![warn(missing_docs, missing_doc_code_examples, unreachable_pub)]
[INFO] [stderr]    | ^^^^^^^^^^^^^^^^^^^^^^^^^^^^^^^^^^^^^^^^^^^^^^^^^^^^^^^^^^^^^^^^^^
[INFO] [stderr]    |
[INFO] [stderr]    = note: the `rustdoc::missing_doc_code_examples` lint is unstable
[INFO] [stderr]    = note: see issue #101730 <https://github.com/rust-lang/rust/issues/101730> for more information
[INFO] [stderr]    = note: `#[warn(unknown_lints)]` on by default
[INFO] [stderr] 
[INFO] [stderr] warning: lint `missing_doc_code_examples` has been renamed to `rustdoc::missing_doc_code_examples`
[INFO] [stderr]    --> src/chunked/decoder.rs:123:13
[INFO] [stderr]     |
[INFO] [stderr] 123 |     #[allow(missing_doc_code_examples)]
[INFO] [stderr]     |             ^^^^^^^^^^^^^^^^^^^^^^^^^ help: use the new name: `rustdoc::missing_doc_code_examples`
[INFO] [stderr] 
[INFO] [stderr] warning: unknown lint: `rustdoc::missing_doc_code_examples`
[INFO] [stderr]    --> src/chunked/decoder.rs:123:5
[INFO] [stderr]     |
[INFO] [stderr] 123 |     #[allow(missing_doc_code_examples)]
[INFO] [stderr]     |     ^^^^^^^^^^^^^^^^^^^^^^^^^^^^^^^^^^^
[INFO] [stderr]     |
[INFO] [stderr]     = note: the `rustdoc::missing_doc_code_examples` lint is unstable
[INFO] [stderr]     = note: see issue #101730 <https://github.com/rust-lang/rust/issues/101730> for more information
[INFO] [stderr] 
[INFO] [stderr] warning: 4 warnings emitted
[INFO] [stderr] 
[INFO] [stdout] 
[INFO] [stdout] running 2 tests
[INFO] [stdout] test src/lib.rs - (line 29) - compile ... FAILED
[INFO] [stdout] test src/lib.rs - (line 51) - compile ... FAILED
[INFO] [stdout] 
[INFO] [stdout] failures:
[INFO] [stdout] 
[INFO] [stdout] ---- src/lib.rs - (line 29) stdout ----
[INFO] [stdout] error[E0433]: failed to resolve: could not find `main` in `async_std`
[INFO] [stdout]    --> src/lib.rs:33:14
[INFO] [stdout]     |
[INFO] [stdout] 5   | #[async_std::main]
[INFO] [stdout]     |              ^^^^ could not find `main` in `async_std`
[INFO] [stdout]     |
[INFO] [stdout] note: found an item that was configured out
[INFO] [stdout]    --> /opt/rustwide/cargo-home/registry/src/index.crates.io-6f17d22bba15001f/async-std-1.13.0/src/lib.rs:293:28
[INFO] [stdout]     |
[INFO] [stdout] 293 | pub use async_attributes::{main, test};
[INFO] [stdout]     |                            ^^^^
[INFO] [stdout] note: the item is gated behind the `attributes` feature
[INFO] [stdout]    --> /opt/rustwide/cargo-home/registry/src/index.crates.io-6f17d22bba15001f/async-std-1.13.0/src/lib.rs:290:7
[INFO] [stdout]     |
[INFO] [stdout] 290 | #[cfg(feature = "attributes")]
[INFO] [stdout]     |       ^^^^^^^^^^^^^^^^^^^^^^
[INFO] [stdout] 
[INFO] [stdout] error[E0433]: failed to resolve: use of undeclared crate or module `async_h1`
[INFO] [stdout]   --> src/lib.rs:42:15
[INFO] [stdout]    |
[INFO] [stdout] 14 |     let res = async_h1::connect(stream.clone(), req).await?;
[INFO] [stdout]    |               ^^^^^^^^ use of undeclared crate or module `async_h1`
[INFO] [stdout]    |
[INFO] [stdout] help: there is a crate or module with a similar name
[INFO] [stdout]    |
[INFO] [stdout] 14 |     let res = async_io::connect(stream.clone(), req).await?;
[INFO] [stdout]    |               ~~~~~~~~
[INFO] [stdout] 
[INFO] [stdout] error[E0752]: `main` function is not allowed to be `async`
[INFO] [stdout]  --> src/lib.rs:34:1
[INFO] [stdout]   |
[INFO] [stdout] 6 | async fn main() -> http_types::Result<()> {
[INFO] [stdout]   | ^^^^^^^^^^^^^^^^^^^^^^^^^^^^^^^^^^^^^^^^^ `main` function is not allowed to be `async`
[INFO] [stdout] 
[INFO] [stdout] error: aborting due to 3 previous errors
[INFO] [stdout] 
[INFO] [stdout] Some errors have detailed explanations: E0433, E0752.
[INFO] [stdout] For more information about an error, try `rustc --explain E0433`.
[INFO] [stdout] Couldn't compile the test.
[INFO] [stdout] ---- src/lib.rs - (line 51) stdout ----
[INFO] [stdout] error[E0433]: failed to resolve: could not find `main` in `async_std`
[INFO] [stdout]    --> src/lib.rs:57:14
[INFO] [stdout]     |
[INFO] [stdout] 7   | #[async_std::main]
[INFO] [stdout]     |              ^^^^ could not find `main` in `async_std`
[INFO] [stdout]     |
[INFO] [stdout] note: found an item that was configured out
[INFO] [stdout]    --> /opt/rustwide/cargo-home/registry/src/index.crates.io-6f17d22bba15001f/async-std-1.13.0/src/lib.rs:293:28
[INFO] [stdout]     |
[INFO] [stdout] 293 | pub use async_attributes::{main, test};
[INFO] [stdout]     |                            ^^^^
[INFO] [stdout] note: the item is gated behind the `attributes` feature
[INFO] [stdout]    --> /opt/rustwide/cargo-home/registry/src/index.crates.io-6f17d22bba15001f/async-std-1.13.0/src/lib.rs:290:7
[INFO] [stdout]     |
[INFO] [stdout] 290 | #[cfg(feature = "attributes")]
[INFO] [stdout]     |       ^^^^^^^^^^^^^^^^^^^^^^
[INFO] [stdout] 
[INFO] [stdout] error[E0433]: failed to resolve: use of undeclared crate or module `async_h1`
[INFO] [stdout]   --> src/lib.rs:80:5
[INFO] [stdout]    |
[INFO] [stdout] 30 |     async_h1::accept(stream.clone(), |_req| async move {
[INFO] [stdout]    |     ^^^^^^^^ use of undeclared crate or module `async_h1`
[INFO] [stdout]    |
[INFO] [stdout] help: there is a crate or module with a similar name
[INFO] [stdout]    |
[INFO] [stdout] 30 |     async_io::accept(stream.clone(), |_req| async move {
[INFO] [stdout]    |     ~~~~~~~~
[INFO] [stdout] 
[INFO] [stdout] error[E0752]: `main` function is not allowed to be `async`
[INFO] [stdout]  --> src/lib.rs:58:1
[INFO] [stdout]   |
[INFO] [stdout] 8 | async fn main() -> http_types::Result<()> {
[INFO] [stdout]   | ^^^^^^^^^^^^^^^^^^^^^^^^^^^^^^^^^^^^^^^^^ `main` function is not allowed to be `async`
[INFO] [stdout] 
[INFO] [stdout] error: aborting due to 3 previous errors
[INFO] [stdout] 
[INFO] [stdout] Some errors have detailed explanations: E0433, E0752.
[INFO] [stdout] For more information about an error, try `rustc --explain E0433`.
[INFO] [stdout] Couldn't compile the test.
[INFO] [stdout] 
[INFO] [stdout] failures:
[INFO] [stdout]     src/lib.rs - (line 29)
[INFO] [stdout]     src/lib.rs - (line 51)
[INFO] [stdout] 
[INFO] [stdout] test result: FAILED. 0 passed; 2 failed; 0 ignored; 0 measured; 0 filtered out; finished in 0.19s
[INFO] [stdout] 
[INFO] [stderr] error: doctest failed, to rerun pass `--doc`
[INFO] running `Command { std: "docker" "inspect" "a95724e524cc07d0ebd41412b3b68814c16b703a527f7414ee60f4ab90161ffd", kill_on_drop: false }`
[INFO] running `Command { std: "docker" "rm" "-f" "a95724e524cc07d0ebd41412b3b68814c16b703a527f7414ee60f4ab90161ffd", kill_on_drop: false }`
[INFO] [stdout] a95724e524cc07d0ebd41412b3b68814c16b703a527f7414ee60f4ab90161ffd
