[INFO] fetching crate accuweather 0.1.1...
[INFO] testing accuweather-0.1.1 against 1.83.0 for beta-1.84.0-4-retry
[INFO] extracting crate accuweather 0.1.1 into /workspace/builds/worker-2-tc1/source
[INFO] validating manifest of crates.io crate accuweather 0.1.1 on toolchain 1.83.0
[INFO] running `Command { std: CARGO_HOME="/workspace/cargo-home" RUSTUP_HOME="/workspace/rustup-home" "/workspace/cargo-home/bin/cargo" "+1.83.0" "metadata" "--manifest-path" "Cargo.toml" "--no-deps", kill_on_drop: false }`
[INFO] started tweaking crates.io crate accuweather 0.1.1
[INFO] finished tweaking crates.io crate accuweather 0.1.1
[INFO] tweaked toml for crates.io crate accuweather 0.1.1 written to /workspace/builds/worker-2-tc1/source/Cargo.toml
[INFO] running `Command { std: CARGO_HOME="/workspace/cargo-home" RUSTUP_HOME="/workspace/rustup-home" "/workspace/cargo-home/bin/cargo" "+1.83.0" "generate-lockfile" "--manifest-path" "Cargo.toml", kill_on_drop: false }`
[INFO] [stderr]     Updating crates.io index
[INFO] [stderr]      Locking 217 packages to latest compatible versions
[INFO] [stderr]       Adding mockito v0.23.3 (available: v1.6.1)
[INFO] [stderr]       Adding reqwest v0.9.24 (available: v0.12.9)
[INFO] [stderr]       Adding wasi v0.10.0+wasi-snapshot-preview1 (available: v0.10.2+wasi-snapshot-preview1)
[INFO] running `Command { std: CARGO_HOME="/workspace/cargo-home" RUSTUP_HOME="/workspace/rustup-home" "/workspace/cargo-home/bin/cargo" "+1.83.0" "fetch" "--manifest-path" "Cargo.toml", kill_on_drop: false }`
[INFO] [stderr]  Downloading crates ...
[INFO] [stderr]   Downloaded extend v0.1.2
[INFO] [stderr]   Downloaded assert-json-diff v1.1.0
[INFO] [stderr]   Downloaded mockito v0.23.3
[INFO] running `Command { std: "docker" "create" "-v" "/var/lib/crater-agent-workspace/builds/worker-2-tc1/target:/opt/rustwide/target:rw,Z" "-v" "/var/lib/crater-agent-workspace/builds/worker-2-tc1/source:/opt/rustwide/workdir:ro,Z" "-v" "/var/lib/crater-agent-workspace/cargo-home:/opt/rustwide/cargo-home:ro,Z" "-v" "/var/lib/crater-agent-workspace/rustup-home:/opt/rustwide/rustup-home:ro,Z" "-e" "SOURCE_DIR=/opt/rustwide/workdir" "-e" "CARGO_TARGET_DIR=/opt/rustwide/target" "-e" "CARGO_HOME=/opt/rustwide/cargo-home" "-e" "RUSTUP_HOME=/opt/rustwide/rustup-home" "-w" "/opt/rustwide/workdir" "-m" "1610612736" "--user" "0:0" "--network" "none" "ghcr.io/rust-lang/crates-build-env/linux@sha256:f3a9d4ad9d972b27faf3965f35b62e55ba32bbce8f20bc8fe909558a86702fde" "/opt/rustwide/cargo-home/bin/cargo" "+1.83.0" "metadata" "--no-deps" "--format-version=1", kill_on_drop: false }`
[INFO] [stdout] 42b36b4ef09c35270b5bee79e6e3137b4ac7ace2a06ff61fcc0a2ae52b0bfad4
[INFO] running `Command { std: "docker" "start" "-a" "42b36b4ef09c35270b5bee79e6e3137b4ac7ace2a06ff61fcc0a2ae52b0bfad4", kill_on_drop: false }`
[INFO] running `Command { std: "docker" "inspect" "42b36b4ef09c35270b5bee79e6e3137b4ac7ace2a06ff61fcc0a2ae52b0bfad4", kill_on_drop: false }`
[INFO] running `Command { std: "docker" "rm" "-f" "42b36b4ef09c35270b5bee79e6e3137b4ac7ace2a06ff61fcc0a2ae52b0bfad4", kill_on_drop: false }`
[INFO] [stdout] 42b36b4ef09c35270b5bee79e6e3137b4ac7ace2a06ff61fcc0a2ae52b0bfad4
[INFO] running `Command { std: "docker" "create" "-v" "/var/lib/crater-agent-workspace/builds/worker-2-tc1/target:/opt/rustwide/target:rw,Z" "-v" "/var/lib/crater-agent-workspace/builds/worker-2-tc1/source:/opt/rustwide/workdir:ro,Z" "-v" "/var/lib/crater-agent-workspace/cargo-home:/opt/rustwide/cargo-home:ro,Z" "-v" "/var/lib/crater-agent-workspace/rustup-home:/opt/rustwide/rustup-home:ro,Z" "-e" "SOURCE_DIR=/opt/rustwide/workdir" "-e" "CARGO_TARGET_DIR=/opt/rustwide/target" "-e" "CARGO_INCREMENTAL=0" "-e" "RUST_BACKTRACE=full" "-e" "RUSTFLAGS=--cap-lints=warn" "-e" "RUSTDOCFLAGS=--cap-lints=warn" "-e" "CARGO_HOME=/opt/rustwide/cargo-home" "-e" "RUSTUP_HOME=/opt/rustwide/rustup-home" "-w" "/opt/rustwide/workdir" "-m" "1610612736" "--user" "0:0" "--network" "none" "ghcr.io/rust-lang/crates-build-env/linux@sha256:f3a9d4ad9d972b27faf3965f35b62e55ba32bbce8f20bc8fe909558a86702fde" "/opt/rustwide/cargo-home/bin/cargo" "+1.83.0" "build" "--frozen" "--message-format=json", kill_on_drop: false }`
[INFO] [stdout] ab91c0515ebebc89d36baa691bff275e33673c170f8e2fa387c666bb0903d4f1
[INFO] running `Command { std: "docker" "start" "-a" "ab91c0515ebebc89d36baa691bff275e33673c170f8e2fa387c666bb0903d4f1", kill_on_drop: false }`
[INFO] [stderr]    Compiling proc-macro2 v1.0.92
[INFO] [stderr]    Compiling unicode-ident v1.0.14
[INFO] [stderr]    Compiling libc v0.2.168
[INFO] [stderr]    Compiling autocfg v1.4.0
[INFO] [stderr]    Compiling cfg-if v0.1.10
[INFO] [stderr]    Compiling byteorder v1.5.0
[INFO] [stderr]    Compiling futures v0.1.31
[INFO] [stderr]    Compiling lazy_static v1.5.0
[INFO] [stderr]    Compiling semver-parser v0.7.0
[INFO] [stderr]    Compiling maybe-uninit v2.0.0
[INFO] [stderr]    Compiling stable_deref_trait v1.2.0
[INFO] [stderr]    Compiling cfg-if v1.0.0
[INFO] [stderr]    Compiling log v0.4.22
[INFO] [stderr]    Compiling semver v0.9.0
[INFO] [stderr]    Compiling either v1.13.0
[INFO] [stderr]    Compiling autocfg v0.1.8
[INFO] [stderr]    Compiling rand_core v0.4.2
[INFO] [stderr]    Compiling litemap v0.7.4
[INFO] [stderr]    Compiling crossbeam-utils v0.7.2
[INFO] [stderr]    Compiling rustc_version v0.2.3
[INFO] [stderr]    Compiling slab v0.4.9
[INFO] [stderr]    Compiling syn v1.0.109
[INFO] [stderr]    Compiling memchr v2.7.4
[INFO] [stderr]    Compiling scopeguard v1.2.0
[INFO] [stderr]    Compiling quote v1.0.37
[INFO] [stderr]    Compiling writeable v0.5.5
[INFO] [stderr]    Compiling syn v2.0.90
[INFO] [stderr]    Compiling tinyvec_macros v0.1.1
[INFO] [stderr]    Compiling fnv v1.0.7
[INFO] [stderr]    Compiling shlex v1.3.0
[INFO] [stderr]    Compiling tinyvec v1.8.0
[INFO] [stderr]    Compiling cc v1.2.4
[INFO] [stderr]    Compiling parking_lot_core v0.6.3
[INFO] [stderr]    Compiling tokio-executor v0.1.10
[INFO] [stderr]    Compiling memoffset v0.5.6
[INFO] [stderr]    Compiling vcpkg v0.2.15
[INFO] [stderr]    Compiling icu_locid_transform_data v1.5.0
[INFO] [stderr]    Compiling pkg-config v0.3.31
[INFO] [stderr]    Compiling version_check v0.9.5
[INFO] [stderr]    Compiling iovec v0.1.4
[INFO] [stderr]    Compiling unicode-normalization v0.1.24
[INFO] [stderr]    Compiling bytes v0.4.12
[INFO] [stderr]    Compiling num_cpus v1.16.0
[INFO] [stderr]    Compiling parking_lot v0.9.0
[INFO] [stderr]    Compiling crossbeam-epoch v0.8.2
[INFO] [stderr]    Compiling smallvec v0.6.14
[INFO] [stderr]    Compiling matches v0.1.10
[INFO] [stderr]    Compiling unicode-bidi v0.3.17
[INFO] [stderr]    Compiling icu_properties_data v1.5.0
[INFO] [stderr]    Compiling serde v1.0.216
[INFO] [stderr]    Compiling tokio-io v0.1.13
[INFO] [stderr]    Compiling openssl-sys v0.9.104
[INFO] [stderr]    Compiling net2 v0.2.39
[INFO] [stderr]    Compiling lock_api v0.3.4
[INFO] [stderr]    Compiling rand_core v0.3.1
[INFO] [stderr]    Compiling write16 v1.0.0
[INFO] [stderr]    Compiling utf8_iter v1.0.4
[INFO] [stderr]    Compiling utf16_iter v1.0.5
[INFO] [stderr]    Compiling itoa v0.4.8
[INFO] [stderr]    Compiling smallvec v1.13.2
[INFO] [stderr]    Compiling icu_normalizer_data v1.5.0
[INFO] [stderr]    Compiling mio v0.6.23
[INFO] [stderr]    Compiling proc-macro-error-attr v1.0.4
[INFO] [stderr]    Compiling tokio-sync v0.1.8
[INFO] [stderr]    Compiling indexmap v1.9.3
[INFO] [stderr]    Compiling getrandom v0.1.16
[INFO] [stderr]    Compiling httparse v1.9.5
[INFO] [stderr]    Compiling adler2 v2.0.0
[INFO] [stderr]    Compiling percent-encoding v2.3.1
[INFO] [stderr]    Compiling serde_json v1.0.133
[INFO] [stderr]    Compiling miniz_oxide v0.8.0
[INFO] [stderr]    Compiling tokio-reactor v0.1.12
[INFO] [stderr]    Compiling crossbeam-deque v0.7.4
[INFO] [stderr]    Compiling http v0.1.21
[INFO] [stderr]    Compiling idna v0.1.5
[INFO] [stderr]    Compiling proc-macro-error v1.0.4
[INFO] [stderr]    Compiling time v0.1.45
[INFO] [stderr]    Compiling crossbeam-queue v0.2.3
[INFO] [stderr]    Compiling rand_pcg v0.1.2
[INFO] [stderr]    Compiling rand_chacha v0.1.1
[INFO] [stderr]    Compiling foreign-types-shared v0.1.1
[INFO] [stderr]    Compiling unicode-xid v0.2.6
[INFO] [stderr]    Compiling percent-encoding v1.0.1
[INFO] [stderr]    Compiling itoa v1.0.14
[INFO] [stderr]    Compiling ryu v1.0.18
[INFO] [stderr]    Compiling hashbrown v0.12.3
[INFO] [stderr]    Compiling gimli v0.31.1
[INFO] [stderr]    Compiling openssl v0.10.68
[INFO] [stderr]    Compiling failure_derive v0.1.8
[INFO] [stderr]    Compiling synstructure v0.12.6
[INFO] [stderr]    Compiling url v1.7.2
[INFO] [stderr]    Compiling foreign-types v0.3.2
[INFO] [stderr]    Compiling tokio-threadpool v0.1.18
[INFO] [stderr]    Compiling synstructure v0.13.1
[INFO] [stderr]    Compiling tokio-tcp v0.1.4
[INFO] [stderr]    Compiling form_urlencoded v1.2.1
[INFO] [stderr]    Compiling string v0.2.1
[INFO] [stderr]    Compiling tokio-buf v0.1.1
[INFO] [stderr]    Compiling tokio-current-thread v0.1.7
[INFO] [stderr]    Compiling tokio-timer v0.2.13
[INFO] [stderr]    Compiling object v0.36.5
[INFO] [stderr]    Compiling hyper v0.12.36
[INFO] [stderr]    Compiling rand v0.6.5
[INFO] [stderr]    Compiling native-tls v0.2.12
[INFO] [stderr]    Compiling addr2line v0.24.2
[INFO] [stderr]    Compiling rustc-demangle v0.1.24
[INFO] [stderr]    Compiling try-lock v0.2.5
[INFO] [stderr]    Compiling unicase v2.8.0
[INFO] [stderr]    Compiling once_cell v1.20.2
[INFO] [stderr]    Compiling bitflags v2.6.0
[INFO] [stderr]    Compiling zerofrom-derive v0.1.5
[INFO] [stderr]    Compiling yoke-derive v0.7.5
[INFO] [stderr]    Compiling zerovec-derive v0.10.3
[INFO] [stderr]    Compiling displaydoc v0.2.5
[INFO] [stderr]    Compiling icu_provider_macros v1.5.0
[INFO] [stderr]    Compiling serde_derive v1.0.216
[INFO] [stderr]    Compiling zerocopy-derive v0.7.35
[INFO] [stderr]    Compiling openssl-macros v0.1.1
[INFO] [stderr]    Compiling mime_guess v2.0.5
[INFO] [stderr]    Compiling want v0.2.0
[INFO] [stderr]    Compiling tokio v0.1.22
[INFO] [stderr]    Compiling zerofrom v0.1.5
[INFO] [stderr]    Compiling yoke v0.7.5
[INFO] [stderr]    Compiling zerocopy v0.7.35
[INFO] [stderr]    Compiling http-body v0.1.0
[INFO] [stderr]    Compiling h2 v0.1.26
[INFO] [stderr]    Compiling zerovec v0.10.4
[INFO] [stderr]    Compiling rand_core v0.5.1
[INFO] [stderr]    Compiling ppv-lite86 v0.2.20
[INFO] [stderr]    Compiling tinystr v0.7.6
[INFO] [stderr]    Compiling icu_collections v1.5.0
[INFO] [stderr]    Compiling icu_locid v1.5.0
[INFO] [stderr]    Compiling rand_xorshift v0.1.1
[INFO] [stderr]    Compiling backtrace v0.3.74
[INFO] [stderr]    Compiling rand_hc v0.1.0
[INFO] [stderr]    Compiling icu_provider v1.5.0
[INFO] [stderr]    Compiling rand_isaac v0.1.1
[INFO] [stderr]    Compiling idna v0.2.3
[INFO] [stderr]    Compiling futures-cpupool v0.1.8
[INFO] [stderr]    Compiling icu_locid_transform v1.5.0
[INFO] [stderr]    Compiling rand_os v0.1.3
[INFO] [stderr]    Compiling aho-corasick v1.1.3
[INFO] [stderr]    Compiling rand_jitter v0.1.4
[INFO] [stderr]    Compiling regex-syntax v0.8.5
[INFO] [stderr]    Compiling openssl-probe v0.1.5
[INFO] [stderr]    Compiling icu_properties v1.5.1
[INFO] [stderr]    Compiling failure v0.1.8
[INFO] [stderr]    Compiling rand_chacha v0.2.2
[INFO] [stderr]    Compiling extend v0.1.2
[INFO] [stderr]    Compiling cookie v0.12.0
[INFO] [stderr]    Compiling icu_normalizer v1.5.0
[INFO] [stderr]    Compiling regex-automata v0.4.9
[INFO] [stderr]    Compiling is-terminal v0.4.13
[INFO] [stderr]    Compiling crc32fast v1.4.2
[INFO] [stderr]    Compiling try_from v0.3.2
[INFO] [stderr]    Compiling mime v0.3.17
[INFO] [stderr]    Compiling dtoa v0.4.8
[INFO] [stderr]    Compiling idna_adapter v1.2.0
[INFO] [stderr]    Compiling idna v1.0.3
[INFO] [stderr]    Compiling url v2.5.4
[INFO] [stderr]    Compiling serde_urlencoded v0.5.5
[INFO] [stderr]    Compiling hyper-tls v0.3.2
[INFO] [stderr]    Compiling publicsuffix v1.5.6
[INFO] [stderr]    Compiling flate2 v1.0.35
[INFO] [stderr]    Compiling colored v1.9.4
[INFO] [stderr]    Compiling rand v0.7.3
[INFO] [stderr]    Compiling uuid v0.7.4
[INFO] [stderr]    Compiling base64 v0.10.1
[INFO] [stderr]    Compiling encoding_rs v0.8.35
[INFO] [stderr]    Compiling difference v2.0.0
[INFO] [stderr]    Compiling assert-json-diff v1.1.0
[INFO] [stderr]    Compiling cookie_store v0.7.0
[INFO] [stderr]    Compiling reqwest v0.9.24
[INFO] [stderr]    Compiling regex v1.11.1
[INFO] [stderr]    Compiling mockito v0.23.3
[INFO] [stderr]    Compiling accuweather v0.1.1 (/opt/rustwide/workdir)
[INFO] [stdout] warning: fields `category_value` and `type` are never read
[INFO] [stdout]   --> src/types.rs:43:5
[INFO] [stdout]    |
[INFO] [stdout] 39 | pub struct AirAndPollen {
[INFO] [stdout]    |            ------------ fields in this struct
[INFO] [stdout] ...
[INFO] [stdout] 43 |     category_value: i32,
[INFO] [stdout]    |     ^^^^^^^^^^^^^^
[INFO] [stdout] 44 |     #[serde(default = "air_pollen_default_type")]
[INFO] [stdout] 45 |     r#type: String,
[INFO] [stdout]    |     ^^^^^^
[INFO] [stdout]    |
[INFO] [stdout]    = note: `AirAndPollen` has a derived impl for the trait `Debug`, but this is intentionally ignored during dead code analysis
[INFO] [stdout]    = note: `#[warn(dead_code)]` on by default
[INFO] [stdout] 
[INFO] [stdout] 
[INFO] [stdout] warning: field `speed` is never read
[INFO] [stdout]   --> src/types.rs:69:5
[INFO] [stdout]    |
[INFO] [stdout] 68 | pub struct DailyWindGust {
[INFO] [stdout]    |            ------------- field in this struct
[INFO] [stdout] 69 |     speed: AccuweatherMeasurement,
[INFO] [stdout]    |     ^^^^^
[INFO] [stdout]    |
[INFO] [stdout]    = note: `DailyWindGust` has a derived impl for the trait `Debug`, but this is intentionally ignored during dead code analysis
[INFO] [stdout] 
[INFO] [stdout] 
[INFO] [stderr]     Finished `dev` profile [unoptimized + debuginfo] target(s) in 1m 54s
[INFO] running `Command { std: "docker" "inspect" "ab91c0515ebebc89d36baa691bff275e33673c170f8e2fa387c666bb0903d4f1", kill_on_drop: false }`
[INFO] running `Command { std: "docker" "rm" "-f" "ab91c0515ebebc89d36baa691bff275e33673c170f8e2fa387c666bb0903d4f1", kill_on_drop: false }`
[INFO] [stdout] ab91c0515ebebc89d36baa691bff275e33673c170f8e2fa387c666bb0903d4f1
[INFO] running `Command { std: "docker" "create" "-v" "/var/lib/crater-agent-workspace/builds/worker-2-tc1/target:/opt/rustwide/target:rw,Z" "-v" "/var/lib/crater-agent-workspace/builds/worker-2-tc1/source:/opt/rustwide/workdir:ro,Z" "-v" "/var/lib/crater-agent-workspace/cargo-home:/opt/rustwide/cargo-home:ro,Z" "-v" "/var/lib/crater-agent-workspace/rustup-home:/opt/rustwide/rustup-home:ro,Z" "-e" "SOURCE_DIR=/opt/rustwide/workdir" "-e" "CARGO_TARGET_DIR=/opt/rustwide/target" "-e" "CARGO_INCREMENTAL=0" "-e" "RUST_BACKTRACE=full" "-e" "RUSTFLAGS=--cap-lints=warn" "-e" "RUSTDOCFLAGS=--cap-lints=warn" "-e" "CARGO_HOME=/opt/rustwide/cargo-home" "-e" "RUSTUP_HOME=/opt/rustwide/rustup-home" "-w" "/opt/rustwide/workdir" "-m" "1610612736" "--user" "0:0" "--network" "none" "ghcr.io/rust-lang/crates-build-env/linux@sha256:f3a9d4ad9d972b27faf3965f35b62e55ba32bbce8f20bc8fe909558a86702fde" "/opt/rustwide/cargo-home/bin/cargo" "+1.83.0" "test" "--frozen" "--no-run" "--message-format=json", kill_on_drop: false }`
[INFO] [stdout] ee1a112300dd14c19355158c7bf29ef4e8472744d399c5a3a6efaa8ee1e0b023
[INFO] running `Command { std: "docker" "start" "-a" "ee1a112300dd14c19355158c7bf29ef4e8472744d399c5a3a6efaa8ee1e0b023", kill_on_drop: false }`
[INFO] [stderr]    Compiling accuweather v0.1.1 (/opt/rustwide/workdir)
[INFO] [stdout] warning: fields `category_value` and `type` are never read
[INFO] [stdout]   --> src/types.rs:43:5
[INFO] [stdout]    |
[INFO] [stdout] 39 | pub struct AirAndPollen {
[INFO] [stdout]    |            ------------ fields in this struct
[INFO] [stdout] ...
[INFO] [stdout] 43 |     category_value: i32,
[INFO] [stdout]    |     ^^^^^^^^^^^^^^
[INFO] [stdout] 44 |     #[serde(default = "air_pollen_default_type")]
[INFO] [stdout] 45 |     r#type: String,
[INFO] [stdout]    |     ^^^^^^
[INFO] [stdout]    |
[INFO] [stdout]    = note: `AirAndPollen` has a derived impl for the trait `Debug`, but this is intentionally ignored during dead code analysis
[INFO] [stdout]    = note: `#[warn(dead_code)]` on by default
[INFO] [stdout] 
[INFO] [stdout] 
[INFO] [stdout] warning: field `speed` is never read
[INFO] [stdout]   --> src/types.rs:69:5
[INFO] [stdout]    |
[INFO] [stdout] 68 | pub struct DailyWindGust {
[INFO] [stdout]    |            ------------- field in this struct
[INFO] [stdout] 69 |     speed: AccuweatherMeasurement,
[INFO] [stdout]    |     ^^^^^
[INFO] [stdout]    |
[INFO] [stdout]    = note: `DailyWindGust` has a derived impl for the trait `Debug`, but this is intentionally ignored during dead code analysis
[INFO] [stdout] 
[INFO] [stdout] 
[INFO] [stdout] warning: fields `category_value` and `type` are never read
[INFO] [stdout]   --> src/types.rs:43:5
[INFO] [stdout]    |
[INFO] [stdout] 39 | pub struct AirAndPollen {
[INFO] [stdout]    |            ------------ fields in this struct
[INFO] [stdout] ...
[INFO] [stdout] 43 |     category_value: i32,
[INFO] [stdout]    |     ^^^^^^^^^^^^^^
[INFO] [stdout] 44 |     #[serde(default = "air_pollen_default_type")]
[INFO] [stdout] 45 |     r#type: String,
[INFO] [stdout]    |     ^^^^^^
[INFO] [stdout]    |
[INFO] [stdout]    = note: `AirAndPollen` has a derived impl for the trait `Debug`, but this is intentionally ignored during dead code analysis
[INFO] [stdout]    = note: `#[warn(dead_code)]` on by default
[INFO] [stdout] 
[INFO] [stdout] 
[INFO] [stdout] warning: field `speed` is never read
[INFO] [stdout]   --> src/types.rs:69:5
[INFO] [stdout]    |
[INFO] [stdout] 68 | pub struct DailyWindGust {
[INFO] [stdout]    |            ------------- field in this struct
[INFO] [stdout] 69 |     speed: AccuweatherMeasurement,
[INFO] [stdout]    |     ^^^^^
[INFO] [stdout]    |
[INFO] [stdout]    = note: `DailyWindGust` has a derived impl for the trait `Debug`, but this is intentionally ignored during dead code analysis
[INFO] [stdout] 
[INFO] [stdout] 
[INFO] [stderr]     Finished `test` profile [unoptimized + debuginfo] target(s) in 6.01s
[INFO] running `Command { std: "docker" "inspect" "ee1a112300dd14c19355158c7bf29ef4e8472744d399c5a3a6efaa8ee1e0b023", kill_on_drop: false }`
[INFO] running `Command { std: "docker" "rm" "-f" "ee1a112300dd14c19355158c7bf29ef4e8472744d399c5a3a6efaa8ee1e0b023", kill_on_drop: false }`
[INFO] [stdout] ee1a112300dd14c19355158c7bf29ef4e8472744d399c5a3a6efaa8ee1e0b023
[INFO] running `Command { std: "docker" "create" "-v" "/var/lib/crater-agent-workspace/builds/worker-2-tc1/target:/opt/rustwide/target:rw,Z" "-v" "/var/lib/crater-agent-workspace/builds/worker-2-tc1/source:/opt/rustwide/workdir:ro,Z" "-v" "/var/lib/crater-agent-workspace/cargo-home:/opt/rustwide/cargo-home:ro,Z" "-v" "/var/lib/crater-agent-workspace/rustup-home:/opt/rustwide/rustup-home:ro,Z" "-e" "SOURCE_DIR=/opt/rustwide/workdir" "-e" "CARGO_TARGET_DIR=/opt/rustwide/target" "-e" "CARGO_INCREMENTAL=0" "-e" "RUST_BACKTRACE=full" "-e" "RUSTFLAGS=--cap-lints=warn" "-e" "RUSTDOCFLAGS=--cap-lints=warn" "-e" "CARGO_HOME=/opt/rustwide/cargo-home" "-e" "RUSTUP_HOME=/opt/rustwide/rustup-home" "-w" "/opt/rustwide/workdir" "-m" "1610612736" "--user" "0:0" "--network" "none" "ghcr.io/rust-lang/crates-build-env/linux@sha256:f3a9d4ad9d972b27faf3965f35b62e55ba32bbce8f20bc8fe909558a86702fde" "/opt/rustwide/cargo-home/bin/cargo" "+1.83.0" "test" "--frozen", kill_on_drop: false }`
[INFO] [stdout] 88a6ef400b4e9f3a5897c83f4a16faf09aa9e18328227bcdf4d8787d7efef85c
[INFO] running `Command { std: "docker" "start" "-a" "88a6ef400b4e9f3a5897c83f4a16faf09aa9e18328227bcdf4d8787d7efef85c", kill_on_drop: false }`
[INFO] [stderr] warning: fields `category_value` and `type` are never read
[INFO] [stderr]   --> src/types.rs:43:5
[INFO] [stderr]    |
[INFO] [stderr] 39 | pub struct AirAndPollen {
[INFO] [stderr]    |            ------------ fields in this struct
[INFO] [stderr] ...
[INFO] [stderr] 43 |     category_value: i32,
[INFO] [stderr]    |     ^^^^^^^^^^^^^^
[INFO] [stderr] 44 |     #[serde(default = "air_pollen_default_type")]
[INFO] [stderr] 45 |     r#type: String,
[INFO] [stderr]    |     ^^^^^^
[INFO] [stderr]    |
[INFO] [stderr]    = note: `AirAndPollen` has a derived impl for the trait `Debug`, but this is intentionally ignored during dead code analysis
[INFO] [stderr]    = note: `#[warn(dead_code)]` on by default
[INFO] [stderr] 
[INFO] [stderr] warning: field `speed` is never read
[INFO] [stderr]   --> src/types.rs:69:5
[INFO] [stderr]    |
[INFO] [stderr] 68 | pub struct DailyWindGust {
[INFO] [stderr]    |            ------------- field in this struct
[INFO] [stderr] 69 |     speed: AccuweatherMeasurement,
[INFO] [stderr]    |     ^^^^^
[INFO] [stderr]    |
[INFO] [stderr]    = note: `DailyWindGust` has a derived impl for the trait `Debug`, but this is intentionally ignored during dead code analysis
[INFO] [stderr] 
[INFO] [stderr] warning: `accuweather` (lib) generated 2 warnings
[INFO] [stderr] warning: `accuweather` (lib test) generated 2 warnings (2 duplicates)
[INFO] [stderr]     Finished `test` profile [unoptimized + debuginfo] target(s) in 0.29s
[INFO] [stderr]      Running unittests src/lib.rs (/opt/rustwide/target/debug/deps/accuweather-5e566bcdd9971b72)
[INFO] [stdout] 
[INFO] [stdout] running 9 tests
[INFO] [stdout] test tests::test_current_condition_nok_badlocation ... ok
[INFO] [stdout] test tests::test_current_condition_ok ... ok
[INFO] [stdout] test tests::test_daily_forecast_ok ... ok
[INFO] [stdout] test tests::test_hourly_forecast_nok_forbidden ... ok
[INFO] [stdout] test tests::test_daily_forecast_nok_badlocation ... ok
[INFO] [stdout] test tests::test_current_condition_nok_forbidden ... ok
[INFO] [stdout] test tests::test_hourly_forecast_nok_badlocation ... ok
[INFO] [stdout] test tests::test_daily_forecast_nok_forbidden ... ok
[INFO] [stdout] test tests::test_hourly_forecast_ok ... ok
[INFO] [stdout] 
[INFO] [stdout] test result: ok. 9 passed; 0 failed; 0 ignored; 0 measured; 0 filtered out; finished in 0.72s
[INFO] [stdout] 
[INFO] [stderr]    Doc-tests accuweather
[INFO] [stdout] 
[INFO] [stdout] running 6 tests
[INFO] [stdout] test src/lib.rs - (line 6) ... FAILED
[INFO] [stdout] test src/lib.rs - Accuweather::get_current_conditions (line 198) ... ok
[INFO] [stdout] test src/lib.rs - Accuweather::new (line 69) ... ok
[INFO] [stdout] test src/lib.rs - Accuweather::get_daily_forecasts (line 160) ... ok
[INFO] [stdout] test src/lib.rs - Accuweather::get_hourly_forecasts (line 119) ... ok
[INFO] [stdout] test src/lib.rs - Accuweather::set_location (line 98) ... ok
[INFO] [stdout] 
[INFO] [stdout] failures:
[INFO] [stdout] 
[INFO] [stdout] ---- src/lib.rs - (line 6) stdout ----
[INFO] [stdout] error: linking with `cc` failed: exit status: 1
[INFO] [stdout]   |
[INFO] [stdout]   = note: LC_ALL="C" PATH="/opt/rustwide/rustup-home/toolchains/1.83.0-x86_64-unknown-linux-gnu/lib/rustlib/x86_64-unknown-linux-gnu/bin:/opt/rustwide/cargo-home/bin:/usr/local/sbin:/usr/local/bin:/usr/sbin:/usr/bin:/sbin:/bin" VSLANG="1033" "cc" "-m64" "/tmp/rustccLeOoN/symbols.o" "/tmp/rustdoctestXym7MC/rust_out.rust_out.cb03291d53e4e161-cgu.0.rcgu.o" "/tmp/rustdoctestXym7MC/rust_out.1s7umcihpz0t7nkz1uc2ifee9.rcgu.o" "-Wl,--as-needed" "-Wl,-Bstatic" "/opt/rustwide/target/debug/deps/libaccuweather-5e186e1eda54f994.rlib" "/opt/rustwide/target/debug/deps/libreqwest-d0ad746e6eb04a8f.rlib" "/opt/rustwide/target/debug/deps/libuuid-b9490f3db178e8d5.rlib" "/opt/rustwide/target/debug/deps/librand-f75ff622483b0358.rlib" "/opt/rustwide/target/debug/deps/librand_xorshift-624155b12ad520f8.rlib" "/opt/rustwide/target/debug/deps/librand_pcg-583de66b5ce8c71a.rlib" "/opt/rustwide/target/debug/deps/librand_hc-9651cffcbad4b118.rlib" "/opt/rustwide/target/debug/deps/librand_chacha-34a0102064d65d32.rlib" "/opt/rustwide/target/debug/deps/librand_isaac-44f8dc296a323903.rlib" "/opt/rustwide/target/debug/deps/librand_core-d40bebf79543b9a2.rlib" "/opt/rustwide/target/debug/deps/librand_os-f2a4c8e36ee15dd2.rlib" "/opt/rustwide/target/debug/deps/librand_jitter-914c763687af1ea6.rlib" "/opt/rustwide/target/debug/deps/librand_core-38860c462658ca5f.rlib" "/opt/rustwide/target/debug/deps/libserde_urlencoded-e266e1abf05071de.rlib" "/opt/rustwide/target/debug/deps/libdtoa-ee957b148a93b334.rlib" "/opt/rustwide/target/debug/deps/libmime_guess-9966a2f15bddff45.rlib" "/opt/rustwide/target/debug/deps/libunicase-33f63275c5ec20a7.rlib" "/opt/rustwide/target/debug/deps/libmime-566b615028bbb9d4.rlib" "/opt/rustwide/target/debug/deps/libflate2-1df42ee04d99d6ec.rlib" "/opt/rustwide/target/debug/deps/libcrc32fast-6da0a50d86e2d24a.rlib" "/opt/rustwide/target/debug/deps/libhyper_tls-ee95cf05b502e3a3.rlib" "/opt/rustwide/target/debug/deps/libnative_tls-1d433f36c75a5ac1.rlib" "/opt/rustwide/target/debug/deps/libopenssl_probe-111dcb0b3b714b0f.rlib" "/opt/rustwide/target/debug/deps/libopenssl-ab580f46cb5c7771.rlib" "/opt/rustwide/target/debug/deps/libonce_cell-6f631f2a5f71cecc.rlib" "/opt/rustwide/target/debug/deps/libbitflags-e3f7c5486a00e38a.rlib" "/opt/rustwide/target/debug/deps/libforeign_types-504d8dbdd27ff197.rlib" "/opt/rustwide/target/debug/deps/libforeign_types_shared-f6b6a54f87ce1292.rlib" "/opt/rustwide/target/debug/deps/libopenssl_sys-ce8586d7b5661cf2.rlib" "/opt/rustwide/target/debug/deps/libhyper-c95aee6b34e53840.rlib" "/opt/rustwide/target/debug/deps/libwant-91d3180bf76c3a01.rlib" "/opt/rustwide/target/debug/deps/libtry_lock-f3f4362ed4ca7e4a.rlib" "/opt/rustwide/target/debug/deps/libtokio-f449d6b0a664cc7b.rlib" "/opt/rustwide/target/debug/deps/libtokio_timer-51ed8e9bac86704f.rlib" "/opt/rustwide/target/debug/deps/libtokio_threadpool-eec9dad15a45f8d8.rlib" "/opt/rustwide/target/debug/deps/libcrossbeam_queue-6f718e75cbae0dc1.rlib" "/opt/rustwide/target/debug/deps/libcrossbeam_deque-d98f73fb0661642c.rlib" "/opt/rustwide/target/debug/deps/libcrossbeam_epoch-e4a6f4b7b9bc44d5.rlib" "/opt/rustwide/target/debug/deps/libmemoffset-dfdc32d0d744d4cb.rlib" "/opt/rustwide/target/debug/deps/libtokio_tcp-0c4fa0b9fa863827.rlib" "/opt/rustwide/target/debug/deps/libtokio_reactor-27481083ed43da2a.rlib" "/opt/rustwide/target/debug/deps/libtokio_sync-04149bf623321317.rlib" "/opt/rustwide/target/debug/deps/libparking_lot-affd9315088b1e36.rlib" "/opt/rustwide/target/debug/deps/libparking_lot_core-bd91711accb75b37.rlib" "/opt/rustwide/target/debug/deps/libsmallvec-48c15f0f9d149fa6.rlib" "/opt/rustwide/target/debug/deps/libmaybe_uninit-9e510a350230cf92.rlib" "/opt/rustwide/target/debug/deps/liblock_api-b51f358afe47029b.rlib" "/opt/rustwide/target/debug/deps/libscopeguard-d59b845c07f126eb.rlib" "/opt/rustwide/target/debug/deps/libtokio_current_thread-2e20bf813a034ecb.rlib" "/opt/rustwide/target/debug/deps/libtokio_executor-be5f19783453de97.rlib" "/opt/rustwide/target/debug/deps/libcrossbeam_utils-9dd30c1af9c95647.rlib" "/opt/rustwide/target/debug/deps/liblazy_static-977f75dcedc2f7be.rlib" "/opt/rustwide/target/debug/deps/libmio-077c371a611f4889.rlib" "/opt/rustwide/target/debug/deps/libnet2-5ad355658af5e299.rlib" "/opt/rustwide/target/debug/deps/libhttparse-63cb856626cec0ca.rlib" "/opt/rustwide/target/debug/deps/libhttp_body-88c05a563f36036e.rlib" "/opt/rustwide/target/debug/deps/libtokio_buf-54714834ad36af01.rlib" "/opt/rustwide/target/debug/deps/libh2-01f1d12990e3dafe.rlib" "/opt/rustwide/target/debug/deps/libindexmap-d74584f9555f65b2.rlib" "/opt/rustwide/target/debug/deps/libhashbrown-f7f97c562b093c36.rlib" "/opt/rustwide/target/debug/deps/libstring-1761f4218a06740f.rlib" "/opt/rustwide/target/debug/deps/libslab-083dd68e0bc19c95.rlib" "/opt/rustwide/target/debug/deps/libtokio_io-ce664772dd9bf152.rlib" "/opt/rustwide/target/debug/deps/libfutures_cpupool-063fc7a8c53b3399.rlib" "/opt/rustwide/target/debug/deps/libnum_cpus-89d8544844dfd301.rlib" "/opt/rustwide/target/debug/deps/libhttp-fa71568cc36be342.rlib" "/opt/rustwide/target/debug/deps/libitoa-33e5206728a399ed.rlib" "/opt/rustwide/target/debug/deps/libfnv-b4bd047f342dff07.rlib" "/opt/rustwide/target/debug/deps/libfutures-7ee3dd626c3ea025.rlib" "/opt/rustwide/target/debug/deps/libencoding_rs-769073f1aea0b84b.rlib" "/opt/rustwide/target/debug/deps/libcookie_store-2d263c156a6b012c.rlib" "/opt/rustwide/target/debug/deps/libserde_json-7d252ca0f64f3a63.rlib" "/opt/rustwide/target/debug/deps/libitoa-e8776415c5fe0047.rlib" "/opt/rustwide/target/debug/deps/libryu-bba83beca99dd7c0.rlib" "/opt/rustwide/target/debug/deps/liblog-2579a5a2dbce8c4d.rlib" "/opt/rustwide/target/debug/deps/libpublicsuffix-35ee0add3a755130.rlib" "/opt/rustwide/target/debug/deps/libidna-d5e659ece4e9699d.rlib" "/opt/rustwide/target/debug/deps/liburl-4c8177c2875cd49e.rlib" "/opt/rustwide/target/debug/deps/libidna-10e859f3d21b86c5.rlib" "/opt/rustwide/target/debug/deps/libidna_adapter-f87fef53c23467d2.rlib" "/opt/rustwide/target/debug/deps/libicu_normalizer-957986db2bdf2733.rlib" "/opt/rustwide/target/debug/deps/libicu_normalizer_data-762e61f43eae08c2.rlib" "/opt/rustwide/target/debug/deps/libwrite16-85fd16f27fd45657.rlib" "/opt/rustwide/target/debug/deps/libutf8_iter-fbf995b92c341ba3.rlib" "/opt/rustwide/target/debug/deps/libutf16_iter-83f8708e12b6535a.rlib" "/opt/rustwide/target/debug/deps/libsmallvec-01f95b0ceff06af9.rlib" "/opt/rustwide/target/debug/deps/libicu_properties-9270ca9c84598063.rlib" "/opt/rustwide/target/debug/deps/libicu_properties_data-52a01acc947e4a6d.rlib" "/opt/rustwide/target/debug/deps/libicu_locid_transform-b4429478dfa57ac9.rlib" "/opt/rustwide/target/debug/deps/libicu_locid_transform_data-38f8208716c2d35a.rlib" "/opt/rustwide/target/debug/deps/libicu_collections-f580123dfd731285.rlib" "/opt/rustwide/target/debug/deps/libicu_provider-a7d23b39b97caa19.rlib" "/opt/rustwide/target/debug/deps/libicu_locid-550638a7cccbc7f4.rlib" "/opt/rustwide/target/debug/deps/liblitemap-a0ca3b3971bb4be7.rlib" "/opt/rustwide/target/debug/deps/libtinystr-6dd7a6ea22442228.rlib" "/opt/rustwide/target/debug/deps/libzerovec-3fc4ebf7626bcbef.rlib" "/opt/rustwide/target/debug/deps/libwriteable-c63e282ed55b92df.rlib" "/opt/rustwide/target/debug/deps/libyoke-c8194a6a3caf20a5.rlib" "/opt/rustwide/target/debug/deps/libzerofrom-0ba18ddbd9aa0fd2.rlib" "/opt/rustwide/target/debug/deps/libstable_deref_trait-3602560bab1848e8.rlib" "/opt/rustwide/target/debug/deps/libform_urlencoded-6f121219fd6cdc7f.rlib" "/opt/rustwide/target/debug/deps/libpercent_encoding-88cba40a7181d984.rlib" "/opt/rustwide/target/debug/deps/libtry_from-ed73d71412154e58.rlib" "/opt/rustwide/target/debug/deps/libcfg_if-5398d23e7a4afed7.rlib" "/opt/rustwide/target/debug/deps/libserde-64a639a95a89ef6f.rlib" "/opt/rustwide/target/debug/deps/libfailure-0773bd7f0c5221f7.rlib" "/opt/rustwide/target/debug/deps/libbacktrace-c8430015c6e0fd35.rlib" "/opt/rustwide/target/debug/deps/libminiz_oxide-dbe4d5c6b06aebd9.rlib" "/opt/rustwide/target/debug/deps/libadler2-e253e5013e39fbc6.rlib" "/opt/rustwide/target/debug/deps/libobject-0660ac5ddf7d604a.rlib" "/opt/rustwide/target/debug/deps/libmemchr-6b84ce758acd6c63.rlib" "/opt/rustwide/target/debug/deps/libaddr2line-43665798719f3261.rlib" "/opt/rustwide/target/debug/deps/libgimli-3047625204a9f3c9.rlib" "/opt/rustwide/target/debug/deps/libcfg_if-8217498f8667ada9.rlib" "/opt/rustwide/target/debug/deps/librustc_demangle-dbcc1c7486156ebd.rlib" "/opt/rustwide/target/debug/deps/libcookie-e5cf6d72b8edd827.rlib" "/opt/rustwide/target/debug/deps/libtime-311811e23e4d3e18.rlib" "/opt/rustwide/target/debug/deps/liburl-7fc21fd3d31b6d69.rlib" "/opt/rustwide/target/debug/deps/libpercent_encoding-83c6a95d93fb53a2.rlib" "/opt/rustwide/target/debug/deps/libidna-6db22deb9ec8b206.rlib" "/opt/rustwide/target/debug/deps/libunicode_normalization-aa23cd958ba44085.rlib" "/opt/rustwide/target/debug/deps/libtinyvec-ae8d3c8ddfe5386c.rlib" "/opt/rustwide/target/debug/deps/libtinyvec_macros-bb1333ecdeeba2ad.rlib" "/opt/rustwide/target/debug/deps/libunicode_bidi-b71ebc0b93fe6ac4.rlib" "/opt/rustwide/target/debug/deps/libmatches-cab84763ff3283e9.rlib" "/opt/rustwide/target/debug/deps/libbytes-5ac4b2d227bf2e84.rlib" "/opt/rustwide/target/debug/deps/libeither-f8e74052d764b867.rlib" "/opt/rustwide/target/debug/deps/libiovec-9f91318864e83fc0.rlib" "/opt/rustwide/target/debug/deps/liblibc-c7def1cd1c4956c8.rlib" "/opt/rustwide/target/debug/deps/libbase64-f6cc8774db908679.rlib" "/opt/rustwide/target/debug/deps/libbyteorder-f47bc0e1adee4793.rlib" "/opt/rustwide/rustup-home/toolchains/1.83.0-x86_64-unknown-linux-gnu/lib/rustlib/x86_64-unknown-linux-gnu/lib/libstd-ca74a2d9c5166d9f.rlib" "/opt/rustwide/rustup-home/toolchains/1.83.0-x86_64-unknown-linux-gnu/lib/rustlib/x86_64-unknown-linux-gnu/lib/libpanic_unwind-e31ab23316ed5080.rlib" "/opt/rustwide/rustup-home/toolchains/1.83.0-x86_64-unknown-linux-gnu/lib/rustlib/x86_64-unknown-linux-gnu/lib/libobject-27dc4aa955912662.rlib" "/opt/rustwide/rustup-home/toolchains/1.83.0-x86_64-unknown-linux-gnu/lib/rustlib/x86_64-unknown-linux-gnu/lib/libmemchr-bd0d6cccce077b99.rlib" "/opt/rustwide/rustup-home/toolchains/1.83.0-x86_64-unknown-linux-gnu/lib/rustlib/x86_64-unknown-linux-gnu/lib/libaddr2line-8d001680935b5e3c.rlib" "/opt/rustwide/rustup-home/toolchains/1.83.0-x86_64-unknown-linux-gnu/lib/rustlib/x86_64-unknown-linux-gnu/lib/libgimli-ba8ce71964f984f4.rlib" "/opt/rustwide/rustup-home/toolchains/1.83.0-x86_64-unknown-linux-gnu/lib/rustlib/x86_64-unknown-linux-gnu/lib/librustc_demangle-99a73526abcec14b.rlib" "/opt/rustwide/rustup-home/toolchains/1.83.0-x86_64-unknown-linux-gnu/lib/rustlib/x86_64-unknown-linux-gnu/lib/libstd_detect-63ac0d22cff92579.rlib" "/opt/rustwide/rustup-home/toolchains/1.83.0-x86_64-unknown-linux-gnu/lib/rustlib/x86_64-unknown-linux-gnu/lib/libhashbrown-9057355c92c922d5.rlib" "/opt/rustwide/rustup-home/toolchains/1.83.0-x86_64-unknown-linux-gnu/lib/rustlib/x86_64-unknown-linux-gnu/lib/librustc_std_workspace_alloc-358be9bc1f6bab04.rlib" "/opt/rustwide/rustup-home/toolchains/1.83.0-x86_64-unknown-linux-gnu/lib/rustlib/x86_64-unknown-linux-gnu/lib/libminiz_oxide-aca15549d5bff974.rlib" "/opt/rustwide/rustup-home/toolchains/1.83.0-x86_64-unknown-linux-gnu/lib/rustlib/x86_64-unknown-linux-gnu/lib/libadler-8251d2cef7072448.rlib" "/opt/rustwide/rustup-home/toolchains/1.83.0-x86_64-unknown-linux-gnu/lib/rustlib/x86_64-unknown-linux-gnu/lib/libunwind-7d50b86011c66411.rlib" "/opt/rustwide/rustup-home/toolchains/1.83.0-x86_64-unknown-linux-gnu/lib/rustlib/x86_64-unknown-linux-gnu/lib/libcfg_if-51ea098fce5006bf.rlib" "/opt/rustwide/rustup-home/toolchains/1.83.0-x86_64-unknown-linux-gnu/lib/rustlib/x86_64-unknown-linux-gnu/lib/liblibc-5a14e0d0b712e731.rlib" "/opt/rustwide/rustup-home/toolchains/1.83.0-x86_64-unknown-linux-gnu/lib/rustlib/x86_64-unknown-linux-gnu/lib/liballoc-8b83dbf3a7b8f999.rlib" "/opt/rustwide/rustup-home/toolchains/1.83.0-x86_64-unknown-linux-gnu/lib/rustlib/x86_64-unknown-linux-gnu/lib/librustc_std_workspace_core-c6fd227bdc7b39ff.rlib" "/opt/rustwide/rustup-home/toolchains/1.83.0-x86_64-unknown-linux-gnu/lib/rustlib/x86_64-unknown-linux-gnu/lib/libcore-959d3389fa3da8a5.rlib" "/opt/rustwide/rustup-home/toolchains/1.83.0-x86_64-unknown-linux-gnu/lib/rustlib/x86_64-unknown-linux-gnu/lib/libcompiler_builtins-abe05db089cc2c62.rlib" "-Wl,-Bdynamic" "-lssl" "-lcrypto" "-lgcc_s" "-lutil" "-lrt" "-lpthread" "-lm" "-ldl" "-lc" "-Wl,--eh-frame-hdr" "-Wl,-z,noexecstack" "-L" "/opt/rustwide/rustup-home/toolchains/1.83.0-x86_64-unknown-linux-gnu/lib/rustlib/x86_64-unknown-linux-gnu/lib" "-o" "/tmp/rustdoctestXym7MC/rust_out" "-Wl,--gc-sections" "-pie" "-Wl,-z,relro,-z,now" "-nodefaultlibs"
[INFO] [stdout]   = note: collect2: fatal error: ld terminated with signal 9 [Killed]
[INFO] [stdout]           compilation terminated.
[INFO] [stdout]           
[INFO] [stdout] 
[INFO] [stdout] error: aborting due to 1 previous error
[INFO] [stdout] 
[INFO] [stdout] Couldn't compile the test.
[INFO] [stdout] 
[INFO] [stdout] failures:
[INFO] [stdout]     src/lib.rs - (line 6)
[INFO] [stdout] 
[INFO] [stdout] test result: FAILED. 5 passed; 1 failed; 0 ignored; 0 measured; 0 filtered out; finished in 14.74s
[INFO] [stdout] 
[INFO] [stderr] error: doctest failed, to rerun pass `--doc`
[INFO] running `Command { std: "docker" "inspect" "88a6ef400b4e9f3a5897c83f4a16faf09aa9e18328227bcdf4d8787d7efef85c", kill_on_drop: false }`
[INFO] running `Command { std: "docker" "rm" "-f" "88a6ef400b4e9f3a5897c83f4a16faf09aa9e18328227bcdf4d8787d7efef85c", kill_on_drop: false }`
[INFO] [stdout] 88a6ef400b4e9f3a5897c83f4a16faf09aa9e18328227bcdf4d8787d7efef85c
