[INFO] fetching crate accumulate-api 0.1.0...
[INFO] testing accumulate-api-0.1.0 against 1.83.0 for beta-1.84.0-4-retry
[INFO] extracting crate accumulate-api 0.1.0 into /workspace/builds/worker-2-tc1/source
[INFO] validating manifest of crates.io crate accumulate-api 0.1.0 on toolchain 1.83.0
[INFO] running `Command { std: CARGO_HOME="/workspace/cargo-home" RUSTUP_HOME="/workspace/rustup-home" "/workspace/cargo-home/bin/cargo" "+1.83.0" "metadata" "--manifest-path" "Cargo.toml" "--no-deps", kill_on_drop: false }`
[INFO] started tweaking crates.io crate accumulate-api 0.1.0
[INFO] finished tweaking crates.io crate accumulate-api 0.1.0
[INFO] tweaked toml for crates.io crate accumulate-api 0.1.0 written to /workspace/builds/worker-2-tc1/source/Cargo.toml
[INFO] crate crates.io crate accumulate-api 0.1.0 already has a lockfile, it will not be regenerated
[INFO] running `Command { std: CARGO_HOME="/workspace/cargo-home" RUSTUP_HOME="/workspace/rustup-home" "/workspace/cargo-home/bin/cargo" "+1.83.0" "fetch" "--manifest-path" "Cargo.toml", kill_on_drop: false }`
[INFO] running `Command { std: "docker" "create" "-v" "/var/lib/crater-agent-workspace/builds/worker-2-tc1/target:/opt/rustwide/target:rw,Z" "-v" "/var/lib/crater-agent-workspace/builds/worker-2-tc1/source:/opt/rustwide/workdir:ro,Z" "-v" "/var/lib/crater-agent-workspace/cargo-home:/opt/rustwide/cargo-home:ro,Z" "-v" "/var/lib/crater-agent-workspace/rustup-home:/opt/rustwide/rustup-home:ro,Z" "-e" "SOURCE_DIR=/opt/rustwide/workdir" "-e" "CARGO_TARGET_DIR=/opt/rustwide/target" "-e" "CARGO_HOME=/opt/rustwide/cargo-home" "-e" "RUSTUP_HOME=/opt/rustwide/rustup-home" "-w" "/opt/rustwide/workdir" "-m" "1610612736" "--user" "0:0" "--network" "none" "ghcr.io/rust-lang/crates-build-env/linux@sha256:f3a9d4ad9d972b27faf3965f35b62e55ba32bbce8f20bc8fe909558a86702fde" "/opt/rustwide/cargo-home/bin/cargo" "+1.83.0" "metadata" "--no-deps" "--format-version=1", kill_on_drop: false }`
[INFO] [stdout] 8150f284f71c5ffb6c52b3b689ac3be1dd68d3d3ea5284ee778e5ac244776bc0
[INFO] running `Command { std: "docker" "start" "-a" "8150f284f71c5ffb6c52b3b689ac3be1dd68d3d3ea5284ee778e5ac244776bc0", kill_on_drop: false }`
[INFO] running `Command { std: "docker" "inspect" "8150f284f71c5ffb6c52b3b689ac3be1dd68d3d3ea5284ee778e5ac244776bc0", kill_on_drop: false }`
[INFO] running `Command { std: "docker" "rm" "-f" "8150f284f71c5ffb6c52b3b689ac3be1dd68d3d3ea5284ee778e5ac244776bc0", kill_on_drop: false }`
[INFO] [stdout] 8150f284f71c5ffb6c52b3b689ac3be1dd68d3d3ea5284ee778e5ac244776bc0
[INFO] running `Command { std: "docker" "create" "-v" "/var/lib/crater-agent-workspace/builds/worker-2-tc1/target:/opt/rustwide/target:rw,Z" "-v" "/var/lib/crater-agent-workspace/builds/worker-2-tc1/source:/opt/rustwide/workdir:ro,Z" "-v" "/var/lib/crater-agent-workspace/cargo-home:/opt/rustwide/cargo-home:ro,Z" "-v" "/var/lib/crater-agent-workspace/rustup-home:/opt/rustwide/rustup-home:ro,Z" "-e" "SOURCE_DIR=/opt/rustwide/workdir" "-e" "CARGO_TARGET_DIR=/opt/rustwide/target" "-e" "CARGO_INCREMENTAL=0" "-e" "RUST_BACKTRACE=full" "-e" "RUSTFLAGS=--cap-lints=warn" "-e" "RUSTDOCFLAGS=--cap-lints=warn" "-e" "CARGO_HOME=/opt/rustwide/cargo-home" "-e" "RUSTUP_HOME=/opt/rustwide/rustup-home" "-w" "/opt/rustwide/workdir" "-m" "1610612736" "--user" "0:0" "--network" "none" "ghcr.io/rust-lang/crates-build-env/linux@sha256:f3a9d4ad9d972b27faf3965f35b62e55ba32bbce8f20bc8fe909558a86702fde" "/opt/rustwide/cargo-home/bin/cargo" "+1.83.0" "build" "--frozen" "--message-format=json", kill_on_drop: false }`
[INFO] [stdout] 0d51e3c7811d64ee394671ff481a088b78c317796a162d2f96570927fc31b7d9
[INFO] running `Command { std: "docker" "start" "-a" "0d51e3c7811d64ee394671ff481a088b78c317796a162d2f96570927fc31b7d9", kill_on_drop: false }`
[INFO] [stderr]    Compiling proc-macro2 v1.0.76
[INFO] [stderr]    Compiling libc v0.2.152
[INFO] [stderr]    Compiling parking_lot_core v0.9.9
[INFO] [stderr]    Compiling vcpkg v0.2.15
[INFO] [stderr]    Compiling pkg-config v0.3.28
[INFO] [stderr]    Compiling pin-project-lite v0.2.13
[INFO] [stderr]    Compiling smallvec v1.11.2
[INFO] [stderr]    Compiling futures-core v0.3.21
[INFO] [stderr]    Compiling scopeguard v1.2.0
[INFO] [stderr]    Compiling bytes v1.5.0
[INFO] [stderr]    Compiling itoa v1.0.1
[INFO] [stderr]    Compiling lock_api v0.4.11
[INFO] [stderr]    Compiling futures-task v0.3.21
[INFO] [stderr]    Compiling tracing-core v0.1.32
[INFO] [stderr]    Compiling futures-util v0.3.21
[INFO] [stderr]    Compiling openssl v0.10.62
[INFO] [stderr]    Compiling serde v1.0.195
[INFO] [stderr]    Compiling log v0.4.20
[INFO] [stderr]    Compiling futures-sink v0.3.21
[INFO] [stderr]    Compiling futures-channel v0.3.21
[INFO] [stderr]    Compiling bitflags v2.4.1
[INFO] [stderr]    Compiling memchr v2.4.1
[INFO] [stderr]    Compiling indexmap v2.1.0
[INFO] [stderr]    Compiling try-lock v0.2.5
[INFO] [stderr]    Compiling slab v0.4.5
[INFO] [stderr]    Compiling unicode-normalization v0.1.22
[INFO] [stderr]    Compiling http v0.2.11
[INFO] [stderr]    Compiling tracing v0.1.40
[INFO] [stderr]    Compiling want v0.3.1
[INFO] [stderr]    Compiling unicode-bidi v0.3.14
[INFO] [stderr]    Compiling httpdate v1.0.3
[INFO] [stderr]    Compiling serde_json v1.0.111
[INFO] [stderr]    Compiling ryu v1.0.9
[INFO] [stderr]    Compiling async-trait v0.1.77
[INFO] [stderr]    Compiling thiserror v1.0.56
[INFO] [stderr]    Compiling regex-syntax v0.6.29
[INFO] [stderr]    Compiling encoding_rs v0.8.33
[INFO] [stderr]    Compiling openssl-sys v0.9.98
[INFO] [stderr]    Compiling humantime v2.1.0
[INFO] [stderr]    Compiling quote v1.0.35
[INFO] [stderr]    Compiling termcolor v1.4.1
[INFO] [stderr]    Compiling base64 v0.21.7
[INFO] [stderr]    Compiling ipnet v2.9.0
[INFO] [stderr]    Compiling http-body v0.4.6
[INFO] [stderr]    Compiling syn v2.0.48
[INFO] [stderr]    Compiling signal-hook-registry v1.4.1
[INFO] [stderr]    Compiling socket2 v0.5.5
[INFO] [stderr]    Compiling mio v0.8.10
[INFO] [stderr]    Compiling num_cpus v1.16.0
[INFO] [stderr]    Compiling idna v0.5.0
[INFO] [stderr]    Compiling aho-corasick v0.7.20
[INFO] [stderr]    Compiling parking_lot v0.12.1
[INFO] [stderr]    Compiling atty v0.2.14
[INFO] [stderr]    Compiling native-tls v0.2.11
[INFO] [stderr]    Compiling url v2.5.0
[INFO] [stderr]    Compiling regex v1.7.3
[INFO] [stderr]    Compiling env_logger v0.9.3
[INFO] [stderr]    Compiling tokio-macros v2.2.0
[INFO] [stderr]    Compiling openssl-macros v0.1.1
[INFO] [stderr]    Compiling serde_derive v1.0.195
[INFO] [stderr]    Compiling thiserror-impl v1.0.56
[INFO] [stderr]    Compiling tokio v1.35.1
[INFO] [stderr]    Compiling tokio-util v0.7.10
[INFO] [stderr]    Compiling tokio-native-tls v0.3.1
[INFO] [stderr]    Compiling h2 v0.3.23
[INFO] [stderr]    Compiling serde_urlencoded v0.7.1
[INFO] [stderr]    Compiling hyper v0.14.28
[INFO] [stderr]    Compiling hyper-tls v0.5.0
[INFO] [stderr]    Compiling reqwest v0.11.23
[INFO] [stderr]    Compiling accumulate-api v0.1.0 (/opt/rustwide/workdir)
[INFO] [stdout] warning: unused import: `async_trait::async_trait`
[INFO] [stdout]  --> src/lib.rs:1:5
[INFO] [stdout]   |
[INFO] [stdout] 1 | use async_trait::async_trait;
[INFO] [stdout]   |     ^^^^^^^^^^^^^^^^^^^^^^^^
[INFO] [stdout]   |
[INFO] [stdout]   = note: `#[warn(unused_imports)]` on by default
[INFO] [stdout] 
[INFO] [stdout] 
[INFO] [stdout] warning: unused import: `std::time::SystemTime`
[INFO] [stdout]  --> src/lib.rs:4:5
[INFO] [stdout]   |
[INFO] [stdout] 4 | use std::time::SystemTime;
[INFO] [stdout]   |     ^^^^^^^^^^^^^^^^^^^^^
[INFO] [stdout] 
[INFO] [stdout] 
[INFO] [stdout] warning: unused imports: `fmt` and `sync::Arc`
[INFO] [stdout]  --> src/lib.rs:5:11
[INFO] [stdout]   |
[INFO] [stdout] 5 | use std::{fmt, sync::Arc};
[INFO] [stdout]   |           ^^^  ^^^^^^^^^
[INFO] [stdout] 
[INFO] [stdout] 
[INFO] [stdout] warning: unused import: `serde_json::json`
[INFO] [stdout]  --> src/types/blocks_major.rs:2:5
[INFO] [stdout]   |
[INFO] [stdout] 2 | use serde_json::json;
[INFO] [stdout]   |     ^^^^^^^^^^^^^^^^
[INFO] [stdout] 
[INFO] [stdout] 
[INFO] [stdout] warning: unused import: `crate::*`
[INFO] [stdout]  --> src/types/blocks_minor.rs:1:5
[INFO] [stdout]   |
[INFO] [stdout] 1 | use crate::*;
[INFO] [stdout]   |     ^^^^^^^^
[INFO] [stdout] 
[INFO] [stdout] 
[INFO] [stdout] warning: unused import: `serde_json::json`
[INFO] [stdout]  --> src/types/blocks_minor.rs:3:5
[INFO] [stdout]   |
[INFO] [stdout] 3 | use serde_json::json;
[INFO] [stdout]   |     ^^^^^^^^^^^^^^^^
[INFO] [stdout] 
[INFO] [stdout] 
[INFO] [stdout] warning: unused import: `std::time::Duration`
[INFO] [stdout]  --> src/utils.rs:1:5
[INFO] [stdout]   |
[INFO] [stdout] 1 | use std::time::Duration;
[INFO] [stdout]   |     ^^^^^^^^^^^^^^^^^^^
[INFO] [stdout] 
[INFO] [stdout] 
[INFO] [stdout] warning: unused imports: `Deserialize` and `Serialize`
[INFO] [stdout]  --> src/blocks.rs:2:13
[INFO] [stdout]   |
[INFO] [stdout] 2 | use serde::{Deserialize, Serialize};
[INFO] [stdout]   |             ^^^^^^^^^^^  ^^^^^^^^^
[INFO] [stdout] 
[INFO] [stdout] 
[INFO] [stdout] warning: associated function `query_major_block` is never used
[INFO] [stdout]    --> src/lib.rs:212:16
[INFO] [stdout]     |
[INFO] [stdout] 184 | impl ApiCall {
[INFO] [stdout]     | ------------ associated function in this implementation
[INFO] [stdout] ...
[INFO] [stdout] 212 |     pub(crate) fn query_major_block(url: String, height: u64) -> Self {
[INFO] [stdout]     |                   ^^^^^^^^^^^^^^^^^
[INFO] [stdout]     |
[INFO] [stdout]     = note: `#[warn(dead_code)]` on by default
[INFO] [stdout] 
[INFO] [stdout] 
[INFO] [stdout] warning: variable `requestV` should have a snake case name
[INFO] [stdout]    --> src/lib.rs:121:7
[INFO] [stdout]     |
[INFO] [stdout] 121 |         let requestV = self.client.post(&request_url).json(&data);
[INFO] [stdout]     |             ^^^^^^^^ help: convert the identifier to snake case: `request_v`
[INFO] [stdout]     |
[INFO] [stdout]     = note: `#[warn(non_snake_case)]` on by default
[INFO] [stdout] 
[INFO] [stdout] 
[INFO] [stdout] warning: unused import: `tokio::test`
[INFO] [stdout]  --> src/main.rs:2:5
[INFO] [stdout]   |
[INFO] [stdout] 2 | use tokio::test;
[INFO] [stdout]   |     ^^^^^^^^^^^
[INFO] [stdout]   |
[INFO] [stdout]   = note: `#[warn(unused_imports)]` on by default
[INFO] [stdout] 
[INFO] [stdout] 
[INFO] [stdout] warning: unreachable pattern
[INFO] [stdout]   --> src/main.rs:26:3
[INFO] [stdout]    |
[INFO] [stdout] 26 |         Ok(_) | Err(_) => {
[INFO] [stdout]    |         ^^^^^^^^^^^^^^ no value can reach this
[INFO] [stdout]    |
[INFO] [stdout] note: multiple earlier patterns match some of the same values
[INFO] [stdout]   --> src/main.rs:26:3
[INFO] [stdout]    |
[INFO] [stdout] 21 |         Err(e) => {
[INFO] [stdout]    |         ------ matches some of the same values
[INFO] [stdout] ...
[INFO] [stdout] 25 |         Ok(r) => return Some(r),
[INFO] [stdout]    |         ----- matches some of the same values
[INFO] [stdout] 26 |         Ok(_) | Err(_) => {
[INFO] [stdout]    |         ^^^^^^^^^^^^^^ collectively making this unreachable
[INFO] [stdout]    = note: `#[warn(unreachable_patterns)]` on by default
[INFO] [stdout] 
[INFO] [stdout] 
[INFO] [stdout] warning: unreachable pattern
[INFO] [stdout]   --> src/main.rs:43:3
[INFO] [stdout]    |
[INFO] [stdout] 43 |         Ok(_) | Err(_) => {
[INFO] [stdout]    |         ^^^^^^^^^^^^^^ no value can reach this
[INFO] [stdout]    |
[INFO] [stdout] note: multiple earlier patterns match some of the same values
[INFO] [stdout]   --> src/main.rs:43:3
[INFO] [stdout]    |
[INFO] [stdout] 38 |         Err(e) => {
[INFO] [stdout]    |         ------ matches some of the same values
[INFO] [stdout] ...
[INFO] [stdout] 42 |         Ok(r) => return Some(r),
[INFO] [stdout]    |         ----- matches some of the same values
[INFO] [stdout] 43 |         Ok(_) | Err(_) => {
[INFO] [stdout]    |         ^^^^^^^^^^^^^^ collectively making this unreachable
[INFO] [stdout] 
[INFO] [stdout] 
[INFO] [stdout] warning: unreachable pattern
[INFO] [stdout]   --> src/main.rs:60:3
[INFO] [stdout]    |
[INFO] [stdout] 60 |         Ok(_) | Err(_) => {
[INFO] [stdout]    |         ^^^^^^^^^^^^^^ no value can reach this
[INFO] [stdout]    |
[INFO] [stdout] note: multiple earlier patterns match some of the same values
[INFO] [stdout]   --> src/main.rs:60:3
[INFO] [stdout]    |
[INFO] [stdout] 55 |         Err(e) => {
[INFO] [stdout]    |         ------ matches some of the same values
[INFO] [stdout] ...
[INFO] [stdout] 59 |         Ok(r) => return Some(r),
[INFO] [stdout]    |         ----- matches some of the same values
[INFO] [stdout] 60 |         Ok(_) | Err(_) => {
[INFO] [stdout]    |         ^^^^^^^^^^^^^^ collectively making this unreachable
[INFO] [stdout] 
[INFO] [stdout] 
[INFO] [stdout] warning: function `get_last_major_blocks` is never used
[INFO] [stdout]   --> src/main.rs:16:10
[INFO] [stdout]    |
[INFO] [stdout] 16 | async fn get_last_major_blocks() -> Option<MajorBlocksRangeResponse> {
[INFO] [stdout]    |          ^^^^^^^^^^^^^^^^^^^^^
[INFO] [stdout]    |
[INFO] [stdout]    = note: `#[warn(dead_code)]` on by default
[INFO] [stdout] 
[INFO] [stdout] 
[INFO] [stdout] warning: function `get_first_major_blocks` is never used
[INFO] [stdout]   --> src/main.rs:33:10
[INFO] [stdout]    |
[INFO] [stdout] 33 | async fn get_first_major_blocks() -> Option<MajorBlocksRangeResponse> {
[INFO] [stdout]    |          ^^^^^^^^^^^^^^^^^^^^^^
[INFO] [stdout] 
[INFO] [stdout] 
[INFO] [stderr]     Finished `dev` profile [unoptimized + debuginfo] target(s) in 36.13s
[INFO] running `Command { std: "docker" "inspect" "0d51e3c7811d64ee394671ff481a088b78c317796a162d2f96570927fc31b7d9", kill_on_drop: false }`
[INFO] running `Command { std: "docker" "rm" "-f" "0d51e3c7811d64ee394671ff481a088b78c317796a162d2f96570927fc31b7d9", kill_on_drop: false }`
[INFO] [stdout] 0d51e3c7811d64ee394671ff481a088b78c317796a162d2f96570927fc31b7d9
[INFO] running `Command { std: "docker" "create" "-v" "/var/lib/crater-agent-workspace/builds/worker-2-tc1/target:/opt/rustwide/target:rw,Z" "-v" "/var/lib/crater-agent-workspace/builds/worker-2-tc1/source:/opt/rustwide/workdir:ro,Z" "-v" "/var/lib/crater-agent-workspace/cargo-home:/opt/rustwide/cargo-home:ro,Z" "-v" "/var/lib/crater-agent-workspace/rustup-home:/opt/rustwide/rustup-home:ro,Z" "-e" "SOURCE_DIR=/opt/rustwide/workdir" "-e" "CARGO_TARGET_DIR=/opt/rustwide/target" "-e" "CARGO_INCREMENTAL=0" "-e" "RUST_BACKTRACE=full" "-e" "RUSTFLAGS=--cap-lints=warn" "-e" "RUSTDOCFLAGS=--cap-lints=warn" "-e" "CARGO_HOME=/opt/rustwide/cargo-home" "-e" "RUSTUP_HOME=/opt/rustwide/rustup-home" "-w" "/opt/rustwide/workdir" "-m" "1610612736" "--user" "0:0" "--network" "none" "ghcr.io/rust-lang/crates-build-env/linux@sha256:f3a9d4ad9d972b27faf3965f35b62e55ba32bbce8f20bc8fe909558a86702fde" "/opt/rustwide/cargo-home/bin/cargo" "+1.83.0" "test" "--frozen" "--no-run" "--message-format=json", kill_on_drop: false }`
[INFO] [stdout] a3e8c649047e66fef055596268832f0f8bc35f8a240ae0330762330eb15f23ce
[INFO] running `Command { std: "docker" "start" "-a" "a3e8c649047e66fef055596268832f0f8bc35f8a240ae0330762330eb15f23ce", kill_on_drop: false }`
[INFO] [stderr]    Compiling syn v1.0.86
[INFO] [stderr]    Compiling miniz_oxide v0.4.4
[INFO] [stderr]    Compiling unicode-xid v0.2.2
[INFO] [stderr]    Compiling backtrace v0.3.64
[INFO] [stderr]    Compiling failure_derive v0.1.8
[INFO] [stderr]    Compiling gimli v0.26.1
[INFO] [stderr]    Compiling object v0.27.1
[INFO] [stderr]    Compiling rustc-demangle v0.1.21
[INFO] [stdout] warning: unused import: `async_trait::async_trait`
[INFO] [stdout]  --> src/lib.rs:1:5
[INFO] [stdout]   |
[INFO] [stdout] 1 | use async_trait::async_trait;
[INFO] [stdout]   |     ^^^^^^^^^^^^^^^^^^^^^^^^
[INFO] [stdout]   |
[INFO] [stdout]   = note: `#[warn(unused_imports)]` on by default
[INFO] [stdout] 
[INFO] [stdout] 
[INFO] [stdout] warning: unused import: `std::time::SystemTime`
[INFO] [stdout]  --> src/lib.rs:4:5
[INFO] [stdout]   |
[INFO] [stdout] 4 | use std::time::SystemTime;
[INFO] [stdout]   |     ^^^^^^^^^^^^^^^^^^^^^
[INFO] [stdout] 
[INFO] [stdout] 
[INFO] [stdout] warning: unused imports: `fmt` and `sync::Arc`
[INFO] [stdout]  --> src/lib.rs:5:11
[INFO] [stdout]   |
[INFO] [stdout] 5 | use std::{fmt, sync::Arc};
[INFO] [stdout]   |           ^^^  ^^^^^^^^^
[INFO] [stdout] 
[INFO] [stdout] 
[INFO] [stdout] warning: unused import: `serde_json::json`
[INFO] [stdout]  --> src/types/blocks_major.rs:2:5
[INFO] [stdout]   |
[INFO] [stdout] 2 | use serde_json::json;
[INFO] [stdout]   |     ^^^^^^^^^^^^^^^^
[INFO] [stdout] 
[INFO] [stdout] 
[INFO] [stdout] warning: unused import: `crate::*`
[INFO] [stdout]  --> src/types/blocks_minor.rs:1:5
[INFO] [stdout]   |
[INFO] [stdout] 1 | use crate::*;
[INFO] [stdout]   |     ^^^^^^^^
[INFO] [stdout] 
[INFO] [stdout] 
[INFO] [stdout] warning: unused import: `serde_json::json`
[INFO] [stdout]  --> src/types/blocks_minor.rs:3:5
[INFO] [stdout]   |
[INFO] [stdout] 3 | use serde_json::json;
[INFO] [stdout]   |     ^^^^^^^^^^^^^^^^
[INFO] [stdout] 
[INFO] [stdout] 
[INFO] [stdout] warning: unused import: `std::time::Duration`
[INFO] [stdout]  --> src/utils.rs:1:5
[INFO] [stdout]   |
[INFO] [stdout] 1 | use std::time::Duration;
[INFO] [stdout]   |     ^^^^^^^^^^^^^^^^^^^
[INFO] [stdout] 
[INFO] [stdout] 
[INFO] [stdout] warning: unused imports: `Deserialize` and `Serialize`
[INFO] [stdout]  --> src/blocks.rs:2:13
[INFO] [stdout]   |
[INFO] [stdout] 2 | use serde::{Deserialize, Serialize};
[INFO] [stdout]   |             ^^^^^^^^^^^  ^^^^^^^^^
[INFO] [stdout] 
[INFO] [stdout] 
[INFO] [stdout] warning: associated function `query_major_block` is never used
[INFO] [stdout]    --> src/lib.rs:212:16
[INFO] [stdout]     |
[INFO] [stdout] 184 | impl ApiCall {
[INFO] [stdout]     | ------------ associated function in this implementation
[INFO] [stdout] ...
[INFO] [stdout] 212 |     pub(crate) fn query_major_block(url: String, height: u64) -> Self {
[INFO] [stdout]     |                   ^^^^^^^^^^^^^^^^^
[INFO] [stdout]     |
[INFO] [stdout]     = note: `#[warn(dead_code)]` on by default
[INFO] [stdout] 
[INFO] [stdout] 
[INFO] [stdout] warning: variable `requestV` should have a snake case name
[INFO] [stdout]    --> src/lib.rs:121:7
[INFO] [stdout]     |
[INFO] [stdout] 121 |         let requestV = self.client.post(&request_url).json(&data);
[INFO] [stdout]     |             ^^^^^^^^ help: convert the identifier to snake case: `request_v`
[INFO] [stdout]     |
[INFO] [stdout]     = note: `#[warn(non_snake_case)]` on by default
[INFO] [stdout] 
[INFO] [stdout] 
[INFO] [stderr]    Compiling addr2line v0.17.0
[INFO] [stderr]    Compiling synstructure v0.12.6
[INFO] [stderr]    Compiling failure v0.1.8
[INFO] [stderr]    Compiling accumulate-api v0.1.0 (/opt/rustwide/workdir)
[INFO] [stdout] warning: unused import: `tokio::test`
[INFO] [stdout]  --> src/main.rs:2:5
[INFO] [stdout]   |
[INFO] [stdout] 2 | use tokio::test;
[INFO] [stdout]   |     ^^^^^^^^^^^
[INFO] [stdout]   |
[INFO] [stdout]   = note: `#[warn(unused_imports)]` on by default
[INFO] [stdout] 
[INFO] [stdout] 
[INFO] [stdout] warning: unreachable pattern
[INFO] [stdout]   --> src/main.rs:26:3
[INFO] [stdout]    |
[INFO] [stdout] 26 |         Ok(_) | Err(_) => {
[INFO] [stdout]    |         ^^^^^^^^^^^^^^ no value can reach this
[INFO] [stdout]    |
[INFO] [stdout] note: multiple earlier patterns match some of the same values
[INFO] [stdout]   --> src/main.rs:26:3
[INFO] [stdout]    |
[INFO] [stdout] 21 |         Err(e) => {
[INFO] [stdout]    |         ------ matches some of the same values
[INFO] [stdout] ...
[INFO] [stdout] 25 |         Ok(r) => return Some(r),
[INFO] [stdout]    |         ----- matches some of the same values
[INFO] [stdout] 26 |         Ok(_) | Err(_) => {
[INFO] [stdout]    |         ^^^^^^^^^^^^^^ collectively making this unreachable
[INFO] [stdout]    = note: `#[warn(unreachable_patterns)]` on by default
[INFO] [stdout] 
[INFO] [stdout] 
[INFO] [stdout] warning: unreachable pattern
[INFO] [stdout]   --> src/main.rs:43:3
[INFO] [stdout]    |
[INFO] [stdout] 43 |         Ok(_) | Err(_) => {
[INFO] [stdout]    |         ^^^^^^^^^^^^^^ no value can reach this
[INFO] [stdout]    |
[INFO] [stdout] note: multiple earlier patterns match some of the same values
[INFO] [stdout]   --> src/main.rs:43:3
[INFO] [stdout]    |
[INFO] [stdout] 38 |         Err(e) => {
[INFO] [stdout]    |         ------ matches some of the same values
[INFO] [stdout] ...
[INFO] [stdout] 42 |         Ok(r) => return Some(r),
[INFO] [stdout]    |         ----- matches some of the same values
[INFO] [stdout] 43 |         Ok(_) | Err(_) => {
[INFO] [stdout]    |         ^^^^^^^^^^^^^^ collectively making this unreachable
[INFO] [stdout] 
[INFO] [stdout] 
[INFO] [stdout] warning: unreachable pattern
[INFO] [stdout]   --> src/main.rs:60:3
[INFO] [stdout]    |
[INFO] [stdout] 60 |         Ok(_) | Err(_) => {
[INFO] [stdout]    |         ^^^^^^^^^^^^^^ no value can reach this
[INFO] [stdout]    |
[INFO] [stdout] note: multiple earlier patterns match some of the same values
[INFO] [stdout]   --> src/main.rs:60:3
[INFO] [stdout]    |
[INFO] [stdout] 55 |         Err(e) => {
[INFO] [stdout]    |         ------ matches some of the same values
[INFO] [stdout] ...
[INFO] [stdout] 59 |         Ok(r) => return Some(r),
[INFO] [stdout]    |         ----- matches some of the same values
[INFO] [stdout] 60 |         Ok(_) | Err(_) => {
[INFO] [stdout]    |         ^^^^^^^^^^^^^^ collectively making this unreachable
[INFO] [stdout] 
[INFO] [stdout] 
[INFO] [stdout] warning: function `get_last_major_blocks` is never used
[INFO] [stdout]   --> src/main.rs:16:10
[INFO] [stdout]    |
[INFO] [stdout] 16 | async fn get_last_major_blocks() -> Option<MajorBlocksRangeResponse> {
[INFO] [stdout]    |          ^^^^^^^^^^^^^^^^^^^^^
[INFO] [stdout]    |
[INFO] [stdout]    = note: `#[warn(dead_code)]` on by default
[INFO] [stdout] 
[INFO] [stdout] 
[INFO] [stdout] warning: function `get_first_major_blocks` is never used
[INFO] [stdout]   --> src/main.rs:33:10
[INFO] [stdout]    |
[INFO] [stdout] 33 | async fn get_first_major_blocks() -> Option<MajorBlocksRangeResponse> {
[INFO] [stdout]    |          ^^^^^^^^^^^^^^^^^^^^^^
[INFO] [stdout] 
[INFO] [stdout] 
[INFO] [stdout] warning: unused import: `async_trait::async_trait`
[INFO] [stdout]  --> src/lib.rs:1:5
[INFO] [stdout]   |
[INFO] [stdout] 1 | use async_trait::async_trait;
[INFO] [stdout]   |     ^^^^^^^^^^^^^^^^^^^^^^^^
[INFO] [stdout]   |
[INFO] [stdout]   = note: `#[warn(unused_imports)]` on by default
[INFO] [stdout] 
[INFO] [stdout] 
[INFO] [stdout] warning: unused import: `std::time::SystemTime`
[INFO] [stdout]  --> src/lib.rs:4:5
[INFO] [stdout]   |
[INFO] [stdout] 4 | use std::time::SystemTime;
[INFO] [stdout]   |     ^^^^^^^^^^^^^^^^^^^^^
[INFO] [stdout] 
[INFO] [stdout] 
[INFO] [stdout] warning: unused imports: `fmt` and `sync::Arc`
[INFO] [stdout]  --> src/lib.rs:5:11
[INFO] [stdout]   |
[INFO] [stdout] 5 | use std::{fmt, sync::Arc};
[INFO] [stdout]   |           ^^^  ^^^^^^^^^
[INFO] [stdout] 
[INFO] [stdout] 
[INFO] [stdout] warning: unused import: `serde_json::json`
[INFO] [stdout]  --> src/types/blocks_major.rs:2:5
[INFO] [stdout]   |
[INFO] [stdout] 2 | use serde_json::json;
[INFO] [stdout]   |     ^^^^^^^^^^^^^^^^
[INFO] [stdout] 
[INFO] [stdout] 
[INFO] [stdout] warning: unused import: `crate::*`
[INFO] [stdout]  --> src/types/blocks_minor.rs:1:5
[INFO] [stdout]   |
[INFO] [stdout] 1 | use crate::*;
[INFO] [stdout]   |     ^^^^^^^^
[INFO] [stdout] 
[INFO] [stdout] 
[INFO] [stdout] warning: unused import: `serde_json::json`
[INFO] [stdout]  --> src/types/blocks_minor.rs:3:5
[INFO] [stdout]   |
[INFO] [stdout] 3 | use serde_json::json;
[INFO] [stdout]   |     ^^^^^^^^^^^^^^^^
[INFO] [stdout] 
[INFO] [stdout] 
[INFO] [stdout] warning: unused import: `std::time::Duration`
[INFO] [stdout]  --> src/utils.rs:1:5
[INFO] [stdout]   |
[INFO] [stdout] 1 | use std::time::Duration;
[INFO] [stdout]   |     ^^^^^^^^^^^^^^^^^^^
[INFO] [stdout] 
[INFO] [stdout] 
[INFO] [stdout] warning: unused imports: `Deserialize` and `Serialize`
[INFO] [stdout]  --> src/blocks.rs:2:13
[INFO] [stdout]   |
[INFO] [stdout] 2 | use serde::{Deserialize, Serialize};
[INFO] [stdout]   |             ^^^^^^^^^^^  ^^^^^^^^^
[INFO] [stdout] 
[INFO] [stdout] 
[INFO] [stdout] warning: associated function `query_major_block` is never used
[INFO] [stdout]    --> src/lib.rs:212:16
[INFO] [stdout]     |
[INFO] [stdout] 184 | impl ApiCall {
[INFO] [stdout]     | ------------ associated function in this implementation
[INFO] [stdout] ...
[INFO] [stdout] 212 |     pub(crate) fn query_major_block(url: String, height: u64) -> Self {
[INFO] [stdout]     |                   ^^^^^^^^^^^^^^^^^
[INFO] [stdout]     |
[INFO] [stdout]     = note: `#[warn(dead_code)]` on by default
[INFO] [stdout] 
[INFO] [stdout] 
[INFO] [stdout] warning: variable `requestV` should have a snake case name
[INFO] [stdout]    --> src/lib.rs:121:7
[INFO] [stdout]     |
[INFO] [stdout] 121 |         let requestV = self.client.post(&request_url).json(&data);
[INFO] [stdout]     |             ^^^^^^^^ help: convert the identifier to snake case: `request_v`
[INFO] [stdout]     |
[INFO] [stdout]     = note: `#[warn(non_snake_case)]` on by default
[INFO] [stdout] 
[INFO] [stdout] 
[INFO] [stderr]     Finished `test` profile [unoptimized + debuginfo] target(s) in 10.29s
[INFO] running `Command { std: "docker" "inspect" "a3e8c649047e66fef055596268832f0f8bc35f8a240ae0330762330eb15f23ce", kill_on_drop: false }`
[INFO] running `Command { std: "docker" "rm" "-f" "a3e8c649047e66fef055596268832f0f8bc35f8a240ae0330762330eb15f23ce", kill_on_drop: false }`
[INFO] [stdout] a3e8c649047e66fef055596268832f0f8bc35f8a240ae0330762330eb15f23ce
[INFO] running `Command { std: "docker" "create" "-v" "/var/lib/crater-agent-workspace/builds/worker-2-tc1/target:/opt/rustwide/target:rw,Z" "-v" "/var/lib/crater-agent-workspace/builds/worker-2-tc1/source:/opt/rustwide/workdir:ro,Z" "-v" "/var/lib/crater-agent-workspace/cargo-home:/opt/rustwide/cargo-home:ro,Z" "-v" "/var/lib/crater-agent-workspace/rustup-home:/opt/rustwide/rustup-home:ro,Z" "-e" "SOURCE_DIR=/opt/rustwide/workdir" "-e" "CARGO_TARGET_DIR=/opt/rustwide/target" "-e" "CARGO_INCREMENTAL=0" "-e" "RUST_BACKTRACE=full" "-e" "RUSTFLAGS=--cap-lints=warn" "-e" "RUSTDOCFLAGS=--cap-lints=warn" "-e" "CARGO_HOME=/opt/rustwide/cargo-home" "-e" "RUSTUP_HOME=/opt/rustwide/rustup-home" "-w" "/opt/rustwide/workdir" "-m" "1610612736" "--user" "0:0" "--network" "none" "ghcr.io/rust-lang/crates-build-env/linux@sha256:f3a9d4ad9d972b27faf3965f35b62e55ba32bbce8f20bc8fe909558a86702fde" "/opt/rustwide/cargo-home/bin/cargo" "+1.83.0" "test" "--frozen", kill_on_drop: false }`
[INFO] [stdout] 1b04842b9fef9e83266530ea71873aecd71140eff36df3ca16f66beda68bc1e9
[INFO] running `Command { std: "docker" "start" "-a" "1b04842b9fef9e83266530ea71873aecd71140eff36df3ca16f66beda68bc1e9", kill_on_drop: false }`
[INFO] [stderr] warning: unused import: `async_trait::async_trait`
[INFO] [stderr]  --> src/lib.rs:1:5
[INFO] [stderr]   |
[INFO] [stderr] 1 | use async_trait::async_trait;
[INFO] [stderr]   |     ^^^^^^^^^^^^^^^^^^^^^^^^
[INFO] [stderr]   |
[INFO] [stderr]   = note: `#[warn(unused_imports)]` on by default
[INFO] [stderr] 
[INFO] [stderr] warning: unused import: `std::time::SystemTime`
[INFO] [stderr]  --> src/lib.rs:4:5
[INFO] [stderr]   |
[INFO] [stderr] 4 | use std::time::SystemTime;
[INFO] [stderr]   |     ^^^^^^^^^^^^^^^^^^^^^
[INFO] [stderr] 
[INFO] [stderr] warning: unused imports: `fmt` and `sync::Arc`
[INFO] [stderr]  --> src/lib.rs:5:11
[INFO] [stderr]   |
[INFO] [stderr] 5 | use std::{fmt, sync::Arc};
[INFO] [stderr]   |           ^^^  ^^^^^^^^^
[INFO] [stderr] 
[INFO] [stderr] warning: unused import: `serde_json::json`
[INFO] [stderr]  --> src/types/blocks_major.rs:2:5
[INFO] [stderr]   |
[INFO] [stderr] 2 | use serde_json::json;
[INFO] [stderr]   |     ^^^^^^^^^^^^^^^^
[INFO] [stderr] 
[INFO] [stderr] warning: unused import: `crate::*`
[INFO] [stderr]  --> src/types/blocks_minor.rs:1:5
[INFO] [stderr]   |
[INFO] [stderr] 1 | use crate::*;
[INFO] [stderr]   |     ^^^^^^^^
[INFO] [stderr] 
[INFO] [stderr] warning: unused import: `serde_json::json`
[INFO] [stderr]  --> src/types/blocks_minor.rs:3:5
[INFO] [stderr]   |
[INFO] [stderr] 3 | use serde_json::json;
[INFO] [stderr]   |     ^^^^^^^^^^^^^^^^
[INFO] [stderr] 
[INFO] [stderr] warning: unused import: `std::time::Duration`
[INFO] [stderr]  --> src/utils.rs:1:5
[INFO] [stderr]   |
[INFO] [stderr] 1 | use std::time::Duration;
[INFO] [stderr]   |     ^^^^^^^^^^^^^^^^^^^
[INFO] [stderr] 
[INFO] [stderr] warning: unused imports: `Deserialize` and `Serialize`
[INFO] [stderr]  --> src/blocks.rs:2:13
[INFO] [stderr]   |
[INFO] [stderr] 2 | use serde::{Deserialize, Serialize};
[INFO] [stderr]   |             ^^^^^^^^^^^  ^^^^^^^^^
[INFO] [stderr] 
[INFO] [stderr] warning: associated function `query_major_block` is never used
[INFO] [stderr]    --> src/lib.rs:212:16
[INFO] [stderr]     |
[INFO] [stderr] 184 | impl ApiCall {
[INFO] [stderr]     | ------------ associated function in this implementation
[INFO] [stderr] ...
[INFO] [stderr] 212 |     pub(crate) fn query_major_block(url: String, height: u64) -> Self {
[INFO] [stderr]     |                   ^^^^^^^^^^^^^^^^^
[INFO] [stderr]     |
[INFO] [stderr]     = note: `#[warn(dead_code)]` on by default
[INFO] [stderr] 
[INFO] [stderr] warning: variable `requestV` should have a snake case name
[INFO] [stderr]    --> src/lib.rs:121:7
[INFO] [stderr]     |
[INFO] [stderr] 121 |         let requestV = self.client.post(&request_url).json(&data);
[INFO] [stderr]     |             ^^^^^^^^ help: convert the identifier to snake case: `request_v`
[INFO] [stderr]     |
[INFO] [stderr]     = note: `#[warn(non_snake_case)]` on by default
[INFO] [stderr] 
[INFO] [stderr] warning: `accumulate-api` (lib) generated 10 warnings (run `cargo fix --lib -p accumulate-api` to apply 8 suggestions)
[INFO] [stderr] warning: `accumulate-api` (lib test) generated 10 warnings (10 duplicates)
[INFO] [stderr] warning: unused import: `tokio::test`
[INFO] [stderr]  --> src/main.rs:2:5
[INFO] [stderr]   |
[INFO] [stderr] 2 | use tokio::test;
[INFO] [stderr]   |     ^^^^^^^^^^^
[INFO] [stderr]   |
[INFO] [stderr]   = note: `#[warn(unused_imports)]` on by default
[INFO] [stderr] 
[INFO] [stderr] warning: unreachable pattern
[INFO] [stderr]   --> src/main.rs:26:3
[INFO] [stderr]    |
[INFO] [stderr] 26 |         Ok(_) | Err(_) => {
[INFO] [stderr]    |         ^^^^^^^^^^^^^^ no value can reach this
[INFO] [stderr]    |
[INFO] [stderr] note: multiple earlier patterns match some of the same values
[INFO] [stderr]   --> src/main.rs:26:3
[INFO] [stderr]    |
[INFO] [stderr] 21 |         Err(e) => {
[INFO] [stderr]    |         ------ matches some of the same values
[INFO] [stderr] ...
[INFO] [stderr] 25 |         Ok(r) => return Some(r),
[INFO] [stderr]    |         ----- matches some of the same values
[INFO] [stderr] 26 |         Ok(_) | Err(_) => {
[INFO] [stderr]    |         ^^^^^^^^^^^^^^ collectively making this unreachable
[INFO] [stderr]    = note: `#[warn(unreachable_patterns)]` on by default
[INFO] [stderr] 
[INFO] [stderr] warning: unreachable pattern
[INFO] [stderr]   --> src/main.rs:43:3
[INFO] [stderr]    |
[INFO] [stderr] 43 |         Ok(_) | Err(_) => {
[INFO] [stderr]    |         ^^^^^^^^^^^^^^ no value can reach this
[INFO] [stderr]    |
[INFO] [stderr] note: multiple earlier patterns match some of the same values
[INFO] [stderr]   --> src/main.rs:43:3
[INFO] [stderr]    |
[INFO] [stderr] 38 |         Err(e) => {
[INFO] [stderr]    |         ------ matches some of the same values
[INFO] [stderr] ...
[INFO] [stderr] 42 |         Ok(r) => return Some(r),
[INFO] [stderr]    |         ----- matches some of the same values
[INFO] [stderr] 43 |         Ok(_) | Err(_) => {
[INFO] [stderr]    |         ^^^^^^^^^^^^^^ collectively making this unreachable
[INFO] [stderr] 
[INFO] [stderr] warning: unreachable pattern
[INFO] [stderr]   --> src/main.rs:60:3
[INFO] [stderr]    |
[INFO] [stderr] 60 |         Ok(_) | Err(_) => {
[INFO] [stderr]    |         ^^^^^^^^^^^^^^ no value can reach this
[INFO] [stderr]    |
[INFO] [stderr] note: multiple earlier patterns match some of the same values
[INFO] [stderr]   --> src/main.rs:60:3
[INFO] [stderr]    |
[INFO] [stderr] 55 |         Err(e) => {
[INFO] [stderr]    |         ------ matches some of the same values
[INFO] [stderr] ...
[INFO] [stderr] 59 |         Ok(r) => return Some(r),
[INFO] [stderr]    |         ----- matches some of the same values
[INFO] [stderr] 60 |         Ok(_) | Err(_) => {
[INFO] [stderr]    |         ^^^^^^^^^^^^^^ collectively making this unreachable
[INFO] [stderr] 
[INFO] [stderr] warning: function `get_last_major_blocks` is never used
[INFO] [stderr]   --> src/main.rs:16:10
[INFO] [stderr]    |
[INFO] [stderr] 16 | async fn get_last_major_blocks() -> Option<MajorBlocksRangeResponse> {
[INFO] [stderr]    |          ^^^^^^^^^^^^^^^^^^^^^
[INFO] [stderr]    |
[INFO] [stderr]    = note: `#[warn(dead_code)]` on by default
[INFO] [stderr] 
[INFO] [stderr] warning: function `get_first_major_blocks` is never used
[INFO] [stderr]   --> src/main.rs:33:10
[INFO] [stderr]    |
[INFO] [stderr] 33 | async fn get_first_major_blocks() -> Option<MajorBlocksRangeResponse> {
[INFO] [stderr]    |          ^^^^^^^^^^^^^^^^^^^^^^
[INFO] [stderr] 
[INFO] [stderr] warning: `accumulate-api` (bin "app" test) generated 6 warnings (run `cargo fix --bin "app" --tests` to apply 1 suggestion)
[INFO] [stderr]     Finished `test` profile [unoptimized + debuginfo] target(s) in 0.12s
[INFO] [stderr]      Running unittests src/lib.rs (/opt/rustwide/target/debug/deps/accumulate_api-07a4ef10a22260bd)
[INFO] [stdout] 
[INFO] [stdout] running 1 test
[INFO] [stderr] error: test failed, to rerun pass `--lib`
[INFO] [stdout] test test::get_last_major_block ... FAILED
[INFO] [stdout] 
[INFO] [stdout] failures:
[INFO] [stdout] 
[INFO] [stdout] ---- test::get_last_major_block stdout ----
[INFO] [stdout] {"id":"0","jsonrpc":"2.0","method":"query","params":{"query":{"majorRange":{"count":100,"expand":true,"fromEnd":true,"start":1},"queryType":"block"},"scope":"acc://bvn-apollo.acme"}}
[INFO] [stdout] 1// request URL: https://mainnet.accumulatenetwork.io/v3
[INFO] [stdout] 2//
[INFO] [stdout] Request { method: POST, url: Url { scheme: "https", cannot_be_a_base: false, username: "", password: None, host: Some(Domain("mainnet.accumulatenetwork.io")), port: None, path: "/v3", query: None, fragment: None }, headers: {"content-type": "application/json"} }
[INFO] [stdout] request error
[INFO] [stdout] thread 'test::get_last_major_block' panicked at src/lib.rs:299:13:
[INFO] [stdout] request error
[INFO] [stdout] stack backtrace:
[INFO] [stdout]    0:     0x571b6db44c8a - std::backtrace_rs::backtrace::libunwind::trace::h5a5b8284f2d0c266
[INFO] [stdout]                                at /rustc/90b35a6239c3d8bdabc530a6a0816f7ff89a0aaf/library/std/src/../../backtrace/src/backtrace/libunwind.rs:116:5
[INFO] [stdout]    1:     0x571b6db44c8a - std::backtrace_rs::backtrace::trace_unsynchronized::h76d4f1c9b0b875e3
[INFO] [stdout]                                at /rustc/90b35a6239c3d8bdabc530a6a0816f7ff89a0aaf/library/std/src/../../backtrace/src/backtrace/mod.rs:66:5
[INFO] [stdout]    2:     0x571b6db44c8a - std::sys::backtrace::_print_fmt::hc4546b8364a537c6
[INFO] [stdout]                                at /rustc/90b35a6239c3d8bdabc530a6a0816f7ff89a0aaf/library/std/src/sys/backtrace.rs:66:9
[INFO] [stdout]    3:     0x571b6db44c8a - <std::sys::backtrace::BacktraceLock::print::DisplayBacktrace as core::fmt::Display>::fmt::h5b6bd5631a6d1f6b
[INFO] [stdout]                                at /rustc/90b35a6239c3d8bdabc530a6a0816f7ff89a0aaf/library/std/src/sys/backtrace.rs:39:26
[INFO] [stdout]    4:     0x571b6db6d163 - core::fmt::rt::Argument::fmt::h270f6602a2b96f62
[INFO] [stdout]                                at /rustc/90b35a6239c3d8bdabc530a6a0816f7ff89a0aaf/library/core/src/fmt/rt.rs:177:76
[INFO] [stdout]    5:     0x571b6db6d163 - core::fmt::write::h7550c97b06c86515
[INFO] [stdout]                                at /rustc/90b35a6239c3d8bdabc530a6a0816f7ff89a0aaf/library/core/src/fmt/mod.rs:1186:21
[INFO] [stdout]    6:     0x571b6db41323 - std::io::Write::write_fmt::h509ff860e5956e5e
[INFO] [stdout]                                at /rustc/90b35a6239c3d8bdabc530a6a0816f7ff89a0aaf/library/std/src/io/mod.rs:1839:15
[INFO] [stdout]    7:     0x571b6db44ad2 - std::sys::backtrace::BacktraceLock::print::h2395ccd2c84ba3aa
[INFO] [stdout]                                at /rustc/90b35a6239c3d8bdabc530a6a0816f7ff89a0aaf/library/std/src/sys/backtrace.rs:42:9
[INFO] [stdout]    8:     0x571b6db460ea - std::panicking::default_hook::{{closure}}::he19d4c7230e07961
[INFO] [stdout]                                at /rustc/90b35a6239c3d8bdabc530a6a0816f7ff89a0aaf/library/std/src/panicking.rs:268:22
[INFO] [stdout]    9:     0x571b6db45ef4 - std::panicking::default_hook::hf614597d3c67bbdb
[INFO] [stdout]                                at /rustc/90b35a6239c3d8bdabc530a6a0816f7ff89a0aaf/library/std/src/panicking.rs:292:9
[INFO] [stdout]   10:     0x571b6da2eac9 - <alloc::boxed::Box<F,A> as core::ops::function::Fn<Args>>::call::h39b51ce4599c23d1
[INFO] [stdout]                                at /rustc/90b35a6239c3d8bdabc530a6a0816f7ff89a0aaf/library/alloc/src/boxed.rs:2468:9
[INFO] [stdout]   11:     0x571b6da2eac9 - test::test_main::{{closure}}::he977ae839a582784
[INFO] [stdout]                                at /rustc/90b35a6239c3d8bdabc530a6a0816f7ff89a0aaf/library/test/src/lib.rs:133:21
[INFO] [stdout]   12:     0x571b6db46788 - <alloc::boxed::Box<F,A> as core::ops::function::Fn<Args>>::call::h9455091b6b06f9fb
[INFO] [stdout]                                at /rustc/90b35a6239c3d8bdabc530a6a0816f7ff89a0aaf/library/alloc/src/boxed.rs:2468:9
[INFO] [stdout]   13:     0x571b6db46788 - std::panicking::rust_panic_with_hook::h8942133a8b252070
[INFO] [stdout]                                at /rustc/90b35a6239c3d8bdabc530a6a0816f7ff89a0aaf/library/std/src/panicking.rs:809:13
[INFO] [stdout]   14:     0x571b6db4654a - std::panicking::begin_panic_handler::{{closure}}::hb5f5963570096b29
[INFO] [stdout]                                at /rustc/90b35a6239c3d8bdabc530a6a0816f7ff89a0aaf/library/std/src/panicking.rs:674:13
[INFO] [stdout]   15:     0x571b6db45169 - std::sys::backtrace::__rust_end_short_backtrace::h6208cedc1922feda
[INFO] [stdout]                                at /rustc/90b35a6239c3d8bdabc530a6a0816f7ff89a0aaf/library/std/src/sys/backtrace.rs:170:18
[INFO] [stdout]   16:     0x571b6db461dc - rust_begin_unwind
[INFO] [stdout]                                at /rustc/90b35a6239c3d8bdabc530a6a0816f7ff89a0aaf/library/std/src/panicking.rs:665:5
[INFO] [stdout]   17:     0x571b6d6782a0 - core::panicking::panic_fmt::h0c3082644d1bf418
[INFO] [stdout]                                at /rustc/90b35a6239c3d8bdabc530a6a0816f7ff89a0aaf/library/core/src/panicking.rs:74:14
[INFO] [stdout]   18:     0x571b6d698909 - accumulate_api::test::get_last_major_block::{{closure}}::h1ed9b441a33eccbb
[INFO] [stdout]                                at /opt/rustwide/workdir/src/lib.rs:299:4
[INFO] [stdout]   19:     0x571b6d6a5392 - <core::pin::Pin<P> as core::future::future::Future>::poll::h31f4e3ecdac4e199
[INFO] [stdout]                                at /rustc/90b35a6239c3d8bdabc530a6a0816f7ff89a0aaf/library/core/src/future/future.rs:123:9
[INFO] [stdout]   20:     0x571b6d6a53cd - <core::pin::Pin<P> as core::future::future::Future>::poll::h61f937473a4a524a
[INFO] [stdout]                                at /rustc/90b35a6239c3d8bdabc530a6a0816f7ff89a0aaf/library/core/src/future/future.rs:123:9
[INFO] [stdout]   21:     0x571b6d69c5ef - tokio::runtime::scheduler::current_thread::CoreGuard::block_on::{{closure}}::{{closure}}::{{closure}}::h1d1fcf2ee76f9f6e
[INFO] [stdout]                                at /opt/rustwide/cargo-home/registry/src/index.crates.io-6f17d22bba15001f/tokio-1.35.1/src/runtime/scheduler/current_thread/mod.rs:665:57
[INFO] [stdout]   22:     0x571b6d69c525 - tokio::runtime::coop::with_budget::hdc2ea7ce753ae382
[INFO] [stdout]                                at /opt/rustwide/cargo-home/registry/src/index.crates.io-6f17d22bba15001f/tokio-1.35.1/src/runtime/coop.rs:107:5
[INFO] [stdout]   23:     0x571b6d69c525 - tokio::runtime::coop::budget::h7a8478d873ac7aa1
[INFO] [stdout]                                at /opt/rustwide/cargo-home/registry/src/index.crates.io-6f17d22bba15001f/tokio-1.35.1/src/runtime/coop.rs:73:5
[INFO] [stdout]   24:     0x571b6d69c525 - tokio::runtime::scheduler::current_thread::CoreGuard::block_on::{{closure}}::{{closure}}::h7c00651d19f5237c
[INFO] [stdout]                                at /opt/rustwide/cargo-home/registry/src/index.crates.io-6f17d22bba15001f/tokio-1.35.1/src/runtime/scheduler/current_thread/mod.rs:665:25
[INFO] [stdout]   25:     0x571b6d69afe0 - tokio::runtime::scheduler::current_thread::Context::enter::h0471527e31c0a4fb
[INFO] [stdout]                                at /opt/rustwide/cargo-home/registry/src/index.crates.io-6f17d22bba15001f/tokio-1.35.1/src/runtime/scheduler/current_thread/mod.rs:410:19
[INFO] [stdout]   26:     0x571b6d69bd8e - tokio::runtime::scheduler::current_thread::CoreGuard::block_on::{{closure}}::hbdce408a39b559d1
[INFO] [stdout]                                at /opt/rustwide/cargo-home/registry/src/index.crates.io-6f17d22bba15001f/tokio-1.35.1/src/runtime/scheduler/current_thread/mod.rs:664:36
[INFO] [stdout]   27:     0x571b6d69bb04 - tokio::runtime::scheduler::current_thread::CoreGuard::enter::{{closure}}::hec843540cb896c84
[INFO] [stdout]                                at /opt/rustwide/cargo-home/registry/src/index.crates.io-6f17d22bba15001f/tokio-1.35.1/src/runtime/scheduler/current_thread/mod.rs:743:68
[INFO] [stdout]   28:     0x571b6d6a047b - tokio::runtime::context::scoped::Scoped<T>::set::h3eebebc279a6b2bc
[INFO] [stdout]                                at /opt/rustwide/cargo-home/registry/src/index.crates.io-6f17d22bba15001f/tokio-1.35.1/src/runtime/context/scoped.rs:40:9
[INFO] [stdout]   29:     0x571b6d6a02b9 - tokio::runtime::context::set_scheduler::{{closure}}::hf97090e397e334ab
[INFO] [stdout]                                at /opt/rustwide/cargo-home/registry/src/index.crates.io-6f17d22bba15001f/tokio-1.35.1/src/runtime/context.rs:176:26
[INFO] [stdout]   30:     0x571b6d6a843d - std::thread::local::LocalKey<T>::try_with::h07196d80c2d05bf7
[INFO] [stdout]                                at /rustc/90b35a6239c3d8bdabc530a6a0816f7ff89a0aaf/library/std/src/thread/local.rs:283:12
[INFO] [stdout]   31:     0x571b6d6a806a - std::thread::local::LocalKey<T>::with::h2367271ec39eff56
[INFO] [stdout]                                at /rustc/90b35a6239c3d8bdabc530a6a0816f7ff89a0aaf/library/std/src/thread/local.rs:260:9
[INFO] [stdout]   32:     0x571b6d6a026d - tokio::runtime::context::set_scheduler::h9715e6e21db3f126
[INFO] [stdout]                                at /opt/rustwide/cargo-home/registry/src/index.crates.io-6f17d22bba15001f/tokio-1.35.1/src/runtime/context.rs:176:9
[INFO] [stdout]   33:     0x571b6d69b8b0 - tokio::runtime::scheduler::current_thread::CoreGuard::enter::hb211f2cb5b6fba9b
[INFO] [stdout]                                at /opt/rustwide/cargo-home/registry/src/index.crates.io-6f17d22bba15001f/tokio-1.35.1/src/runtime/scheduler/current_thread/mod.rs:743:27
[INFO] [stdout]   34:     0x571b6d69bb23 - tokio::runtime::scheduler::current_thread::CoreGuard::block_on::h6f787285709a7f5c
[INFO] [stdout]                                at /opt/rustwide/cargo-home/registry/src/index.crates.io-6f17d22bba15001f/tokio-1.35.1/src/runtime/scheduler/current_thread/mod.rs:652:19
[INFO] [stdout]   35:     0x571b6d69ab1d - tokio::runtime::scheduler::current_thread::CurrentThread::block_on::{{closure}}::ha74af01a9ca92108
[INFO] [stdout]                                at /opt/rustwide/cargo-home/registry/src/index.crates.io-6f17d22bba15001f/tokio-1.35.1/src/runtime/scheduler/current_thread/mod.rs:175:28
[INFO] [stdout]   36:     0x571b6d6a9636 - tokio::runtime::context::runtime::enter_runtime::h241f3bc132a5f0d2
[INFO] [stdout]                                at /opt/rustwide/cargo-home/registry/src/index.crates.io-6f17d22bba15001f/tokio-1.35.1/src/runtime/context/runtime.rs:65:16
[INFO] [stdout]   37:     0x571b6d69aa31 - tokio::runtime::scheduler::current_thread::CurrentThread::block_on::h892f56151e0b6848
[INFO] [stdout]                                at /opt/rustwide/cargo-home/registry/src/index.crates.io-6f17d22bba15001f/tokio-1.35.1/src/runtime/scheduler/current_thread/mod.rs:167:9
[INFO] [stdout]   38:     0x571b6d6a9d0d - tokio::runtime::runtime::Runtime::block_on::h6ae391ce5f473321
[INFO] [stdout]                                at /opt/rustwide/cargo-home/registry/src/index.crates.io-6f17d22bba15001f/tokio-1.35.1/src/runtime/runtime.rs:348:47
[INFO] [stdout]   39:     0x571b6d6983e1 - accumulate_api::test::get_last_major_block::h25b7a5f1a2151b7b
[INFO] [stdout]                                at /opt/rustwide/workdir/src/lib.rs:296:3
[INFO] [stdout]   40:     0x571b6d698287 - accumulate_api::test::get_last_major_block::{{closure}}::hc5af9dd468af3135
[INFO] [stdout]                                at /opt/rustwide/workdir/src/lib.rs:292:33
[INFO] [stdout]   41:     0x571b6d6957c6 - core::ops::function::FnOnce::call_once::h679e0eb9422377b5
[INFO] [stdout]                                at /rustc/90b35a6239c3d8bdabc530a6a0816f7ff89a0aaf/library/core/src/ops/function.rs:250:5
[INFO] [stdout]   42:     0x571b6da3348b - core::ops::function::FnOnce::call_once::h109cf8051a59b34e
[INFO] [stdout]                                at /rustc/90b35a6239c3d8bdabc530a6a0816f7ff89a0aaf/library/core/src/ops/function.rs:250:5
[INFO] [stdout]   43:     0x571b6da3348b - test::__rust_begin_short_backtrace::hf4fff89d377446ba
[INFO] [stdout]                                at /rustc/90b35a6239c3d8bdabc530a6a0816f7ff89a0aaf/library/test/src/lib.rs:621:18
[INFO] [stdout]   44:     0x571b6da32cc7 - test::run_test_in_process::{{closure}}::h0e39181dd7ee5a43
[INFO] [stdout]                                at /rustc/90b35a6239c3d8bdabc530a6a0816f7ff89a0aaf/library/test/src/lib.rs:644:60
[INFO] [stdout]   45:     0x571b6da32cc7 - <core::panic::unwind_safe::AssertUnwindSafe<F> as core::ops::function::FnOnce<()>>::call_once::hc5a66a30f0bdfd1f
[INFO] [stdout]                                at /rustc/90b35a6239c3d8bdabc530a6a0816f7ff89a0aaf/library/core/src/panic/unwind_safe.rs:272:9
[INFO] [stdout]   46:     0x571b6da32cc7 - std::panicking::try::do_call::h873b7cf639554a5e
[INFO] [stdout]                                at /rustc/90b35a6239c3d8bdabc530a6a0816f7ff89a0aaf/library/std/src/panicking.rs:557:40
[INFO] [stdout]   47:     0x571b6da32cc7 - std::panicking::try::hdb19862fad9c8bd1
[INFO] [stdout]                                at /rustc/90b35a6239c3d8bdabc530a6a0816f7ff89a0aaf/library/std/src/panicking.rs:520:19
[INFO] [stdout]   48:     0x571b6da32cc7 - std::panic::catch_unwind::h281fe732d236d260
[INFO] [stdout]                                at /rustc/90b35a6239c3d8bdabc530a6a0816f7ff89a0aaf/library/std/src/panic.rs:358:14
[INFO] [stdout]   49:     0x571b6da32cc7 - test::run_test_in_process::h949b6df8457ed338
[INFO] [stdout]                                at /rustc/90b35a6239c3d8bdabc530a6a0816f7ff89a0aaf/library/test/src/lib.rs:644:27
[INFO] [stdout]   50:     0x571b6da32cc7 - test::run_test::{{closure}}::h52c556a6d4740e10
[INFO] [stdout]                                at /rustc/90b35a6239c3d8bdabc530a6a0816f7ff89a0aaf/library/test/src/lib.rs:565:43
[INFO] [stdout]   51:     0x571b6d9f7fa4 - test::run_test::{{closure}}::h4237f6381c45ccb9
[INFO] [stdout]                                at /rustc/90b35a6239c3d8bdabc530a6a0816f7ff89a0aaf/library/test/src/lib.rs:595:41
[INFO] [stdout]   52:     0x571b6d9f7fa4 - std::sys::backtrace::__rust_begin_short_backtrace::h505c97a579eca628
[INFO] [stdout]                                at /rustc/90b35a6239c3d8bdabc530a6a0816f7ff89a0aaf/library/std/src/sys/backtrace.rs:154:18
[INFO] [stdout]   53:     0x571b6d9fb66e - std::thread::Builder::spawn_unchecked_::{{closure}}::{{closure}}::h9e86b2e2bc107ea3
[INFO] [stdout]                                at /rustc/90b35a6239c3d8bdabc530a6a0816f7ff89a0aaf/library/std/src/thread/mod.rs:538:17
[INFO] [stdout]   54:     0x571b6d9fb66e - <core::panic::unwind_safe::AssertUnwindSafe<F> as core::ops::function::FnOnce<()>>::call_once::h8b06ddb275ff4a25
[INFO] [stdout]                                at /rustc/90b35a6239c3d8bdabc530a6a0816f7ff89a0aaf/library/core/src/panic/unwind_safe.rs:272:9
[INFO] [stdout]   55:     0x571b6d9fb66e - std::panicking::try::do_call::hb26ecd7cd9a9355d
[INFO] [stdout]                                at /rustc/90b35a6239c3d8bdabc530a6a0816f7ff89a0aaf/library/std/src/panicking.rs:557:40
[INFO] [stdout]   56:     0x571b6d9fb66e - std::panicking::try::h8ddeca9d705f9069
[INFO] [stdout]                                at /rustc/90b35a6239c3d8bdabc530a6a0816f7ff89a0aaf/library/std/src/panicking.rs:520:19
[INFO] [stdout]   57:     0x571b6d9fb66e - std::panic::catch_unwind::h49e1c33078844c46
[INFO] [stdout]                                at /rustc/90b35a6239c3d8bdabc530a6a0816f7ff89a0aaf/library/std/src/panic.rs:358:14
[INFO] [stdout]   58:     0x571b6d9fb66e - std::thread::Builder::spawn_unchecked_::{{closure}}::h6073db6ff56ad35d
[INFO] [stdout]                                at /rustc/90b35a6239c3d8bdabc530a6a0816f7ff89a0aaf/library/std/src/thread/mod.rs:537:30
[INFO] [stdout]   59:     0x571b6d9fb66e - core::ops::function::FnOnce::call_once{{vtable.shim}}::h2c5a5f3779c774f1
[INFO] [stdout]                                at /rustc/90b35a6239c3d8bdabc530a6a0816f7ff89a0aaf/library/core/src/ops/function.rs:250:5
[INFO] [stdout]   60:     0x571b6db4aa4b - <alloc::boxed::Box<F,A> as core::ops::function::FnOnce<Args>>::call_once::hf75717d9f28faebf
[INFO] [stdout]                                at /rustc/90b35a6239c3d8bdabc530a6a0816f7ff89a0aaf/library/alloc/src/boxed.rs:2454:9
[INFO] [stdout]   61:     0x571b6db4aa4b - <alloc::boxed::Box<F,A> as core::ops::function::FnOnce<Args>>::call_once::h7bd883a5f3c5f3c1
[INFO] [stdout]                                at /rustc/90b35a6239c3d8bdabc530a6a0816f7ff89a0aaf/library/alloc/src/boxed.rs:2454:9
[INFO] [stdout]   62:     0x571b6db4aa4b - std::sys::pal::unix::thread::Thread::new::thread_start::hcc78f3943333fa94
[INFO] [stdout]                                at /rustc/90b35a6239c3d8bdabc530a6a0816f7ff89a0aaf/library/std/src/sys/pal/unix/thread.rs:105:17
[INFO] [stdout]   63:     0x76af521d1ac3 - <unknown>
[INFO] [stdout]   64:     0x76af52262a04 - clone
[INFO] [stdout]   65:                0x0 - <unknown>
[INFO] [stdout] 
[INFO] [stdout] 
[INFO] [stdout] failures:
[INFO] [stdout]     test::get_last_major_block
[INFO] [stdout] 
[INFO] [stdout] test result: FAILED. 0 passed; 1 failed; 0 ignored; 0 measured; 0 filtered out; finished in 0.13s
[INFO] [stdout] 
[INFO] running `Command { std: "docker" "inspect" "1b04842b9fef9e83266530ea71873aecd71140eff36df3ca16f66beda68bc1e9", kill_on_drop: false }`
[INFO] running `Command { std: "docker" "rm" "-f" "1b04842b9fef9e83266530ea71873aecd71140eff36df3ca16f66beda68bc1e9", kill_on_drop: false }`
[INFO] [stdout] 1b04842b9fef9e83266530ea71873aecd71140eff36df3ca16f66beda68bc1e9
