[INFO] fetching crate abstractapi 0.1.3...
[INFO] testing abstractapi-0.1.3 against 1.83.0 for beta-1.84.0-4-retry
[INFO] extracting crate abstractapi 0.1.3 into /workspace/builds/worker-6-tc1/source
[INFO] validating manifest of crates.io crate abstractapi 0.1.3 on toolchain 1.83.0
[INFO] running `Command { std: CARGO_HOME="/workspace/cargo-home" RUSTUP_HOME="/workspace/rustup-home" "/workspace/cargo-home/bin/cargo" "+1.83.0" "metadata" "--manifest-path" "Cargo.toml" "--no-deps", kill_on_drop: false }`
[INFO] started tweaking crates.io crate abstractapi 0.1.3
[INFO] finished tweaking crates.io crate abstractapi 0.1.3
[INFO] tweaked toml for crates.io crate abstractapi 0.1.3 written to /workspace/builds/worker-6-tc1/source/Cargo.toml
[INFO] crate crates.io crate abstractapi 0.1.3 already has a lockfile, it will not be regenerated
[INFO] running `Command { std: CARGO_HOME="/workspace/cargo-home" RUSTUP_HOME="/workspace/rustup-home" "/workspace/cargo-home/bin/cargo" "+1.83.0" "fetch" "--manifest-path" "Cargo.toml", kill_on_drop: false }`
[INFO] [stderr]     Updating crates.io index
[INFO] [stderr]  Downloading crates ...
[INFO] [stderr]   Downloaded lazy-regex-proc_macros v2.2.2
[INFO] [stderr]   Downloaded lazy-regex v2.2.2
[INFO] [stderr]   Downloaded ureq v2.4.0
[INFO] [stderr]   Downloaded thiserror_lite v0.1.0
[INFO] running `Command { std: "docker" "create" "-v" "/var/lib/crater-agent-workspace/builds/worker-6-tc1/target:/opt/rustwide/target:rw,Z" "-v" "/var/lib/crater-agent-workspace/builds/worker-6-tc1/source:/opt/rustwide/workdir:ro,Z" "-v" "/var/lib/crater-agent-workspace/cargo-home:/opt/rustwide/cargo-home:ro,Z" "-v" "/var/lib/crater-agent-workspace/rustup-home:/opt/rustwide/rustup-home:ro,Z" "-e" "SOURCE_DIR=/opt/rustwide/workdir" "-e" "CARGO_TARGET_DIR=/opt/rustwide/target" "-e" "CARGO_HOME=/opt/rustwide/cargo-home" "-e" "RUSTUP_HOME=/opt/rustwide/rustup-home" "-w" "/opt/rustwide/workdir" "-m" "1610612736" "--user" "0:0" "--network" "none" "ghcr.io/rust-lang/crates-build-env/linux@sha256:f3a9d4ad9d972b27faf3965f35b62e55ba32bbce8f20bc8fe909558a86702fde" "/opt/rustwide/cargo-home/bin/cargo" "+1.83.0" "metadata" "--no-deps" "--format-version=1", kill_on_drop: false }`
[INFO] [stdout] ebc3ca90fe7e6ce69c7c00505e340407d5ad7d9243bc86ffd6d53bf1ab577c09
[INFO] running `Command { std: "docker" "start" "-a" "ebc3ca90fe7e6ce69c7c00505e340407d5ad7d9243bc86ffd6d53bf1ab577c09", kill_on_drop: false }`
[INFO] running `Command { std: "docker" "inspect" "ebc3ca90fe7e6ce69c7c00505e340407d5ad7d9243bc86ffd6d53bf1ab577c09", kill_on_drop: false }`
[INFO] running `Command { std: "docker" "rm" "-f" "ebc3ca90fe7e6ce69c7c00505e340407d5ad7d9243bc86ffd6d53bf1ab577c09", kill_on_drop: false }`
[INFO] [stdout] ebc3ca90fe7e6ce69c7c00505e340407d5ad7d9243bc86ffd6d53bf1ab577c09
[INFO] running `Command { std: "docker" "create" "-v" "/var/lib/crater-agent-workspace/builds/worker-6-tc1/target:/opt/rustwide/target:rw,Z" "-v" "/var/lib/crater-agent-workspace/builds/worker-6-tc1/source:/opt/rustwide/workdir:ro,Z" "-v" "/var/lib/crater-agent-workspace/cargo-home:/opt/rustwide/cargo-home:ro,Z" "-v" "/var/lib/crater-agent-workspace/rustup-home:/opt/rustwide/rustup-home:ro,Z" "-e" "SOURCE_DIR=/opt/rustwide/workdir" "-e" "CARGO_TARGET_DIR=/opt/rustwide/target" "-e" "CARGO_INCREMENTAL=0" "-e" "RUST_BACKTRACE=full" "-e" "RUSTFLAGS=--cap-lints=warn" "-e" "RUSTDOCFLAGS=--cap-lints=warn" "-e" "CARGO_HOME=/opt/rustwide/cargo-home" "-e" "RUSTUP_HOME=/opt/rustwide/rustup-home" "-w" "/opt/rustwide/workdir" "-m" "1610612736" "--user" "0:0" "--network" "none" "ghcr.io/rust-lang/crates-build-env/linux@sha256:f3a9d4ad9d972b27faf3965f35b62e55ba32bbce8f20bc8fe909558a86702fde" "/opt/rustwide/cargo-home/bin/cargo" "+1.83.0" "build" "--frozen" "--message-format=json", kill_on_drop: false }`
[INFO] [stdout] f2f89b54d38bb3331cb8d1a42dca93666306714ef4ba0420f7839273b2e335e4
[INFO] running `Command { std: "docker" "start" "-a" "f2f89b54d38bb3331cb8d1a42dca93666306714ef4ba0420f7839273b2e335e4", kill_on_drop: false }`
[INFO] [stderr]    Compiling libc v0.2.112
[INFO] [stderr]    Compiling proc-macro2 v1.0.36
[INFO] [stderr]    Compiling unicode-xid v0.2.2
[INFO] [stderr]    Compiling cc v1.0.72
[INFO] [stderr]    Compiling syn v1.0.85
[INFO] [stderr]    Compiling once_cell v1.9.0
[INFO] [stderr]    Compiling memchr v2.4.1
[INFO] [stderr]    Compiling spin v0.5.2
[INFO] [stderr]    Compiling cfg-if v1.0.0
[INFO] [stderr]    Compiling untrusted v0.7.1
[INFO] [stderr]    Compiling autocfg v1.0.1
[INFO] [stderr]    Compiling tinyvec_macros v0.1.0
[INFO] [stderr]    Compiling serde_derive v1.0.133
[INFO] [stderr]    Compiling matches v0.1.9
[INFO] [stderr]    Compiling crc32fast v1.3.0
[INFO] [stderr]    Compiling log v0.4.14
[INFO] [stderr]    Compiling tinyvec v1.5.1
[INFO] [stderr]    Compiling serde v1.0.133
[INFO] [stderr]    Compiling percent-encoding v2.1.0
[INFO] [stderr]    Compiling unicode-bidi v0.3.7
[INFO] [stderr]    Compiling serde_json v1.0.75
[INFO] [stderr]    Compiling regex-syntax v0.6.25
[INFO] [stderr]    Compiling adler v1.0.2
[INFO] [stderr]    Compiling form_urlencoded v1.0.1
[INFO] [stderr]    Compiling ryu v1.0.9
[INFO] [stderr]    Compiling itoa v1.0.1
[INFO] [stderr]    Compiling base64 v0.13.0
[INFO] [stderr]    Compiling chunked_transfer v1.4.0
[INFO] [stderr]    Compiling thiserror_lite v0.1.0
[INFO] [stderr]    Compiling miniz_oxide v0.4.4
[INFO] [stderr]    Compiling num_cpus v1.13.1
[INFO] [stderr]    Compiling ring v0.16.20
[INFO] [stderr]    Compiling dashmap v4.0.2
[INFO] [stderr]    Compiling aho-corasick v0.7.18
[INFO] [stderr]    Compiling unicode-normalization v0.1.19
[INFO] [stderr]    Compiling quote v1.0.14
[INFO] [stderr]    Compiling flate2 v1.0.22
[INFO] [stderr]    Compiling idna v0.2.3
[INFO] [stderr]    Compiling url v2.2.2
[INFO] [stderr]    Compiling regex v1.5.4
[INFO] [stderr]    Compiling webpki v0.22.0
[INFO] [stderr]    Compiling sct v0.7.0
[INFO] [stderr]    Compiling webpki-roots v0.22.2
[INFO] [stderr]    Compiling rustls v0.20.2
[INFO] [stderr]    Compiling lazy-regex-proc_macros v2.2.2
[INFO] [stderr]    Compiling lazy-regex v2.2.2
[INFO] [stderr]    Compiling ureq v2.4.0
[INFO] [stderr]    Compiling abstractapi v0.1.3 (/opt/rustwide/workdir)
[INFO] [stdout] warning: ambiguous glob re-exports
[INFO] [stdout]   --> src/api/mod.rs:24:9
[INFO] [stdout]    |
[INFO] [stdout] 24 | pub use phone_validation::*;
[INFO] [stdout]    |         ^^^^^^^^^^^^^^^^^^^ the name `Country` in the type namespace is first re-exported here
[INFO] [stdout] 25 | pub use timezone::*;
[INFO] [stdout] 26 | pub use vat::*;
[INFO] [stdout]    |         ------ but the name `Country` in the type namespace is also re-exported here
[INFO] [stdout]    |
[INFO] [stdout]    = note: `#[warn(ambiguous_glob_reexports)]` on by default
[INFO] [stdout] 
[INFO] [stdout] 
[INFO] [stderr]     Finished `dev` profile [unoptimized + debuginfo] target(s) in 26.22s
[INFO] running `Command { std: "docker" "inspect" "f2f89b54d38bb3331cb8d1a42dca93666306714ef4ba0420f7839273b2e335e4", kill_on_drop: false }`
[INFO] running `Command { std: "docker" "rm" "-f" "f2f89b54d38bb3331cb8d1a42dca93666306714ef4ba0420f7839273b2e335e4", kill_on_drop: false }`
[INFO] [stdout] f2f89b54d38bb3331cb8d1a42dca93666306714ef4ba0420f7839273b2e335e4
[INFO] running `Command { std: "docker" "create" "-v" "/var/lib/crater-agent-workspace/builds/worker-6-tc1/target:/opt/rustwide/target:rw,Z" "-v" "/var/lib/crater-agent-workspace/builds/worker-6-tc1/source:/opt/rustwide/workdir:ro,Z" "-v" "/var/lib/crater-agent-workspace/cargo-home:/opt/rustwide/cargo-home:ro,Z" "-v" "/var/lib/crater-agent-workspace/rustup-home:/opt/rustwide/rustup-home:ro,Z" "-e" "SOURCE_DIR=/opt/rustwide/workdir" "-e" "CARGO_TARGET_DIR=/opt/rustwide/target" "-e" "CARGO_INCREMENTAL=0" "-e" "RUST_BACKTRACE=full" "-e" "RUSTFLAGS=--cap-lints=warn" "-e" "RUSTDOCFLAGS=--cap-lints=warn" "-e" "CARGO_HOME=/opt/rustwide/cargo-home" "-e" "RUSTUP_HOME=/opt/rustwide/rustup-home" "-w" "/opt/rustwide/workdir" "-m" "1610612736" "--user" "0:0" "--network" "none" "ghcr.io/rust-lang/crates-build-env/linux@sha256:f3a9d4ad9d972b27faf3965f35b62e55ba32bbce8f20bc8fe909558a86702fde" "/opt/rustwide/cargo-home/bin/cargo" "+1.83.0" "test" "--frozen" "--no-run" "--message-format=json", kill_on_drop: false }`
[INFO] [stdout] 075fd3fa1ee05b2b350acc0a48b1ce30c9d0c9c27baf2a478171c616459b0d8b
[INFO] running `Command { std: "docker" "start" "-a" "075fd3fa1ee05b2b350acc0a48b1ce30c9d0c9c27baf2a478171c616459b0d8b", kill_on_drop: false }`
[INFO] [stderr]    Compiling diff v0.1.12
[INFO] [stderr]    Compiling ansi_term v0.12.1
[INFO] [stdout] warning: ambiguous glob re-exports
[INFO] [stdout]   --> src/api/mod.rs:24:9
[INFO] [stdout]    |
[INFO] [stdout] 24 | pub use phone_validation::*;
[INFO] [stdout]    |         ^^^^^^^^^^^^^^^^^^^ the name `Country` in the type namespace is first re-exported here
[INFO] [stdout] 25 | pub use timezone::*;
[INFO] [stdout] 26 | pub use vat::*;
[INFO] [stdout]    |         ------ but the name `Country` in the type namespace is also re-exported here
[INFO] [stdout]    |
[INFO] [stdout]    = note: `#[warn(ambiguous_glob_reexports)]` on by default
[INFO] [stdout] 
[INFO] [stdout] 
[INFO] [stderr]    Compiling pretty_assertions v1.0.0
[INFO] [stderr]    Compiling abstractapi v0.1.3 (/opt/rustwide/workdir)
[INFO] [stdout] warning: ambiguous glob re-exports
[INFO] [stdout]   --> src/api/mod.rs:24:9
[INFO] [stdout]    |
[INFO] [stdout] 24 | pub use phone_validation::*;
[INFO] [stdout]    |         ^^^^^^^^^^^^^^^^^^^ the name `Country` in the type namespace is first re-exported here
[INFO] [stdout] 25 | pub use timezone::*;
[INFO] [stdout] 26 | pub use vat::*;
[INFO] [stdout]    |         ------ but the name `Country` in the type namespace is also re-exported here
[INFO] [stdout]    |
[INFO] [stdout]    = note: `#[warn(ambiguous_glob_reexports)]` on by default
[INFO] [stdout] 
[INFO] [stdout] 
[INFO] [stderr]     Finished `test` profile [unoptimized + debuginfo] target(s) in 3.53s
[INFO] running `Command { std: "docker" "inspect" "075fd3fa1ee05b2b350acc0a48b1ce30c9d0c9c27baf2a478171c616459b0d8b", kill_on_drop: false }`
[INFO] running `Command { std: "docker" "rm" "-f" "075fd3fa1ee05b2b350acc0a48b1ce30c9d0c9c27baf2a478171c616459b0d8b", kill_on_drop: false }`
[INFO] [stdout] 075fd3fa1ee05b2b350acc0a48b1ce30c9d0c9c27baf2a478171c616459b0d8b
[INFO] running `Command { std: "docker" "create" "-v" "/var/lib/crater-agent-workspace/builds/worker-6-tc1/target:/opt/rustwide/target:rw,Z" "-v" "/var/lib/crater-agent-workspace/builds/worker-6-tc1/source:/opt/rustwide/workdir:ro,Z" "-v" "/var/lib/crater-agent-workspace/cargo-home:/opt/rustwide/cargo-home:ro,Z" "-v" "/var/lib/crater-agent-workspace/rustup-home:/opt/rustwide/rustup-home:ro,Z" "-e" "SOURCE_DIR=/opt/rustwide/workdir" "-e" "CARGO_TARGET_DIR=/opt/rustwide/target" "-e" "CARGO_INCREMENTAL=0" "-e" "RUST_BACKTRACE=full" "-e" "RUSTFLAGS=--cap-lints=warn" "-e" "RUSTDOCFLAGS=--cap-lints=warn" "-e" "CARGO_HOME=/opt/rustwide/cargo-home" "-e" "RUSTUP_HOME=/opt/rustwide/rustup-home" "-w" "/opt/rustwide/workdir" "-m" "1610612736" "--user" "0:0" "--network" "none" "ghcr.io/rust-lang/crates-build-env/linux@sha256:f3a9d4ad9d972b27faf3965f35b62e55ba32bbce8f20bc8fe909558a86702fde" "/opt/rustwide/cargo-home/bin/cargo" "+1.83.0" "test" "--frozen", kill_on_drop: false }`
[INFO] [stdout] af2491c17cbac2c518f53b87c8ac2fdd5232a15aa6d955ef59cea247e6fdf989
[INFO] running `Command { std: "docker" "start" "-a" "af2491c17cbac2c518f53b87c8ac2fdd5232a15aa6d955ef59cea247e6fdf989", kill_on_drop: false }`
[INFO] [stderr] warning: ambiguous glob re-exports
[INFO] [stderr]   --> src/api/mod.rs:24:9
[INFO] [stderr]    |
[INFO] [stderr] 24 | pub use phone_validation::*;
[INFO] [stderr]    |         ^^^^^^^^^^^^^^^^^^^ the name `Country` in the type namespace is first re-exported here
[INFO] [stderr] 25 | pub use timezone::*;
[INFO] [stderr] 26 | pub use vat::*;
[INFO] [stderr]    |         ------ but the name `Country` in the type namespace is also re-exported here
[INFO] [stderr]    |
[INFO] [stderr]    = note: `#[warn(ambiguous_glob_reexports)]` on by default
[INFO] [stderr] 
[INFO] [stderr] warning: `abstractapi` (lib) generated 1 warning
[INFO] [stderr] warning: `abstractapi` (lib test) generated 1 warning (1 duplicate)
[INFO] [stderr]     Finished `test` profile [unoptimized + debuginfo] target(s) in 0.08s
[INFO] [stderr]      Running unittests src/lib.rs (/opt/rustwide/target/debug/deps/abstractapi-68d59a403fcca79f)
[INFO] [stdout] 
[INFO] [stdout] running 1 test
[INFO] [stdout] test error::tests::test_hide_api_key ... FAILED
[INFO] [stdout] 
[INFO] [stdout] failures:
[INFO] [stdout] 
[INFO] [stdout] ---- error::tests::test_hide_api_key stdout ----
[INFO] [stdout] thread 'error::tests::test_hide_api_key' panicked at src/error.rs:50:9:
[INFO] [stdout] assertion failed: `(left == right)`
[INFO] [stdout] 
[INFO] [stdout] [1mDiff[0m [31m< left[0m / [32mright >[0m :
[INFO] [stdout] [31m<"RequestError(\"[0m[1;48;5;52;31mS[0m[31mtat[0m[1;48;5;52;31mu[0m[31ms[0m[1;48;5;52;31m(401[0m[31m, [0m[1;48;5;52;31mR[0m[31mes[0m[1;48;5;52;31mp[0m[31monse[0m[1;48;5;52;31m[[0m[31mstat[0m[1;48;5;52;31mus[0m[31m:[0m[1;48;5;52;31m [0m[31m4[0m[1;48;5;52;31m01[0m[31m, st[0m[1;48;5;52;31ma[0m[31mt[0m[1;48;5;52;31mu[0m[31ms[0m[1;48;5;52;31m_[0m[31mte[0m[1;48;5;52;31mxt[0m[31m: [0m[1;48;5;52;31mUn[0m[31mau[0m[1;48;5;52;31mtho[0m[31mr[0m[1;48;5;52;31miz[0m[31me[0m[1;48;5;52;31md[0m[31m, [0m[1;48;5;52;31mu[0m[31mr[0m[1;48;5;52;31ml[0m[31m: h[0m[1;48;5;52;31mttp[0m[31ms:[0m[1;48;5;52;31m//[0m[31memailvalidation.abstractapi.com/v1/[0m[1;48;5;52;31m?[0m[31mapi_key=***&email=test%40gmial.com&auto_correct=false[0m[1;48;5;52;31m][0m[31m)\")"[0m
[INFO] [stdout] [32m>"RequestError(\"[0m[1;48;5;22;32mTranspor[0m[32mt[0m[1;48;5;22;32m(Tr[0m[32ma[0m[1;48;5;22;32mnspor[0m[32mt[0m[1;48;5;22;32m { kind: Dn[0m[32ms, [0m[1;48;5;22;32mm[0m[32mes[0m[1;48;5;22;32msage: S[0m[32mo[0m[1;48;5;22;32mme(\\\"resolve d[0m[32mns[0m[1;48;5;22;32m nam[0m[32me[0m[1;48;5;22;32m 'emailvalidation.ab[0m[32mst[0m[1;48;5;22;32mr[0m[32ma[0m[1;48;5;22;32mc[0m[32mt[0m[1;48;5;22;32mapi.com[0m[32m:4[0m[1;48;5;22;32m43'\\\")[0m[32m, [0m[1;48;5;22;32murl: Some(Url { [0m[32ms[0m[1;48;5;22;32mcheme: \\\"h[0m[32mtt[0m[1;48;5;22;32mp[0m[32ms[0m[1;48;5;22;32m\\\", canno[0m[32mt[0m[1;48;5;22;32m_b[0m[32me[0m[1;48;5;22;32m_a_base[0m[32m: [0m[1;48;5;22;32mf[0m[32ma[0m[1;48;5;22;32mlse, [0m[32mu[0m[1;48;5;22;32mse[0m[32mr[0m[1;48;5;22;32mnam[0m[32me[0m[1;48;5;22;32m: \\\"\\\"[0m[32m, [0m[1;48;5;22;32mpasswo[0m[32mr[0m[1;48;5;22;32md[0m[32m: [0m[1;48;5;22;32mNone, [0m[32mh[0m[1;48;5;22;32mo[0m[32ms[0m[1;48;5;22;32mt[0m[32m:[0m[1;48;5;22;32m Som[0m[32me[0m[1;48;5;22;32m(Do[0m[32mmai[0m[1;48;5;22;32mn(\\\"emai[0m[32mlvalidation.abstractapi.com[0m[1;48;5;22;32m\\\")), port: None, path: \\\"[0m[32m/v1/[0m[1;48;5;22;32m\\\", query: Some(\\\"[0m[32mapi_key=***&email=test%40gmial.com&auto_correct=false[0m[1;48;5;22;32m\\\"), fragment: None }), source: Some(Custom { kind: Uncategorized, error: \\\"failed to lookup address information: Temporary failure in name resolution\\\" }) }[0m[32m)\")"[0m
[INFO] [stdout] 
[INFO] [stdout] 
[INFO] [stdout] stack backtrace:
[INFO] [stdout]    0:     0x57b6bf24584a - std::backtrace_rs::backtrace::libunwind::trace::h5a5b8284f2d0c266
[INFO] [stdout]                                at /rustc/90b35a6239c3d8bdabc530a6a0816f7ff89a0aaf/library/std/src/../../backtrace/src/backtrace/libunwind.rs:116:5
[INFO] [stdout]    1:     0x57b6bf24584a - std::backtrace_rs::backtrace::trace_unsynchronized::h76d4f1c9b0b875e3
[INFO] [stdout]                                at /rustc/90b35a6239c3d8bdabc530a6a0816f7ff89a0aaf/library/std/src/../../backtrace/src/backtrace/mod.rs:66:5
[INFO] [stdout]    2:     0x57b6bf24584a - std::sys::backtrace::_print_fmt::hc4546b8364a537c6
[INFO] [stdout]                                at /rustc/90b35a6239c3d8bdabc530a6a0816f7ff89a0aaf/library/std/src/sys/backtrace.rs:66:9
[INFO] [stdout]    3:     0x57b6bf24584a - <std::sys::backtrace::BacktraceLock::print::DisplayBacktrace as core::fmt::Display>::fmt::h5b6bd5631a6d1f6b
[INFO] [stdout]                                at /rustc/90b35a6239c3d8bdabc530a6a0816f7ff89a0aaf/library/std/src/sys/backtrace.rs:39:26
[INFO] [stdout]    4:     0x57b6bf26db73 - core::fmt::rt::Argument::fmt::h270f6602a2b96f62
[INFO] [stdout]                                at /rustc/90b35a6239c3d8bdabc530a6a0816f7ff89a0aaf/library/core/src/fmt/rt.rs:177:76
[INFO] [stdout]    5:     0x57b6bf26db73 - core::fmt::write::h7550c97b06c86515
[INFO] [stdout]                                at /rustc/90b35a6239c3d8bdabc530a6a0816f7ff89a0aaf/library/core/src/fmt/mod.rs:1186:21
[INFO] [stdout]    6:     0x57b6bf241a33 - std::io::Write::write_fmt::h509ff860e5956e5e
[INFO] [stdout]                                at /rustc/90b35a6239c3d8bdabc530a6a0816f7ff89a0aaf/library/std/src/io/mod.rs:1839:15
[INFO] [stdout]    7:     0x57b6bf245692 - std::sys::backtrace::BacktraceLock::print::h2395ccd2c84ba3aa
[INFO] [stdout]                                at /rustc/90b35a6239c3d8bdabc530a6a0816f7ff89a0aaf/library/std/src/sys/backtrace.rs:42:9
[INFO] [stdout]    8:     0x57b6bf246caa - std::panicking::default_hook::{{closure}}::he19d4c7230e07961
[INFO] [stdout]                                at /rustc/90b35a6239c3d8bdabc530a6a0816f7ff89a0aaf/library/std/src/panicking.rs:268:22
[INFO] [stdout]    9:     0x57b6bf246ab4 - std::panicking::default_hook::hf614597d3c67bbdb
[INFO] [stdout]                                at /rustc/90b35a6239c3d8bdabc530a6a0816f7ff89a0aaf/library/std/src/panicking.rs:292:9
[INFO] [stdout]   10:     0x57b6beeeb819 - <alloc::boxed::Box<F,A> as core::ops::function::Fn<Args>>::call::h39b51ce4599c23d1
[INFO] [stdout]                                at /rustc/90b35a6239c3d8bdabc530a6a0816f7ff89a0aaf/library/alloc/src/boxed.rs:2468:9
[INFO] [stdout]   11:     0x57b6beeeb819 - test::test_main::{{closure}}::he977ae839a582784
[INFO] [stdout]                                at /rustc/90b35a6239c3d8bdabc530a6a0816f7ff89a0aaf/library/test/src/lib.rs:133:21
[INFO] [stdout]   12:     0x57b6bf247348 - <alloc::boxed::Box<F,A> as core::ops::function::Fn<Args>>::call::h9455091b6b06f9fb
[INFO] [stdout]                                at /rustc/90b35a6239c3d8bdabc530a6a0816f7ff89a0aaf/library/alloc/src/boxed.rs:2468:9
[INFO] [stdout]   13:     0x57b6bf247348 - std::panicking::rust_panic_with_hook::h8942133a8b252070
[INFO] [stdout]                                at /rustc/90b35a6239c3d8bdabc530a6a0816f7ff89a0aaf/library/std/src/panicking.rs:809:13
[INFO] [stdout]   14:     0x57b6bf24710a - std::panicking::begin_panic_handler::{{closure}}::hb5f5963570096b29
[INFO] [stdout]                                at /rustc/90b35a6239c3d8bdabc530a6a0816f7ff89a0aaf/library/std/src/panicking.rs:674:13
[INFO] [stdout]   15:     0x57b6bf245d29 - std::sys::backtrace::__rust_end_short_backtrace::h6208cedc1922feda
[INFO] [stdout]                                at /rustc/90b35a6239c3d8bdabc530a6a0816f7ff89a0aaf/library/std/src/sys/backtrace.rs:170:18
[INFO] [stdout]   16:     0x57b6bf246d9c - rust_begin_unwind
[INFO] [stdout]                                at /rustc/90b35a6239c3d8bdabc530a6a0816f7ff89a0aaf/library/std/src/panicking.rs:665:5
[INFO] [stdout]   17:     0x57b6beeac240 - core::panicking::panic_fmt::h0c3082644d1bf418
[INFO] [stdout]                                at /rustc/90b35a6239c3d8bdabc530a6a0816f7ff89a0aaf/library/core/src/panicking.rs:74:14
[INFO] [stdout]   18:     0x57b6beeb33c6 - abstractapi::error::tests::test_hide_api_key::h6d03828494818c43
[INFO] [stdout]                                at /opt/rustwide/workdir/src/error.rs:50:9
[INFO] [stdout]   19:     0x57b6beeb30b7 - abstractapi::error::tests::test_hide_api_key::{{closure}}::h84357f9ff01b90a0
[INFO] [stdout]                                at /opt/rustwide/workdir/src/error.rs:46:27
[INFO] [stdout]   20:     0x57b6beeaf816 - core::ops::function::FnOnce::call_once::h12d9412723da6dd4
[INFO] [stdout]                                at /rustc/90b35a6239c3d8bdabc530a6a0816f7ff89a0aaf/library/core/src/ops/function.rs:250:5
[INFO] [stdout]   21:     0x57b6beef01db - core::ops::function::FnOnce::call_once::h109cf8051a59b34e
[INFO] [stdout]                                at /rustc/90b35a6239c3d8bdabc530a6a0816f7ff89a0aaf/library/core/src/ops/function.rs:250:5
[INFO] [stdout]   22:     0x57b6beef01db - test::__rust_begin_short_backtrace::hf4fff89d377446ba
[INFO] [stdout]                                at /rustc/90b35a6239c3d8bdabc530a6a0816f7ff89a0aaf/library/test/src/lib.rs:621:18
[INFO] [stdout]   23:     0x57b6beeefa17 - test::run_test_in_process::{{closure}}::h0e39181dd7ee5a43
[INFO] [stdout]                                at /rustc/90b35a6239c3d8bdabc530a6a0816f7ff89a0aaf/library/test/src/lib.rs:644:60
[INFO] [stdout]   24:     0x57b6beeefa17 - <core::panic::unwind_safe::AssertUnwindSafe<F> as core::ops::function::FnOnce<()>>::call_once::hc5a66a30f0bdfd1f
[INFO] [stdout]                                at /rustc/90b35a6239c3d8bdabc530a6a0816f7ff89a0aaf/library/core/src/panic/unwind_safe.rs:272:9
[INFO] [stdout]   25:     0x57b6beeefa17 - std::panicking::try::do_call::h873b7cf639554a5e
[INFO] [stdout]                                at /rustc/90b35a6239c3d8bdabc530a6a0816f7ff89a0aaf/library/std/src/panicking.rs:557:40
[INFO] [stdout]   26:     0x57b6beeefa17 - std::panicking::try::hdb19862fad9c8bd1
[INFO] [stdout]                                at /rustc/90b35a6239c3d8bdabc530a6a0816f7ff89a0aaf/library/std/src/panicking.rs:520:19
[INFO] [stdout]   27:     0x57b6beeefa17 - std::panic::catch_unwind::h281fe732d236d260
[INFO] [stdout]                                at /rustc/90b35a6239c3d8bdabc530a6a0816f7ff89a0aaf/library/std/src/panic.rs:358:14
[INFO] [stdout]   28:     0x57b6beeefa17 - test::run_test_in_process::h949b6df8457ed338
[INFO] [stdout]                                at /rustc/90b35a6239c3d8bdabc530a6a0816f7ff89a0aaf/library/test/src/lib.rs:644:27
[INFO] [stdout]   29:     0x57b6beeefa17 - test::run_test::{{closure}}::h52c556a6d4740e10
[INFO] [stdout]                                at /rustc/90b35a6239c3d8bdabc530a6a0816f7ff89a0aaf/library/test/src/lib.rs:565:43
[INFO] [stdout]   30:     0x57b6beeb4cf4 - test::run_test::{{closure}}::h4237f6381c45ccb9
[INFO] [stdout]                                at /rustc/90b35a6239c3d8bdabc530a6a0816f7ff89a0aaf/library/test/src/lib.rs:595:41
[INFO] [stdout]   31:     0x57b6beeb4cf4 - std::sys::backtrace::__rust_begin_short_backtrace::h505c97a579eca628
[INFO] [stdout]                                at /rustc/90b35a6239c3d8bdabc530a6a0816f7ff89a0aaf/library/std/src/sys/backtrace.rs:154:18
[INFO] [stdout]   32:     0x57b6beeb83be - std::thread::Builder::spawn_unchecked_::{{closure}}::{{closure}}::h9e86b2e2bc107ea3
[INFO] [stdout]                                at /rustc/90b35a6239c3d8bdabc530a6a0816f7ff89a0aaf/library/std/src/thread/mod.rs:538:17
[INFO] [stdout]   33:     0x57b6beeb83be - <core::panic::unwind_safe::AssertUnwindSafe<F> as core::ops::function::FnOnce<()>>::call_once::h8b06ddb275ff4a25
[INFO] [stdout]                                at /rustc/90b35a6239c3d8bdabc530a6a0816f7ff89a0aaf/library/core/src/panic/unwind_safe.rs:272:9
[INFO] [stdout]   34:     0x57b6beeb83be - std::panicking::try::do_call::hb26ecd7cd9a9355d
[INFO] [stdout]                                at /rustc/90b35a6239c3d8bdabc530a6a0816f7ff89a0aaf/library/std/src/panicking.rs:557:40
[INFO] [stdout]   35:     0x57b6beeb83be - std::panicking::try::h8ddeca9d705f9069
[INFO] [stdout]                                at /rustc/90b35a6239c3d8bdabc530a6a0816f7ff89a0aaf/library/std/src/panicking.rs:520:19
[INFO] [stdout]   36:     0x57b6beeb83be - std::panic::catch_unwind::h49e1c33078844c46
[INFO] [stdout]                                at /rustc/90b35a6239c3d8bdabc530a6a0816f7ff89a0aaf/library/std/src/panic.rs:358:14
[INFO] [stdout]   37:     0x57b6beeb83be - std::thread::Builder::spawn_unchecked_::{{closure}}::h6073db6ff56ad35d
[INFO] [stdout]                                at /rustc/90b35a6239c3d8bdabc530a6a0816f7ff89a0aaf/library/std/src/thread/mod.rs:537:30
[INFO] [stdout]   38:     0x57b6beeb83be - core::ops::function::FnOnce::call_once{{vtable.shim}}::h2c5a5f3779c774f1
[INFO] [stdout]                                at /rustc/90b35a6239c3d8bdabc530a6a0816f7ff89a0aaf/library/core/src/ops/function.rs:250:5
[INFO] [stdout]   39:     0x57b6bf24b17b - <alloc::boxed::Box<F,A> as core::ops::function::FnOnce<Args>>::call_once::hf75717d9f28faebf
[INFO] [stdout]                                at /rustc/90b35a6239c3d8bdabc530a6a0816f7ff89a0aaf/library/alloc/src/boxed.rs:2454:9
[INFO] [stdout]   40:     0x57b6bf24b17b - <alloc::boxed::Box<F,A> as core::ops::function::FnOnce<Args>>::call_once::h7bd883a5f3c5f3c1
[INFO] [stdout]                                at /rustc/90b35a6239c3d8bdabc530a6a0816f7ff89a0aaf/library/alloc/src/boxed.rs:2454:9
[INFO] [stdout]   41:     0x57b6bf24b17b - std::sys::pal::unix::thread::Thread::new::thread_start::hcc78f3943333fa94
[INFO] [stdout]                                at /rustc/90b35a6239c3d8bdabc530a6a0816f7ff89a0aaf/library/std/src/sys/pal/unix/thread.rs:105:17
[INFO] [stdout]   42:     0x70d4e1c10ac3 - <unknown>
[INFO] [stdout]   43:     0x70d4e1ca1a04 - clone
[INFO] [stdout]   44:                0x0 - <unknown>
[INFO] [stdout] 
[INFO] [stdout] 
[INFO] [stdout] failures:
[INFO] [stdout]     error::tests::test_hide_api_key
[INFO] [stdout] 
[INFO] [stdout] test result: FAILED. 0 passed; 1 failed; 0 ignored; 0 measured; 0 filtered out; finished in 0.07s
[INFO] [stdout] 
[INFO] [stderr] error: test failed, to rerun pass `--lib`
[INFO] running `Command { std: "docker" "inspect" "af2491c17cbac2c518f53b87c8ac2fdd5232a15aa6d955ef59cea247e6fdf989", kill_on_drop: false }`
[INFO] running `Command { std: "docker" "rm" "-f" "af2491c17cbac2c518f53b87c8ac2fdd5232a15aa6d955ef59cea247e6fdf989", kill_on_drop: false }`
[INFO] [stdout] af2491c17cbac2c518f53b87c8ac2fdd5232a15aa6d955ef59cea247e6fdf989
