[INFO] fetching crate abstract-cw20-ics20 3.0.0...
[INFO] testing abstract-cw20-ics20-3.0.0 against beta-2024-12-08 for beta-1.84.0-4-retry
[INFO] extracting crate abstract-cw20-ics20 3.0.0 into /workspace/builds/worker-5-tc2/source
[INFO] validating manifest of crates.io crate abstract-cw20-ics20 3.0.0 on toolchain beta-2024-12-08
[INFO] running `Command { std: CARGO_HOME="/workspace/cargo-home" RUSTUP_HOME="/workspace/rustup-home" "/workspace/cargo-home/bin/cargo" "+beta-2024-12-08" "metadata" "--manifest-path" "Cargo.toml" "--no-deps", kill_on_drop: false }`
[INFO] removed /workspace/builds/worker-5-tc2/source/.cargo/config
[INFO] started tweaking crates.io crate abstract-cw20-ics20 3.0.0
[INFO] finished tweaking crates.io crate abstract-cw20-ics20 3.0.0
[INFO] tweaked toml for crates.io crate abstract-cw20-ics20 3.0.0 written to /workspace/builds/worker-5-tc2/source/Cargo.toml
[INFO] crate crates.io crate abstract-cw20-ics20 3.0.0 already has a lockfile, it will not be regenerated
[INFO] running `Command { std: CARGO_HOME="/workspace/cargo-home" RUSTUP_HOME="/workspace/rustup-home" "/workspace/cargo-home/bin/cargo" "+beta-2024-12-08" "fetch" "--manifest-path" "Cargo.toml", kill_on_drop: false }`
[INFO] running `Command { std: "docker" "create" "-v" "/var/lib/crater-agent-workspace/builds/worker-5-tc2/target:/opt/rustwide/target:rw,Z" "-v" "/var/lib/crater-agent-workspace/builds/worker-5-tc2/source:/opt/rustwide/workdir:ro,Z" "-v" "/var/lib/crater-agent-workspace/cargo-home:/opt/rustwide/cargo-home:ro,Z" "-v" "/var/lib/crater-agent-workspace/rustup-home:/opt/rustwide/rustup-home:ro,Z" "-e" "SOURCE_DIR=/opt/rustwide/workdir" "-e" "CARGO_TARGET_DIR=/opt/rustwide/target" "-e" "CARGO_HOME=/opt/rustwide/cargo-home" "-e" "RUSTUP_HOME=/opt/rustwide/rustup-home" "-w" "/opt/rustwide/workdir" "-m" "1610612736" "--user" "0:0" "--network" "none" "ghcr.io/rust-lang/crates-build-env/linux@sha256:f3a9d4ad9d972b27faf3965f35b62e55ba32bbce8f20bc8fe909558a86702fde" "/opt/rustwide/cargo-home/bin/cargo" "+beta-2024-12-08" "metadata" "--no-deps" "--format-version=1", kill_on_drop: false }`
[INFO] [stdout] 7a4a65e473ddfdf7c0fce453f0591b33ed636fb0ed0eb66bd7cf2145de2c6ca5
[INFO] running `Command { std: "docker" "start" "-a" "7a4a65e473ddfdf7c0fce453f0591b33ed636fb0ed0eb66bd7cf2145de2c6ca5", kill_on_drop: false }`
[INFO] running `Command { std: "docker" "inspect" "7a4a65e473ddfdf7c0fce453f0591b33ed636fb0ed0eb66bd7cf2145de2c6ca5", kill_on_drop: false }`
[INFO] running `Command { std: "docker" "rm" "-f" "7a4a65e473ddfdf7c0fce453f0591b33ed636fb0ed0eb66bd7cf2145de2c6ca5", kill_on_drop: false }`
[INFO] [stdout] 7a4a65e473ddfdf7c0fce453f0591b33ed636fb0ed0eb66bd7cf2145de2c6ca5
[INFO] running `Command { std: "docker" "create" "-v" "/var/lib/crater-agent-workspace/builds/worker-5-tc2/target:/opt/rustwide/target:rw,Z" "-v" "/var/lib/crater-agent-workspace/builds/worker-5-tc2/source:/opt/rustwide/workdir:ro,Z" "-v" "/var/lib/crater-agent-workspace/cargo-home:/opt/rustwide/cargo-home:ro,Z" "-v" "/var/lib/crater-agent-workspace/rustup-home:/opt/rustwide/rustup-home:ro,Z" "-e" "SOURCE_DIR=/opt/rustwide/workdir" "-e" "CARGO_TARGET_DIR=/opt/rustwide/target" "-e" "CARGO_INCREMENTAL=0" "-e" "RUST_BACKTRACE=full" "-e" "RUSTFLAGS=--cap-lints=warn" "-e" "RUSTDOCFLAGS=--cap-lints=warn" "-e" "CARGO_HOME=/opt/rustwide/cargo-home" "-e" "RUSTUP_HOME=/opt/rustwide/rustup-home" "-w" "/opt/rustwide/workdir" "-m" "1610612736" "--user" "0:0" "--network" "none" "ghcr.io/rust-lang/crates-build-env/linux@sha256:f3a9d4ad9d972b27faf3965f35b62e55ba32bbce8f20bc8fe909558a86702fde" "/opt/rustwide/cargo-home/bin/cargo" "+beta-2024-12-08" "build" "--frozen" "--message-format=json", kill_on_drop: false }`
[INFO] [stdout] 764e977e85de85e66b8c54db5ff23be03dd68142134e440f1ca7637321efd96f
[INFO] running `Command { std: "docker" "start" "-a" "764e977e85de85e66b8c54db5ff23be03dd68142134e440f1ca7637321efd96f", kill_on_drop: false }`
[INFO] [stderr]    Compiling proc-macro2 v1.0.86
[INFO] [stderr]    Compiling unicode-ident v1.0.12
[INFO] [stderr]    Compiling version_check v0.9.4
[INFO] [stderr]    Compiling zeroize v1.8.1
[INFO] [stderr]    Compiling typenum v1.17.0
[INFO] [stderr]    Compiling libc v0.2.155
[INFO] [stderr]    Compiling subtle v2.6.1
[INFO] [stderr]    Compiling cfg-if v1.0.0
[INFO] [stderr]    Compiling serde v1.0.204
[INFO] [stderr]    Compiling const-oid v0.9.6
[INFO] [stderr]    Compiling syn v1.0.109
[INFO] [stderr]    Compiling once_cell v1.19.0
[INFO] [stderr]    Compiling base16ct v0.2.0
[INFO] [stderr]    Compiling cpufeatures v0.2.12
[INFO] [stderr]    Compiling thiserror v1.0.61
[INFO] [stderr]    Compiling serde_json v1.0.120
[INFO] [stderr]    Compiling schemars v0.8.21
[INFO] [stderr]    Compiling byteorder v1.5.0
[INFO] [stderr]    Compiling rand_core v0.5.1
[INFO] [stderr]    Compiling opaque-debug v0.3.1
[INFO] [stderr]    Compiling der v0.7.9
[INFO] [stderr]    Compiling itoa v1.0.11
[INFO] [stderr]    Compiling ryu v1.0.18
[INFO] [stderr]    Compiling hex v0.4.3
[INFO] [stderr]    Compiling dyn-clone v1.0.17
[INFO] [stderr]    Compiling generic-array v0.14.7
[INFO] [stderr]    Compiling ahash v0.7.8
[INFO] [stderr]    Compiling base64 v0.21.7
[INFO] [stderr]    Compiling bnum v0.10.0
[INFO] [stderr]    Compiling forward_ref v1.0.0
[INFO] [stderr]    Compiling bech32 v0.9.1
[INFO] [stderr]    Compiling static_assertions v1.1.0
[INFO] [stderr]    Compiling anyhow v1.0.86
[INFO] [stderr]    Compiling semver v1.0.23
[INFO] [stderr]    Compiling either v1.13.0
[INFO] [stderr]    Compiling autocfg v1.3.0
[INFO] [stderr]    Compiling paste v1.0.15
[INFO] [stderr]    Compiling num-conv v0.1.0
[INFO] [stderr]    Compiling time-core v0.1.2
[INFO] [stderr]    Compiling powerfmt v0.2.0
[INFO] [stderr]    Compiling subtle-encoding v0.5.1
[INFO] [stderr]    Compiling option-ext v0.2.0
[INFO] [stderr]    Compiling itertools v0.12.1
[INFO] [stderr]    Compiling time-macros v0.2.18
[INFO] [stderr]    Compiling log v0.4.22
[INFO] [stderr]    Compiling deranged v0.3.11
[INFO] [stderr]    Compiling bech32 v0.11.0
[INFO] [stderr]    Compiling num-traits v0.2.19
[INFO] [stderr]    Compiling unicode-segmentation v1.11.0
[INFO] [stderr]    Compiling quote v1.0.36
[INFO] [stderr]    Compiling convert_case v0.6.0
[INFO] [stderr]    Compiling getrandom v0.2.15
[INFO] [stderr]    Compiling dirs-sys v0.4.1
[INFO] [stderr]    Compiling flex-error v0.4.4
[INFO] [stderr]    Compiling dirs v5.0.1
[INFO] [stderr]    Compiling syn v2.0.70
[INFO] [stderr]    Compiling spki v0.7.3
[INFO] [stderr]    Compiling rand_core v0.6.4
[INFO] [stderr]    Compiling pkcs8 v0.10.2
[INFO] [stderr]    Compiling ff v0.13.0
[INFO] [stderr]    Compiling group v0.13.0
[INFO] [stderr]    Compiling hashbrown v0.12.3
[INFO] [stderr]    Compiling crypto-common v0.1.6
[INFO] [stderr]    Compiling block-buffer v0.10.4
[INFO] [stderr]    Compiling crypto-bigint v0.5.5
[INFO] [stderr]    Compiling sec1 v0.7.3
[INFO] [stderr]    Compiling digest v0.9.0
[INFO] [stderr]    Compiling block-buffer v0.9.0
[INFO] [stderr]    Compiling curve25519-dalek v3.2.0
[INFO] [stderr]    Compiling sha2 v0.9.9
[INFO] [stderr]    Compiling digest v0.10.7
[INFO] [stderr]    Compiling hmac v0.12.1
[INFO] [stderr]    Compiling signature v2.2.0
[INFO] [stderr]    Compiling sha2 v0.10.8
[INFO] [stderr]    Compiling rfc6979 v0.4.0
[INFO] [stderr]    Compiling time v0.3.36
[INFO] [stderr]    Compiling elliptic-curve v0.13.8
[INFO] [stderr]    Compiling ecdsa v0.16.9
[INFO] [stderr]    Compiling k256 v0.13.1
[INFO] [stderr]    Compiling serde_derive_internals v0.29.1
[INFO] [stderr]    Compiling serde_derive v1.0.204
[INFO] [stderr]    Compiling thiserror-impl v1.0.61
[INFO] [stderr]    Compiling prost-derive v0.12.6
[INFO] [stderr]    Compiling num-derive v0.4.2
[INFO] [stderr]    Compiling cw-orch-contract-derive v0.21.0
[INFO] [stderr]    Compiling schemars_derive v0.8.21
[INFO] [stderr]    Compiling cosmwasm-derive v1.5.5
[INFO] [stderr]    Compiling derivative v2.2.0
[INFO] [stderr]    Compiling cosmwasm-schema-derive v1.5.5
[INFO] [stderr]    Compiling cw-orch-fns-derive v0.22.0
[INFO] [stderr]    Compiling ed25519-zebra v3.1.0
[INFO] [stderr]    Compiling serde-json-wasm v0.5.2
[INFO] [stderr]    Compiling bytes v1.6.0
[INFO] [stderr]    Compiling serde_bytes v0.11.15
[INFO] [stderr]    Compiling cosmwasm-crypto v1.5.5
[INFO] [stderr]    Compiling prost v0.12.6
[INFO] [stderr]    Compiling prost-types v0.12.6
[INFO] [stderr]    Compiling tendermint-proto v0.35.0
[INFO] [stderr]    Compiling cosmwasm-std v1.5.5
[INFO] [stderr]    Compiling cosmwasm-schema v1.5.5
[INFO] [stderr]    Compiling cw-storage-plus v1.2.0
[INFO] [stderr]    Compiling cw2 v1.1.2
[INFO] [stderr]    Compiling abstract-cw2 v1.2.2
[INFO] [stderr]    Compiling cw-utils v1.0.3
[INFO] [stderr]    Compiling cw20 v1.1.2
[INFO] [stderr]    Compiling cw-controllers v1.1.2
[INFO] [stderr]    Compiling cw20-ics20 v1.1.2
[INFO] [stderr]    Compiling cosmos-sdk-proto v0.21.1
[INFO] [stderr]    Compiling abstract-cw-multi-test v1.0.1
[INFO] [stderr]    Compiling cw-orch-core v1.2.0
[INFO] [stderr]    Compiling cw-orch-traits v0.23.1
[INFO] [stderr]    Compiling cw-orch-mock v0.23.1
[INFO] [stderr]    Compiling cw-orch v0.24.1
[INFO] [stderr]    Compiling abstract-cw20 v3.0.0
[INFO] [stderr]    Compiling abstract-cw20-ics20 v3.0.0 (/opt/rustwide/workdir)
[INFO] [stderr]     Finished `dev` profile [unoptimized + debuginfo] target(s) in 44.92s
[INFO] running `Command { std: "docker" "inspect" "764e977e85de85e66b8c54db5ff23be03dd68142134e440f1ca7637321efd96f", kill_on_drop: false }`
[INFO] running `Command { std: "docker" "rm" "-f" "764e977e85de85e66b8c54db5ff23be03dd68142134e440f1ca7637321efd96f", kill_on_drop: false }`
[INFO] [stdout] 764e977e85de85e66b8c54db5ff23be03dd68142134e440f1ca7637321efd96f
[INFO] running `Command { std: "docker" "create" "-v" "/var/lib/crater-agent-workspace/builds/worker-5-tc2/target:/opt/rustwide/target:rw,Z" "-v" "/var/lib/crater-agent-workspace/builds/worker-5-tc2/source:/opt/rustwide/workdir:ro,Z" "-v" "/var/lib/crater-agent-workspace/cargo-home:/opt/rustwide/cargo-home:ro,Z" "-v" "/var/lib/crater-agent-workspace/rustup-home:/opt/rustwide/rustup-home:ro,Z" "-e" "SOURCE_DIR=/opt/rustwide/workdir" "-e" "CARGO_TARGET_DIR=/opt/rustwide/target" "-e" "CARGO_INCREMENTAL=0" "-e" "RUST_BACKTRACE=full" "-e" "RUSTFLAGS=--cap-lints=warn" "-e" "RUSTDOCFLAGS=--cap-lints=warn" "-e" "CARGO_HOME=/opt/rustwide/cargo-home" "-e" "RUSTUP_HOME=/opt/rustwide/rustup-home" "-w" "/opt/rustwide/workdir" "-m" "1610612736" "--user" "0:0" "--network" "none" "ghcr.io/rust-lang/crates-build-env/linux@sha256:f3a9d4ad9d972b27faf3965f35b62e55ba32bbce8f20bc8fe909558a86702fde" "/opt/rustwide/cargo-home/bin/cargo" "+beta-2024-12-08" "test" "--frozen" "--no-run" "--message-format=json", kill_on_drop: false }`
[INFO] [stdout] 782b353437ce51827839102b9e25d25ca77ecaf1d87949e98a5880a9ebbba591
[INFO] running `Command { std: "docker" "start" "-a" "782b353437ce51827839102b9e25d25ca77ecaf1d87949e98a5880a9ebbba591", kill_on_drop: false }`
[INFO] [stderr]    Compiling abstract-cw20-ics20 v3.0.0 (/opt/rustwide/workdir)
[INFO] [stderr]     Finished `test` profile [unoptimized + debuginfo] target(s) in 3.70s
[INFO] running `Command { std: "docker" "inspect" "782b353437ce51827839102b9e25d25ca77ecaf1d87949e98a5880a9ebbba591", kill_on_drop: false }`
[INFO] running `Command { std: "docker" "rm" "-f" "782b353437ce51827839102b9e25d25ca77ecaf1d87949e98a5880a9ebbba591", kill_on_drop: false }`
[INFO] [stdout] 782b353437ce51827839102b9e25d25ca77ecaf1d87949e98a5880a9ebbba591
[INFO] running `Command { std: "docker" "create" "-v" "/var/lib/crater-agent-workspace/builds/worker-5-tc2/target:/opt/rustwide/target:rw,Z" "-v" "/var/lib/crater-agent-workspace/builds/worker-5-tc2/source:/opt/rustwide/workdir:ro,Z" "-v" "/var/lib/crater-agent-workspace/cargo-home:/opt/rustwide/cargo-home:ro,Z" "-v" "/var/lib/crater-agent-workspace/rustup-home:/opt/rustwide/rustup-home:ro,Z" "-e" "SOURCE_DIR=/opt/rustwide/workdir" "-e" "CARGO_TARGET_DIR=/opt/rustwide/target" "-e" "CARGO_INCREMENTAL=0" "-e" "RUST_BACKTRACE=full" "-e" "RUSTFLAGS=--cap-lints=warn" "-e" "RUSTDOCFLAGS=--cap-lints=warn" "-e" "CARGO_HOME=/opt/rustwide/cargo-home" "-e" "RUSTUP_HOME=/opt/rustwide/rustup-home" "-w" "/opt/rustwide/workdir" "-m" "1610612736" "--user" "0:0" "--network" "none" "ghcr.io/rust-lang/crates-build-env/linux@sha256:f3a9d4ad9d972b27faf3965f35b62e55ba32bbce8f20bc8fe909558a86702fde" "/opt/rustwide/cargo-home/bin/cargo" "+beta-2024-12-08" "test" "--frozen", kill_on_drop: false }`
[INFO] [stdout] ce708ea61bb4c47f7a75cc02341981347e4b676a12d5821719bf65e72816655c
[INFO] running `Command { std: "docker" "start" "-a" "ce708ea61bb4c47f7a75cc02341981347e4b676a12d5821719bf65e72816655c", kill_on_drop: false }`
[INFO] [stderr]     Finished `test` profile [unoptimized + debuginfo] target(s) in 0.08s
[INFO] [stderr]      Running unittests src/lib.rs (/opt/rustwide/target/debug/deps/abstract_cw20_ics20-b9e22c42291e89ec)
[INFO] [stdout] 
[INFO] [stdout] running 14 tests
[INFO] [stdout] test contract::test::invalid_contract_version_should_fail ... ok
[INFO] [stdout] test contract::test::execute_with_memo_works ... ok
[INFO] [stdout] test contract::test::execute_with_empty_string_memo_works ... ok
[INFO] [stdout] test contract::test::memo_is_backwards_compatible ... ok
[INFO] [stdout] test contract::test::execute_cw20_fails_if_not_whitelisted_unless_default_gas_limit ... ok
[INFO] [stdout] test contract::test::proper_checks_on_execute_native ... ok
[INFO] [stdout] test ibc::test::check_ack_json ... ok
[INFO] [stdout] test contract::test::proper_checks_on_execute_cw20 ... ok
[INFO] [stdout] test ibc::test::check_packet_json ... ok
[INFO] [stdout] test contract::test::v3_migration_works ... ok
[INFO] [stdout] test ibc::test::check_gas_limit_handles_all_cases ... ok
[INFO] [stdout] test ibc::test::send_receive_native ... ok
[INFO] [stdout] test ibc::test::send_receive_cw20 ... ok
[INFO] [stdout] test contract::test::setup_and_query ... FAILED
[INFO] [stdout] 
[INFO] [stdout] failures:
[INFO] [stdout] 
[INFO] [stdout] ---- contract::test::setup_and_query stdout ----
[INFO] [stdout] thread 'contract::test::setup_and_query' panicked at src/contract.rs:424:9:
[INFO] [stdout] assertion `left == right` failed
[INFO] [stdout]   left: NotFound { kind: "type: abstract_cw20_ics20::state::ChannelInfo; key: [00, 0C, 63, 68, 61, 6E, 6E, 65, 6C, 5F, 69, 6E, 66, 6F, 63, 68, 61, 6E, 6E, 65, 6C, 2D, 31, 30]" }
[INFO] [stdout]  right: NotFound { kind: "cw20_ics20::state::ChannelInfo" }
[INFO] [stdout] stack backtrace:
[INFO] [stdout]    0:     0x63a2b01ba15a - std::backtrace_rs::backtrace::libunwind::trace::h8810477743020387
[INFO] [stdout]                                at /rustc/202008a1b8de96d2e5b6bc02d379db03a877d34d/library/std/src/../../backtrace/src/backtrace/libunwind.rs:116:5
[INFO] [stdout]    1:     0x63a2b01ba15a - std::backtrace_rs::backtrace::trace_unsynchronized::h3aa55355dd6c54a6
[INFO] [stdout]                                at /rustc/202008a1b8de96d2e5b6bc02d379db03a877d34d/library/std/src/../../backtrace/src/backtrace/mod.rs:66:5
[INFO] [stdout]    2:     0x63a2b01ba15a - std::sys::backtrace::_print_fmt::h8588b0f62410823f
[INFO] [stdout]                                at /rustc/202008a1b8de96d2e5b6bc02d379db03a877d34d/library/std/src/sys/backtrace.rs:66:9
[INFO] [stdout]    3:     0x63a2b01ba15a - <std::sys::backtrace::BacktraceLock::print::DisplayBacktrace as core::fmt::Display>::fmt::h98c26ac25ffe89bb
[INFO] [stdout]                                at /rustc/202008a1b8de96d2e5b6bc02d379db03a877d34d/library/std/src/sys/backtrace.rs:39:26
[INFO] [stdout]    4:     0x63a2b01e0de3 - core::fmt::rt::Argument::fmt::hf95377f4aebd453b
[INFO] [stdout]                                at /rustc/202008a1b8de96d2e5b6bc02d379db03a877d34d/library/core/src/fmt/rt.rs:177:76
[INFO] [stdout]    5:     0x63a2b01e0de3 - core::fmt::write::h0dd5f6e2238c7982
[INFO] [stdout]                                at /rustc/202008a1b8de96d2e5b6bc02d379db03a877d34d/library/core/src/fmt/mod.rs:1189:21
[INFO] [stdout]    6:     0x63a2b01b72f3 - std::io::Write::write_fmt::h03bb0ca26e6faf8c
[INFO] [stdout]                                at /rustc/202008a1b8de96d2e5b6bc02d379db03a877d34d/library/std/src/io/mod.rs:1884:15
[INFO] [stdout]    7:     0x63a2b01b9fa2 - std::sys::backtrace::BacktraceLock::print::h5c19c1c038ee186d
[INFO] [stdout]                                at /rustc/202008a1b8de96d2e5b6bc02d379db03a877d34d/library/std/src/sys/backtrace.rs:42:9
[INFO] [stdout]    8:     0x63a2b01bb5dd - std::panicking::default_hook::{{closure}}::h77172f079a1fcb13
[INFO] [stdout]                                at /rustc/202008a1b8de96d2e5b6bc02d379db03a877d34d/library/std/src/panicking.rs:268:22
[INFO] [stdout]    9:     0x63a2b01bb3e7 - std::panicking::default_hook::he5f8e3b203ccddba
[INFO] [stdout]                                at /rustc/202008a1b8de96d2e5b6bc02d379db03a877d34d/library/std/src/panicking.rs:292:9
[INFO] [stdout]   10:     0x63a2b00069d7 - <alloc::boxed::Box<F,A> as core::ops::function::Fn<Args>>::call::h7a3c7b4a1ae77f2f
[INFO] [stdout]                                at /rustc/202008a1b8de96d2e5b6bc02d379db03a877d34d/library/alloc/src/boxed.rs:1986:9
[INFO] [stdout]   11:     0x63a2b00069d7 - test::test_main::{{closure}}::hf0d3b69ae9b353d1
[INFO] [stdout]                                at /rustc/202008a1b8de96d2e5b6bc02d379db03a877d34d/library/test/src/lib.rs:134:21
[INFO] [stdout]   12:     0x63a2b01bbc88 - <alloc::boxed::Box<F,A> as core::ops::function::Fn<Args>>::call::h6332e82e7b189abd
[INFO] [stdout]                                at /rustc/202008a1b8de96d2e5b6bc02d379db03a877d34d/library/alloc/src/boxed.rs:1986:9
[INFO] [stdout]   13:     0x63a2b01bbc88 - std::panicking::rust_panic_with_hook::h53863d4e9018df39
[INFO] [stdout]                                at /rustc/202008a1b8de96d2e5b6bc02d379db03a877d34d/library/std/src/panicking.rs:809:13
[INFO] [stdout]   14:     0x63a2b01bba4a - std::panicking::begin_panic_handler::{{closure}}::h67280e6fa0757873
[INFO] [stdout]                                at /rustc/202008a1b8de96d2e5b6bc02d379db03a877d34d/library/std/src/panicking.rs:674:13
[INFO] [stdout]   15:     0x63a2b01ba639 - std::sys::backtrace::__rust_end_short_backtrace::h1dac3f54d6fbbeb2
[INFO] [stdout]                                at /rustc/202008a1b8de96d2e5b6bc02d379db03a877d34d/library/std/src/sys/backtrace.rs:170:18
[INFO] [stdout]   16:     0x63a2b01bb6dc - rust_begin_unwind
[INFO] [stdout]                                at /rustc/202008a1b8de96d2e5b6bc02d379db03a877d34d/library/std/src/panicking.rs:665:5
[INFO] [stdout]   17:     0x63a2aff5fab0 - core::panicking::panic_fmt::h6792bd1b2bf01041
[INFO] [stdout]                                at /rustc/202008a1b8de96d2e5b6bc02d379db03a877d34d/library/core/src/panicking.rs:76:14
[INFO] [stdout]   18:     0x63a2aff5fe7b - core::panicking::assert_failed_inner::hf2c17e6d30928787
[INFO] [stdout]   19:     0x63a2aff8274a - core::panicking::assert_failed::h4b9d6d30a0145236
[INFO] [stdout]                                at /rustc/202008a1b8de96d2e5b6bc02d379db03a877d34d/library/core/src/panicking.rs:373:5
[INFO] [stdout]   20:     0x63a2affb9d84 - abstract_cw20_ics20::contract::test::setup_and_query::haa34aca3bce1b6ef
[INFO] [stdout]                                at /opt/rustwide/workdir/src/contract.rs:424:9
[INFO] [stdout]   21:     0x63a2affb9057 - abstract_cw20_ics20::contract::test::setup_and_query::{{closure}}::h6c48a8c86cb6d114
[INFO] [stdout]                                at /opt/rustwide/workdir/src/contract.rs:394:25
[INFO] [stdout]   22:     0x63a2affa4306 - core::ops::function::FnOnce::call_once::h75ce8f3008f1aa92
[INFO] [stdout]                                at /rustc/202008a1b8de96d2e5b6bc02d379db03a877d34d/library/core/src/ops/function.rs:250:5
[INFO] [stdout]   23:     0x63a2b000b4fb - core::ops::function::FnOnce::call_once::h871bf86719ec9aa4
[INFO] [stdout]                                at /rustc/202008a1b8de96d2e5b6bc02d379db03a877d34d/library/core/src/ops/function.rs:250:5
[INFO] [stdout]   24:     0x63a2b000b4fb - test::__rust_begin_short_backtrace::h2167df1e2b7d76fd
[INFO] [stdout]                                at /rustc/202008a1b8de96d2e5b6bc02d379db03a877d34d/library/test/src/lib.rs:632:18
[INFO] [stdout]   25:     0x63a2b000aee8 - test::run_test_in_process::{{closure}}::h15d92f75a3adfb79
[INFO] [stdout]                                at /rustc/202008a1b8de96d2e5b6bc02d379db03a877d34d/library/test/src/lib.rs:655:60
[INFO] [stdout]   26:     0x63a2b000aee8 - <core::panic::unwind_safe::AssertUnwindSafe<F> as core::ops::function::FnOnce<()>>::call_once::hb6c8955835a8dbbb
[INFO] [stdout]                                at /rustc/202008a1b8de96d2e5b6bc02d379db03a877d34d/library/core/src/panic/unwind_safe.rs:272:9
[INFO] [stdout]   27:     0x63a2b000aee8 - std::panicking::try::do_call::hc79d0fc888a0bd30
[INFO] [stdout]                                at /rustc/202008a1b8de96d2e5b6bc02d379db03a877d34d/library/std/src/panicking.rs:557:40
[INFO] [stdout]   28:     0x63a2b000aee8 - std::panicking::try::hb8a7878e3a8589d6
[INFO] [stdout]                                at /rustc/202008a1b8de96d2e5b6bc02d379db03a877d34d/library/std/src/panicking.rs:520:19
[INFO] [stdout]   29:     0x63a2b000aee8 - std::panic::catch_unwind::hb8e4600ff0ff5cfa
[INFO] [stdout]                                at /rustc/202008a1b8de96d2e5b6bc02d379db03a877d34d/library/std/src/panic.rs:358:14
[INFO] [stdout]   30:     0x63a2b000aee8 - test::run_test_in_process::hc2900b0b18688dd6
[INFO] [stdout]                                at /rustc/202008a1b8de96d2e5b6bc02d379db03a877d34d/library/test/src/lib.rs:655:27
[INFO] [stdout]   31:     0x63a2b000aee8 - test::run_test::{{closure}}::hac2a9cb07be3d48d
[INFO] [stdout]                                at /rustc/202008a1b8de96d2e5b6bc02d379db03a877d34d/library/test/src/lib.rs:576:43
[INFO] [stdout]   32:     0x63a2affce98a - test::run_test::{{closure}}::h4a5b729e66a38cd8
[INFO] [stdout]                                at /rustc/202008a1b8de96d2e5b6bc02d379db03a877d34d/library/test/src/lib.rs:606:41
[INFO] [stdout]   33:     0x63a2affce98a - std::sys::backtrace::__rust_begin_short_backtrace::h0496fb742492f573
[INFO] [stdout]                                at /rustc/202008a1b8de96d2e5b6bc02d379db03a877d34d/library/std/src/sys/backtrace.rs:154:18
[INFO] [stdout]   34:     0x63a2affd2304 - std::thread::Builder::spawn_unchecked_::{{closure}}::{{closure}}::hbb6d257c550a54bd
[INFO] [stdout]                                at /rustc/202008a1b8de96d2e5b6bc02d379db03a877d34d/library/std/src/thread/mod.rs:561:17
[INFO] [stdout]   35:     0x63a2affd2304 - <core::panic::unwind_safe::AssertUnwindSafe<F> as core::ops::function::FnOnce<()>>::call_once::h46696fe4a6832328
[INFO] [stdout]                                at /rustc/202008a1b8de96d2e5b6bc02d379db03a877d34d/library/core/src/panic/unwind_safe.rs:272:9
[INFO] [stdout]   36:     0x63a2affd2304 - std::panicking::try::do_call::h2625a51b667bfb64
[INFO] [stdout]                                at /rustc/202008a1b8de96d2e5b6bc02d379db03a877d34d/library/std/src/panicking.rs:557:40
[INFO] [stdout]   37:     0x63a2affd2304 - std::panicking::try::hb956a59a1973aa4c
[INFO] [stdout]                                at /rustc/202008a1b8de96d2e5b6bc02d379db03a877d34d/library/std/src/panicking.rs:520:19
[INFO] [stdout]   38:     0x63a2affd2304 - std::panic::catch_unwind::h64f3b9d1067ef6a0
[INFO] [stdout]                                at /rustc/202008a1b8de96d2e5b6bc02d379db03a877d34d/library/std/src/panic.rs:358:14
[INFO] [stdout]   39:     0x63a2affd2304 - std::thread::Builder::spawn_unchecked_::{{closure}}::h42b2841295b6c0b2
[INFO] [stdout]                                at /rustc/202008a1b8de96d2e5b6bc02d379db03a877d34d/library/std/src/thread/mod.rs:559:30
[INFO] [stdout]   40:     0x63a2affd2304 - core::ops::function::FnOnce::call_once{{vtable.shim}}::h6127de71b8124639
[INFO] [stdout]                                at /rustc/202008a1b8de96d2e5b6bc02d379db03a877d34d/library/core/src/ops/function.rs:250:5
[INFO] [stdout]   41:     0x63a2b01bfbcb - <alloc::boxed::Box<F,A> as core::ops::function::FnOnce<Args>>::call_once::h42f0ba71002a1b2c
[INFO] [stdout]                                at /rustc/202008a1b8de96d2e5b6bc02d379db03a877d34d/library/alloc/src/boxed.rs:1972:9
[INFO] [stdout]   42:     0x63a2b01bfbcb - <alloc::boxed::Box<F,A> as core::ops::function::FnOnce<Args>>::call_once::had9e47d7a3dcecb8
[INFO] [stdout]                                at /rustc/202008a1b8de96d2e5b6bc02d379db03a877d34d/library/alloc/src/boxed.rs:1972:9
[INFO] [stdout]   43:     0x63a2b01bfbcb - std::sys::pal::unix::thread::Thread::new::thread_start::h48cf765408f6f5f2
[INFO] [stdout]                                at /rustc/202008a1b8de96d2e5b6bc02d379db03a877d34d/library/std/src/sys/pal/unix/thread.rs:105:17
[INFO] [stdout]   44:     0x712f2213cac3 - <unknown>
[INFO] [stdout]   45:     0x712f221cda04 - clone
[INFO] [stdout]   46:                0x0 - <unknown>
[INFO] [stdout] 
[INFO] [stdout] 
[INFO] [stdout] failures:
[INFO] [stdout]     contract::test::setup_and_query
[INFO] [stdout] 
[INFO] [stdout] test result: FAILED. 13 passed; 1 failed; 0 ignored; 0 measured; 0 filtered out; finished in 0.03s
[INFO] [stdout] 
[INFO] [stderr] error: test failed, to rerun pass `--lib`
[INFO] running `Command { std: "docker" "inspect" "ce708ea61bb4c47f7a75cc02341981347e4b676a12d5821719bf65e72816655c", kill_on_drop: false }`
[INFO] running `Command { std: "docker" "rm" "-f" "ce708ea61bb4c47f7a75cc02341981347e4b676a12d5821719bf65e72816655c", kill_on_drop: false }`
[INFO] [stdout] ce708ea61bb4c47f7a75cc02341981347e4b676a12d5821719bf65e72816655c
