[INFO] fetching crate absinthe 0.3.0...
[INFO] testing absinthe-0.3.0 against beta-2024-12-08 for beta-1.84.0-4-retry
[INFO] extracting crate absinthe 0.3.0 into /workspace/builds/worker-0-tc2/source
[INFO] validating manifest of crates.io crate absinthe 0.3.0 on toolchain beta-2024-12-08
[INFO] running `Command { std: CARGO_HOME="/workspace/cargo-home" RUSTUP_HOME="/workspace/rustup-home" "/workspace/cargo-home/bin/cargo" "+beta-2024-12-08" "metadata" "--manifest-path" "Cargo.toml" "--no-deps", kill_on_drop: false }`
[INFO] started tweaking crates.io crate absinthe 0.3.0
[INFO] finished tweaking crates.io crate absinthe 0.3.0
[INFO] tweaked toml for crates.io crate absinthe 0.3.0 written to /workspace/builds/worker-0-tc2/source/Cargo.toml
[INFO] running `Command { std: CARGO_HOME="/workspace/cargo-home" RUSTUP_HOME="/workspace/rustup-home" "/workspace/cargo-home/bin/cargo" "+beta-2024-12-08" "generate-lockfile" "--manifest-path" "Cargo.toml", kill_on_drop: false }`
[INFO] [stderr]     Updating crates.io index
[INFO] [stderr]      Locking 95 packages to latest compatible versions
[INFO] [stderr]       Adding async-channel v1.9.0 (available: v2.3.1)
[INFO] running `Command { std: CARGO_HOME="/workspace/cargo-home" RUSTUP_HOME="/workspace/rustup-home" "/workspace/cargo-home/bin/cargo" "+beta-2024-12-08" "fetch" "--manifest-path" "Cargo.toml", kill_on_drop: false }`
[INFO] running `Command { std: "docker" "create" "-v" "/var/lib/crater-agent-workspace/builds/worker-0-tc2/target:/opt/rustwide/target:rw,Z" "-v" "/var/lib/crater-agent-workspace/builds/worker-0-tc2/source:/opt/rustwide/workdir:ro,Z" "-v" "/var/lib/crater-agent-workspace/cargo-home:/opt/rustwide/cargo-home:ro,Z" "-v" "/var/lib/crater-agent-workspace/rustup-home:/opt/rustwide/rustup-home:ro,Z" "-e" "SOURCE_DIR=/opt/rustwide/workdir" "-e" "CARGO_TARGET_DIR=/opt/rustwide/target" "-e" "CARGO_HOME=/opt/rustwide/cargo-home" "-e" "RUSTUP_HOME=/opt/rustwide/rustup-home" "-w" "/opt/rustwide/workdir" "-m" "1610612736" "--user" "0:0" "--network" "none" "ghcr.io/rust-lang/crates-build-env/linux@sha256:f3a9d4ad9d972b27faf3965f35b62e55ba32bbce8f20bc8fe909558a86702fde" "/opt/rustwide/cargo-home/bin/cargo" "+beta-2024-12-08" "metadata" "--no-deps" "--format-version=1", kill_on_drop: false }`
[INFO] [stdout] ed3a2a969c71ffcc80e259f2d8f42bb14a2eedcd79f0e94b4bd2aad14f54ce26
[INFO] running `Command { std: "docker" "start" "-a" "ed3a2a969c71ffcc80e259f2d8f42bb14a2eedcd79f0e94b4bd2aad14f54ce26", kill_on_drop: false }`
[INFO] running `Command { std: "docker" "inspect" "ed3a2a969c71ffcc80e259f2d8f42bb14a2eedcd79f0e94b4bd2aad14f54ce26", kill_on_drop: false }`
[INFO] running `Command { std: "docker" "rm" "-f" "ed3a2a969c71ffcc80e259f2d8f42bb14a2eedcd79f0e94b4bd2aad14f54ce26", kill_on_drop: false }`
[INFO] [stdout] ed3a2a969c71ffcc80e259f2d8f42bb14a2eedcd79f0e94b4bd2aad14f54ce26
[INFO] running `Command { std: "docker" "create" "-v" "/var/lib/crater-agent-workspace/builds/worker-0-tc2/target:/opt/rustwide/target:rw,Z" "-v" "/var/lib/crater-agent-workspace/builds/worker-0-tc2/source:/opt/rustwide/workdir:ro,Z" "-v" "/var/lib/crater-agent-workspace/cargo-home:/opt/rustwide/cargo-home:ro,Z" "-v" "/var/lib/crater-agent-workspace/rustup-home:/opt/rustwide/rustup-home:ro,Z" "-e" "SOURCE_DIR=/opt/rustwide/workdir" "-e" "CARGO_TARGET_DIR=/opt/rustwide/target" "-e" "CARGO_INCREMENTAL=0" "-e" "RUST_BACKTRACE=full" "-e" "RUSTFLAGS=--cap-lints=warn" "-e" "RUSTDOCFLAGS=--cap-lints=warn" "-e" "CARGO_HOME=/opt/rustwide/cargo-home" "-e" "RUSTUP_HOME=/opt/rustwide/rustup-home" "-w" "/opt/rustwide/workdir" "-m" "1610612736" "--user" "0:0" "--network" "none" "ghcr.io/rust-lang/crates-build-env/linux@sha256:f3a9d4ad9d972b27faf3965f35b62e55ba32bbce8f20bc8fe909558a86702fde" "/opt/rustwide/cargo-home/bin/cargo" "+beta-2024-12-08" "build" "--frozen" "--message-format=json", kill_on_drop: false }`
[INFO] [stdout] 909a3e7a716c685a441600b9115afb4398c2e79072c4405eb622e8ec171b5608
[INFO] running `Command { std: "docker" "start" "-a" "909a3e7a716c685a441600b9115afb4398c2e79072c4405eb622e8ec171b5608", kill_on_drop: false }`
[INFO] [stderr]    Compiling proc-macro2 v1.0.92
[INFO] [stderr]    Compiling libc v0.2.168
[INFO] [stderr]    Compiling unicode-ident v1.0.14
[INFO] [stderr]    Compiling autocfg v1.4.0
[INFO] [stderr]    Compiling parking_lot_core v0.9.10
[INFO] [stderr]    Compiling crossbeam-utils v0.8.20
[INFO] [stderr]    Compiling smallvec v1.13.2
[INFO] [stderr]    Compiling scopeguard v1.2.0
[INFO] [stderr]    Compiling cfg-if v1.0.0
[INFO] [stderr]    Compiling bytes v1.9.0
[INFO] [stderr]    Compiling pin-project-lite v0.2.15
[INFO] [stderr]    Compiling event-listener v2.5.3
[INFO] [stderr]    Compiling futures-core v0.3.31
[INFO] [stderr]    Compiling heck v0.4.1
[INFO] [stderr]    Compiling lock_api v0.4.12
[INFO] [stderr]    Compiling concurrent-queue v2.5.0
[INFO] [stderr]    Compiling async-channel v1.9.0
[INFO] [stderr]    Compiling mio v1.0.3
[INFO] [stderr]    Compiling signal-hook-registry v1.4.2
[INFO] [stderr]    Compiling socket2 v0.5.8
[INFO] [stderr]    Compiling quote v1.0.37
[INFO] [stderr]    Compiling syn v2.0.90
[INFO] [stderr]    Compiling parking_lot v0.12.3
[INFO] [stderr]    Compiling tokio-macros v2.4.0
[INFO] [stderr]    Compiling async-trait v0.1.83
[INFO] [stderr]    Compiling absinthe-macros v0.3.0
[INFO] [stderr]    Compiling tokio v1.42.0
[INFO] [stderr]    Compiling absinthe v0.3.0 (/opt/rustwide/workdir)
[INFO] [stdout] warning: unused import: `Receiver as Rx`
[INFO] [stdout]  --> src/dev.rs:7:9
[INFO] [stdout]   |
[INFO] [stdout] 7 |         Receiver as Rx,   
[INFO] [stdout]   |         ^^^^^^^^^^^^^^
[INFO] [stdout]   |
[INFO] [stdout]   = note: `#[warn(unused_imports)]` on by default
[INFO] [stdout] 
[INFO] [stdout] 
[INFO] [stdout] warning: unused import: `std::future::Future`
[INFO] [stdout]   --> src/dev.rs:14:13
[INFO] [stdout]    |
[INFO] [stdout] 14 |     pub use std::future::Future;
[INFO] [stdout]    |             ^^^^^^^^^^^^^^^^^^^
[INFO] [stdout] 
[INFO] [stdout] 
[INFO] [stdout] warning: unused import: `std::pin::Pin`
[INFO] [stdout]   --> src/dev.rs:15:13
[INFO] [stdout]    |
[INFO] [stdout] 15 |     pub use std::pin::Pin;
[INFO] [stdout]    |             ^^^^^^^^^^^^^
[INFO] [stdout] 
[INFO] [stdout] 
[INFO] [stdout] warning: unused import: `std::marker::PhantomData`
[INFO] [stdout]   --> src/dev.rs:16:13
[INFO] [stdout]    |
[INFO] [stdout] 16 |     pub use std::marker::PhantomData;
[INFO] [stdout]    |             ^^^^^^^^^^^^^^^^^^^^^^^^
[INFO] [stdout] 
[INFO] [stdout] 
[INFO] [stdout] warning: unused import: `Receiver as Rx1`
[INFO] [stdout]   --> src/dev.rs:23:69
[INFO] [stdout]    |
[INFO] [stdout] 23 |     pub use tokio::sync::oneshot::{channel as chan1, Sender as Tx1, Receiver as Rx1};
[INFO] [stdout]    |                                                                     ^^^^^^^^^^^^^^^
[INFO] [stdout] 
[INFO] [stdout] 
[INFO] [stderr]     Finished `dev` profile [unoptimized + debuginfo] target(s) in 22.83s
[INFO] running `Command { std: "docker" "inspect" "909a3e7a716c685a441600b9115afb4398c2e79072c4405eb622e8ec171b5608", kill_on_drop: false }`
[INFO] running `Command { std: "docker" "rm" "-f" "909a3e7a716c685a441600b9115afb4398c2e79072c4405eb622e8ec171b5608", kill_on_drop: false }`
[INFO] [stdout] 909a3e7a716c685a441600b9115afb4398c2e79072c4405eb622e8ec171b5608
[INFO] running `Command { std: "docker" "create" "-v" "/var/lib/crater-agent-workspace/builds/worker-0-tc2/target:/opt/rustwide/target:rw,Z" "-v" "/var/lib/crater-agent-workspace/builds/worker-0-tc2/source:/opt/rustwide/workdir:ro,Z" "-v" "/var/lib/crater-agent-workspace/cargo-home:/opt/rustwide/cargo-home:ro,Z" "-v" "/var/lib/crater-agent-workspace/rustup-home:/opt/rustwide/rustup-home:ro,Z" "-e" "SOURCE_DIR=/opt/rustwide/workdir" "-e" "CARGO_TARGET_DIR=/opt/rustwide/target" "-e" "CARGO_INCREMENTAL=0" "-e" "RUST_BACKTRACE=full" "-e" "RUSTFLAGS=--cap-lints=warn" "-e" "RUSTDOCFLAGS=--cap-lints=warn" "-e" "CARGO_HOME=/opt/rustwide/cargo-home" "-e" "RUSTUP_HOME=/opt/rustwide/rustup-home" "-w" "/opt/rustwide/workdir" "-m" "1610612736" "--user" "0:0" "--network" "none" "ghcr.io/rust-lang/crates-build-env/linux@sha256:f3a9d4ad9d972b27faf3965f35b62e55ba32bbce8f20bc8fe909558a86702fde" "/opt/rustwide/cargo-home/bin/cargo" "+beta-2024-12-08" "test" "--frozen" "--no-run" "--message-format=json", kill_on_drop: false }`
[INFO] [stdout] becfebf01584c32ffc5cea34917ab6d2edbaf4de66727ae8bd72ddd22e986ec4
[INFO] running `Command { std: "docker" "start" "-a" "becfebf01584c32ffc5cea34917ab6d2edbaf4de66727ae8bd72ddd22e986ec4", kill_on_drop: false }`
[INFO] [stderr]    Compiling absinthe v0.3.0 (/opt/rustwide/workdir)
[INFO] [stdout] warning: unused import: `Receiver as Rx`
[INFO] [stdout]  --> src/dev.rs:7:9
[INFO] [stdout]   |
[INFO] [stdout] 7 |         Receiver as Rx,   
[INFO] [stdout]   |         ^^^^^^^^^^^^^^
[INFO] [stdout]   |
[INFO] [stdout]   = note: `#[warn(unused_imports)]` on by default
[INFO] [stdout] 
[INFO] [stdout] 
[INFO] [stdout] warning: unused import: `std::future::Future`
[INFO] [stdout]   --> src/dev.rs:14:13
[INFO] [stdout]    |
[INFO] [stdout] 14 |     pub use std::future::Future;
[INFO] [stdout]    |             ^^^^^^^^^^^^^^^^^^^
[INFO] [stdout] 
[INFO] [stdout] 
[INFO] [stdout] warning: unused import: `std::pin::Pin`
[INFO] [stdout]   --> src/dev.rs:15:13
[INFO] [stdout]    |
[INFO] [stdout] 15 |     pub use std::pin::Pin;
[INFO] [stdout]    |             ^^^^^^^^^^^^^
[INFO] [stdout] 
[INFO] [stdout] 
[INFO] [stdout] warning: unused import: `std::marker::PhantomData`
[INFO] [stdout]   --> src/dev.rs:16:13
[INFO] [stdout]    |
[INFO] [stdout] 16 |     pub use std::marker::PhantomData;
[INFO] [stdout]    |             ^^^^^^^^^^^^^^^^^^^^^^^^
[INFO] [stdout] 
[INFO] [stdout] 
[INFO] [stdout] warning: unused import: `Receiver as Rx1`
[INFO] [stdout]   --> src/dev.rs:23:69
[INFO] [stdout]    |
[INFO] [stdout] 23 |     pub use tokio::sync::oneshot::{channel as chan1, Sender as Tx1, Receiver as Rx1};
[INFO] [stdout]    |                                                                     ^^^^^^^^^^^^^^^
[INFO] [stdout] 
[INFO] [stdout] 
[INFO] [stdout] warning: unused import: `Receiver as Rx`
[INFO] [stdout]  --> src/dev.rs:7:9
[INFO] [stdout]   |
[INFO] [stdout] 7 |         Receiver as Rx,   
[INFO] [stdout]   |         ^^^^^^^^^^^^^^
[INFO] [stdout]   |
[INFO] [stdout]   = note: `#[warn(unused_imports)]` on by default
[INFO] [stdout] 
[INFO] [stdout] 
[INFO] [stdout] warning: unused import: `std::future::Future`
[INFO] [stdout]   --> src/dev.rs:14:13
[INFO] [stdout]    |
[INFO] [stdout] 14 |     pub use std::future::Future;
[INFO] [stdout]    |             ^^^^^^^^^^^^^^^^^^^
[INFO] [stdout] 
[INFO] [stdout] 
[INFO] [stdout] warning: unused import: `std::pin::Pin`
[INFO] [stdout]   --> src/dev.rs:15:13
[INFO] [stdout]    |
[INFO] [stdout] 15 |     pub use std::pin::Pin;
[INFO] [stdout]    |             ^^^^^^^^^^^^^
[INFO] [stdout] 
[INFO] [stdout] 
[INFO] [stdout] warning: unused import: `std::marker::PhantomData`
[INFO] [stdout]   --> src/dev.rs:16:13
[INFO] [stdout]    |
[INFO] [stdout] 16 |     pub use std::marker::PhantomData;
[INFO] [stdout]    |             ^^^^^^^^^^^^^^^^^^^^^^^^
[INFO] [stdout] 
[INFO] [stdout] 
[INFO] [stdout] warning: unused import: `Receiver as Rx1`
[INFO] [stdout]   --> src/dev.rs:23:69
[INFO] [stdout]    |
[INFO] [stdout] 23 |     pub use tokio::sync::oneshot::{channel as chan1, Sender as Tx1, Receiver as Rx1};
[INFO] [stdout]    |                                                                     ^^^^^^^^^^^^^^^
[INFO] [stdout] 
[INFO] [stdout] 
[INFO] [stdout] warning: unused return value of `must_use` that must be used
[INFO] [stdout]   --> tests/actor_fn.rs:48:13
[INFO] [stdout]    |
[INFO] [stdout] 48 |             format!("{}", a);
[INFO] [stdout]    |             ^^^^^^^^^^^^^^^^
[INFO] [stdout]    |
[INFO] [stdout]    = note: `#[warn(unused_must_use)]` on by default
[INFO] [stdout]    = note: this warning originates in the macro `format` (in Nightly builds, run with -Z macro-backtrace for more info)
[INFO] [stdout] 
[INFO] [stdout] 
[INFO] [stdout] warning: unused return value of `must_use` that must be used
[INFO] [stdout]   --> tests/actor_fn.rs:61:13
[INFO] [stdout]    |
[INFO] [stdout] 61 |             format!("Hello, world!");
[INFO] [stdout]    |             ^^^^^^^^^^^^^^^^^^^^^^^^
[INFO] [stdout]    |
[INFO] [stdout]    = note: this warning originates in the macro `format` (in Nightly builds, run with -Z macro-backtrace for more info)
[INFO] [stdout] 
[INFO] [stdout] 
[INFO] [stderr]     Finished `test` profile [unoptimized + debuginfo] target(s) in 5.94s
[INFO] running `Command { std: "docker" "inspect" "becfebf01584c32ffc5cea34917ab6d2edbaf4de66727ae8bd72ddd22e986ec4", kill_on_drop: false }`
[INFO] running `Command { std: "docker" "rm" "-f" "becfebf01584c32ffc5cea34917ab6d2edbaf4de66727ae8bd72ddd22e986ec4", kill_on_drop: false }`
[INFO] [stdout] becfebf01584c32ffc5cea34917ab6d2edbaf4de66727ae8bd72ddd22e986ec4
[INFO] running `Command { std: "docker" "create" "-v" "/var/lib/crater-agent-workspace/builds/worker-0-tc2/target:/opt/rustwide/target:rw,Z" "-v" "/var/lib/crater-agent-workspace/builds/worker-0-tc2/source:/opt/rustwide/workdir:ro,Z" "-v" "/var/lib/crater-agent-workspace/cargo-home:/opt/rustwide/cargo-home:ro,Z" "-v" "/var/lib/crater-agent-workspace/rustup-home:/opt/rustwide/rustup-home:ro,Z" "-e" "SOURCE_DIR=/opt/rustwide/workdir" "-e" "CARGO_TARGET_DIR=/opt/rustwide/target" "-e" "CARGO_INCREMENTAL=0" "-e" "RUST_BACKTRACE=full" "-e" "RUSTFLAGS=--cap-lints=warn" "-e" "RUSTDOCFLAGS=--cap-lints=warn" "-e" "CARGO_HOME=/opt/rustwide/cargo-home" "-e" "RUSTUP_HOME=/opt/rustwide/rustup-home" "-w" "/opt/rustwide/workdir" "-m" "1610612736" "--user" "0:0" "--network" "none" "ghcr.io/rust-lang/crates-build-env/linux@sha256:f3a9d4ad9d972b27faf3965f35b62e55ba32bbce8f20bc8fe909558a86702fde" "/opt/rustwide/cargo-home/bin/cargo" "+beta-2024-12-08" "test" "--frozen", kill_on_drop: false }`
[INFO] [stdout] 7271a78290fc4e2911ea82e450fae1f168e2114801a80e25b462f9c0791ed507
[INFO] running `Command { std: "docker" "start" "-a" "7271a78290fc4e2911ea82e450fae1f168e2114801a80e25b462f9c0791ed507", kill_on_drop: false }`
[INFO] [stderr] warning: unused import: `Receiver as Rx`
[INFO] [stderr]  --> src/dev.rs:7:9
[INFO] [stderr]   |
[INFO] [stderr] 7 |         Receiver as Rx,   
[INFO] [stderr]   |         ^^^^^^^^^^^^^^
[INFO] [stderr]   |
[INFO] [stderr]   = note: `#[warn(unused_imports)]` on by default
[INFO] [stderr] 
[INFO] [stderr] warning: unused import: `std::future::Future`
[INFO] [stderr]   --> src/dev.rs:14:13
[INFO] [stderr]    |
[INFO] [stderr] 14 |     pub use std::future::Future;
[INFO] [stderr]    |             ^^^^^^^^^^^^^^^^^^^
[INFO] [stderr] 
[INFO] [stderr] warning: unused import: `std::pin::Pin`
[INFO] [stderr]   --> src/dev.rs:15:13
[INFO] [stderr]    |
[INFO] [stderr] 15 |     pub use std::pin::Pin;
[INFO] [stderr]    |             ^^^^^^^^^^^^^
[INFO] [stderr] 
[INFO] [stderr] warning: unused import: `std::marker::PhantomData`
[INFO] [stderr]   --> src/dev.rs:16:13
[INFO] [stderr]    |
[INFO] [stderr] 16 |     pub use std::marker::PhantomData;
[INFO] [stderr]    |             ^^^^^^^^^^^^^^^^^^^^^^^^
[INFO] [stderr] 
[INFO] [stderr] warning: unused import: `Receiver as Rx1`
[INFO] [stderr]   --> src/dev.rs:23:69
[INFO] [stderr]    |
[INFO] [stderr] 23 |     pub use tokio::sync::oneshot::{channel as chan1, Sender as Tx1, Receiver as Rx1};
[INFO] [stderr]    |                                                                     ^^^^^^^^^^^^^^^
[INFO] [stderr] 
[INFO] [stderr] warning: `absinthe` (lib) generated 5 warnings (run `cargo fix --lib -p absinthe` to apply 5 suggestions)
[INFO] [stderr] warning: `absinthe` (lib test) generated 5 warnings (5 duplicates)
[INFO] [stderr] warning: unused return value of `must_use` that must be used
[INFO] [stderr]   --> tests/actor_fn.rs:48:13
[INFO] [stderr]    |
[INFO] [stderr] 48 |             format!("{}", a);
[INFO] [stderr]    |             ^^^^^^^^^^^^^^^^
[INFO] [stderr]    |
[INFO] [stderr]    = note: `#[warn(unused_must_use)]` on by default
[INFO] [stderr]    = note: this warning originates in the macro `format` (in Nightly builds, run with -Z macro-backtrace for more info)
[INFO] [stderr] 
[INFO] [stderr] warning: unused return value of `must_use` that must be used
[INFO] [stderr]   --> tests/actor_fn.rs:61:13
[INFO] [stderr]    |
[INFO] [stderr] 61 |             format!("Hello, world!");
[INFO] [stderr]    |             ^^^^^^^^^^^^^^^^^^^^^^^^
[INFO] [stderr]    |
[INFO] [stderr]    = note: this warning originates in the macro `format` (in Nightly builds, run with -Z macro-backtrace for more info)
[INFO] [stderr] 
[INFO] [stderr] warning: `absinthe` (test "actor_fn") generated 2 warnings
[INFO] [stderr]     Finished `test` profile [unoptimized + debuginfo] target(s) in 0.08s
[INFO] [stderr]      Running unittests src/lib.rs (/opt/rustwide/target/debug/deps/absinthe-1aaa604a16d3d448)
[INFO] [stdout] 
[INFO] [stdout] running 0 tests
[INFO] [stdout] 
[INFO] [stdout] test result: ok. 0 passed; 0 failed; 0 ignored; 0 measured; 0 filtered out; finished in 0.00s
[INFO] [stdout] 
[INFO] [stderr]      Running tests/actor_fn.rs (/opt/rustwide/target/debug/deps/actor_fn-98637967437431d3)
[INFO] [stdout] 
[INFO] [stdout] running 7 tests
[INFO] [stdout] test no_arg ... ok
[INFO] [stdout] test generic ... ok
[INFO] [stdout] test basic_function_fn_concat ... ok
[INFO] [stdout] test ping_pong ... ok
[INFO] [stdout] test return_unit ... ok
[INFO] [stdout] test return_tuple ... ok
[INFO] [stdout] test basic_function_fn_add ... ok
[INFO] [stderr]      Running tests/actor_struct.rs (/opt/rustwide/target/debug/deps/actor_struct-0bd53de325e12630)
[INFO] [stdout] 
[INFO] [stdout] test result: ok. 7 passed; 0 failed; 0 ignored; 0 measured; 0 filtered out; finished in 0.04s
[INFO] [stdout] 
[INFO] [stdout] 
[INFO] [stdout] running 1 test
[INFO] [stdout] test basic_struct_counter ... ok
[INFO] [stdout] 
[INFO] [stdout] test result: ok. 1 passed; 0 failed; 0 ignored; 0 measured; 0 filtered out; finished in 0.00s
[INFO] [stdout] 
[INFO] [stderr]    Doc-tests absinthe
[INFO] [stdout] 
[INFO] [stdout] running 2 tests
[INFO] [stdout] test src/actor.rs - actor::spawn (line 6) ... FAILED
[INFO] [stdout] test src/lib.rs - (line 17) ... ok
[INFO] [stdout] 
[INFO] [stdout] failures:
[INFO] [stdout] 
[INFO] [stdout] ---- src/actor.rs - actor::spawn (line 6) stdout ----
[INFO] [stdout] error[E0425]: cannot find function `spawn` in this scope
[INFO] [stdout]   --> src/actor.rs:31:1
[INFO] [stdout]    |
[INFO] [stdout] 28 | spawn(Counter::new());
[INFO] [stdout]    | ^^^^^ not found in this scope
[INFO] [stdout]    |
[INFO] [stdout] help: consider importing one of these functions
[INFO] [stdout]    |
[INFO] [stdout] 2  + use std::thread::spawn;
[INFO] [stdout]    |
[INFO] [stdout] 2  + use absinthe::spawn;
[INFO] [stdout]    |
[INFO] [stdout] 2  + use tokio::spawn;
[INFO] [stdout]    |
[INFO] [stdout] 
[INFO] [stdout] error: aborting due to 1 previous error
[INFO] [stdout] 
[INFO] [stdout] For more information about this error, try `rustc --explain E0425`.
[INFO] [stdout] Couldn't compile the test.
[INFO] [stdout] 
[INFO] [stdout] failures:
[INFO] [stdout]     src/actor.rs - actor::spawn (line 6)
[INFO] [stdout] 
[INFO] [stdout] test result: FAILED. 1 passed; 1 failed; 0 ignored; 0 measured; 0 filtered out; finished in 1.34s
[INFO] [stdout] 
[INFO] [stderr] error: doctest failed, to rerun pass `--doc`
[INFO] running `Command { std: "docker" "inspect" "7271a78290fc4e2911ea82e450fae1f168e2114801a80e25b462f9c0791ed507", kill_on_drop: false }`
[INFO] running `Command { std: "docker" "rm" "-f" "7271a78290fc4e2911ea82e450fae1f168e2114801a80e25b462f9c0791ed507", kill_on_drop: false }`
[INFO] [stdout] 7271a78290fc4e2911ea82e450fae1f168e2114801a80e25b462f9c0791ed507
