[INFO] fetching crate abscissa 0.8.1...
[INFO] testing abscissa-0.8.1 against 1.83.0 for beta-1.84.0-4-retry
[INFO] extracting crate abscissa 0.8.1 into /workspace/builds/worker-4-tc1/source
[INFO] validating manifest of crates.io crate abscissa 0.8.1 on toolchain 1.83.0
[INFO] running `Command { std: CARGO_HOME="/workspace/cargo-home" RUSTUP_HOME="/workspace/rustup-home" "/workspace/cargo-home/bin/cargo" "+1.83.0" "metadata" "--manifest-path" "Cargo.toml" "--no-deps", kill_on_drop: false }`
[INFO] started tweaking crates.io crate abscissa 0.8.1
[INFO] removed 0 missing tests
[INFO] finished tweaking crates.io crate abscissa 0.8.1
[INFO] tweaked toml for crates.io crate abscissa 0.8.1 written to /workspace/builds/worker-4-tc1/source/Cargo.toml
[INFO] crate crates.io crate abscissa 0.8.1 already has a lockfile, it will not be regenerated
[INFO] running `Command { std: CARGO_HOME="/workspace/cargo-home" RUSTUP_HOME="/workspace/rustup-home" "/workspace/cargo-home/bin/cargo" "+1.83.0" "fetch" "--manifest-path" "Cargo.toml", kill_on_drop: false }`
[INFO] [stderr]  Downloading crates ...
[INFO] [stderr]   Downloaded secrecy v0.10.3
[INFO] [stderr]   Downloaded abscissa_derive v0.8.0
[INFO] [stderr]   Downloaded abscissa_core v0.8.1
[INFO] running `Command { std: "docker" "create" "-v" "/var/lib/crater-agent-workspace/builds/worker-4-tc1/target:/opt/rustwide/target:rw,Z" "-v" "/var/lib/crater-agent-workspace/builds/worker-4-tc1/source:/opt/rustwide/workdir:ro,Z" "-v" "/var/lib/crater-agent-workspace/cargo-home:/opt/rustwide/cargo-home:ro,Z" "-v" "/var/lib/crater-agent-workspace/rustup-home:/opt/rustwide/rustup-home:ro,Z" "-e" "SOURCE_DIR=/opt/rustwide/workdir" "-e" "CARGO_TARGET_DIR=/opt/rustwide/target" "-e" "CARGO_HOME=/opt/rustwide/cargo-home" "-e" "RUSTUP_HOME=/opt/rustwide/rustup-home" "-w" "/opt/rustwide/workdir" "-m" "1610612736" "--user" "0:0" "--network" "none" "ghcr.io/rust-lang/crates-build-env/linux@sha256:f3a9d4ad9d972b27faf3965f35b62e55ba32bbce8f20bc8fe909558a86702fde" "/opt/rustwide/cargo-home/bin/cargo" "+1.83.0" "metadata" "--no-deps" "--format-version=1", kill_on_drop: false }`
[INFO] [stdout] d6580133582b9c201f265de08bf03de156fd6e51f3cd3770e5b72cfecdb22b97
[INFO] running `Command { std: "docker" "start" "-a" "d6580133582b9c201f265de08bf03de156fd6e51f3cd3770e5b72cfecdb22b97", kill_on_drop: false }`
[INFO] running `Command { std: "docker" "inspect" "d6580133582b9c201f265de08bf03de156fd6e51f3cd3770e5b72cfecdb22b97", kill_on_drop: false }`
[INFO] running `Command { std: "docker" "rm" "-f" "d6580133582b9c201f265de08bf03de156fd6e51f3cd3770e5b72cfecdb22b97", kill_on_drop: false }`
[INFO] [stdout] d6580133582b9c201f265de08bf03de156fd6e51f3cd3770e5b72cfecdb22b97
[INFO] running `Command { std: "docker" "create" "-v" "/var/lib/crater-agent-workspace/builds/worker-4-tc1/target:/opt/rustwide/target:rw,Z" "-v" "/var/lib/crater-agent-workspace/builds/worker-4-tc1/source:/opt/rustwide/workdir:ro,Z" "-v" "/var/lib/crater-agent-workspace/cargo-home:/opt/rustwide/cargo-home:ro,Z" "-v" "/var/lib/crater-agent-workspace/rustup-home:/opt/rustwide/rustup-home:ro,Z" "-e" "SOURCE_DIR=/opt/rustwide/workdir" "-e" "CARGO_TARGET_DIR=/opt/rustwide/target" "-e" "CARGO_INCREMENTAL=0" "-e" "RUST_BACKTRACE=full" "-e" "RUSTFLAGS=--cap-lints=warn" "-e" "RUSTDOCFLAGS=--cap-lints=warn" "-e" "CARGO_HOME=/opt/rustwide/cargo-home" "-e" "RUSTUP_HOME=/opt/rustwide/rustup-home" "-w" "/opt/rustwide/workdir" "-m" "1610612736" "--user" "0:0" "--network" "none" "ghcr.io/rust-lang/crates-build-env/linux@sha256:f3a9d4ad9d972b27faf3965f35b62e55ba32bbce8f20bc8fe909558a86702fde" "/opt/rustwide/cargo-home/bin/cargo" "+1.83.0" "build" "--frozen" "--message-format=json", kill_on_drop: false }`
[INFO] [stdout] 669019cac853efa4a31aa75906fae3811af643b917f20e06b54bb1eea3798577
[INFO] running `Command { std: "docker" "start" "-a" "669019cac853efa4a31aa75906fae3811af643b917f20e06b54bb1eea3798577", kill_on_drop: false }`
[INFO] [stderr]    Compiling proc-macro2 v1.0.87
[INFO] [stderr]    Compiling unicode-ident v1.0.13
[INFO] [stderr]    Compiling memchr v2.7.4
[INFO] [stderr]    Compiling once_cell v1.20.2
[INFO] [stderr]    Compiling serde v1.0.210
[INFO] [stderr]    Compiling thiserror v1.0.64
[INFO] [stderr]    Compiling libc v0.2.159
[INFO] [stderr]    Compiling shlex v1.3.0
[INFO] [stderr]    Compiling syn v1.0.109
[INFO] [stderr]    Compiling utf8parse v0.2.2
[INFO] [stderr]    Compiling cfg-if v1.0.0
[INFO] [stderr]    Compiling ucd-trie v0.1.7
[INFO] [stderr]    Compiling is_terminal_polyfill v1.70.1
[INFO] [stderr]    Compiling gimli v0.28.1
[INFO] [stderr]    Compiling colorchoice v1.0.2
[INFO] [stderr]    Compiling regex-syntax v0.6.29
[INFO] [stderr]    Compiling cc v1.1.28
[INFO] [stderr]    Compiling anstyle-parse v0.2.5
[INFO] [stderr]    Compiling eyre v0.6.12
[INFO] [stderr]    Compiling regex-syntax v0.8.5
[INFO] [stderr]    Compiling equivalent v1.0.1
[INFO] [stderr]    Compiling log v0.4.22
[INFO] [stderr]    Compiling autocfg v1.4.0
[INFO] [stderr]    Compiling anstyle-query v1.1.1
[INFO] [stderr]    Compiling adler v1.0.2
[INFO] [stderr]    Compiling tracing-core v0.1.32
[INFO] [stderr]    Compiling anstyle v1.0.8
[INFO] [stderr]    Compiling hashbrown v0.15.0
[INFO] [stderr]    Compiling aho-corasick v1.1.3
[INFO] [stderr]    Compiling object v0.32.2
[INFO] [stderr]    Compiling miniz_oxide v0.7.4
[INFO] [stderr]    Compiling rustc-demangle v0.1.24
[INFO] [stderr]    Compiling strsim v0.11.1
[INFO] [stderr]    Compiling fs-err v2.11.0
[INFO] [stderr]    Compiling anstream v0.6.15
[INFO] [stderr]    Compiling indexmap v2.6.0
[INFO] [stderr]    Compiling heck v0.5.0
[INFO] [stderr]    Compiling lazy_static v1.5.0
[INFO] [stderr]    Compiling semver v1.0.23
[INFO] [stderr]    Compiling quote v1.0.37
[INFO] [stderr]    Compiling clap_lex v0.7.2
[INFO] [stderr]    Compiling unicode-xid v0.2.6
[INFO] [stderr]    Compiling indenter v0.3.3
[INFO] [stderr]    Compiling syn v2.0.79
[INFO] [stderr]    Compiling winnow v0.6.20
[INFO] [stderr]    Compiling pin-project-lite v0.2.14
[INFO] [stderr]    Compiling serde_json v1.0.128
[INFO] [stderr]    Compiling overload v0.1.1
[INFO] [stderr]    Compiling clap_builder v4.5.20
[INFO] [stderr]    Compiling nu-ansi-term v0.46.0
[INFO] [stderr]    Compiling sharded-slab v0.1.7
[INFO] [stderr]    Compiling tracing-log v0.2.0
[INFO] [stderr]    Compiling thread_local v1.1.8
[INFO] [stderr]    Compiling ident_case v1.0.1
[INFO] [stderr]    Compiling regex-automata v0.1.10
[INFO] [stderr]    Compiling backtrace v0.3.71
[INFO] [stderr]    Compiling itoa v1.0.11
[INFO] [stderr]    Compiling smallvec v1.13.2
[INFO] [stderr]    Compiling ryu v1.0.18
[INFO] [stderr]    Compiling zeroize v1.8.1
[INFO] [stderr]    Compiling owo-colors v3.5.0
[INFO] [stderr]    Compiling wait-timeout v0.2.0
[INFO] [stderr]    Compiling termcolor v1.4.1
[INFO] [stderr]    Compiling canonical-path v2.0.2
[INFO] [stderr]    Compiling arc-swap v1.7.1
[INFO] [stderr]    Compiling matchers v0.1.0
[INFO] [stderr]    Compiling addr2line v0.21.0
[INFO] [stderr]    Compiling regex-automata v0.4.8
[INFO] [stderr]    Compiling synstructure v0.12.6
[INFO] [stderr]    Compiling abscissa_derive v0.8.0
[INFO] [stderr]    Compiling color-eyre v0.6.3
[INFO] [stderr]    Compiling serde_derive v1.0.210
[INFO] [stderr]    Compiling thiserror-impl v1.0.64
[INFO] [stderr]    Compiling tracing-attributes v0.1.27
[INFO] [stderr]    Compiling clap_derive v4.5.18
[INFO] [stderr]    Compiling regex v1.11.0
[INFO] [stderr]    Compiling pest v2.7.13
[INFO] [stderr]    Compiling tracing v0.1.40
[INFO] [stderr]    Compiling tracing-subscriber v0.3.18
[INFO] [stderr]    Compiling clap v4.5.20
[INFO] [stderr]    Compiling pest_meta v2.7.13
[INFO] [stderr]    Compiling pest_generator v2.7.13
[INFO] [stderr]    Compiling pest_derive v2.7.13
[INFO] [stderr]    Compiling toml_datetime v0.6.8
[INFO] [stderr]    Compiling serde_spanned v0.6.8
[INFO] [stderr]    Compiling secrecy v0.10.3
[INFO] [stderr]    Compiling toml_edit v0.22.22
[INFO] [stderr]    Compiling handlebars v6.1.0
[INFO] [stderr]    Compiling toml v0.8.19
[INFO] [stderr]    Compiling abscissa_core v0.8.1
[INFO] [stderr]    Compiling abscissa v0.8.1 (/opt/rustwide/workdir)
[INFO] [stdout] warning: non-local `impl` definition, `impl` blocks should be written at the same level as their item
[INFO] [stdout]   --> src/commands.rs:11:25
[INFO] [stdout]    |
[INFO] [stdout] 11 | #[derive(Debug, Parser, Runnable)]
[INFO] [stdout]    |                         ^-------
[INFO] [stdout]    |                         |
[INFO] [stdout]    |                         `Runnable` is not local
[INFO] [stdout]    |                         move the `impl` block outside of this constant `_DERIVE_Runnable_FOR_SubCommands`
[INFO] [stdout] 12 | enum SubCommands {
[INFO] [stdout]    |      ----------- `SubCommands` is not local
[INFO] [stdout]    |
[INFO] [stdout]    = note: the derive macro `Runnable` defines the non-local `impl`, and may need to be changed
[INFO] [stdout]    = note: the derive macro `Runnable` may come from an old version of the `abscissa_derive` crate, try updating your dependency with `cargo update -p abscissa_derive`
[INFO] [stdout]    = note: an `impl` is never scoped, even when it is nested inside an item, as it may impact type checking outside of that item, which can be the case if neither the trait or the self type are at the same nesting level as the `impl`
[INFO] [stdout]    = note: items in an anonymous const item (`const _: () = { ... }`) are treated as in the same scope as the anonymous const's declaration for the purpose of this lint
[INFO] [stdout]    = note: `#[warn(non_local_definitions)]` on by default
[INFO] [stdout]    = note: this warning originates in the derive macro `Runnable` (in Nightly builds, run with -Z macro-backtrace for more info)
[INFO] [stdout] 
[INFO] [stdout] 
[INFO] [stdout] warning: non-local `impl` definition, `impl` blocks should be written at the same level as their item
[INFO] [stdout]   --> src/commands.rs:21:10
[INFO] [stdout]    |
[INFO] [stdout] 21 | #[derive(Command, Debug, Parser)]
[INFO] [stdout]    |          ^------
[INFO] [stdout]    |          |
[INFO] [stdout]    |          `Command` is not local
[INFO] [stdout]    |          move the `impl` block outside of this constant `_DERIVE_Command_FOR_CliCommand`
[INFO] [stdout] 22 | #[command(author, about, version)]
[INFO] [stdout] 23 | pub struct CliCommand {
[INFO] [stdout]    |            ---------- `CliCommand` is not local
[INFO] [stdout]    |
[INFO] [stdout]    = note: the derive macro `Command` defines the non-local `impl`, and may need to be changed
[INFO] [stdout]    = note: the derive macro `Command` may come from an old version of the `abscissa_derive` crate, try updating your dependency with `cargo update -p abscissa_derive`
[INFO] [stdout]    = note: an `impl` is never scoped, even when it is nested inside an item, as it may impact type checking outside of that item, which can be the case if neither the trait or the self type are at the same nesting level as the `impl`
[INFO] [stdout]    = note: items in an anonymous const item (`const _: () = { ... }`) are treated as in the same scope as the anonymous const's declaration for the purpose of this lint
[INFO] [stdout]    = note: this warning originates in the derive macro `Command` (in Nightly builds, run with -Z macro-backtrace for more info)
[INFO] [stdout] 
[INFO] [stdout] 
[INFO] [stdout] warning: non-local `impl` definition, `impl` blocks should be written at the same level as their item
[INFO] [stdout]   --> src/commands/gen.rs:9:25
[INFO] [stdout]    |
[INFO] [stdout] 9  | #[derive(Debug, Parser, Runnable)]
[INFO] [stdout]    |                         ^-------
[INFO] [stdout]    |                         |
[INFO] [stdout]    |                         `Runnable` is not local
[INFO] [stdout]    |                         move the `impl` block outside of this constant `_DERIVE_Runnable_FOR_SubCommands`
[INFO] [stdout] 10 | enum SubCommands {
[INFO] [stdout]    |      ----------- `SubCommands` is not local
[INFO] [stdout]    |
[INFO] [stdout]    = note: the derive macro `Runnable` defines the non-local `impl`, and may need to be changed
[INFO] [stdout]    = note: the derive macro `Runnable` may come from an old version of the `abscissa_derive` crate, try updating your dependency with `cargo update -p abscissa_derive`
[INFO] [stdout]    = note: an `impl` is never scoped, even when it is nested inside an item, as it may impact type checking outside of that item, which can be the case if neither the trait or the self type are at the same nesting level as the `impl`
[INFO] [stdout]    = note: items in an anonymous const item (`const _: () = { ... }`) are treated as in the same scope as the anonymous const's declaration for the purpose of this lint
[INFO] [stdout]    = note: this warning originates in the derive macro `Runnable` (in Nightly builds, run with -Z macro-backtrace for more info)
[INFO] [stdout] 
[INFO] [stdout] 
[INFO] [stdout] warning: non-local `impl` definition, `impl` blocks should be written at the same level as their item
[INFO] [stdout]   --> src/commands/gen.rs:15:10
[INFO] [stdout]    |
[INFO] [stdout] 15 | #[derive(Command, Debug, Parser, Runnable)]
[INFO] [stdout]    |          ^------
[INFO] [stdout]    |          |
[INFO] [stdout]    |          `Command` is not local
[INFO] [stdout]    |          move the `impl` block outside of this constant `_DERIVE_Command_FOR_GenCommand`
[INFO] [stdout] 16 | pub struct GenCommand {
[INFO] [stdout]    |            ---------- `GenCommand` is not local
[INFO] [stdout]    |
[INFO] [stdout]    = note: the derive macro `Command` defines the non-local `impl`, and may need to be changed
[INFO] [stdout]    = note: the derive macro `Command` may come from an old version of the `abscissa_derive` crate, try updating your dependency with `cargo update -p abscissa_derive`
[INFO] [stdout]    = note: an `impl` is never scoped, even when it is nested inside an item, as it may impact type checking outside of that item, which can be the case if neither the trait or the self type are at the same nesting level as the `impl`
[INFO] [stdout]    = note: items in an anonymous const item (`const _: () = { ... }`) are treated as in the same scope as the anonymous const's declaration for the purpose of this lint
[INFO] [stdout]    = note: this warning originates in the derive macro `Command` (in Nightly builds, run with -Z macro-backtrace for more info)
[INFO] [stdout] 
[INFO] [stdout] 
[INFO] [stdout] warning: non-local `impl` definition, `impl` blocks should be written at the same level as their item
[INFO] [stdout]   --> src/commands/gen.rs:15:34
[INFO] [stdout]    |
[INFO] [stdout] 15 | #[derive(Command, Debug, Parser, Runnable)]
[INFO] [stdout]    |                                  ^-------
[INFO] [stdout]    |                                  |
[INFO] [stdout]    |                                  `Runnable` is not local
[INFO] [stdout]    |                                  move the `impl` block outside of this constant `_DERIVE_Runnable_FOR_GenCommand`
[INFO] [stdout] 16 | pub struct GenCommand {
[INFO] [stdout]    |            ---------- `GenCommand` is not local
[INFO] [stdout]    |
[INFO] [stdout]    = note: the derive macro `Runnable` defines the non-local `impl`, and may need to be changed
[INFO] [stdout]    = note: the derive macro `Runnable` may come from an old version of the `abscissa_derive` crate, try updating your dependency with `cargo update -p abscissa_derive`
[INFO] [stdout]    = note: an `impl` is never scoped, even when it is nested inside an item, as it may impact type checking outside of that item, which can be the case if neither the trait or the self type are at the same nesting level as the `impl`
[INFO] [stdout]    = note: items in an anonymous const item (`const _: () = { ... }`) are treated as in the same scope as the anonymous const's declaration for the purpose of this lint
[INFO] [stdout]    = note: this warning originates in the derive macro `Runnable` (in Nightly builds, run with -Z macro-backtrace for more info)
[INFO] [stdout] 
[INFO] [stdout] 
[INFO] [stdout] warning: non-local `impl` definition, `impl` blocks should be written at the same level as their item
[INFO] [stdout]   --> src/commands/gen/cmd.rs:16:10
[INFO] [stdout]    |
[INFO] [stdout] 16 | #[derive(Command, Debug, Parser)]
[INFO] [stdout]    |          ^------
[INFO] [stdout]    |          |
[INFO] [stdout]    |          `Command` is not local
[INFO] [stdout]    |          move the `impl` block outside of this constant `_DERIVE_Command_FOR_Cmd`
[INFO] [stdout] 17 | pub struct Cmd {
[INFO] [stdout]    |            --- `Cmd` is not local
[INFO] [stdout]    |
[INFO] [stdout]    = note: the derive macro `Command` defines the non-local `impl`, and may need to be changed
[INFO] [stdout]    = note: the derive macro `Command` may come from an old version of the `abscissa_derive` crate, try updating your dependency with `cargo update -p abscissa_derive`
[INFO] [stdout]    = note: an `impl` is never scoped, even when it is nested inside an item, as it may impact type checking outside of that item, which can be the case if neither the trait or the self type are at the same nesting level as the `impl`
[INFO] [stdout]    = note: items in an anonymous const item (`const _: () = { ... }`) are treated as in the same scope as the anonymous const's declaration for the purpose of this lint
[INFO] [stdout]    = note: this warning originates in the derive macro `Command` (in Nightly builds, run with -Z macro-backtrace for more info)
[INFO] [stdout] 
[INFO] [stdout] 
[INFO] [stdout] warning: non-local `impl` definition, `impl` blocks should be written at the same level as their item
[INFO] [stdout]   --> src/commands/new.rs:25:10
[INFO] [stdout]    |
[INFO] [stdout] 25 | #[derive(Command, Debug, Default, Parser)]
[INFO] [stdout]    |          ^------
[INFO] [stdout]    |          |
[INFO] [stdout]    |          `Command` is not local
[INFO] [stdout]    |          move the `impl` block outside of this constant `_DERIVE_Command_FOR_NewCommand`
[INFO] [stdout] 26 | pub struct NewCommand {
[INFO] [stdout]    |            ---------- `NewCommand` is not local
[INFO] [stdout]    |
[INFO] [stdout]    = note: the derive macro `Command` defines the non-local `impl`, and may need to be changed
[INFO] [stdout]    = note: the derive macro `Command` may come from an old version of the `abscissa_derive` crate, try updating your dependency with `cargo update -p abscissa_derive`
[INFO] [stdout]    = note: an `impl` is never scoped, even when it is nested inside an item, as it may impact type checking outside of that item, which can be the case if neither the trait or the self type are at the same nesting level as the `impl`
[INFO] [stdout]    = note: items in an anonymous const item (`const _: () = { ... }`) are treated as in the same scope as the anonymous const's declaration for the purpose of this lint
[INFO] [stdout]    = note: this warning originates in the derive macro `Command` (in Nightly builds, run with -Z macro-backtrace for more info)
[INFO] [stdout] 
[INFO] [stdout] 
[INFO] [stderr]     Finished `dev` profile [unoptimized + debuginfo] target(s) in 41.30s
[INFO] running `Command { std: "docker" "inspect" "669019cac853efa4a31aa75906fae3811af643b917f20e06b54bb1eea3798577", kill_on_drop: false }`
[INFO] running `Command { std: "docker" "rm" "-f" "669019cac853efa4a31aa75906fae3811af643b917f20e06b54bb1eea3798577", kill_on_drop: false }`
[INFO] [stdout] 669019cac853efa4a31aa75906fae3811af643b917f20e06b54bb1eea3798577
[INFO] running `Command { std: "docker" "create" "-v" "/var/lib/crater-agent-workspace/builds/worker-4-tc1/target:/opt/rustwide/target:rw,Z" "-v" "/var/lib/crater-agent-workspace/builds/worker-4-tc1/source:/opt/rustwide/workdir:ro,Z" "-v" "/var/lib/crater-agent-workspace/cargo-home:/opt/rustwide/cargo-home:ro,Z" "-v" "/var/lib/crater-agent-workspace/rustup-home:/opt/rustwide/rustup-home:ro,Z" "-e" "SOURCE_DIR=/opt/rustwide/workdir" "-e" "CARGO_TARGET_DIR=/opt/rustwide/target" "-e" "CARGO_INCREMENTAL=0" "-e" "RUST_BACKTRACE=full" "-e" "RUSTFLAGS=--cap-lints=warn" "-e" "RUSTDOCFLAGS=--cap-lints=warn" "-e" "CARGO_HOME=/opt/rustwide/cargo-home" "-e" "RUSTUP_HOME=/opt/rustwide/rustup-home" "-w" "/opt/rustwide/workdir" "-m" "1610612736" "--user" "0:0" "--network" "none" "ghcr.io/rust-lang/crates-build-env/linux@sha256:f3a9d4ad9d972b27faf3965f35b62e55ba32bbce8f20bc8fe909558a86702fde" "/opt/rustwide/cargo-home/bin/cargo" "+1.83.0" "test" "--frozen" "--no-run" "--message-format=json", kill_on_drop: false }`
[INFO] [stdout] 4f934b5c1d96b68c99bf83d2bfaa14cdba3b854baec47d1029c5a5acd0c43558
[INFO] running `Command { std: "docker" "start" "-a" "4f934b5c1d96b68c99bf83d2bfaa14cdba3b854baec47d1029c5a5acd0c43558", kill_on_drop: false }`
[INFO] [stderr]    Compiling abscissa v0.8.1 (/opt/rustwide/workdir)
[INFO] [stdout] warning: non-local `impl` definition, `impl` blocks should be written at the same level as their item
[INFO] [stdout]   --> src/commands.rs:11:25
[INFO] [stdout]    |
[INFO] [stdout] 11 | #[derive(Debug, Parser, Runnable)]
[INFO] [stdout]    |                         ^-------
[INFO] [stdout]    |                         |
[INFO] [stdout]    |                         `Runnable` is not local
[INFO] [stdout]    |                         move the `impl` block outside of this constant `_DERIVE_Runnable_FOR_SubCommands`
[INFO] [stdout] 12 | enum SubCommands {
[INFO] [stdout]    |      ----------- `SubCommands` is not local
[INFO] [stdout]    |
[INFO] [stdout]    = note: the derive macro `Runnable` defines the non-local `impl`, and may need to be changed
[INFO] [stdout]    = note: the derive macro `Runnable` may come from an old version of the `abscissa_derive` crate, try updating your dependency with `cargo update -p abscissa_derive`
[INFO] [stdout]    = note: an `impl` is never scoped, even when it is nested inside an item, as it may impact type checking outside of that item, which can be the case if neither the trait or the self type are at the same nesting level as the `impl`
[INFO] [stdout]    = note: items in an anonymous const item (`const _: () = { ... }`) are treated as in the same scope as the anonymous const's declaration for the purpose of this lint
[INFO] [stdout]    = note: `#[warn(non_local_definitions)]` on by default
[INFO] [stdout]    = note: this warning originates in the derive macro `Runnable` (in Nightly builds, run with -Z macro-backtrace for more info)
[INFO] [stdout] 
[INFO] [stdout] 
[INFO] [stdout] warning: non-local `impl` definition, `impl` blocks should be written at the same level as their item
[INFO] [stdout]   --> src/commands.rs:21:10
[INFO] [stdout]    |
[INFO] [stdout] 21 | #[derive(Command, Debug, Parser)]
[INFO] [stdout]    |          ^------
[INFO] [stdout]    |          |
[INFO] [stdout]    |          `Command` is not local
[INFO] [stdout]    |          move the `impl` block outside of this constant `_DERIVE_Command_FOR_CliCommand`
[INFO] [stdout] 22 | #[command(author, about, version)]
[INFO] [stdout] 23 | pub struct CliCommand {
[INFO] [stdout]    |            ---------- `CliCommand` is not local
[INFO] [stdout]    |
[INFO] [stdout]    = note: the derive macro `Command` defines the non-local `impl`, and may need to be changed
[INFO] [stdout]    = note: the derive macro `Command` may come from an old version of the `abscissa_derive` crate, try updating your dependency with `cargo update -p abscissa_derive`
[INFO] [stdout]    = note: an `impl` is never scoped, even when it is nested inside an item, as it may impact type checking outside of that item, which can be the case if neither the trait or the self type are at the same nesting level as the `impl`
[INFO] [stdout]    = note: items in an anonymous const item (`const _: () = { ... }`) are treated as in the same scope as the anonymous const's declaration for the purpose of this lint
[INFO] [stdout]    = note: this warning originates in the derive macro `Command` (in Nightly builds, run with -Z macro-backtrace for more info)
[INFO] [stdout] 
[INFO] [stdout] 
[INFO] [stdout] warning: non-local `impl` definition, `impl` blocks should be written at the same level as their item
[INFO] [stdout]   --> src/commands/gen.rs:9:25
[INFO] [stdout]    |
[INFO] [stdout] 9  | #[derive(Debug, Parser, Runnable)]
[INFO] [stdout]    |                         ^-------
[INFO] [stdout]    |                         |
[INFO] [stdout]    |                         `Runnable` is not local
[INFO] [stdout]    |                         move the `impl` block outside of this constant `_DERIVE_Runnable_FOR_SubCommands`
[INFO] [stdout] 10 | enum SubCommands {
[INFO] [stdout]    |      ----------- `SubCommands` is not local
[INFO] [stdout]    |
[INFO] [stdout]    = note: the derive macro `Runnable` defines the non-local `impl`, and may need to be changed
[INFO] [stdout]    = note: the derive macro `Runnable` may come from an old version of the `abscissa_derive` crate, try updating your dependency with `cargo update -p abscissa_derive`
[INFO] [stdout]    = note: an `impl` is never scoped, even when it is nested inside an item, as it may impact type checking outside of that item, which can be the case if neither the trait or the self type are at the same nesting level as the `impl`
[INFO] [stdout]    = note: items in an anonymous const item (`const _: () = { ... }`) are treated as in the same scope as the anonymous const's declaration for the purpose of this lint
[INFO] [stdout]    = note: this warning originates in the derive macro `Runnable` (in Nightly builds, run with -Z macro-backtrace for more info)
[INFO] [stdout] 
[INFO] [stdout] 
[INFO] [stdout] warning: non-local `impl` definition, `impl` blocks should be written at the same level as their item
[INFO] [stdout]   --> src/commands/gen.rs:15:10
[INFO] [stdout]    |
[INFO] [stdout] 15 | #[derive(Command, Debug, Parser, Runnable)]
[INFO] [stdout]    |          ^------
[INFO] [stdout]    |          |
[INFO] [stdout]    |          `Command` is not local
[INFO] [stdout]    |          move the `impl` block outside of this constant `_DERIVE_Command_FOR_GenCommand`
[INFO] [stdout] 16 | pub struct GenCommand {
[INFO] [stdout]    |            ---------- `GenCommand` is not local
[INFO] [stdout]    |
[INFO] [stdout]    = note: the derive macro `Command` defines the non-local `impl`, and may need to be changed
[INFO] [stdout]    = note: the derive macro `Command` may come from an old version of the `abscissa_derive` crate, try updating your dependency with `cargo update -p abscissa_derive`
[INFO] [stdout]    = note: an `impl` is never scoped, even when it is nested inside an item, as it may impact type checking outside of that item, which can be the case if neither the trait or the self type are at the same nesting level as the `impl`
[INFO] [stdout]    = note: items in an anonymous const item (`const _: () = { ... }`) are treated as in the same scope as the anonymous const's declaration for the purpose of this lint
[INFO] [stdout]    = note: this warning originates in the derive macro `Command` (in Nightly builds, run with -Z macro-backtrace for more info)
[INFO] [stdout] 
[INFO] [stdout] 
[INFO] [stdout] warning: non-local `impl` definition, `impl` blocks should be written at the same level as their item
[INFO] [stdout]   --> src/commands/gen.rs:15:34
[INFO] [stdout]    |
[INFO] [stdout] 15 | #[derive(Command, Debug, Parser, Runnable)]
[INFO] [stdout]    |                                  ^-------
[INFO] [stdout]    |                                  |
[INFO] [stdout]    |                                  `Runnable` is not local
[INFO] [stdout]    |                                  move the `impl` block outside of this constant `_DERIVE_Runnable_FOR_GenCommand`
[INFO] [stdout] 16 | pub struct GenCommand {
[INFO] [stdout]    |            ---------- `GenCommand` is not local
[INFO] [stdout]    |
[INFO] [stdout]    = note: the derive macro `Runnable` defines the non-local `impl`, and may need to be changed
[INFO] [stdout]    = note: the derive macro `Runnable` may come from an old version of the `abscissa_derive` crate, try updating your dependency with `cargo update -p abscissa_derive`
[INFO] [stdout]    = note: an `impl` is never scoped, even when it is nested inside an item, as it may impact type checking outside of that item, which can be the case if neither the trait or the self type are at the same nesting level as the `impl`
[INFO] [stdout]    = note: items in an anonymous const item (`const _: () = { ... }`) are treated as in the same scope as the anonymous const's declaration for the purpose of this lint
[INFO] [stdout]    = note: this warning originates in the derive macro `Runnable` (in Nightly builds, run with -Z macro-backtrace for more info)
[INFO] [stdout] 
[INFO] [stdout] 
[INFO] [stdout] warning: non-local `impl` definition, `impl` blocks should be written at the same level as their item
[INFO] [stdout]   --> src/commands/gen/cmd.rs:16:10
[INFO] [stdout]    |
[INFO] [stdout] 16 | #[derive(Command, Debug, Parser)]
[INFO] [stdout]    |          ^------
[INFO] [stdout]    |          |
[INFO] [stdout]    |          `Command` is not local
[INFO] [stdout]    |          move the `impl` block outside of this constant `_DERIVE_Command_FOR_Cmd`
[INFO] [stdout] 17 | pub struct Cmd {
[INFO] [stdout]    |            --- `Cmd` is not local
[INFO] [stdout]    |
[INFO] [stdout]    = note: the derive macro `Command` defines the non-local `impl`, and may need to be changed
[INFO] [stdout]    = note: the derive macro `Command` may come from an old version of the `abscissa_derive` crate, try updating your dependency with `cargo update -p abscissa_derive`
[INFO] [stdout]    = note: an `impl` is never scoped, even when it is nested inside an item, as it may impact type checking outside of that item, which can be the case if neither the trait or the self type are at the same nesting level as the `impl`
[INFO] [stdout]    = note: items in an anonymous const item (`const _: () = { ... }`) are treated as in the same scope as the anonymous const's declaration for the purpose of this lint
[INFO] [stdout]    = note: this warning originates in the derive macro `Command` (in Nightly builds, run with -Z macro-backtrace for more info)
[INFO] [stdout] 
[INFO] [stdout] 
[INFO] [stdout] warning: non-local `impl` definition, `impl` blocks should be written at the same level as their item
[INFO] [stdout]   --> src/commands/new.rs:25:10
[INFO] [stdout]    |
[INFO] [stdout] 25 | #[derive(Command, Debug, Default, Parser)]
[INFO] [stdout]    |          ^------
[INFO] [stdout]    |          |
[INFO] [stdout]    |          `Command` is not local
[INFO] [stdout]    |          move the `impl` block outside of this constant `_DERIVE_Command_FOR_NewCommand`
[INFO] [stdout] 26 | pub struct NewCommand {
[INFO] [stdout]    |            ---------- `NewCommand` is not local
[INFO] [stdout]    |
[INFO] [stdout]    = note: the derive macro `Command` defines the non-local `impl`, and may need to be changed
[INFO] [stdout]    = note: the derive macro `Command` may come from an old version of the `abscissa_derive` crate, try updating your dependency with `cargo update -p abscissa_derive`
[INFO] [stdout]    = note: an `impl` is never scoped, even when it is nested inside an item, as it may impact type checking outside of that item, which can be the case if neither the trait or the self type are at the same nesting level as the `impl`
[INFO] [stdout]    = note: items in an anonymous const item (`const _: () = { ... }`) are treated as in the same scope as the anonymous const's declaration for the purpose of this lint
[INFO] [stdout]    = note: this warning originates in the derive macro `Command` (in Nightly builds, run with -Z macro-backtrace for more info)
[INFO] [stdout] 
[INFO] [stdout] 
[INFO] [stdout] warning: missing documentation for a static
[INFO] [stdout]   --> tests/generate_app.rs:22:1
[INFO] [stdout]    |
[INFO] [stdout] 22 | pub static RUNNER: Lazy<CmdRunner> = Lazy::new(|| {
[INFO] [stdout]    | ^^^^^^^^^^^^^^^^^^^^^^^^^^^^^^^^^^
[INFO] [stdout]    |
[INFO] [stdout] note: the lint level is defined here
[INFO] [stdout]   --> tests/generate_app.rs:4:19
[INFO] [stdout]    |
[INFO] [stdout] 4  | #![deny(warnings, missing_docs, unused_import_braces, unused_qualifications)]
[INFO] [stdout]    |                   ^^^^^^^^^^^^
[INFO] [stdout] 
[INFO] [stdout] 
[INFO] [stdout] warning: non-local `impl` definition, `impl` blocks should be written at the same level as their item
[INFO] [stdout]   --> src/commands.rs:11:25
[INFO] [stdout]    |
[INFO] [stdout] 11 | #[derive(Debug, Parser, Runnable)]
[INFO] [stdout]    |                         ^-------
[INFO] [stdout]    |                         |
[INFO] [stdout]    |                         `Runnable` is not local
[INFO] [stdout]    |                         move the `impl` block outside of this constant `_DERIVE_Runnable_FOR_SubCommands`
[INFO] [stdout] 12 | enum SubCommands {
[INFO] [stdout]    |      ----------- `SubCommands` is not local
[INFO] [stdout]    |
[INFO] [stdout]    = note: the derive macro `Runnable` defines the non-local `impl`, and may need to be changed
[INFO] [stdout]    = note: the derive macro `Runnable` may come from an old version of the `abscissa_derive` crate, try updating your dependency with `cargo update -p abscissa_derive`
[INFO] [stdout]    = note: an `impl` is never scoped, even when it is nested inside an item, as it may impact type checking outside of that item, which can be the case if neither the trait or the self type are at the same nesting level as the `impl`
[INFO] [stdout]    = note: items in an anonymous const item (`const _: () = { ... }`) are treated as in the same scope as the anonymous const's declaration for the purpose of this lint
[INFO] [stdout]    = note: `#[warn(non_local_definitions)]` on by default
[INFO] [stdout]    = note: this warning originates in the derive macro `Runnable` (in Nightly builds, run with -Z macro-backtrace for more info)
[INFO] [stdout] 
[INFO] [stdout] 
[INFO] [stdout] warning: non-local `impl` definition, `impl` blocks should be written at the same level as their item
[INFO] [stdout]   --> src/commands.rs:21:10
[INFO] [stdout]    |
[INFO] [stdout] 21 | #[derive(Command, Debug, Parser)]
[INFO] [stdout]    |          ^------
[INFO] [stdout]    |          |
[INFO] [stdout]    |          `Command` is not local
[INFO] [stdout]    |          move the `impl` block outside of this constant `_DERIVE_Command_FOR_CliCommand`
[INFO] [stdout] 22 | #[command(author, about, version)]
[INFO] [stdout] 23 | pub struct CliCommand {
[INFO] [stdout]    |            ---------- `CliCommand` is not local
[INFO] [stdout]    |
[INFO] [stdout]    = note: the derive macro `Command` defines the non-local `impl`, and may need to be changed
[INFO] [stdout]    = note: the derive macro `Command` may come from an old version of the `abscissa_derive` crate, try updating your dependency with `cargo update -p abscissa_derive`
[INFO] [stdout]    = note: an `impl` is never scoped, even when it is nested inside an item, as it may impact type checking outside of that item, which can be the case if neither the trait or the self type are at the same nesting level as the `impl`
[INFO] [stdout]    = note: items in an anonymous const item (`const _: () = { ... }`) are treated as in the same scope as the anonymous const's declaration for the purpose of this lint
[INFO] [stdout]    = note: this warning originates in the derive macro `Command` (in Nightly builds, run with -Z macro-backtrace for more info)
[INFO] [stdout] 
[INFO] [stdout] 
[INFO] [stdout] warning: non-local `impl` definition, `impl` blocks should be written at the same level as their item
[INFO] [stdout]   --> src/commands/gen.rs:9:25
[INFO] [stdout]    |
[INFO] [stdout] 9  | #[derive(Debug, Parser, Runnable)]
[INFO] [stdout]    |                         ^-------
[INFO] [stdout]    |                         |
[INFO] [stdout]    |                         `Runnable` is not local
[INFO] [stdout]    |                         move the `impl` block outside of this constant `_DERIVE_Runnable_FOR_SubCommands`
[INFO] [stdout] 10 | enum SubCommands {
[INFO] [stdout]    |      ----------- `SubCommands` is not local
[INFO] [stdout]    |
[INFO] [stdout]    = note: the derive macro `Runnable` defines the non-local `impl`, and may need to be changed
[INFO] [stdout]    = note: the derive macro `Runnable` may come from an old version of the `abscissa_derive` crate, try updating your dependency with `cargo update -p abscissa_derive`
[INFO] [stdout]    = note: an `impl` is never scoped, even when it is nested inside an item, as it may impact type checking outside of that item, which can be the case if neither the trait or the self type are at the same nesting level as the `impl`
[INFO] [stdout]    = note: items in an anonymous const item (`const _: () = { ... }`) are treated as in the same scope as the anonymous const's declaration for the purpose of this lint
[INFO] [stdout]    = note: this warning originates in the derive macro `Runnable` (in Nightly builds, run with -Z macro-backtrace for more info)
[INFO] [stdout] 
[INFO] [stdout] 
[INFO] [stdout] warning: non-local `impl` definition, `impl` blocks should be written at the same level as their item
[INFO] [stdout]   --> src/commands/gen.rs:15:10
[INFO] [stdout]    |
[INFO] [stdout] 15 | #[derive(Command, Debug, Parser, Runnable)]
[INFO] [stdout]    |          ^------
[INFO] [stdout]    |          |
[INFO] [stdout]    |          `Command` is not local
[INFO] [stdout]    |          move the `impl` block outside of this constant `_DERIVE_Command_FOR_GenCommand`
[INFO] [stdout] 16 | pub struct GenCommand {
[INFO] [stdout]    |            ---------- `GenCommand` is not local
[INFO] [stdout]    |
[INFO] [stdout]    = note: the derive macro `Command` defines the non-local `impl`, and may need to be changed
[INFO] [stdout]    = note: the derive macro `Command` may come from an old version of the `abscissa_derive` crate, try updating your dependency with `cargo update -p abscissa_derive`
[INFO] [stdout]    = note: an `impl` is never scoped, even when it is nested inside an item, as it may impact type checking outside of that item, which can be the case if neither the trait or the self type are at the same nesting level as the `impl`
[INFO] [stdout]    = note: items in an anonymous const item (`const _: () = { ... }`) are treated as in the same scope as the anonymous const's declaration for the purpose of this lint
[INFO] [stdout]    = note: this warning originates in the derive macro `Command` (in Nightly builds, run with -Z macro-backtrace for more info)
[INFO] [stdout] 
[INFO] [stdout] 
[INFO] [stdout] warning: non-local `impl` definition, `impl` blocks should be written at the same level as their item
[INFO] [stdout]   --> src/commands/gen.rs:15:34
[INFO] [stdout]    |
[INFO] [stdout] 15 | #[derive(Command, Debug, Parser, Runnable)]
[INFO] [stdout]    |                                  ^-------
[INFO] [stdout]    |                                  |
[INFO] [stdout]    |                                  `Runnable` is not local
[INFO] [stdout]    |                                  move the `impl` block outside of this constant `_DERIVE_Runnable_FOR_GenCommand`
[INFO] [stdout] 16 | pub struct GenCommand {
[INFO] [stdout]    |            ---------- `GenCommand` is not local
[INFO] [stdout]    |
[INFO] [stdout]    = note: the derive macro `Runnable` defines the non-local `impl`, and may need to be changed
[INFO] [stdout]    = note: the derive macro `Runnable` may come from an old version of the `abscissa_derive` crate, try updating your dependency with `cargo update -p abscissa_derive`
[INFO] [stdout]    = note: an `impl` is never scoped, even when it is nested inside an item, as it may impact type checking outside of that item, which can be the case if neither the trait or the self type are at the same nesting level as the `impl`
[INFO] [stdout]    = note: items in an anonymous const item (`const _: () = { ... }`) are treated as in the same scope as the anonymous const's declaration for the purpose of this lint
[INFO] [stdout]    = note: this warning originates in the derive macro `Runnable` (in Nightly builds, run with -Z macro-backtrace for more info)
[INFO] [stdout] 
[INFO] [stdout] 
[INFO] [stdout] warning: non-local `impl` definition, `impl` blocks should be written at the same level as their item
[INFO] [stdout]   --> src/commands/gen/cmd.rs:16:10
[INFO] [stdout]    |
[INFO] [stdout] 16 | #[derive(Command, Debug, Parser)]
[INFO] [stdout]    |          ^------
[INFO] [stdout]    |          |
[INFO] [stdout]    |          `Command` is not local
[INFO] [stdout]    |          move the `impl` block outside of this constant `_DERIVE_Command_FOR_Cmd`
[INFO] [stdout] 17 | pub struct Cmd {
[INFO] [stdout]    |            --- `Cmd` is not local
[INFO] [stdout]    |
[INFO] [stdout]    = note: the derive macro `Command` defines the non-local `impl`, and may need to be changed
[INFO] [stdout]    = note: the derive macro `Command` may come from an old version of the `abscissa_derive` crate, try updating your dependency with `cargo update -p abscissa_derive`
[INFO] [stdout]    = note: an `impl` is never scoped, even when it is nested inside an item, as it may impact type checking outside of that item, which can be the case if neither the trait or the self type are at the same nesting level as the `impl`
[INFO] [stdout]    = note: items in an anonymous const item (`const _: () = { ... }`) are treated as in the same scope as the anonymous const's declaration for the purpose of this lint
[INFO] [stdout]    = note: this warning originates in the derive macro `Command` (in Nightly builds, run with -Z macro-backtrace for more info)
[INFO] [stdout] 
[INFO] [stdout] 
[INFO] [stdout] warning: non-local `impl` definition, `impl` blocks should be written at the same level as their item
[INFO] [stdout]   --> src/commands/new.rs:25:10
[INFO] [stdout]    |
[INFO] [stdout] 25 | #[derive(Command, Debug, Default, Parser)]
[INFO] [stdout]    |          ^------
[INFO] [stdout]    |          |
[INFO] [stdout]    |          `Command` is not local
[INFO] [stdout]    |          move the `impl` block outside of this constant `_DERIVE_Command_FOR_NewCommand`
[INFO] [stdout] 26 | pub struct NewCommand {
[INFO] [stdout]    |            ---------- `NewCommand` is not local
[INFO] [stdout]    |
[INFO] [stdout]    = note: the derive macro `Command` defines the non-local `impl`, and may need to be changed
[INFO] [stdout]    = note: the derive macro `Command` may come from an old version of the `abscissa_derive` crate, try updating your dependency with `cargo update -p abscissa_derive`
[INFO] [stdout]    = note: an `impl` is never scoped, even when it is nested inside an item, as it may impact type checking outside of that item, which can be the case if neither the trait or the self type are at the same nesting level as the `impl`
[INFO] [stdout]    = note: items in an anonymous const item (`const _: () = { ... }`) are treated as in the same scope as the anonymous const's declaration for the purpose of this lint
[INFO] [stdout]    = note: this warning originates in the derive macro `Command` (in Nightly builds, run with -Z macro-backtrace for more info)
[INFO] [stdout] 
[INFO] [stdout] 
[INFO] [stderr]     Finished `test` profile [unoptimized + debuginfo] target(s) in 3.45s
[INFO] running `Command { std: "docker" "inspect" "4f934b5c1d96b68c99bf83d2bfaa14cdba3b854baec47d1029c5a5acd0c43558", kill_on_drop: false }`
[INFO] running `Command { std: "docker" "rm" "-f" "4f934b5c1d96b68c99bf83d2bfaa14cdba3b854baec47d1029c5a5acd0c43558", kill_on_drop: false }`
[INFO] [stdout] 4f934b5c1d96b68c99bf83d2bfaa14cdba3b854baec47d1029c5a5acd0c43558
[INFO] running `Command { std: "docker" "create" "-v" "/var/lib/crater-agent-workspace/builds/worker-4-tc1/target:/opt/rustwide/target:rw,Z" "-v" "/var/lib/crater-agent-workspace/builds/worker-4-tc1/source:/opt/rustwide/workdir:ro,Z" "-v" "/var/lib/crater-agent-workspace/cargo-home:/opt/rustwide/cargo-home:ro,Z" "-v" "/var/lib/crater-agent-workspace/rustup-home:/opt/rustwide/rustup-home:ro,Z" "-e" "SOURCE_DIR=/opt/rustwide/workdir" "-e" "CARGO_TARGET_DIR=/opt/rustwide/target" "-e" "CARGO_INCREMENTAL=0" "-e" "RUST_BACKTRACE=full" "-e" "RUSTFLAGS=--cap-lints=warn" "-e" "RUSTDOCFLAGS=--cap-lints=warn" "-e" "CARGO_HOME=/opt/rustwide/cargo-home" "-e" "RUSTUP_HOME=/opt/rustwide/rustup-home" "-w" "/opt/rustwide/workdir" "-m" "1610612736" "--user" "0:0" "--network" "none" "ghcr.io/rust-lang/crates-build-env/linux@sha256:f3a9d4ad9d972b27faf3965f35b62e55ba32bbce8f20bc8fe909558a86702fde" "/opt/rustwide/cargo-home/bin/cargo" "+1.83.0" "test" "--frozen", kill_on_drop: false }`
[INFO] [stdout] 28e79dd86546e1aeacc41726386f2d80c62dcd14cb4a17c5af649cae57b44ac7
[INFO] running `Command { std: "docker" "start" "-a" "28e79dd86546e1aeacc41726386f2d80c62dcd14cb4a17c5af649cae57b44ac7", kill_on_drop: false }`
[INFO] [stderr] warning: non-local `impl` definition, `impl` blocks should be written at the same level as their item
[INFO] [stderr]   --> src/commands.rs:11:25
[INFO] [stderr]    |
[INFO] [stderr] 11 | #[derive(Debug, Parser, Runnable)]
[INFO] [stderr]    |                         ^-------
[INFO] [stderr]    |                         |
[INFO] [stderr]    |                         `Runnable` is not local
[INFO] [stderr]    |                         move the `impl` block outside of this constant `_DERIVE_Runnable_FOR_SubCommands`
[INFO] [stderr] 12 | enum SubCommands {
[INFO] [stderr]    |      ----------- `SubCommands` is not local
[INFO] [stderr]    |
[INFO] [stderr]    = note: the derive macro `Runnable` defines the non-local `impl`, and may need to be changed
[INFO] [stderr]    = note: the derive macro `Runnable` may come from an old version of the `abscissa_derive` crate, try updating your dependency with `cargo update -p abscissa_derive`
[INFO] [stderr]    = note: an `impl` is never scoped, even when it is nested inside an item, as it may impact type checking outside of that item, which can be the case if neither the trait or the self type are at the same nesting level as the `impl`
[INFO] [stderr]    = note: items in an anonymous const item (`const _: () = { ... }`) are treated as in the same scope as the anonymous const's declaration for the purpose of this lint
[INFO] [stderr]    = note: `#[warn(non_local_definitions)]` on by default
[INFO] [stderr]    = note: this warning originates in the derive macro `Runnable` (in Nightly builds, run with -Z macro-backtrace for more info)
[INFO] [stderr] 
[INFO] [stderr] warning: non-local `impl` definition, `impl` blocks should be written at the same level as their item
[INFO] [stderr]   --> src/commands.rs:21:10
[INFO] [stderr]    |
[INFO] [stderr] 21 | #[derive(Command, Debug, Parser)]
[INFO] [stderr]    |          ^------
[INFO] [stderr]    |          |
[INFO] [stderr]    |          `Command` is not local
[INFO] [stderr]    |          move the `impl` block outside of this constant `_DERIVE_Command_FOR_CliCommand`
[INFO] [stderr] 22 | #[command(author, about, version)]
[INFO] [stderr] 23 | pub struct CliCommand {
[INFO] [stderr]    |            ---------- `CliCommand` is not local
[INFO] [stderr]    |
[INFO] [stderr]    = note: the derive macro `Command` defines the non-local `impl`, and may need to be changed
[INFO] [stderr]    = note: the derive macro `Command` may come from an old version of the `abscissa_derive` crate, try updating your dependency with `cargo update -p abscissa_derive`
[INFO] [stderr]    = note: an `impl` is never scoped, even when it is nested inside an item, as it may impact type checking outside of that item, which can be the case if neither the trait or the self type are at the same nesting level as the `impl`
[INFO] [stderr]    = note: items in an anonymous const item (`const _: () = { ... }`) are treated as in the same scope as the anonymous const's declaration for the purpose of this lint
[INFO] [stderr]    = note: this warning originates in the derive macro `Command` (in Nightly builds, run with -Z macro-backtrace for more info)
[INFO] [stderr] 
[INFO] [stderr] warning: non-local `impl` definition, `impl` blocks should be written at the same level as their item
[INFO] [stderr]   --> src/commands/gen.rs:9:25
[INFO] [stderr]    |
[INFO] [stderr] 9  | #[derive(Debug, Parser, Runnable)]
[INFO] [stderr]    |                         ^-------
[INFO] [stderr]    |                         |
[INFO] [stderr]    |                         `Runnable` is not local
[INFO] [stderr]    |                         move the `impl` block outside of this constant `_DERIVE_Runnable_FOR_SubCommands`
[INFO] [stderr] 10 | enum SubCommands {
[INFO] [stderr]    |      ----------- `SubCommands` is not local
[INFO] [stderr]    |
[INFO] [stderr]    = note: the derive macro `Runnable` defines the non-local `impl`, and may need to be changed
[INFO] [stderr]    = note: the derive macro `Runnable` may come from an old version of the `abscissa_derive` crate, try updating your dependency with `cargo update -p abscissa_derive`
[INFO] [stderr]    = note: an `impl` is never scoped, even when it is nested inside an item, as it may impact type checking outside of that item, which can be the case if neither the trait or the self type are at the same nesting level as the `impl`
[INFO] [stderr]    = note: items in an anonymous const item (`const _: () = { ... }`) are treated as in the same scope as the anonymous const's declaration for the purpose of this lint
[INFO] [stderr]    = note: this warning originates in the derive macro `Runnable` (in Nightly builds, run with -Z macro-backtrace for more info)
[INFO] [stderr] 
[INFO] [stderr] warning: non-local `impl` definition, `impl` blocks should be written at the same level as their item
[INFO] [stderr]   --> src/commands/gen.rs:15:10
[INFO] [stderr]    |
[INFO] [stderr] 15 | #[derive(Command, Debug, Parser, Runnable)]
[INFO] [stderr]    |          ^------
[INFO] [stderr]    |          |
[INFO] [stderr]    |          `Command` is not local
[INFO] [stderr]    |          move the `impl` block outside of this constant `_DERIVE_Command_FOR_GenCommand`
[INFO] [stderr] 16 | pub struct GenCommand {
[INFO] [stderr]    |            ---------- `GenCommand` is not local
[INFO] [stderr]    |
[INFO] [stderr]    = note: the derive macro `Command` defines the non-local `impl`, and may need to be changed
[INFO] [stderr]    = note: the derive macro `Command` may come from an old version of the `abscissa_derive` crate, try updating your dependency with `cargo update -p abscissa_derive`
[INFO] [stderr]    = note: an `impl` is never scoped, even when it is nested inside an item, as it may impact type checking outside of that item, which can be the case if neither the trait or the self type are at the same nesting level as the `impl`
[INFO] [stderr]    = note: items in an anonymous const item (`const _: () = { ... }`) are treated as in the same scope as the anonymous const's declaration for the purpose of this lint
[INFO] [stderr]    = note: this warning originates in the derive macro `Command` (in Nightly builds, run with -Z macro-backtrace for more info)
[INFO] [stderr] 
[INFO] [stderr] warning: non-local `impl` definition, `impl` blocks should be written at the same level as their item
[INFO] [stderr]   --> src/commands/gen.rs:15:34
[INFO] [stderr]    |
[INFO] [stderr] 15 | #[derive(Command, Debug, Parser, Runnable)]
[INFO] [stderr]    |                                  ^-------
[INFO] [stderr]    |                                  |
[INFO] [stderr]    |                                  `Runnable` is not local
[INFO] [stderr]    |                                  move the `impl` block outside of this constant `_DERIVE_Runnable_FOR_GenCommand`
[INFO] [stderr] 16 | pub struct GenCommand {
[INFO] [stderr]    |            ---------- `GenCommand` is not local
[INFO] [stderr]    |
[INFO] [stderr]    = note: the derive macro `Runnable` defines the non-local `impl`, and may need to be changed
[INFO] [stderr]    = note: the derive macro `Runnable` may come from an old version of the `abscissa_derive` crate, try updating your dependency with `cargo update -p abscissa_derive`
[INFO] [stderr]    = note: an `impl` is never scoped, even when it is nested inside an item, as it may impact type checking outside of that item, which can be the case if neither the trait or the self type are at the same nesting level as the `impl`
[INFO] [stderr]    = note: items in an anonymous const item (`const _: () = { ... }`) are treated as in the same scope as the anonymous const's declaration for the purpose of this lint
[INFO] [stderr]    = note: this warning originates in the derive macro `Runnable` (in Nightly builds, run with -Z macro-backtrace for more info)
[INFO] [stderr] 
[INFO] [stderr] warning: non-local `impl` definition, `impl` blocks should be written at the same level as their item
[INFO] [stderr]   --> src/commands/gen/cmd.rs:16:10
[INFO] [stderr]    |
[INFO] [stderr] 16 | #[derive(Command, Debug, Parser)]
[INFO] [stderr]    |          ^------
[INFO] [stderr]    |          |
[INFO] [stderr]    |          `Command` is not local
[INFO] [stderr]    |          move the `impl` block outside of this constant `_DERIVE_Command_FOR_Cmd`
[INFO] [stderr] 17 | pub struct Cmd {
[INFO] [stderr]    |            --- `Cmd` is not local
[INFO] [stderr]    |
[INFO] [stderr]    = note: the derive macro `Command` defines the non-local `impl`, and may need to be changed
[INFO] [stderr]    = note: the derive macro `Command` may come from an old version of the `abscissa_derive` crate, try updating your dependency with `cargo update -p abscissa_derive`
[INFO] [stderr]    = note: an `impl` is never scoped, even when it is nested inside an item, as it may impact type checking outside of that item, which can be the case if neither the trait or the self type are at the same nesting level as the `impl`
[INFO] [stderr]    = note: items in an anonymous const item (`const _: () = { ... }`) are treated as in the same scope as the anonymous const's declaration for the purpose of this lint
[INFO] [stderr]    = note: this warning originates in the derive macro `Command` (in Nightly builds, run with -Z macro-backtrace for more info)
[INFO] [stderr] 
[INFO] [stderr] warning: non-local `impl` definition, `impl` blocks should be written at the same level as their item
[INFO] [stderr]   --> src/commands/new.rs:25:10
[INFO] [stderr]    |
[INFO] [stderr] 25 | #[derive(Command, Debug, Default, Parser)]
[INFO] [stderr]    |          ^------
[INFO] [stderr]    |          |
[INFO] [stderr]    |          `Command` is not local
[INFO] [stderr]    |          move the `impl` block outside of this constant `_DERIVE_Command_FOR_NewCommand`
[INFO] [stderr] 26 | pub struct NewCommand {
[INFO] [stderr]    |            ---------- `NewCommand` is not local
[INFO] [stderr]    |
[INFO] [stderr]    = note: the derive macro `Command` defines the non-local `impl`, and may need to be changed
[INFO] [stderr]    = note: the derive macro `Command` may come from an old version of the `abscissa_derive` crate, try updating your dependency with `cargo update -p abscissa_derive`
[INFO] [stderr]    = note: an `impl` is never scoped, even when it is nested inside an item, as it may impact type checking outside of that item, which can be the case if neither the trait or the self type are at the same nesting level as the `impl`
[INFO] [stderr]    = note: items in an anonymous const item (`const _: () = { ... }`) are treated as in the same scope as the anonymous const's declaration for the purpose of this lint
[INFO] [stderr]    = note: this warning originates in the derive macro `Command` (in Nightly builds, run with -Z macro-backtrace for more info)
[INFO] [stderr] 
[INFO] [stderr] warning: `abscissa` (lib) generated 7 warnings
[INFO] [stderr] warning: `abscissa` (lib test) generated 7 warnings (7 duplicates)
[INFO] [stderr] warning: missing documentation for a static
[INFO] [stderr]   --> tests/generate_app.rs:22:1
[INFO] [stderr]    |
[INFO] [stderr] 22 | pub static RUNNER: Lazy<CmdRunner> = Lazy::new(|| {
[INFO] [stderr]    | ^^^^^^^^^^^^^^^^^^^^^^^^^^^^^^^^^^
[INFO] [stderr]    |
[INFO] [stderr] note: the lint level is defined here
[INFO] [stderr]   --> tests/generate_app.rs:4:19
[INFO] [stderr]    |
[INFO] [stderr] 4  | #![deny(warnings, missing_docs, unused_import_braces, unused_qualifications)]
[INFO] [stderr]    |                   ^^^^^^^^^^^^
[INFO] [stderr] 
[INFO] [stderr] warning: `abscissa` (test "generate_app") generated 1 warning
[INFO] [stderr]     Finished `test` profile [unoptimized + debuginfo] target(s) in 0.27s
[INFO] [stderr]      Running unittests src/lib.rs (/opt/rustwide/target/debug/deps/abscissa-7d41bc0ebc447c7f)
[INFO] [stdout] 
[INFO] [stdout] running 0 tests
[INFO] [stdout] 
[INFO] [stderr]      Running unittests src/bin/abscissa/main.rs (/opt/rustwide/target/debug/deps/abscissa-4c982abbe17442a3)
[INFO] [stdout] test result: ok. 0 passed; 0 failed; 0 ignored; 0 measured; 0 filtered out; finished in 0.00s
[INFO] [stderr]      Running tests/generate_app.rs (/opt/rustwide/target/debug/deps/generate_app-c9ac23765bbed80f)
[INFO] [stdout] 
[INFO] [stdout] 
[INFO] [stdout] running 0 tests
[INFO] [stdout] 
[INFO] [stdout] test result: ok. 0 passed; 0 failed; 0 ignored; 0 measured; 0 filtered out; finished in 0.00s
[INFO] [stdout] 
[INFO] [stdout] 
[INFO] [stdout] running 1 test
[INFO] [stdout] test test_generated_app ... FAILED
[INFO] [stdout] 
[INFO] [stdout] failures:
[INFO] [stdout] 
[INFO] [stdout] ---- test_generated_app stdout ----
[INFO] [stdout] thread 'test_generated_app' panicked at tests/generate_app.rs:53:55:
[INFO] [stdout] called `Result::unwrap()` on an `Err` value: Os { code: 2, kind: NotFound, message: "No such file or directory" }
[INFO] [stdout] stack backtrace:
[INFO] [stdout]    0:     0x59ad44108efa - std::backtrace_rs::backtrace::libunwind::trace::h5a5b8284f2d0c266
[INFO] [stdout]                                at /rustc/90b35a6239c3d8bdabc530a6a0816f7ff89a0aaf/library/std/src/../../backtrace/src/backtrace/libunwind.rs:116:5
[INFO] [stdout]    1:     0x59ad44108efa - std::backtrace_rs::backtrace::trace_unsynchronized::h76d4f1c9b0b875e3
[INFO] [stdout]                                at /rustc/90b35a6239c3d8bdabc530a6a0816f7ff89a0aaf/library/std/src/../../backtrace/src/backtrace/mod.rs:66:5
[INFO] [stdout]    2:     0x59ad44108efa - std::sys::backtrace::_print_fmt::hc4546b8364a537c6
[INFO] [stdout]                                at /rustc/90b35a6239c3d8bdabc530a6a0816f7ff89a0aaf/library/std/src/sys/backtrace.rs:66:9
[INFO] [stdout]    3:     0x59ad44108efa - <std::sys::backtrace::BacktraceLock::print::DisplayBacktrace as core::fmt::Display>::fmt::h5b6bd5631a6d1f6b
[INFO] [stdout]                                at /rustc/90b35a6239c3d8bdabc530a6a0816f7ff89a0aaf/library/std/src/sys/backtrace.rs:39:26
[INFO] [stdout]    4:     0x59ad4412f383 - core::fmt::rt::Argument::fmt::h270f6602a2b96f62
[INFO] [stdout]                                at /rustc/90b35a6239c3d8bdabc530a6a0816f7ff89a0aaf/library/core/src/fmt/rt.rs:177:76
[INFO] [stdout]    5:     0x59ad4412f383 - core::fmt::write::h7550c97b06c86515
[INFO] [stdout]                                at /rustc/90b35a6239c3d8bdabc530a6a0816f7ff89a0aaf/library/core/src/fmt/mod.rs:1186:21
[INFO] [stdout]    6:     0x59ad44105c93 - std::io::Write::write_fmt::h509ff860e5956e5e
[INFO] [stdout]                                at /rustc/90b35a6239c3d8bdabc530a6a0816f7ff89a0aaf/library/std/src/io/mod.rs:1839:15
[INFO] [stdout]    7:     0x59ad44108d42 - std::sys::backtrace::BacktraceLock::print::h2395ccd2c84ba3aa
[INFO] [stdout]                                at /rustc/90b35a6239c3d8bdabc530a6a0816f7ff89a0aaf/library/std/src/sys/backtrace.rs:42:9
[INFO] [stdout]    8:     0x59ad4410a35a - std::panicking::default_hook::{{closure}}::he19d4c7230e07961
[INFO] [stdout]                                at /rustc/90b35a6239c3d8bdabc530a6a0816f7ff89a0aaf/library/std/src/panicking.rs:268:22
[INFO] [stdout]    9:     0x59ad4410a164 - std::panicking::default_hook::hf614597d3c67bbdb
[INFO] [stdout]                                at /rustc/90b35a6239c3d8bdabc530a6a0816f7ff89a0aaf/library/std/src/panicking.rs:292:9
[INFO] [stdout]   10:     0x59ad4409f459 - <alloc::boxed::Box<F,A> as core::ops::function::Fn<Args>>::call::h39b51ce4599c23d1
[INFO] [stdout]                                at /rustc/90b35a6239c3d8bdabc530a6a0816f7ff89a0aaf/library/alloc/src/boxed.rs:2468:9
[INFO] [stdout]   11:     0x59ad4409f459 - test::test_main::{{closure}}::he977ae839a582784
[INFO] [stdout]                                at /rustc/90b35a6239c3d8bdabc530a6a0816f7ff89a0aaf/library/test/src/lib.rs:133:21
[INFO] [stdout]   12:     0x59ad4410a9f8 - <alloc::boxed::Box<F,A> as core::ops::function::Fn<Args>>::call::h9455091b6b06f9fb
[INFO] [stdout]                                at /rustc/90b35a6239c3d8bdabc530a6a0816f7ff89a0aaf/library/alloc/src/boxed.rs:2468:9
[INFO] [stdout]   13:     0x59ad4410a9f8 - std::panicking::rust_panic_with_hook::h8942133a8b252070
[INFO] [stdout]                                at /rustc/90b35a6239c3d8bdabc530a6a0816f7ff89a0aaf/library/std/src/panicking.rs:809:13
[INFO] [stdout]   14:     0x59ad4410a7ba - std::panicking::begin_panic_handler::{{closure}}::hb5f5963570096b29
[INFO] [stdout]                                at /rustc/90b35a6239c3d8bdabc530a6a0816f7ff89a0aaf/library/std/src/panicking.rs:674:13
[INFO] [stdout]   15:     0x59ad441093d9 - std::sys::backtrace::__rust_end_short_backtrace::h6208cedc1922feda
[INFO] [stdout]                                at /rustc/90b35a6239c3d8bdabc530a6a0816f7ff89a0aaf/library/std/src/sys/backtrace.rs:170:18
[INFO] [stdout]   16:     0x59ad4410a44c - rust_begin_unwind
[INFO] [stdout]                                at /rustc/90b35a6239c3d8bdabc530a6a0816f7ff89a0aaf/library/std/src/panicking.rs:665:5
[INFO] [stdout]   17:     0x59ad44060c30 - core::panicking::panic_fmt::h0c3082644d1bf418
[INFO] [stdout]                                at /rustc/90b35a6239c3d8bdabc530a6a0816f7ff89a0aaf/library/core/src/panicking.rs:74:14
[INFO] [stdout]   18:     0x59ad44061076 - core::result::unwrap_failed::hd20b4aa073bda1e2
[INFO] [stdout]                                at /rustc/90b35a6239c3d8bdabc530a6a0816f7ff89a0aaf/library/core/src/result.rs:1700:5
[INFO] [stdout]   19:     0x59ad44065f27 - core::result::Result<T,E>::unwrap::h59650853136f30cd
[INFO] [stdout]                                at /rustc/90b35a6239c3d8bdabc530a6a0816f7ff89a0aaf/library/core/src/result.rs:1104:23
[INFO] [stdout]   20:     0x59ad44065f27 - generate_app::generate_app::ha2b8e9e920a81b82
[INFO] [stdout]                                at /opt/rustwide/workdir/tests/generate_app.rs:53:20
[INFO] [stdout]   21:     0x59ad44066e8a - generate_app::test_generated_app::hcbe4da9b919c6b36
[INFO] [stdout]                                at /opt/rustwide/workdir/tests/generate_app.rs:34:5
[INFO] [stdout]   22:     0x59ad44066d67 - generate_app::test_generated_app::{{closure}}::h201a5b909bada6c7
[INFO] [stdout]                                at /opt/rustwide/workdir/tests/generate_app.rs:30:24
[INFO] [stdout]   23:     0x59ad440622a6 - core::ops::function::FnOnce::call_once::h60f53711e1d6d812
[INFO] [stdout]                                at /rustc/90b35a6239c3d8bdabc530a6a0816f7ff89a0aaf/library/core/src/ops/function.rs:250:5
[INFO] [stdout]   24:     0x59ad440a3e1b - core::ops::function::FnOnce::call_once::h109cf8051a59b34e
[INFO] [stdout]                                at /rustc/90b35a6239c3d8bdabc530a6a0816f7ff89a0aaf/library/core/src/ops/function.rs:250:5
[INFO] [stdout]   25:     0x59ad440a3e1b - test::__rust_begin_short_backtrace::hf4fff89d377446ba
[INFO] [stdout]                                at /rustc/90b35a6239c3d8bdabc530a6a0816f7ff89a0aaf/library/test/src/lib.rs:621:18
[INFO] [stdout]   26:     0x59ad440a3657 - test::run_test_in_process::{{closure}}::h0e39181dd7ee5a43
[INFO] [stdout]                                at /rustc/90b35a6239c3d8bdabc530a6a0816f7ff89a0aaf/library/test/src/lib.rs:644:60
[INFO] [stdout]   27:     0x59ad440a3657 - <core::panic::unwind_safe::AssertUnwindSafe<F> as core::ops::function::FnOnce<()>>::call_once::hc5a66a30f0bdfd1f
[INFO] [stdout]                                at /rustc/90b35a6239c3d8bdabc530a6a0816f7ff89a0aaf/library/core/src/panic/unwind_safe.rs:272:9
[INFO] [stdout]   28:     0x59ad440a3657 - std::panicking::try::do_call::h873b7cf639554a5e
[INFO] [stdout]                                at /rustc/90b35a6239c3d8bdabc530a6a0816f7ff89a0aaf/library/std/src/panicking.rs:557:40
[INFO] [stdout]   29:     0x59ad440a3657 - std::panicking::try::hdb19862fad9c8bd1
[INFO] [stdout]                                at /rustc/90b35a6239c3d8bdabc530a6a0816f7ff89a0aaf/library/std/src/panicking.rs:520:19
[INFO] [stdout]   30:     0x59ad440a3657 - std::panic::catch_unwind::h281fe732d236d260
[INFO] [stdout]                                at /rustc/90b35a6239c3d8bdabc530a6a0816f7ff89a0aaf/library/std/src/panic.rs:358:14
[INFO] [stdout]   31:     0x59ad440a3657 - test::run_test_in_process::h949b6df8457ed338
[INFO] [stdout]                                at /rustc/90b35a6239c3d8bdabc530a6a0816f7ff89a0aaf/library/test/src/lib.rs:644:27
[INFO] [stdout]   32:     0x59ad440a3657 - test::run_test::{{closure}}::h52c556a6d4740e10
[INFO] [stdout]                                at /rustc/90b35a6239c3d8bdabc530a6a0816f7ff89a0aaf/library/test/src/lib.rs:565:43
[INFO] [stdout]   33:     0x59ad44068934 - test::run_test::{{closure}}::h4237f6381c45ccb9
[INFO] [stdout]                                at /rustc/90b35a6239c3d8bdabc530a6a0816f7ff89a0aaf/library/test/src/lib.rs:595:41
[INFO] [stdout]   34:     0x59ad44068934 - std::sys::backtrace::__rust_begin_short_backtrace::h505c97a579eca628
[INFO] [stdout]                                at /rustc/90b35a6239c3d8bdabc530a6a0816f7ff89a0aaf/library/std/src/sys/backtrace.rs:154:18
[INFO] [stdout]   35:     0x59ad4406bffe - std::thread::Builder::spawn_unchecked_::{{closure}}::{{closure}}::h9e86b2e2bc107ea3
[INFO] [stdout]                                at /rustc/90b35a6239c3d8bdabc530a6a0816f7ff89a0aaf/library/std/src/thread/mod.rs:538:17
[INFO] [stdout]   36:     0x59ad4406bffe - <core::panic::unwind_safe::AssertUnwindSafe<F> as core::ops::function::FnOnce<()>>::call_once::h8b06ddb275ff4a25
[INFO] [stdout]                                at /rustc/90b35a6239c3d8bdabc530a6a0816f7ff89a0aaf/library/core/src/panic/unwind_safe.rs:272:9
[INFO] [stdout]   37:     0x59ad4406bffe - std::panicking::try::do_call::hb26ecd7cd9a9355d
[INFO] [stdout]                                at /rustc/90b35a6239c3d8bdabc530a6a0816f7ff89a0aaf/library/std/src/panicking.rs:557:40
[INFO] [stdout]   38:     0x59ad4406bffe - std::panicking::try::h8ddeca9d705f9069
[INFO] [stdout]                                at /rustc/90b35a6239c3d8bdabc530a6a0816f7ff89a0aaf/library/std/src/panicking.rs:520:19
[INFO] [stdout]   39:     0x59ad4406bffe - std::panic::catch_unwind::h49e1c33078844c46
[INFO] [stdout]                                at /rustc/90b35a6239c3d8bdabc530a6a0816f7ff89a0aaf/library/std/src/panic.rs:358:14
[INFO] [stdout]   40:     0x59ad4406bffe - std::thread::Builder::spawn_unchecked_::{{closure}}::h6073db6ff56ad35d
[INFO] [stdout]                                at /rustc/90b35a6239c3d8bdabc530a6a0816f7ff89a0aaf/library/std/src/thread/mod.rs:537:30
[INFO] [stdout]   41:     0x59ad4406bffe - core::ops::function::FnOnce::call_once{{vtable.shim}}::h2c5a5f3779c774f1
[INFO] [stdout]                                at /rustc/90b35a6239c3d8bdabc530a6a0816f7ff89a0aaf/library/core/src/ops/function.rs:250:5
[INFO] [stdout]   42:     0x59ad4410f71b - <alloc::boxed::Box<F,A> as core::ops::function::FnOnce<Args>>::call_once::hf75717d9f28faebf
[INFO] [stdout]                                at /rustc/90b35a6239c3d8bdabc530a6a0816f7ff89a0aaf/library/alloc/src/boxed.rs:2454:9
[INFO] [stdout]   43:     0x59ad4410f71b - <alloc::boxed::Box<F,A> as core::ops::function::FnOnce<Args>>::call_once::h7bd883a5f3c5f3c1
[INFO] [stdout]                                at /rustc/90b35a6239c3d8bdabc530a6a0816f7ff89a0aaf/library/alloc/src/boxed.rs:2454:9
[INFO] [stdout]   44:     0x59ad4410f71b - std::sys::pal::unix::thread::Thread::new::thread_start::hcc78f3943333fa94
[INFO] [stdout]                                at /rustc/90b35a6239c3d8bdabc530a6a0816f7ff89a0aaf/library/std/src/sys/pal/unix/thread.rs:105:17
[INFO] [stdout]   45:     0x775390ad4ac3 - <unknown>
[INFO] [stdout]   46:     0x775390b65a04 - clone
[INFO] [stdout]   47:                0x0 - <unknown>
[INFO] [stdout] 
[INFO] [stdout] 
[INFO] [stdout] failures:
[INFO] [stdout]     test_generated_app
[INFO] [stdout] 
[INFO] [stdout] test result: FAILED. 0 passed; 1 failed; 0 ignored; 0 measured; 0 filtered out; finished in 0.09s
[INFO] [stdout] 
[INFO] [stderr] error: test failed, to rerun pass `--test generate_app`
[INFO] running `Command { std: "docker" "inspect" "28e79dd86546e1aeacc41726386f2d80c62dcd14cb4a17c5af649cae57b44ac7", kill_on_drop: false }`
[INFO] running `Command { std: "docker" "rm" "-f" "28e79dd86546e1aeacc41726386f2d80c62dcd14cb4a17c5af649cae57b44ac7", kill_on_drop: false }`
[INFO] [stdout] 28e79dd86546e1aeacc41726386f2d80c62dcd14cb4a17c5af649cae57b44ac7
