[INFO] fetching crate aboba-test-crate 0.1.0...
[INFO] testing aboba-test-crate-0.1.0 against beta-2024-12-08 for beta-1.84.0-4-retry
[INFO] extracting crate aboba-test-crate 0.1.0 into /workspace/builds/worker-1-tc2/source
[INFO] validating manifest of crates.io crate aboba-test-crate 0.1.0 on toolchain beta-2024-12-08
[INFO] running `Command { std: CARGO_HOME="/workspace/cargo-home" RUSTUP_HOME="/workspace/rustup-home" "/workspace/cargo-home/bin/cargo" "+beta-2024-12-08" "metadata" "--manifest-path" "Cargo.toml" "--no-deps", kill_on_drop: false }`
[INFO] started tweaking crates.io crate aboba-test-crate 0.1.0
[INFO] finished tweaking crates.io crate aboba-test-crate 0.1.0
[INFO] tweaked toml for crates.io crate aboba-test-crate 0.1.0 written to /workspace/builds/worker-1-tc2/source/Cargo.toml
[INFO] running `Command { std: CARGO_HOME="/workspace/cargo-home" RUSTUP_HOME="/workspace/rustup-home" "/workspace/cargo-home/bin/cargo" "+beta-2024-12-08" "generate-lockfile" "--manifest-path" "Cargo.toml", kill_on_drop: false }`
[INFO] running `Command { std: CARGO_HOME="/workspace/cargo-home" RUSTUP_HOME="/workspace/rustup-home" "/workspace/cargo-home/bin/cargo" "+beta-2024-12-08" "fetch" "--manifest-path" "Cargo.toml", kill_on_drop: false }`
[INFO] running `Command { std: "docker" "create" "-v" "/var/lib/crater-agent-workspace/builds/worker-1-tc2/target:/opt/rustwide/target:rw,Z" "-v" "/var/lib/crater-agent-workspace/builds/worker-1-tc2/source:/opt/rustwide/workdir:ro,Z" "-v" "/var/lib/crater-agent-workspace/cargo-home:/opt/rustwide/cargo-home:ro,Z" "-v" "/var/lib/crater-agent-workspace/rustup-home:/opt/rustwide/rustup-home:ro,Z" "-e" "SOURCE_DIR=/opt/rustwide/workdir" "-e" "CARGO_TARGET_DIR=/opt/rustwide/target" "-e" "CARGO_HOME=/opt/rustwide/cargo-home" "-e" "RUSTUP_HOME=/opt/rustwide/rustup-home" "-w" "/opt/rustwide/workdir" "-m" "1610612736" "--user" "0:0" "--network" "none" "ghcr.io/rust-lang/crates-build-env/linux@sha256:f3a9d4ad9d972b27faf3965f35b62e55ba32bbce8f20bc8fe909558a86702fde" "/opt/rustwide/cargo-home/bin/cargo" "+beta-2024-12-08" "metadata" "--no-deps" "--format-version=1", kill_on_drop: false }`
[INFO] [stdout] 031064368ccdc5aefc9f81a4865007865c2e9c7a2a3b09931a4ced14e2283e14
[INFO] running `Command { std: "docker" "start" "-a" "031064368ccdc5aefc9f81a4865007865c2e9c7a2a3b09931a4ced14e2283e14", kill_on_drop: false }`
[INFO] running `Command { std: "docker" "inspect" "031064368ccdc5aefc9f81a4865007865c2e9c7a2a3b09931a4ced14e2283e14", kill_on_drop: false }`
[INFO] running `Command { std: "docker" "rm" "-f" "031064368ccdc5aefc9f81a4865007865c2e9c7a2a3b09931a4ced14e2283e14", kill_on_drop: false }`
[INFO] [stdout] 031064368ccdc5aefc9f81a4865007865c2e9c7a2a3b09931a4ced14e2283e14
[INFO] running `Command { std: "docker" "create" "-v" "/var/lib/crater-agent-workspace/builds/worker-1-tc2/target:/opt/rustwide/target:rw,Z" "-v" "/var/lib/crater-agent-workspace/builds/worker-1-tc2/source:/opt/rustwide/workdir:ro,Z" "-v" "/var/lib/crater-agent-workspace/cargo-home:/opt/rustwide/cargo-home:ro,Z" "-v" "/var/lib/crater-agent-workspace/rustup-home:/opt/rustwide/rustup-home:ro,Z" "-e" "SOURCE_DIR=/opt/rustwide/workdir" "-e" "CARGO_TARGET_DIR=/opt/rustwide/target" "-e" "CARGO_INCREMENTAL=0" "-e" "RUST_BACKTRACE=full" "-e" "RUSTFLAGS=--cap-lints=warn" "-e" "RUSTDOCFLAGS=--cap-lints=warn" "-e" "CARGO_HOME=/opt/rustwide/cargo-home" "-e" "RUSTUP_HOME=/opt/rustwide/rustup-home" "-w" "/opt/rustwide/workdir" "-m" "1610612736" "--user" "0:0" "--network" "none" "ghcr.io/rust-lang/crates-build-env/linux@sha256:f3a9d4ad9d972b27faf3965f35b62e55ba32bbce8f20bc8fe909558a86702fde" "/opt/rustwide/cargo-home/bin/cargo" "+beta-2024-12-08" "build" "--frozen" "--message-format=json", kill_on_drop: false }`
[INFO] [stdout] af1bef611af8c1655939a3126819f1c899ae9984d839a845d27c60e495596c6e
[INFO] running `Command { std: "docker" "start" "-a" "af1bef611af8c1655939a3126819f1c899ae9984d839a845d27c60e495596c6e", kill_on_drop: false }`
[INFO] [stderr]    Compiling aboba-test-crate v0.1.0 (/opt/rustwide/workdir)
[INFO] [stderr]     Finished `dev` profile [unoptimized + debuginfo] target(s) in 0.06s
[INFO] running `Command { std: "docker" "inspect" "af1bef611af8c1655939a3126819f1c899ae9984d839a845d27c60e495596c6e", kill_on_drop: false }`
[INFO] running `Command { std: "docker" "rm" "-f" "af1bef611af8c1655939a3126819f1c899ae9984d839a845d27c60e495596c6e", kill_on_drop: false }`
[INFO] [stdout] af1bef611af8c1655939a3126819f1c899ae9984d839a845d27c60e495596c6e
[INFO] running `Command { std: "docker" "create" "-v" "/var/lib/crater-agent-workspace/builds/worker-1-tc2/target:/opt/rustwide/target:rw,Z" "-v" "/var/lib/crater-agent-workspace/builds/worker-1-tc2/source:/opt/rustwide/workdir:ro,Z" "-v" "/var/lib/crater-agent-workspace/cargo-home:/opt/rustwide/cargo-home:ro,Z" "-v" "/var/lib/crater-agent-workspace/rustup-home:/opt/rustwide/rustup-home:ro,Z" "-e" "SOURCE_DIR=/opt/rustwide/workdir" "-e" "CARGO_TARGET_DIR=/opt/rustwide/target" "-e" "CARGO_INCREMENTAL=0" "-e" "RUST_BACKTRACE=full" "-e" "RUSTFLAGS=--cap-lints=warn" "-e" "RUSTDOCFLAGS=--cap-lints=warn" "-e" "CARGO_HOME=/opt/rustwide/cargo-home" "-e" "RUSTUP_HOME=/opt/rustwide/rustup-home" "-w" "/opt/rustwide/workdir" "-m" "1610612736" "--user" "0:0" "--network" "none" "ghcr.io/rust-lang/crates-build-env/linux@sha256:f3a9d4ad9d972b27faf3965f35b62e55ba32bbce8f20bc8fe909558a86702fde" "/opt/rustwide/cargo-home/bin/cargo" "+beta-2024-12-08" "test" "--frozen" "--no-run" "--message-format=json", kill_on_drop: false }`
[INFO] [stdout] 7d8869ca1aeabcf29ef95bc6e3ab05ff331d36e54d5b591fdda680bc958d76d3
[INFO] running `Command { std: "docker" "start" "-a" "7d8869ca1aeabcf29ef95bc6e3ab05ff331d36e54d5b591fdda680bc958d76d3", kill_on_drop: false }`
[INFO] [stderr]    Compiling aboba-test-crate v0.1.0 (/opt/rustwide/workdir)
[INFO] [stderr]     Finished `test` profile [unoptimized + debuginfo] target(s) in 0.36s
[INFO] running `Command { std: "docker" "inspect" "7d8869ca1aeabcf29ef95bc6e3ab05ff331d36e54d5b591fdda680bc958d76d3", kill_on_drop: false }`
[INFO] running `Command { std: "docker" "rm" "-f" "7d8869ca1aeabcf29ef95bc6e3ab05ff331d36e54d5b591fdda680bc958d76d3", kill_on_drop: false }`
[INFO] [stdout] 7d8869ca1aeabcf29ef95bc6e3ab05ff331d36e54d5b591fdda680bc958d76d3
[INFO] running `Command { std: "docker" "create" "-v" "/var/lib/crater-agent-workspace/builds/worker-1-tc2/target:/opt/rustwide/target:rw,Z" "-v" "/var/lib/crater-agent-workspace/builds/worker-1-tc2/source:/opt/rustwide/workdir:ro,Z" "-v" "/var/lib/crater-agent-workspace/cargo-home:/opt/rustwide/cargo-home:ro,Z" "-v" "/var/lib/crater-agent-workspace/rustup-home:/opt/rustwide/rustup-home:ro,Z" "-e" "SOURCE_DIR=/opt/rustwide/workdir" "-e" "CARGO_TARGET_DIR=/opt/rustwide/target" "-e" "CARGO_INCREMENTAL=0" "-e" "RUST_BACKTRACE=full" "-e" "RUSTFLAGS=--cap-lints=warn" "-e" "RUSTDOCFLAGS=--cap-lints=warn" "-e" "CARGO_HOME=/opt/rustwide/cargo-home" "-e" "RUSTUP_HOME=/opt/rustwide/rustup-home" "-w" "/opt/rustwide/workdir" "-m" "1610612736" "--user" "0:0" "--network" "none" "ghcr.io/rust-lang/crates-build-env/linux@sha256:f3a9d4ad9d972b27faf3965f35b62e55ba32bbce8f20bc8fe909558a86702fde" "/opt/rustwide/cargo-home/bin/cargo" "+beta-2024-12-08" "test" "--frozen", kill_on_drop: false }`
[INFO] [stdout] 177032c27ce0fd14ba1857cf8d7897cf93a92f15ada0686d67c1caad7ba977bf
[INFO] running `Command { std: "docker" "start" "-a" "177032c27ce0fd14ba1857cf8d7897cf93a92f15ada0686d67c1caad7ba977bf", kill_on_drop: false }`
[INFO] [stderr]     Finished `test` profile [unoptimized + debuginfo] target(s) in 0.01s
[INFO] [stderr]      Running unittests src/lib.rs (/opt/rustwide/target/debug/deps/aboba_test_crate-4220ff8806819963)
[INFO] [stdout] 
[INFO] [stdout] running 2 tests
[INFO] [stdout] test tests::test_add ... ok
[INFO] [stdout] test tests::test_add_two ... ok
[INFO] [stdout] 
[INFO] [stdout] test result: ok. 2 passed; 0 failed; 0 ignored; 0 measured; 0 filtered out; finished in 0.00s
[INFO] [stdout] 
[INFO] [stderr]    Doc-tests aboba_test_crate
[INFO] [stdout] 
[INFO] [stdout] running 1 test
[INFO] [stdout] test src/lib.rs - add_two (line 5) ... FAILED
[INFO] [stdout] 
[INFO] [stdout] failures:
[INFO] [stdout] 
[INFO] [stdout] ---- src/lib.rs - add_two (line 5) stdout ----
[INFO] [stdout] error[E0432]: unresolved import `playground`
[INFO] [stdout]  --> src/lib.rs:6:5
[INFO] [stdout]   |
[INFO] [stdout] 3 | use playground::add_two;
[INFO] [stdout]   |     ^^^^^^^^^^ use of undeclared crate or module `playground`
[INFO] [stdout] 
[INFO] [stdout] error: aborting due to 1 previous error
[INFO] [stdout] 
[INFO] [stdout] For more information about this error, try `rustc --explain E0432`.
[INFO] [stdout] Couldn't compile the test.
[INFO] [stdout] 
[INFO] [stdout] failures:
[INFO] [stdout]     src/lib.rs - add_two (line 5)
[INFO] [stdout] 
[INFO] [stdout] test result: FAILED. 0 passed; 1 failed; 0 ignored; 0 measured; 0 filtered out; finished in 0.05s
[INFO] [stdout] 
[INFO] [stderr] error: doctest failed, to rerun pass `--doc`
[INFO] running `Command { std: "docker" "inspect" "177032c27ce0fd14ba1857cf8d7897cf93a92f15ada0686d67c1caad7ba977bf", kill_on_drop: false }`
[INFO] running `Command { std: "docker" "rm" "-f" "177032c27ce0fd14ba1857cf8d7897cf93a92f15ada0686d67c1caad7ba977bf", kill_on_drop: false }`
[INFO] [stdout] 177032c27ce0fd14ba1857cf8d7897cf93a92f15ada0686d67c1caad7ba977bf
