[INFO] fetching crate abcrypt 0.3.7...
[INFO] testing abcrypt-0.3.7 against 1.83.0 for beta-1.84.0-4-retry
[INFO] extracting crate abcrypt 0.3.7 into /workspace/builds/worker-3-tc1/source
[INFO] validating manifest of crates.io crate abcrypt 0.3.7 on toolchain 1.83.0
[INFO] running `Command { std: CARGO_HOME="/workspace/cargo-home" RUSTUP_HOME="/workspace/rustup-home" "/workspace/cargo-home/bin/cargo" "+1.83.0" "metadata" "--manifest-path" "Cargo.toml" "--no-deps", kill_on_drop: false }`
[INFO] started tweaking crates.io crate abcrypt 0.3.7
[INFO] finished tweaking crates.io crate abcrypt 0.3.7
[INFO] tweaked toml for crates.io crate abcrypt 0.3.7 written to /workspace/builds/worker-3-tc1/source/Cargo.toml
[INFO] crate crates.io crate abcrypt 0.3.7 already has a lockfile, it will not be regenerated
[INFO] running `Command { std: CARGO_HOME="/workspace/cargo-home" RUSTUP_HOME="/workspace/rustup-home" "/workspace/cargo-home/bin/cargo" "+1.83.0" "fetch" "--manifest-path" "Cargo.toml", kill_on_drop: false }`
[INFO] [stderr]  Downloading crates ...
[INFO] [stderr]   Downloaded serde_json v1.0.131
[INFO] running `Command { std: "docker" "create" "-v" "/var/lib/crater-agent-workspace/builds/worker-3-tc1/target:/opt/rustwide/target:rw,Z" "-v" "/var/lib/crater-agent-workspace/builds/worker-3-tc1/source:/opt/rustwide/workdir:ro,Z" "-v" "/var/lib/crater-agent-workspace/cargo-home:/opt/rustwide/cargo-home:ro,Z" "-v" "/var/lib/crater-agent-workspace/rustup-home:/opt/rustwide/rustup-home:ro,Z" "-e" "SOURCE_DIR=/opt/rustwide/workdir" "-e" "CARGO_TARGET_DIR=/opt/rustwide/target" "-e" "CARGO_HOME=/opt/rustwide/cargo-home" "-e" "RUSTUP_HOME=/opt/rustwide/rustup-home" "-w" "/opt/rustwide/workdir" "-m" "1610612736" "--user" "0:0" "--network" "none" "ghcr.io/rust-lang/crates-build-env/linux@sha256:f3a9d4ad9d972b27faf3965f35b62e55ba32bbce8f20bc8fe909558a86702fde" "/opt/rustwide/cargo-home/bin/cargo" "+1.83.0" "metadata" "--no-deps" "--format-version=1", kill_on_drop: false }`
[INFO] [stdout] 30aa73589823e0dbf9ff6948bf59343bbc4b6a1b90601689b283f9b0ebd1abf6
[INFO] running `Command { std: "docker" "start" "-a" "30aa73589823e0dbf9ff6948bf59343bbc4b6a1b90601689b283f9b0ebd1abf6", kill_on_drop: false }`
[INFO] running `Command { std: "docker" "inspect" "30aa73589823e0dbf9ff6948bf59343bbc4b6a1b90601689b283f9b0ebd1abf6", kill_on_drop: false }`
[INFO] running `Command { std: "docker" "rm" "-f" "30aa73589823e0dbf9ff6948bf59343bbc4b6a1b90601689b283f9b0ebd1abf6", kill_on_drop: false }`
[INFO] [stdout] 30aa73589823e0dbf9ff6948bf59343bbc4b6a1b90601689b283f9b0ebd1abf6
[INFO] running `Command { std: "docker" "create" "-v" "/var/lib/crater-agent-workspace/builds/worker-3-tc1/target:/opt/rustwide/target:rw,Z" "-v" "/var/lib/crater-agent-workspace/builds/worker-3-tc1/source:/opt/rustwide/workdir:ro,Z" "-v" "/var/lib/crater-agent-workspace/cargo-home:/opt/rustwide/cargo-home:ro,Z" "-v" "/var/lib/crater-agent-workspace/rustup-home:/opt/rustwide/rustup-home:ro,Z" "-e" "SOURCE_DIR=/opt/rustwide/workdir" "-e" "CARGO_TARGET_DIR=/opt/rustwide/target" "-e" "CARGO_INCREMENTAL=0" "-e" "RUST_BACKTRACE=full" "-e" "RUSTFLAGS=--cap-lints=warn" "-e" "RUSTDOCFLAGS=--cap-lints=warn" "-e" "CARGO_HOME=/opt/rustwide/cargo-home" "-e" "RUSTUP_HOME=/opt/rustwide/rustup-home" "-w" "/opt/rustwide/workdir" "-m" "1610612736" "--user" "0:0" "--network" "none" "ghcr.io/rust-lang/crates-build-env/linux@sha256:f3a9d4ad9d972b27faf3965f35b62e55ba32bbce8f20bc8fe909558a86702fde" "/opt/rustwide/cargo-home/bin/cargo" "+1.83.0" "build" "--frozen" "--message-format=json", kill_on_drop: false }`
[INFO] [stdout] be7ba409a76f6a2244a87f6403655a6e2d66dd6f07f912aa015371b8ebd65fd5
[INFO] running `Command { std: "docker" "start" "-a" "be7ba409a76f6a2244a87f6403655a6e2d66dd6f07f912aa015371b8ebd65fd5", kill_on_drop: false }`
[INFO] [stderr]    Compiling libc v0.2.161
[INFO] [stderr]    Compiling version_check v0.9.5
[INFO] [stderr]    Compiling cfg-if v1.0.0
[INFO] [stderr]    Compiling typenum v1.17.0
[INFO] [stderr]    Compiling proc-macro2 v1.0.88
[INFO] [stderr]    Compiling unicode-ident v1.0.13
[INFO] [stderr]    Compiling subtle v2.6.1
[INFO] [stderr]    Compiling byteorder v1.5.0
[INFO] [stderr]    Compiling cpufeatures v0.2.14
[INFO] [stderr]    Compiling zeroize v1.8.1
[INFO] [stderr]    Compiling opaque-debug v0.3.1
[INFO] [stderr]    Compiling base64ct v1.6.0
[INFO] [stderr]    Compiling generic-array v0.14.7
[INFO] [stderr]    Compiling quote v1.0.37
[INFO] [stderr]    Compiling getrandom v0.2.15
[INFO] [stderr]    Compiling syn v2.0.79
[INFO] [stderr]    Compiling rand_core v0.6.4
[INFO] [stderr]    Compiling password-hash v0.5.0
[INFO] [stderr]    Compiling crypto-common v0.1.6
[INFO] [stderr]    Compiling block-buffer v0.10.4
[INFO] [stderr]    Compiling inout v0.1.3
[INFO] [stderr]    Compiling universal-hash v0.5.1
[INFO] [stderr]    Compiling aead v0.5.2
[INFO] [stderr]    Compiling digest v0.10.7
[INFO] [stderr]    Compiling cipher v0.4.4
[INFO] [stderr]    Compiling poly1305 v0.8.0
[INFO] [stderr]    Compiling chacha20 v0.9.1
[INFO] [stderr]    Compiling blake2 v0.10.6
[INFO] [stderr]    Compiling chacha20poly1305 v0.10.1
[INFO] [stderr]    Compiling argon2 v0.5.3
[INFO] [stderr]    Compiling zerocopy-derive v0.7.35
[INFO] [stderr]    Compiling zerocopy v0.7.35
[INFO] [stderr]    Compiling ppv-lite86 v0.2.20
[INFO] [stderr]    Compiling rand_chacha v0.3.1
[INFO] [stderr]    Compiling rand v0.8.5
[INFO] [stderr]    Compiling abcrypt v0.3.7 (/opt/rustwide/workdir)
[INFO] [stderr]     Finished `dev` profile [unoptimized + debuginfo] target(s) in 7.84s
[INFO] running `Command { std: "docker" "inspect" "be7ba409a76f6a2244a87f6403655a6e2d66dd6f07f912aa015371b8ebd65fd5", kill_on_drop: false }`
[INFO] running `Command { std: "docker" "rm" "-f" "be7ba409a76f6a2244a87f6403655a6e2d66dd6f07f912aa015371b8ebd65fd5", kill_on_drop: false }`
[INFO] [stdout] be7ba409a76f6a2244a87f6403655a6e2d66dd6f07f912aa015371b8ebd65fd5
[INFO] running `Command { std: "docker" "create" "-v" "/var/lib/crater-agent-workspace/builds/worker-3-tc1/target:/opt/rustwide/target:rw,Z" "-v" "/var/lib/crater-agent-workspace/builds/worker-3-tc1/source:/opt/rustwide/workdir:ro,Z" "-v" "/var/lib/crater-agent-workspace/cargo-home:/opt/rustwide/cargo-home:ro,Z" "-v" "/var/lib/crater-agent-workspace/rustup-home:/opt/rustwide/rustup-home:ro,Z" "-e" "SOURCE_DIR=/opt/rustwide/workdir" "-e" "CARGO_TARGET_DIR=/opt/rustwide/target" "-e" "CARGO_INCREMENTAL=0" "-e" "RUST_BACKTRACE=full" "-e" "RUSTFLAGS=--cap-lints=warn" "-e" "RUSTDOCFLAGS=--cap-lints=warn" "-e" "CARGO_HOME=/opt/rustwide/cargo-home" "-e" "RUSTUP_HOME=/opt/rustwide/rustup-home" "-w" "/opt/rustwide/workdir" "-m" "1610612736" "--user" "0:0" "--network" "none" "ghcr.io/rust-lang/crates-build-env/linux@sha256:f3a9d4ad9d972b27faf3965f35b62e55ba32bbce8f20bc8fe909558a86702fde" "/opt/rustwide/cargo-home/bin/cargo" "+1.83.0" "test" "--frozen" "--no-run" "--message-format=json", kill_on_drop: false }`
[INFO] [stdout] 546306e268638e82c62c1d5f880fffe2aaeac40299b307870277046fab7b1657
[INFO] running `Command { std: "docker" "start" "-a" "546306e268638e82c62c1d5f880fffe2aaeac40299b307870277046fab7b1657", kill_on_drop: false }`
[INFO] [stderr]    Compiling libc v0.2.161
[INFO] [stderr]    Compiling zeroize v1.8.1
[INFO] [stderr]    Compiling serde v1.0.210
[INFO] [stderr]    Compiling utf8parse v0.2.2
[INFO] [stderr]    Compiling anstyle v1.0.8
[INFO] [stderr]    Compiling anstyle-query v1.1.1
[INFO] [stderr]    Compiling is_terminal_polyfill v1.70.1
[INFO] [stderr]    Compiling colorchoice v1.0.2
[INFO] [stderr]    Compiling thiserror v1.0.64
[INFO] [stderr]    Compiling unicode-width v0.1.14
[INFO] [stderr]    Compiling clap_lex v0.7.2
[INFO] [stderr]    Compiling strsim v0.11.1
[INFO] [stderr]    Compiling lazy_static v1.5.0
[INFO] [stderr]    Compiling anyhow v1.0.90
[INFO] [stderr]    Compiling syn v2.0.79
[INFO] [stderr]    Compiling heck v0.5.0
[INFO] [stderr]    Compiling anstyle-parse v0.2.5
[INFO] [stderr]    Compiling serde_json v1.0.131
[INFO] [stderr]    Compiling memchr v2.7.4
[INFO] [stderr]    Compiling itoa v1.0.11
[INFO] [stderr]    Compiling shell-words v1.1.0
[INFO] [stderr]    Compiling ryu v1.0.18
[INFO] [stderr]    Compiling anstream v0.6.15
[INFO] [stderr]    Compiling clap_builder v4.5.20
[INFO] [stderr]    Compiling getrandom v0.2.15
[INFO] [stderr]    Compiling console v0.15.8
[INFO] [stderr]    Compiling rand_core v0.6.4
[INFO] [stderr]    Compiling crypto-common v0.1.6
[INFO] [stderr]    Compiling password-hash v0.5.0
[INFO] [stderr]    Compiling cipher v0.4.4
[INFO] [stderr]    Compiling digest v0.10.7
[INFO] [stderr]    Compiling universal-hash v0.5.1
[INFO] [stderr]    Compiling aead v0.5.2
[INFO] [stderr]    Compiling poly1305 v0.8.0
[INFO] [stderr]    Compiling blake2 v0.10.6
[INFO] [stderr]    Compiling chacha20 v0.9.1
[INFO] [stderr]    Compiling argon2 v0.5.3
[INFO] [stderr]    Compiling chacha20poly1305 v0.10.1
[INFO] [stderr]    Compiling serde_test v1.0.177
[INFO] [stderr]    Compiling zerocopy-derive v0.7.35
[INFO] [stderr]    Compiling thiserror-impl v1.0.64
[INFO] [stderr]    Compiling clap_derive v4.5.18
[INFO] [stderr]    Compiling zerocopy v0.7.35
[INFO] [stderr]    Compiling dialoguer v0.11.0
[INFO] [stderr]    Compiling ppv-lite86 v0.2.20
[INFO] [stderr]    Compiling rand_chacha v0.3.1
[INFO] [stderr]    Compiling clap v4.5.20
[INFO] [stderr]    Compiling rand v0.8.5
[INFO] [stderr]    Compiling abcrypt v0.3.7 (/opt/rustwide/workdir)
[INFO] [stderr]     Finished `test` profile [unoptimized + debuginfo] target(s) in 13.30s
[INFO] running `Command { std: "docker" "inspect" "546306e268638e82c62c1d5f880fffe2aaeac40299b307870277046fab7b1657", kill_on_drop: false }`
[INFO] running `Command { std: "docker" "rm" "-f" "546306e268638e82c62c1d5f880fffe2aaeac40299b307870277046fab7b1657", kill_on_drop: false }`
[INFO] [stdout] 546306e268638e82c62c1d5f880fffe2aaeac40299b307870277046fab7b1657
[INFO] running `Command { std: "docker" "create" "-v" "/var/lib/crater-agent-workspace/builds/worker-3-tc1/target:/opt/rustwide/target:rw,Z" "-v" "/var/lib/crater-agent-workspace/builds/worker-3-tc1/source:/opt/rustwide/workdir:ro,Z" "-v" "/var/lib/crater-agent-workspace/cargo-home:/opt/rustwide/cargo-home:ro,Z" "-v" "/var/lib/crater-agent-workspace/rustup-home:/opt/rustwide/rustup-home:ro,Z" "-e" "SOURCE_DIR=/opt/rustwide/workdir" "-e" "CARGO_TARGET_DIR=/opt/rustwide/target" "-e" "CARGO_INCREMENTAL=0" "-e" "RUST_BACKTRACE=full" "-e" "RUSTFLAGS=--cap-lints=warn" "-e" "RUSTDOCFLAGS=--cap-lints=warn" "-e" "CARGO_HOME=/opt/rustwide/cargo-home" "-e" "RUSTUP_HOME=/opt/rustwide/rustup-home" "-w" "/opt/rustwide/workdir" "-m" "1610612736" "--user" "0:0" "--network" "none" "ghcr.io/rust-lang/crates-build-env/linux@sha256:f3a9d4ad9d972b27faf3965f35b62e55ba32bbce8f20bc8fe909558a86702fde" "/opt/rustwide/cargo-home/bin/cargo" "+1.83.0" "test" "--frozen", kill_on_drop: false }`
[INFO] [stdout] 7e76a5066bc7febf655269da13536505571327ad5ff3d878c118a4820ef7b763
[INFO] running `Command { std: "docker" "start" "-a" "7e76a5066bc7febf655269da13536505571327ad5ff3d878c118a4820ef7b763", kill_on_drop: false }`
[INFO] [stderr]     Finished `test` profile [unoptimized + debuginfo] target(s) in 0.08s
[INFO] [stderr]      Running unittests src/lib.rs (/opt/rustwide/target/debug/deps/abcrypt-c10e640a7833bfa8)
[INFO] [stdout] 
[INFO] [stdout] running 21 tests
[INFO] [stdout] test error::tests::clone ... ok
[INFO] [stdout] test error::tests::debug ... ok
[INFO] [stdout] test error::tests::equality ... ok
[INFO] [stdout] test error::tests::from_mac_error_to_error ... ok
[INFO] [stdout] test error::tests::result_type ... ok
[INFO] [stdout] test error::tests::source ... ok
[INFO] [stdout] test error::tests::display ... ok
[INFO] [stdout] test error::tests::from_chacha20poly1305_error_to_error ... ok
[INFO] [stdout] test format::tests::copy_version ... ok
[INFO] [stdout] test format::tests::debug_version ... ok
[INFO] [stdout] test format::tests::clone_version ... ok
[INFO] [stdout] test format::tests::derived_key_size ... ok
[INFO] [stdout] test format::tests::default_version ... ok
[INFO] [stdout] test error::tests::copy ... ok
[INFO] [stdout] test format::tests::from_version_to_u8 ... ok
[INFO] [stdout] test format::tests::magic_number ... ok
[INFO] [stdout] test format::tests::size_of_version ... ok
[INFO] [stdout] test format::tests::tag_size ... ok
[INFO] [stdout] test format::tests::version ... ok
[INFO] [stdout] test format::tests::version_equality ... ok
[INFO] [stdout] test format::tests::header_size ... ok
[INFO] [stdout] 
[INFO] [stdout] test result: ok. 21 passed; 0 failed; 0 ignored; 0 measured; 0 filtered out; finished in 0.01s
[INFO] [stdout] 
[INFO] [stderr]    Doc-tests abcrypt
[INFO] [stdout] 
[INFO] [stdout] running 20 tests
[INFO] [stdout] test src/decrypt.rs - decrypt::decrypt (line 196) ... FAILED
[INFO] [stdout] test src/decrypt.rs - decrypt::Decryptor<'c>::out_len (line 161) ... FAILED
[INFO] [stdout] test src/decrypt.rs - decrypt::Decryptor<'c>::decrypt (line 101) ... FAILED
[INFO] [stdout] test src/decrypt.rs - decrypt::Decryptor<'c>::decrypt_to_vec (line 139) ... FAILED
[INFO] [stdout] test src/decrypt.rs - decrypt::Decryptor<'c>::new (line 40) ... FAILED
[INFO] [stdout] test src/params.rs - params::Params::parallelism (line 88) ... FAILED
[INFO] [stdout] test src/params.rs - params::Params::new (line 33) ... FAILED
[INFO] [stdout] test src/params.rs - params::Params::time_cost (line 70) ... FAILED
[INFO] [stdout] test src/params.rs - params::Params::memory_cost (line 52) ... FAILED
[INFO] [stdout] test src/encrypt.rs - encrypt::Encryptor<'m>::encrypt_to_vec (line 150) ... ok
[INFO] [stdout] test src/encrypt.rs - encrypt::Encryptor<'m>::encrypt (line 118) ... ok
[INFO] [stdout] test src/encrypt.rs - encrypt::Encryptor<'m>::out_len (line 174) ... ok
[INFO] [stdout] test src/lib.rs - (line 43) ... ok
[INFO] [stdout] test src/encrypt.rs - encrypt::encrypt_with_params (line 236) ... ok
[INFO] [stdout] test src/lib.rs - (line 12) ... ok
[INFO] [stdout] test src/encrypt.rs - encrypt::Encryptor<'m>::with_params (line 58) ... ok
[INFO] [stdout] test src/encrypt.rs - encrypt::Encryptor<'m>::new (line 35) ... ok
[INFO] [stdout] test src/lib.rs - (line 65) ... ok
[INFO] [stdout] test src/encrypt.rs - encrypt::encrypt (line 206) ... ok
[INFO] [stdout] test src/error.rs - error::Result (line 81) ... ok
[INFO] [stdout] 
[INFO] [stdout] failures:
[INFO] [stdout] 
[INFO] [stdout] ---- src/decrypt.rs - decrypt::decrypt (line 196) stdout ----
[INFO] [stdout] error: couldn't read `src/../tests/data/data.txt.abcrypt`: No such file or directory (os error 2)
[INFO] [stdout]  --> src/decrypt.rs:199:18
[INFO] [stdout]   |
[INFO] [stdout] 6 | let ciphertext = include_bytes!("../tests/data/data.txt.abcrypt");
[INFO] [stdout]   |                  ^^^^^^^^^^^^^^^^^^^^^^^^^^^^^^^^^^^^^^^^^^^^^^^^
[INFO] [stdout]   |
[INFO] [stdout]   = note: this error originates in the macro `include_bytes` (in Nightly builds, run with -Z macro-backtrace for more info)
[INFO] [stdout] 
[INFO] [stdout] error: aborting due to 1 previous error
[INFO] [stdout] 
[INFO] [stdout] Couldn't compile the test.
[INFO] [stdout] ---- src/decrypt.rs - decrypt::Decryptor<'c>::out_len (line 161) stdout ----
[INFO] [stdout] error: couldn't read `src/../tests/data/data.txt.abcrypt`: No such file or directory (os error 2)
[INFO] [stdout]  --> src/decrypt.rs:165:18
[INFO] [stdout]   |
[INFO] [stdout] 7 | let ciphertext = include_bytes!("../tests/data/data.txt.abcrypt");
[INFO] [stdout]   |                  ^^^^^^^^^^^^^^^^^^^^^^^^^^^^^^^^^^^^^^^^^^^^^^^^
[INFO] [stdout]   |
[INFO] [stdout]   = note: this error originates in the macro `include_bytes` (in Nightly builds, run with -Z macro-backtrace for more info)
[INFO] [stdout] 
[INFO] [stdout] error: aborting due to 1 previous error
[INFO] [stdout] 
[INFO] [stdout] Couldn't compile the test.
[INFO] [stdout] ---- src/decrypt.rs - decrypt::Decryptor<'c>::decrypt (line 101) stdout ----
[INFO] [stdout] error: couldn't read `src/../tests/data/data.txt.abcrypt`: No such file or directory (os error 2)
[INFO] [stdout]  --> src/decrypt.rs:106:18
[INFO] [stdout]   |
[INFO] [stdout] 8 | let ciphertext = include_bytes!("../tests/data/data.txt.abcrypt");
[INFO] [stdout]   |                  ^^^^^^^^^^^^^^^^^^^^^^^^^^^^^^^^^^^^^^^^^^^^^^^^
[INFO] [stdout]   |
[INFO] [stdout]   = note: this error originates in the macro `include_bytes` (in Nightly builds, run with -Z macro-backtrace for more info)
[INFO] [stdout] 
[INFO] [stdout] error: aborting due to 1 previous error
[INFO] [stdout] 
[INFO] [stdout] Couldn't compile the test.
[INFO] [stdout] ---- src/decrypt.rs - decrypt::Decryptor<'c>::decrypt_to_vec (line 139) stdout ----
[INFO] [stdout] error: couldn't read `src/../tests/data/data.txt.abcrypt`: No such file or directory (os error 2)
[INFO] [stdout]  --> src/decrypt.rs:144:18
[INFO] [stdout]   |
[INFO] [stdout] 8 | let ciphertext = include_bytes!("../tests/data/data.txt.abcrypt");
[INFO] [stdout]   |                  ^^^^^^^^^^^^^^^^^^^^^^^^^^^^^^^^^^^^^^^^^^^^^^^^
[INFO] [stdout]   |
[INFO] [stdout]   = note: this error originates in the macro `include_bytes` (in Nightly builds, run with -Z macro-backtrace for more info)
[INFO] [stdout] 
[INFO] [stdout] error: aborting due to 1 previous error
[INFO] [stdout] 
[INFO] [stdout] Couldn't compile the test.
[INFO] [stdout] ---- src/decrypt.rs - decrypt::Decryptor<'c>::new (line 40) stdout ----
[INFO] [stdout] error: couldn't read `src/../tests/data/data.txt.abcrypt`: No such file or directory (os error 2)
[INFO] [stdout]  --> src/decrypt.rs:44:18
[INFO] [stdout]   |
[INFO] [stdout] 7 | let ciphertext = include_bytes!("../tests/data/data.txt.abcrypt");
[INFO] [stdout]   |                  ^^^^^^^^^^^^^^^^^^^^^^^^^^^^^^^^^^^^^^^^^^^^^^^^
[INFO] [stdout]   |
[INFO] [stdout]   = note: this error originates in the macro `include_bytes` (in Nightly builds, run with -Z macro-backtrace for more info)
[INFO] [stdout] 
[INFO] [stdout] error: aborting due to 1 previous error
[INFO] [stdout] 
[INFO] [stdout] Couldn't compile the test.
[INFO] [stdout] ---- src/params.rs - params::Params::parallelism (line 88) stdout ----
[INFO] [stdout] error: couldn't read `src/../tests/data/data.txt.abcrypt`: No such file or directory (os error 2)
[INFO] [stdout]  --> src/params.rs:92:18
[INFO] [stdout]   |
[INFO] [stdout] 7 | let ciphertext = include_bytes!("../tests/data/data.txt.abcrypt");
[INFO] [stdout]   |                  ^^^^^^^^^^^^^^^^^^^^^^^^^^^^^^^^^^^^^^^^^^^^^^^^
[INFO] [stdout]   |
[INFO] [stdout]   = note: this error originates in the macro `include_bytes` (in Nightly builds, run with -Z macro-backtrace for more info)
[INFO] [stdout] 
[INFO] [stdout] error: aborting due to 1 previous error
[INFO] [stdout] 
[INFO] [stdout] Couldn't compile the test.
[INFO] [stdout] ---- src/params.rs - params::Params::new (line 33) stdout ----
[INFO] [stdout] error: couldn't read `src/../tests/data/data.txt.abcrypt`: No such file or directory (os error 2)
[INFO] [stdout]  --> src/params.rs:37:18
[INFO] [stdout]   |
[INFO] [stdout] 7 | let ciphertext = include_bytes!("../tests/data/data.txt.abcrypt");
[INFO] [stdout]   |                  ^^^^^^^^^^^^^^^^^^^^^^^^^^^^^^^^^^^^^^^^^^^^^^^^
[INFO] [stdout]   |
[INFO] [stdout]   = note: this error originates in the macro `include_bytes` (in Nightly builds, run with -Z macro-backtrace for more info)
[INFO] [stdout] 
[INFO] [stdout] error: aborting due to 1 previous error
[INFO] [stdout] 
[INFO] [stdout] Couldn't compile the test.
[INFO] [stdout] ---- src/params.rs - params::Params::time_cost (line 70) stdout ----
[INFO] [stdout] error: couldn't read `src/../tests/data/data.txt.abcrypt`: No such file or directory (os error 2)
[INFO] [stdout]  --> src/params.rs:74:18
[INFO] [stdout]   |
[INFO] [stdout] 7 | let ciphertext = include_bytes!("../tests/data/data.txt.abcrypt");
[INFO] [stdout]   |                  ^^^^^^^^^^^^^^^^^^^^^^^^^^^^^^^^^^^^^^^^^^^^^^^^
[INFO] [stdout]   |
[INFO] [stdout]   = note: this error originates in the macro `include_bytes` (in Nightly builds, run with -Z macro-backtrace for more info)
[INFO] [stdout] 
[INFO] [stdout] error: aborting due to 1 previous error
[INFO] [stdout] 
[INFO] [stdout] Couldn't compile the test.
[INFO] [stdout] ---- src/params.rs - params::Params::memory_cost (line 52) stdout ----
[INFO] [stdout] error: couldn't read `src/../tests/data/data.txt.abcrypt`: No such file or directory (os error 2)
[INFO] [stdout]  --> src/params.rs:56:18
[INFO] [stdout]   |
[INFO] [stdout] 7 | let ciphertext = include_bytes!("../tests/data/data.txt.abcrypt");
[INFO] [stdout]   |                  ^^^^^^^^^^^^^^^^^^^^^^^^^^^^^^^^^^^^^^^^^^^^^^^^
[INFO] [stdout]   |
[INFO] [stdout]   = note: this error originates in the macro `include_bytes` (in Nightly builds, run with -Z macro-backtrace for more info)
[INFO] [stdout] 
[INFO] [stdout] error: aborting due to 1 previous error
[INFO] [stdout] 
[INFO] [stdout] Couldn't compile the test.
[INFO] [stdout] 
[INFO] [stdout] failures:
[INFO] [stdout]     src/decrypt.rs - decrypt::Decryptor<'c>::decrypt (line 101)
[INFO] [stdout]     src/decrypt.rs - decrypt::Decryptor<'c>::decrypt_to_vec (line 139)
[INFO] [stdout]     src/decrypt.rs - decrypt::Decryptor<'c>::new (line 40)
[INFO] [stdout]     src/decrypt.rs - decrypt::Decryptor<'c>::out_len (line 161)
[INFO] [stdout]     src/decrypt.rs - decrypt::decrypt (line 196)
[INFO] [stdout]     src/params.rs - params::Params::memory_cost (line 52)
[INFO] [stdout]     src/params.rs - params::Params::new (line 33)
[INFO] [stdout]     src/params.rs - params::Params::parallelism (line 88)
[INFO] [stdout]     src/params.rs - params::Params::time_cost (line 70)
[INFO] [stdout] 
[INFO] [stdout] test result: FAILED. 11 passed; 9 failed; 0 ignored; 0 measured; 0 filtered out; finished in 3.22s
[INFO] [stdout] 
[INFO] [stderr] error: doctest failed, to rerun pass `--doc`
[INFO] running `Command { std: "docker" "inspect" "7e76a5066bc7febf655269da13536505571327ad5ff3d878c118a4820ef7b763", kill_on_drop: false }`
[INFO] running `Command { std: "docker" "rm" "-f" "7e76a5066bc7febf655269da13536505571327ad5ff3d878c118a4820ef7b763", kill_on_drop: false }`
[INFO] [stdout] 7e76a5066bc7febf655269da13536505571327ad5ff3d878c118a4820ef7b763
