[INFO] fetching crate aarch64-cpu 10.0.0...
[INFO] testing aarch64-cpu-10.0.0 against 1.83.0 for beta-1.84.0-4-retry
[INFO] extracting crate aarch64-cpu 10.0.0 into /workspace/builds/worker-7-tc1/source
[INFO] validating manifest of crates.io crate aarch64-cpu 10.0.0 on toolchain 1.83.0
[INFO] running `Command { std: CARGO_HOME="/workspace/cargo-home" RUSTUP_HOME="/workspace/rustup-home" "/workspace/cargo-home/bin/cargo" "+1.83.0" "metadata" "--manifest-path" "Cargo.toml" "--no-deps", kill_on_drop: false }`
[INFO] removed /workspace/builds/worker-7-tc1/source/rust-toolchain.toml
[INFO] started tweaking crates.io crate aarch64-cpu 10.0.0
[INFO] finished tweaking crates.io crate aarch64-cpu 10.0.0
[INFO] tweaked toml for crates.io crate aarch64-cpu 10.0.0 written to /workspace/builds/worker-7-tc1/source/Cargo.toml
[INFO] running `Command { std: CARGO_HOME="/workspace/cargo-home" RUSTUP_HOME="/workspace/rustup-home" "/workspace/cargo-home/bin/cargo" "+1.83.0" "generate-lockfile" "--manifest-path" "Cargo.toml", kill_on_drop: false }`
[INFO] [stderr]     Updating crates.io index
[INFO] [stderr]      Locking 1 package to latest compatible version
[INFO] running `Command { std: CARGO_HOME="/workspace/cargo-home" RUSTUP_HOME="/workspace/rustup-home" "/workspace/cargo-home/bin/cargo" "+1.83.0" "fetch" "--manifest-path" "Cargo.toml", kill_on_drop: false }`
[INFO] [stderr]  Downloading crates ...
[INFO] [stderr]   Downloaded tock-registers v0.9.0
[INFO] running `Command { std: "docker" "create" "-v" "/var/lib/crater-agent-workspace/builds/worker-7-tc1/target:/opt/rustwide/target:rw,Z" "-v" "/var/lib/crater-agent-workspace/builds/worker-7-tc1/source:/opt/rustwide/workdir:ro,Z" "-v" "/var/lib/crater-agent-workspace/cargo-home:/opt/rustwide/cargo-home:ro,Z" "-v" "/var/lib/crater-agent-workspace/rustup-home:/opt/rustwide/rustup-home:ro,Z" "-e" "SOURCE_DIR=/opt/rustwide/workdir" "-e" "CARGO_TARGET_DIR=/opt/rustwide/target" "-e" "CARGO_HOME=/opt/rustwide/cargo-home" "-e" "RUSTUP_HOME=/opt/rustwide/rustup-home" "-w" "/opt/rustwide/workdir" "-m" "1610612736" "--user" "0:0" "--network" "none" "ghcr.io/rust-lang/crates-build-env/linux@sha256:f3a9d4ad9d972b27faf3965f35b62e55ba32bbce8f20bc8fe909558a86702fde" "/opt/rustwide/cargo-home/bin/cargo" "+1.83.0" "metadata" "--no-deps" "--format-version=1", kill_on_drop: false }`
[INFO] [stdout] bbff7f763416f7571ffcb5bdf500ee03c982b15909826b315ac45a2f02646ade
[INFO] running `Command { std: "docker" "start" "-a" "bbff7f763416f7571ffcb5bdf500ee03c982b15909826b315ac45a2f02646ade", kill_on_drop: false }`
[INFO] running `Command { std: "docker" "inspect" "bbff7f763416f7571ffcb5bdf500ee03c982b15909826b315ac45a2f02646ade", kill_on_drop: false }`
[INFO] running `Command { std: "docker" "rm" "-f" "bbff7f763416f7571ffcb5bdf500ee03c982b15909826b315ac45a2f02646ade", kill_on_drop: false }`
[INFO] [stdout] bbff7f763416f7571ffcb5bdf500ee03c982b15909826b315ac45a2f02646ade
[INFO] running `Command { std: "docker" "create" "-v" "/var/lib/crater-agent-workspace/builds/worker-7-tc1/target:/opt/rustwide/target:rw,Z" "-v" "/var/lib/crater-agent-workspace/builds/worker-7-tc1/source:/opt/rustwide/workdir:ro,Z" "-v" "/var/lib/crater-agent-workspace/cargo-home:/opt/rustwide/cargo-home:ro,Z" "-v" "/var/lib/crater-agent-workspace/rustup-home:/opt/rustwide/rustup-home:ro,Z" "-e" "SOURCE_DIR=/opt/rustwide/workdir" "-e" "CARGO_TARGET_DIR=/opt/rustwide/target" "-e" "CARGO_INCREMENTAL=0" "-e" "RUST_BACKTRACE=full" "-e" "RUSTFLAGS=--cap-lints=warn" "-e" "RUSTDOCFLAGS=--cap-lints=warn" "-e" "CARGO_HOME=/opt/rustwide/cargo-home" "-e" "RUSTUP_HOME=/opt/rustwide/rustup-home" "-w" "/opt/rustwide/workdir" "-m" "1610612736" "--user" "0:0" "--network" "none" "ghcr.io/rust-lang/crates-build-env/linux@sha256:f3a9d4ad9d972b27faf3965f35b62e55ba32bbce8f20bc8fe909558a86702fde" "/opt/rustwide/cargo-home/bin/cargo" "+1.83.0" "build" "--frozen" "--message-format=json", kill_on_drop: false }`
[INFO] [stdout] 93859ad0e3d368b18bcef529fe72bbe316133f975a75020cb0cefadfe7d16a09
[INFO] running `Command { std: "docker" "start" "-a" "93859ad0e3d368b18bcef529fe72bbe316133f975a75020cb0cefadfe7d16a09", kill_on_drop: false }`
[INFO] [stderr]    Compiling tock-registers v0.9.0
[INFO] [stderr]    Compiling aarch64-cpu v10.0.0 (/opt/rustwide/workdir)
[INFO] [stderr]     Finished `dev` profile [unoptimized + debuginfo] target(s) in 4.47s
[INFO] running `Command { std: "docker" "inspect" "93859ad0e3d368b18bcef529fe72bbe316133f975a75020cb0cefadfe7d16a09", kill_on_drop: false }`
[INFO] running `Command { std: "docker" "rm" "-f" "93859ad0e3d368b18bcef529fe72bbe316133f975a75020cb0cefadfe7d16a09", kill_on_drop: false }`
[INFO] [stdout] 93859ad0e3d368b18bcef529fe72bbe316133f975a75020cb0cefadfe7d16a09
[INFO] running `Command { std: "docker" "create" "-v" "/var/lib/crater-agent-workspace/builds/worker-7-tc1/target:/opt/rustwide/target:rw,Z" "-v" "/var/lib/crater-agent-workspace/builds/worker-7-tc1/source:/opt/rustwide/workdir:ro,Z" "-v" "/var/lib/crater-agent-workspace/cargo-home:/opt/rustwide/cargo-home:ro,Z" "-v" "/var/lib/crater-agent-workspace/rustup-home:/opt/rustwide/rustup-home:ro,Z" "-e" "SOURCE_DIR=/opt/rustwide/workdir" "-e" "CARGO_TARGET_DIR=/opt/rustwide/target" "-e" "CARGO_INCREMENTAL=0" "-e" "RUST_BACKTRACE=full" "-e" "RUSTFLAGS=--cap-lints=warn" "-e" "RUSTDOCFLAGS=--cap-lints=warn" "-e" "CARGO_HOME=/opt/rustwide/cargo-home" "-e" "RUSTUP_HOME=/opt/rustwide/rustup-home" "-w" "/opt/rustwide/workdir" "-m" "1610612736" "--user" "0:0" "--network" "none" "ghcr.io/rust-lang/crates-build-env/linux@sha256:f3a9d4ad9d972b27faf3965f35b62e55ba32bbce8f20bc8fe909558a86702fde" "/opt/rustwide/cargo-home/bin/cargo" "+1.83.0" "test" "--frozen" "--no-run" "--message-format=json", kill_on_drop: false }`
[INFO] [stdout] 626e1d96e60d35d75fe94f2706ceec075d6e299dfee4172cb950661e504e4381
[INFO] running `Command { std: "docker" "start" "-a" "626e1d96e60d35d75fe94f2706ceec075d6e299dfee4172cb950661e504e4381", kill_on_drop: false }`
[INFO] [stderr]    Compiling aarch64-cpu v10.0.0 (/opt/rustwide/workdir)
[INFO] [stderr]     Finished `test` profile [unoptimized + debuginfo] target(s) in 3.19s
[INFO] running `Command { std: "docker" "inspect" "626e1d96e60d35d75fe94f2706ceec075d6e299dfee4172cb950661e504e4381", kill_on_drop: false }`
[INFO] running `Command { std: "docker" "rm" "-f" "626e1d96e60d35d75fe94f2706ceec075d6e299dfee4172cb950661e504e4381", kill_on_drop: false }`
[INFO] [stdout] 626e1d96e60d35d75fe94f2706ceec075d6e299dfee4172cb950661e504e4381
[INFO] running `Command { std: "docker" "create" "-v" "/var/lib/crater-agent-workspace/builds/worker-7-tc1/target:/opt/rustwide/target:rw,Z" "-v" "/var/lib/crater-agent-workspace/builds/worker-7-tc1/source:/opt/rustwide/workdir:ro,Z" "-v" "/var/lib/crater-agent-workspace/cargo-home:/opt/rustwide/cargo-home:ro,Z" "-v" "/var/lib/crater-agent-workspace/rustup-home:/opt/rustwide/rustup-home:ro,Z" "-e" "SOURCE_DIR=/opt/rustwide/workdir" "-e" "CARGO_TARGET_DIR=/opt/rustwide/target" "-e" "CARGO_INCREMENTAL=0" "-e" "RUST_BACKTRACE=full" "-e" "RUSTFLAGS=--cap-lints=warn" "-e" "RUSTDOCFLAGS=--cap-lints=warn" "-e" "CARGO_HOME=/opt/rustwide/cargo-home" "-e" "RUSTUP_HOME=/opt/rustwide/rustup-home" "-w" "/opt/rustwide/workdir" "-m" "1610612736" "--user" "0:0" "--network" "none" "ghcr.io/rust-lang/crates-build-env/linux@sha256:f3a9d4ad9d972b27faf3965f35b62e55ba32bbce8f20bc8fe909558a86702fde" "/opt/rustwide/cargo-home/bin/cargo" "+1.83.0" "test" "--frozen", kill_on_drop: false }`
[INFO] [stdout] dff53912cd007157295a8e83d7ef3551ada696bb5e8e4cb0dc924809a25746ba
[INFO] running `Command { std: "docker" "start" "-a" "dff53912cd007157295a8e83d7ef3551ada696bb5e8e4cb0dc924809a25746ba", kill_on_drop: false }`
[INFO] [stderr]     Finished `test` profile [unoptimized + debuginfo] target(s) in 0.02s
[INFO] [stderr]      Running unittests src/lib.rs (/opt/rustwide/target/debug/deps/aarch64_cpu-0ffece933b4d74c0)
[INFO] [stdout] 
[INFO] [stdout] running 1 test
[INFO] [stdout] test asm::random::tests::test_rndr ... ok
[INFO] [stdout] 
[INFO] [stdout] test result: ok. 1 passed; 0 failed; 0 ignored; 0 measured; 0 filtered out; finished in 0.00s
[INFO] [stdout] 
[INFO] [stderr]    Doc-tests aarch64_cpu
[INFO] [stdout] 
[INFO] [stdout] running 26 tests
[INFO] [stdout] test src/registers/cntkctl_el1.rs - registers::cntkctl_el1::CNTKCTL_EL1::EL0VTEN (line 74) ... FAILED
[INFO] [stdout] test src/registers/cntkctl_el1.rs - registers::cntkctl_el1::CNTKCTL_EL1::EL0VTEN::Value (line 74) ... FAILED
[INFO] [stdout] test src/registers/cntkctl_el1.rs - registers::cntkctl_el1::CNTKCTL_EL1::EVNTDIR (line 111) ... FAILED
[INFO] [stdout] test src/registers/cntkctl_el1.rs - registers::cntkctl_el1::CNTKCTL_EL1::EVNTDIR::Value (line 111) ... FAILED
[INFO] [stdout] test src/registers/cntkctl_el1.rs - registers::cntkctl_el1::CNTKCTL_EL1::EL0VTEN (line 80) ... FAILED
[INFO] [stdout] test src/asm/random.rs - asm::random::ArmRng (line 17) - compile ... ok
[INFO] [stdout] test src/registers/cntkctl_el1.rs - registers::cntkctl_el1::CNTKCTL_EL1::EL0VTEN::Value (line 80) ... FAILED
[INFO] [stdout] test src/registers/cntkctl_el1.rs - registers::cntkctl_el1::CNTKCTL_EL1::EVNTIS::Value (line 28) ... FAILED
[INFO] [stdout] test src/registers/cntkctl_el1.rs - registers::cntkctl_el1::CNTKCTL_EL1::EVNTEN::Value (line 125) ... FAILED
[INFO] [stdout] test src/registers/cntkctl_el1.rs - registers::cntkctl_el1::CNTKCTL_EL1::EVNTIS (line 28) ... FAILED
[INFO] [stdout] test src/registers/cntkctl_el1.rs - registers::cntkctl_el1::CNTKCTL_EL1::EVNTEN (line 125) ... FAILED
[INFO] [stdout] test src/registers/esr_el3.rs - registers::esr_el3::ESR_EL3::IL::Value (line 96) ... FAILED
[INFO] [stdout] test src/registers/esr_el3.rs - registers::esr_el3::ESR_EL3::IL (line 96) ... FAILED
[INFO] [stdout] test src/registers/sctlr_el3.rs - registers::sctlr_el3::SCTLR_EL3::EIS (line 312) ... FAILED
[INFO] [stdout] test src/registers/sctlr_el3.rs - registers::sctlr_el3::SCTLR_EL3::EOS (line 447) ... FAILED
[INFO] [stdout] test src/registers/sctlr_el3.rs - registers::sctlr_el3::SCTLR_EL3::I (line 415) ... FAILED
[INFO] [stdout] test src/registers/sctlr_el3.rs - registers::sctlr_el3::SCTLR_EL3::EOS::Value (line 447) ... FAILED
[INFO] [stdout] test src/registers/sctlr_el3.rs - registers::sctlr_el3::SCTLR_EL3::EIS::Value (line 312) ... FAILED
[INFO] [stdout] test src/registers/sctlr_el3.rs - registers::sctlr_el3::SCTLR_EL3::I (line 422) ... FAILED
[INFO] [stdout] test src/registers/sctlr_el3.rs - registers::sctlr_el3::SCTLR_EL3::I::Value (line 415) ... FAILED
[INFO] [stdout] test src/registers/sctlr_el3.rs - registers::sctlr_el3::SCTLR_EL3::IESB (line 343) ... FAILED
[INFO] [stdout] test src/registers/sctlr_el3.rs - registers::sctlr_el3::SCTLR_EL3::I::Value (line 422) ... FAILED
[INFO] [stdout] test src/registers/sctlr_el3.rs - registers::sctlr_el3::SCTLR_EL3::nAA (line 480) ... FAILED
[INFO] [stdout] test src/registers/sctlr_el3.rs - registers::sctlr_el3::SCTLR_EL3::nAA::Value (line 480) ... FAILED
[INFO] [stdout] test src/registers/sctlr_el3.rs - registers::sctlr_el3::SCTLR_EL3::IESB::Value (line 343) ... FAILED
[INFO] [stdout] test src/lib.rs - (line 21) ... ok
[INFO] [stdout] 
[INFO] [stdout] failures:
[INFO] [stdout] 
[INFO] [stdout] ---- src/registers/cntkctl_el1.rs - registers::cntkctl_el1::CNTKCTL_EL1::EL0VTEN (line 74) stdout ----
[INFO] [stdout] error: unknown start of token: \u{2014}
[INFO] [stdout]  --> src/registers/cntkctl_el1.rs:75:1
[INFO] [stdout]   |
[INFO] [stdout] 3 | — CNTV_CTL_EL0, CNTV_CVAL_EL0, and CNTV_TVAL_EL0.
[INFO] [stdout]   | ^
[INFO] [stdout]   |
[INFO] [stdout] help: Unicode character '—' (Em Dash) looks like '-' (Minus/Hyphen), but it is not
[INFO] [stdout]   |
[INFO] [stdout] 3 | - CNTV_CTL_EL0, CNTV_CVAL_EL0, and CNTV_TVAL_EL0.
[INFO] [stdout]   | ~
[INFO] [stdout] 
[INFO] [stdout] error: expected one of `!`, `.`, `::`, `;`, `?`, `{`, `}`, or an operator, found `,`
[INFO] [stdout]  --> src/registers/cntkctl_el1.rs:75:15
[INFO] [stdout]   |
[INFO] [stdout] 3 | — CNTV_CTL_EL0, CNTV_CVAL_EL0, and CNTV_TVAL_EL0.
[INFO] [stdout]   |               ^ expected one of 8 possible tokens
[INFO] [stdout] 
[INFO] [stdout] error: aborting due to 2 previous errors
[INFO] [stdout] 
[INFO] [stdout] Couldn't compile the test.
[INFO] [stdout] ---- src/registers/cntkctl_el1.rs - registers::cntkctl_el1::CNTKCTL_EL1::EL0VTEN::Value (line 74) stdout ----
[INFO] [stdout] error: unknown start of token: \u{2014}
[INFO] [stdout]  --> src/registers/cntkctl_el1.rs:75:1
[INFO] [stdout]   |
[INFO] [stdout] 3 | — CNTV_CTL_EL0, CNTV_CVAL_EL0, and CNTV_TVAL_EL0.
[INFO] [stdout]   | ^
[INFO] [stdout]   |
[INFO] [stdout] help: Unicode character '—' (Em Dash) looks like '-' (Minus/Hyphen), but it is not
[INFO] [stdout]   |
[INFO] [stdout] 3 | - CNTV_CTL_EL0, CNTV_CVAL_EL0, and CNTV_TVAL_EL0.
[INFO] [stdout]   | ~
[INFO] [stdout] 
[INFO] [stdout] error: expected one of `!`, `.`, `::`, `;`, `?`, `{`, `}`, or an operator, found `,`
[INFO] [stdout]  --> src/registers/cntkctl_el1.rs:75:15
[INFO] [stdout]   |
[INFO] [stdout] 3 | — CNTV_CTL_EL0, CNTV_CVAL_EL0, and CNTV_TVAL_EL0.
[INFO] [stdout]   |               ^ expected one of 8 possible tokens
[INFO] [stdout] 
[INFO] [stdout] error: aborting due to 2 previous errors
[INFO] [stdout] 
[INFO] [stdout] Couldn't compile the test.
[INFO] [stdout] ---- src/registers/cntkctl_el1.rs - registers::cntkctl_el1::CNTKCTL_EL1::EVNTDIR (line 111) stdout ----
[INFO] [stdout] error: expected one of `.`, `;`, `?`, `}`, or an operator, found `A`
[INFO] [stdout]  --> src/registers/cntkctl_el1.rs:112:5
[INFO] [stdout]   |
[INFO] [stdout] 3 | 0b0 A 0 to 1 transition of the trigger bit triggers an event.
[INFO] [stdout]   |     ^ expected one of `.`, `;`, `?`, `}`, or an operator
[INFO] [stdout] 
[INFO] [stdout] error: aborting due to 1 previous error
[INFO] [stdout] 
[INFO] [stdout] Couldn't compile the test.
[INFO] [stdout] ---- src/registers/cntkctl_el1.rs - registers::cntkctl_el1::CNTKCTL_EL1::EVNTDIR::Value (line 111) stdout ----
[INFO] [stdout] error: expected one of `.`, `;`, `?`, `}`, or an operator, found `A`
[INFO] [stdout]  --> src/registers/cntkctl_el1.rs:112:5
[INFO] [stdout]   |
[INFO] [stdout] 3 | 0b0 A 0 to 1 transition of the trigger bit triggers an event.
[INFO] [stdout]   |     ^ expected one of `.`, `;`, `?`, `}`, or an operator
[INFO] [stdout] 
[INFO] [stdout] error: aborting due to 1 previous error
[INFO] [stdout] 
[INFO] [stdout] Couldn't compile the test.
[INFO] [stdout] ---- src/registers/cntkctl_el1.rs - registers::cntkctl_el1::CNTKCTL_EL1::EL0VTEN (line 80) stdout ----
[INFO] [stdout] error: unknown start of token: \u{2014}
[INFO] [stdout]  --> src/registers/cntkctl_el1.rs:81:1
[INFO] [stdout]   |
[INFO] [stdout] 3 | — CNTV_CTL, CNTV_CVAL, and CNTV_TVAL.
[INFO] [stdout]   | ^
[INFO] [stdout]   |
[INFO] [stdout] help: Unicode character '—' (Em Dash) looks like '-' (Minus/Hyphen), but it is not
[INFO] [stdout]   |
[INFO] [stdout] 3 | - CNTV_CTL, CNTV_CVAL, and CNTV_TVAL.
[INFO] [stdout]   | ~
[INFO] [stdout] 
[INFO] [stdout] error: expected one of `!`, `.`, `::`, `;`, `?`, `{`, `}`, or an operator, found `,`
[INFO] [stdout]  --> src/registers/cntkctl_el1.rs:81:11
[INFO] [stdout]   |
[INFO] [stdout] 3 | — CNTV_CTL, CNTV_CVAL, and CNTV_TVAL.
[INFO] [stdout]   |           ^ expected one of 8 possible tokens
[INFO] [stdout] 
[INFO] [stdout] error: aborting due to 2 previous errors
[INFO] [stdout] 
[INFO] [stdout] Couldn't compile the test.
[INFO] [stdout] ---- src/registers/cntkctl_el1.rs - registers::cntkctl_el1::CNTKCTL_EL1::EL0VTEN::Value (line 80) stdout ----
[INFO] [stdout] error: unknown start of token: \u{2014}
[INFO] [stdout]  --> src/registers/cntkctl_el1.rs:81:1
[INFO] [stdout]   |
[INFO] [stdout] 3 | — CNTV_CTL, CNTV_CVAL, and CNTV_TVAL.
[INFO] [stdout]   | ^
[INFO] [stdout]   |
[INFO] [stdout] help: Unicode character '—' (Em Dash) looks like '-' (Minus/Hyphen), but it is not
[INFO] [stdout]   |
[INFO] [stdout] 3 | - CNTV_CTL, CNTV_CVAL, and CNTV_TVAL.
[INFO] [stdout]   | ~
[INFO] [stdout] 
[INFO] [stdout] error: expected one of `!`, `.`, `::`, `;`, `?`, `{`, `}`, or an operator, found `,`
[INFO] [stdout]  --> src/registers/cntkctl_el1.rs:81:11
[INFO] [stdout]   |
[INFO] [stdout] 3 | — CNTV_CTL, CNTV_CVAL, and CNTV_TVAL.
[INFO] [stdout]   |           ^ expected one of 8 possible tokens
[INFO] [stdout] 
[INFO] [stdout] error: aborting due to 2 previous errors
[INFO] [stdout] 
[INFO] [stdout] Couldn't compile the test.
[INFO] [stdout] ---- src/registers/cntkctl_el1.rs - registers::cntkctl_el1::CNTKCTL_EL1::EVNTIS::Value (line 28) stdout ----
[INFO] [stdout] error: expected one of `.`, `;`, `?`, `}`, or an operator, found `The`
[INFO] [stdout]  --> src/registers/cntkctl_el1.rs:29:5
[INFO] [stdout]   |
[INFO] [stdout] 3 | 0b0 The CNTKCTL_EL1.EVNTI field applies to CNTVCT_EL0[15:0].
[INFO] [stdout]   |     ^^^ expected one of `.`, `;`, `?`, `}`, or an operator
[INFO] [stdout] 
[INFO] [stdout] error: aborting due to 1 previous error
[INFO] [stdout] 
[INFO] [stdout] Couldn't compile the test.
[INFO] [stdout] ---- src/registers/cntkctl_el1.rs - registers::cntkctl_el1::CNTKCTL_EL1::EVNTEN::Value (line 125) stdout ----
[INFO] [stdout] error: expected one of `.`, `;`, `?`, `}`, or an operator, found `Disables`
[INFO] [stdout]  --> src/registers/cntkctl_el1.rs:126:5
[INFO] [stdout]   |
[INFO] [stdout] 3 | 0b0 Disables the event stream.
[INFO] [stdout]   |     ^^^^^^^^ expected one of `.`, `;`, `?`, `}`, or an operator
[INFO] [stdout] 
[INFO] [stdout] error: aborting due to 1 previous error
[INFO] [stdout] 
[INFO] [stdout] Couldn't compile the test.
[INFO] [stdout] ---- src/registers/cntkctl_el1.rs - registers::cntkctl_el1::CNTKCTL_EL1::EVNTIS (line 28) stdout ----
[INFO] [stdout] error: expected one of `.`, `;`, `?`, `}`, or an operator, found `The`
[INFO] [stdout]  --> src/registers/cntkctl_el1.rs:29:5
[INFO] [stdout]   |
[INFO] [stdout] 3 | 0b0 The CNTKCTL_EL1.EVNTI field applies to CNTVCT_EL0[15:0].
[INFO] [stdout]   |     ^^^ expected one of `.`, `;`, `?`, `}`, or an operator
[INFO] [stdout] 
[INFO] [stdout] error: aborting due to 1 previous error
[INFO] [stdout] 
[INFO] [stdout] Couldn't compile the test.
[INFO] [stdout] ---- src/registers/cntkctl_el1.rs - registers::cntkctl_el1::CNTKCTL_EL1::EVNTEN (line 125) stdout ----
[INFO] [stdout] error: expected one of `.`, `;`, `?`, `}`, or an operator, found `Disables`
[INFO] [stdout]  --> src/registers/cntkctl_el1.rs:126:5
[INFO] [stdout]   |
[INFO] [stdout] 3 | 0b0 Disables the event stream.
[INFO] [stdout]   |     ^^^^^^^^ expected one of `.`, `;`, `?`, `}`, or an operator
[INFO] [stdout] 
[INFO] [stdout] error: aborting due to 1 previous error
[INFO] [stdout] 
[INFO] [stdout] Couldn't compile the test.
[INFO] [stdout] ---- src/registers/esr_el3.rs - registers::esr_el3::ESR_EL3::IL::Value (line 96) stdout ----
[INFO] [stdout] error: binary float literal is not supported
[INFO] [stdout]   --> src/registers/esr_el3.rs:106:44
[INFO] [stdout]    |
[INFO] [stdout] 12 |     - An exception reported using EC value 0b000000.
[INFO] [stdout]    |                                            ^^^^^^^^^
[INFO] [stdout] 
[INFO] [stdout] error: expected one of `.`, `;`, `?`, `}`, or an operator, found `32`
[INFO] [stdout]  --> src/registers/esr_el3.rs:97:5
[INFO] [stdout]   |
[INFO] [stdout] 3 | 0b1 32-bit instruction trapped. This value is also used when the exception is one of the
[INFO] [stdout]   |     ^^ expected one of `.`, `;`, `?`, `}`, or an operator
[INFO] [stdout] 
[INFO] [stdout] error: aborting due to 2 previous errors
[INFO] [stdout] 
[INFO] [stdout] Couldn't compile the test.
[INFO] [stdout] ---- src/registers/esr_el3.rs - registers::esr_el3::ESR_EL3::IL (line 96) stdout ----
[INFO] [stdout] error: binary float literal is not supported
[INFO] [stdout]   --> src/registers/esr_el3.rs:106:44
[INFO] [stdout]    |
[INFO] [stdout] 12 |     - An exception reported using EC value 0b000000.
[INFO] [stdout]    |                                            ^^^^^^^^^
[INFO] [stdout] 
[INFO] [stdout] error: expected one of `.`, `;`, `?`, `}`, or an operator, found `32`
[INFO] [stdout]  --> src/registers/esr_el3.rs:97:5
[INFO] [stdout]   |
[INFO] [stdout] 3 | 0b1 32-bit instruction trapped. This value is also used when the exception is one of the
[INFO] [stdout]   |     ^^ expected one of `.`, `;`, `?`, `}`, or an operator
[INFO] [stdout] 
[INFO] [stdout] error: aborting due to 2 previous errors
[INFO] [stdout] 
[INFO] [stdout] Couldn't compile the test.
[INFO] [stdout] ---- src/registers/sctlr_el3.rs - registers::sctlr_el3::SCTLR_EL3::EIS (line 312) stdout ----
[INFO] [stdout] error: unknown start of token: \u{2022}
[INFO] [stdout]  --> src/registers/sctlr_el3.rs:313:1
[INFO] [stdout]   |
[INFO] [stdout] 3 | • Memory transactions, including instruction fetches, from an Exception level always use the
[INFO] [stdout]   | ^
[INFO] [stdout]   |
[INFO] [stdout] help: Unicode character '•' (Bullet) looks like '.' (Period), but it is not
[INFO] [stdout]   |
[INFO] [stdout] 3 | . Memory transactions, including instruction fetches, from an Exception level always use the
[INFO] [stdout]   | ~
[INFO] [stdout] 
[INFO] [stdout] error: unknown start of token: \u{2022}
[INFO] [stdout]  --> src/registers/sctlr_el3.rs:316:4
[INFO] [stdout]   |
[INFO] [stdout] 6 |    • Exception Catch debug events are synchronous debug events.
[INFO] [stdout]   |    ^
[INFO] [stdout]   |
[INFO] [stdout] help: Unicode character '•' (Bullet) looks like '.' (Period), but it is not
[INFO] [stdout]   |
[INFO] [stdout] 6 |    . Exception Catch debug events are synchronous debug events.
[INFO] [stdout]   |    ~
[INFO] [stdout] 
[INFO] [stdout] error: unknown start of token: \u{2022}
[INFO] [stdout]  --> src/registers/sctlr_el3.rs:318:4
[INFO] [stdout]   |
[INFO] [stdout] 8 |    • DCPS* and DRPS instructions are context synchronization events.
[INFO] [stdout]   |    ^
[INFO] [stdout]   |
[INFO] [stdout] help: Unicode character '•' (Bullet) looks like '.' (Period), but it is not
[INFO] [stdout]   |
[INFO] [stdout] 8 |    . DCPS* and DRPS instructions are context synchronization events.
[INFO] [stdout]   |    ~
[INFO] [stdout] 
[INFO] [stdout] error: unknown start of token: \u{2022}
[INFO] [stdout]   --> src/registers/sctlr_el3.rs:321:4
[INFO] [stdout]    |
[INFO] [stdout] 11 |    • Changes to the PSTATE information on entry to EL3.
[INFO] [stdout]    |    ^
[INFO] [stdout]    |
[INFO] [stdout] help: Unicode character '•' (Bullet) looks like '.' (Period), but it is not
[INFO] [stdout]    |
[INFO] [stdout] 11 |    . Changes to the PSTATE information on entry to EL3.
[INFO] [stdout]    |    ~
[INFO] [stdout] 
[INFO] [stdout] error: unknown start of token: \u{2022}
[INFO] [stdout]   --> src/registers/sctlr_el3.rs:323:4
[INFO] [stdout]    |
[INFO] [stdout] 13 |    • Behavior of accessing the banked copies of the stack pointer using the SP register name for
[INFO] [stdout]    |    ^
[INFO] [stdout]    |
[INFO] [stdout] help: Unicode character '•' (Bullet) looks like '.' (Period), but it is not
[INFO] [stdout]    |
[INFO] [stdout] 13 |    . Behavior of accessing the banked copies of the stack pointer using the SP register name for
[INFO] [stdout]    |    ~
[INFO] [stdout] 
[INFO] [stdout] error: unknown start of token: \u{2022}
[INFO] [stdout]   --> src/registers/sctlr_el3.rs:326:4
[INFO] [stdout]    |
[INFO] [stdout] 16 |    • Debug state exit.
[INFO] [stdout]    |    ^
[INFO] [stdout]    |
[INFO] [stdout] help: Unicode character '•' (Bullet) looks like '.' (Period), but it is not
[INFO] [stdout]    |
[INFO] [stdout] 16 |    . Debug state exit.
[INFO] [stdout]    |    ~
[INFO] [stdout] 
[INFO] [stdout] error: expected expression, found `.`
[INFO] [stdout]  --> src/registers/sctlr_el3.rs:313:1
[INFO] [stdout]   |
[INFO] [stdout] 3 | • Memory transactions, including instruction fetches, from an Exception level always use the
[INFO] [stdout]   | ^ expected expression
[INFO] [stdout] 
[INFO] [stdout] error: aborting due to 7 previous errors
[INFO] [stdout] 
[INFO] [stdout] Couldn't compile the test.
[INFO] [stdout] ---- src/registers/sctlr_el3.rs - registers::sctlr_el3::SCTLR_EL3::EOS (line 447) stdout ----
[INFO] [stdout] error: unknown start of token: \u{2022}
[INFO] [stdout]  --> src/registers/sctlr_el3.rs:448:1
[INFO] [stdout]   |
[INFO] [stdout] 3 | • Exception Catch debug events are synchronous debug events.
[INFO] [stdout]   | ^
[INFO] [stdout]   |
[INFO] [stdout] help: Unicode character '•' (Bullet) looks like '.' (Period), but it is not
[INFO] [stdout]   |
[INFO] [stdout] 3 | . Exception Catch debug events are synchronous debug events.
[INFO] [stdout]   | ~
[INFO] [stdout] 
[INFO] [stdout] error: unknown start of token: \u{2022}
[INFO] [stdout]  --> src/registers/sctlr_el3.rs:450:4
[INFO] [stdout]   |
[INFO] [stdout] 5 |    • DCPS* and DRPS instructions are context synchronization events.
[INFO] [stdout]   |    ^
[INFO] [stdout]   |
[INFO] [stdout] help: Unicode character '•' (Bullet) looks like '.' (Period), but it is not
[INFO] [stdout]   |
[INFO] [stdout] 5 |    . DCPS* and DRPS instructions are context synchronization events.
[INFO] [stdout]   |    ~
[INFO] [stdout] 
[INFO] [stdout] error: unknown start of token: \u{2022}
[INFO] [stdout]  --> src/registers/sctlr_el3.rs:453:4
[INFO] [stdout]   |
[INFO] [stdout] 8 |    • The indirect write of the PSTATE and PC values from SPSR_EL3 and ELR_EL3 on
[INFO] [stdout]   |    ^
[INFO] [stdout]   |
[INFO] [stdout] help: Unicode character '•' (Bullet) looks like '.' (Period), but it is not
[INFO] [stdout]   |
[INFO] [stdout] 8 |    . The indirect write of the PSTATE and PC values from SPSR_EL3 and ELR_EL3 on
[INFO] [stdout]   |    ~
[INFO] [stdout] 
[INFO] [stdout] error: unknown start of token: \u{2022}
[INFO] [stdout]   --> src/registers/sctlr_el3.rs:456:4
[INFO] [stdout]    |
[INFO] [stdout] 11 |    • If the PE enters Debug state before the first instruction after an Exception return from EL3
[INFO] [stdout]    |    ^
[INFO] [stdout]    |
[INFO] [stdout] help: Unicode character '•' (Bullet) looks like '.' (Period), but it is not
[INFO] [stdout]    |
[INFO] [stdout] 11 |    . If the PE enters Debug state before the first instruction after an Exception return from EL3
[INFO] [stdout]    |    ~
[INFO] [stdout] 
[INFO] [stdout] error: unknown start of token: \u{2022}
[INFO] [stdout]   --> src/registers/sctlr_el3.rs:459:4
[INFO] [stdout]    |
[INFO] [stdout] 14 |    • The GIC behavior that allocates interrupts to FIQ or IRQ changes simultaneously with
[INFO] [stdout]    |    ^
[INFO] [stdout]    |
[INFO] [stdout] help: Unicode character '•' (Bullet) looks like '.' (Period), but it is not
[INFO] [stdout]    |
[INFO] [stdout] 14 |    . The GIC behavior that allocates interrupts to FIQ or IRQ changes simultaneously with
[INFO] [stdout]    |    ~
[INFO] [stdout] 
[INFO] [stdout] error: unknown start of token: \u{2022}
[INFO] [stdout]   --> src/registers/sctlr_el3.rs:462:4
[INFO] [stdout]    |
[INFO] [stdout] 17 |    • Behavior of accessing the banked copies of the stack pointer using the SP register name for
[INFO] [stdout]    |    ^
[INFO] [stdout]    |
[INFO] [stdout] help: Unicode character '•' (Bullet) looks like '.' (Period), but it is not
[INFO] [stdout]    |
[INFO] [stdout] 17 |    . Behavior of accessing the banked copies of the stack pointer using the SP register name for
[INFO] [stdout]    |    ~
[INFO] [stdout] 
[INFO] [stdout] error: unknown start of token: \u{2022}
[INFO] [stdout]   --> src/registers/sctlr_el3.rs:465:4
[INFO] [stdout]    |
[INFO] [stdout] 20 |    • Exit from Debug state.
[INFO] [stdout]    |    ^
[INFO] [stdout]    |
[INFO] [stdout] help: Unicode character '•' (Bullet) looks like '.' (Period), but it is not
[INFO] [stdout]    |
[INFO] [stdout] 20 |    . Exit from Debug state.
[INFO] [stdout]    |    ~
[INFO] [stdout] 
[INFO] [stdout] error: expected expression, found `.`
[INFO] [stdout]  --> src/registers/sctlr_el3.rs:448:1
[INFO] [stdout]   |
[INFO] [stdout] 3 | • Exception Catch debug events are synchronous debug events.
[INFO] [stdout]   | ^ expected expression
[INFO] [stdout] 
[INFO] [stdout] error: aborting due to 8 previous errors
[INFO] [stdout] 
[INFO] [stdout] Couldn't compile the test.
[INFO] [stdout] ---- src/registers/sctlr_el3.rs - registers::sctlr_el3::SCTLR_EL3::I (line 415) stdout ----
[INFO] [stdout] error: expected one of `!`, `.`, `::`, `;`, `?`, `{`, `}`, or an operator, found `the`
[INFO] [stdout]  --> src/registers/sctlr_el3.rs:416:4
[INFO] [stdout]   |
[INFO] [stdout] 3 | If the value of SCTLR_EL3.M is 0, instruction accesses from stage 1 of the EL3
[INFO] [stdout]   |    ^^^ expected one of 8 possible tokens
[INFO] [stdout]   |
[INFO] [stdout] help: write keyword `if` in lowercase (notice the capitalization difference)
[INFO] [stdout]   |
[INFO] [stdout] 3 | if the value of SCTLR_EL3.M is 0, instruction accesses from stage 1 of the EL3
[INFO] [stdout]   | ~~
[INFO] [stdout] 
[INFO] [stdout] error: aborting due to 1 previous error
[INFO] [stdout] 
[INFO] [stdout] Couldn't compile the test.
[INFO] [stdout] ---- src/registers/sctlr_el3.rs - registers::sctlr_el3::SCTLR_EL3::EOS::Value (line 447) stdout ----
[INFO] [stdout] error: unknown start of token: \u{2022}
[INFO] [stdout]  --> src/registers/sctlr_el3.rs:448:1
[INFO] [stdout]   |
[INFO] [stdout] 3 | • Exception Catch debug events are synchronous debug events.
[INFO] [stdout]   | ^
[INFO] [stdout]   |
[INFO] [stdout] help: Unicode character '•' (Bullet) looks like '.' (Period), but it is not
[INFO] [stdout]   |
[INFO] [stdout] 3 | . Exception Catch debug events are synchronous debug events.
[INFO] [stdout]   | ~
[INFO] [stdout] 
[INFO] [stdout] error: unknown start of token: \u{2022}
[INFO] [stdout]  --> src/registers/sctlr_el3.rs:450:4
[INFO] [stdout]   |
[INFO] [stdout] 5 |    • DCPS* and DRPS instructions are context synchronization events.
[INFO] [stdout]   |    ^
[INFO] [stdout]   |
[INFO] [stdout] help: Unicode character '•' (Bullet) looks like '.' (Period), but it is not
[INFO] [stdout]   |
[INFO] [stdout] 5 |    . DCPS* and DRPS instructions are context synchronization events.
[INFO] [stdout]   |    ~
[INFO] [stdout] 
[INFO] [stdout] error: unknown start of token: \u{2022}
[INFO] [stdout]  --> src/registers/sctlr_el3.rs:453:4
[INFO] [stdout]   |
[INFO] [stdout] 8 |    • The indirect write of the PSTATE and PC values from SPSR_EL3 and ELR_EL3 on
[INFO] [stdout]   |    ^
[INFO] [stdout]   |
[INFO] [stdout] help: Unicode character '•' (Bullet) looks like '.' (Period), but it is not
[INFO] [stdout]   |
[INFO] [stdout] 8 |    . The indirect write of the PSTATE and PC values from SPSR_EL3 and ELR_EL3 on
[INFO] [stdout]   |    ~
[INFO] [stdout] 
[INFO] [stdout] error: unknown start of token: \u{2022}
[INFO] [stdout]   --> src/registers/sctlr_el3.rs:456:4
[INFO] [stdout]    |
[INFO] [stdout] 11 |    • If the PE enters Debug state before the first instruction after an Exception return from EL3
[INFO] [stdout]    |    ^
[INFO] [stdout]    |
[INFO] [stdout] help: Unicode character '•' (Bullet) looks like '.' (Period), but it is not
[INFO] [stdout]    |
[INFO] [stdout] 11 |    . If the PE enters Debug state before the first instruction after an Exception return from EL3
[INFO] [stdout]    |    ~
[INFO] [stdout] 
[INFO] [stdout] error: unknown start of token: \u{2022}
[INFO] [stdout]   --> src/registers/sctlr_el3.rs:459:4
[INFO] [stdout]    |
[INFO] [stdout] 14 |    • The GIC behavior that allocates interrupts to FIQ or IRQ changes simultaneously with
[INFO] [stdout]    |    ^
[INFO] [stdout]    |
[INFO] [stdout] help: Unicode character '•' (Bullet) looks like '.' (Period), but it is not
[INFO] [stdout]    |
[INFO] [stdout] 14 |    . The GIC behavior that allocates interrupts to FIQ or IRQ changes simultaneously with
[INFO] [stdout]    |    ~
[INFO] [stdout] 
[INFO] [stdout] error: unknown start of token: \u{2022}
[INFO] [stdout]   --> src/registers/sctlr_el3.rs:462:4
[INFO] [stdout]    |
[INFO] [stdout] 17 |    • Behavior of accessing the banked copies of the stack pointer using the SP register name for
[INFO] [stdout]    |    ^
[INFO] [stdout]    |
[INFO] [stdout] help: Unicode character '•' (Bullet) looks like '.' (Period), but it is not
[INFO] [stdout]    |
[INFO] [stdout] 17 |    . Behavior of accessing the banked copies of the stack pointer using the SP register name for
[INFO] [stdout]    |    ~
[INFO] [stdout] 
[INFO] [stdout] error: unknown start of token: \u{2022}
[INFO] [stdout]   --> src/registers/sctlr_el3.rs:465:4
[INFO] [stdout]    |
[INFO] [stdout] 20 |    • Exit from Debug state.
[INFO] [stdout]    |    ^
[INFO] [stdout]    |
[INFO] [stdout] help: Unicode character '•' (Bullet) looks like '.' (Period), but it is not
[INFO] [stdout]    |
[INFO] [stdout] 20 |    . Exit from Debug state.
[INFO] [stdout]    |    ~
[INFO] [stdout] 
[INFO] [stdout] error: expected expression, found `.`
[INFO] [stdout]  --> src/registers/sctlr_el3.rs:448:1
[INFO] [stdout]   |
[INFO] [stdout] 3 | • Exception Catch debug events are synchronous debug events.
[INFO] [stdout]   | ^ expected expression
[INFO] [stdout] 
[INFO] [stdout] error: aborting due to 8 previous errors
[INFO] [stdout] 
[INFO] [stdout] Couldn't compile the test.
[INFO] [stdout] ---- src/registers/sctlr_el3.rs - registers::sctlr_el3::SCTLR_EL3::EIS::Value (line 312) stdout ----
[INFO] [stdout] error: unknown start of token: \u{2022}
[INFO] [stdout]  --> src/registers/sctlr_el3.rs:313:1
[INFO] [stdout]   |
[INFO] [stdout] 3 | • Memory transactions, including instruction fetches, from an Exception level always use the
[INFO] [stdout]   | ^
[INFO] [stdout]   |
[INFO] [stdout] help: Unicode character '•' (Bullet) looks like '.' (Period), but it is not
[INFO] [stdout]   |
[INFO] [stdout] 3 | . Memory transactions, including instruction fetches, from an Exception level always use the
[INFO] [stdout]   | ~
[INFO] [stdout] 
[INFO] [stdout] error: unknown start of token: \u{2022}
[INFO] [stdout]  --> src/registers/sctlr_el3.rs:316:4
[INFO] [stdout]   |
[INFO] [stdout] 6 |    • Exception Catch debug events are synchronous debug events.
[INFO] [stdout]   |    ^
[INFO] [stdout]   |
[INFO] [stdout] help: Unicode character '•' (Bullet) looks like '.' (Period), but it is not
[INFO] [stdout]   |
[INFO] [stdout] 6 |    . Exception Catch debug events are synchronous debug events.
[INFO] [stdout]   |    ~
[INFO] [stdout] 
[INFO] [stdout] error: unknown start of token: \u{2022}
[INFO] [stdout]  --> src/registers/sctlr_el3.rs:318:4
[INFO] [stdout]   |
[INFO] [stdout] 8 |    • DCPS* and DRPS instructions are context synchronization events.
[INFO] [stdout]   |    ^
[INFO] [stdout]   |
[INFO] [stdout] help: Unicode character '•' (Bullet) looks like '.' (Period), but it is not
[INFO] [stdout]   |
[INFO] [stdout] 8 |    . DCPS* and DRPS instructions are context synchronization events.
[INFO] [stdout]   |    ~
[INFO] [stdout] 
[INFO] [stdout] error: unknown start of token: \u{2022}
[INFO] [stdout]   --> src/registers/sctlr_el3.rs:321:4
[INFO] [stdout]    |
[INFO] [stdout] 11 |    • Changes to the PSTATE information on entry to EL3.
[INFO] [stdout]    |    ^
[INFO] [stdout]    |
[INFO] [stdout] help: Unicode character '•' (Bullet) looks like '.' (Period), but it is not
[INFO] [stdout]    |
[INFO] [stdout] 11 |    . Changes to the PSTATE information on entry to EL3.
[INFO] [stdout]    |    ~
[INFO] [stdout] 
[INFO] [stdout] error: unknown start of token: \u{2022}
[INFO] [stdout]   --> src/registers/sctlr_el3.rs:323:4
[INFO] [stdout]    |
[INFO] [stdout] 13 |    • Behavior of accessing the banked copies of the stack pointer using the SP register name for
[INFO] [stdout]    |    ^
[INFO] [stdout]    |
[INFO] [stdout] help: Unicode character '•' (Bullet) looks like '.' (Period), but it is not
[INFO] [stdout]    |
[INFO] [stdout] 13 |    . Behavior of accessing the banked copies of the stack pointer using the SP register name for
[INFO] [stdout]    |    ~
[INFO] [stdout] 
[INFO] [stdout] error: unknown start of token: \u{2022}
[INFO] [stdout]   --> src/registers/sctlr_el3.rs:326:4
[INFO] [stdout]    |
[INFO] [stdout] 16 |    • Debug state exit.
[INFO] [stdout]    |    ^
[INFO] [stdout]    |
[INFO] [stdout] help: Unicode character '•' (Bullet) looks like '.' (Period), but it is not
[INFO] [stdout]    |
[INFO] [stdout] 16 |    . Debug state exit.
[INFO] [stdout]    |    ~
[INFO] [stdout] 
[INFO] [stdout] error: expected expression, found `.`
[INFO] [stdout]  --> src/registers/sctlr_el3.rs:313:1
[INFO] [stdout]   |
[INFO] [stdout] 3 | • Memory transactions, including instruction fetches, from an Exception level always use the
[INFO] [stdout]   | ^ expected expression
[INFO] [stdout] 
[INFO] [stdout] error: aborting due to 7 previous errors
[INFO] [stdout] 
[INFO] [stdout] Couldn't compile the test.
[INFO] [stdout] ---- src/registers/sctlr_el3.rs - registers::sctlr_el3::SCTLR_EL3::I (line 422) stdout ----
[INFO] [stdout] error: expected one of `!`, `.`, `::`, `;`, `?`, `{`, `}`, or an operator, found `the`
[INFO] [stdout]  --> src/registers/sctlr_el3.rs:423:4
[INFO] [stdout]   |
[INFO] [stdout] 3 | If the value of SCTLR_EL3.M is 0, instruction accesses from stage 1 of the EL3
[INFO] [stdout]   |    ^^^ expected one of 8 possible tokens
[INFO] [stdout]   |
[INFO] [stdout] help: write keyword `if` in lowercase (notice the capitalization difference)
[INFO] [stdout]   |
[INFO] [stdout] 3 | if the value of SCTLR_EL3.M is 0, instruction accesses from stage 1 of the EL3
[INFO] [stdout]   | ~~
[INFO] [stdout] 
[INFO] [stdout] error: aborting due to 1 previous error
[INFO] [stdout] 
[INFO] [stdout] Couldn't compile the test.
[INFO] [stdout] ---- src/registers/sctlr_el3.rs - registers::sctlr_el3::SCTLR_EL3::I::Value (line 415) stdout ----
[INFO] [stdout] error: expected one of `!`, `.`, `::`, `;`, `?`, `{`, `}`, or an operator, found `the`
[INFO] [stdout]  --> src/registers/sctlr_el3.rs:416:4
[INFO] [stdout]   |
[INFO] [stdout] 3 | If the value of SCTLR_EL3.M is 0, instruction accesses from stage 1 of the EL3
[INFO] [stdout]   |    ^^^ expected one of 8 possible tokens
[INFO] [stdout]   |
[INFO] [stdout] help: write keyword `if` in lowercase (notice the capitalization difference)
[INFO] [stdout]   |
[INFO] [stdout] 3 | if the value of SCTLR_EL3.M is 0, instruction accesses from stage 1 of the EL3
[INFO] [stdout]   | ~~
[INFO] [stdout] 
[INFO] [stdout] error: aborting due to 1 previous error
[INFO] [stdout] 
[INFO] [stdout] Couldn't compile the test.
[INFO] [stdout] ---- src/registers/sctlr_el3.rs - registers::sctlr_el3::SCTLR_EL3::IESB (line 343) stdout ----
[INFO] [stdout] error: unknown start of token: \u{2022}
[INFO] [stdout]  --> src/registers/sctlr_el3.rs:344:1
[INFO] [stdout]   |
[INFO] [stdout] 3 | • At each exception taken to EL3.
[INFO] [stdout]   | ^
[INFO] [stdout]   |
[INFO] [stdout] help: Unicode character '•' (Bullet) looks like '.' (Period), but it is not
[INFO] [stdout]   |
[INFO] [stdout] 3 | . At each exception taken to EL3.
[INFO] [stdout]   | ~
[INFO] [stdout] 
[INFO] [stdout] error: unknown start of token: \u{2022}
[INFO] [stdout]  --> src/registers/sctlr_el3.rs:346:4
[INFO] [stdout]   |
[INFO] [stdout] 5 |    • Before the operational pseudocode of each ERET instruction executed at EL3.
[INFO] [stdout]   |    ^
[INFO] [stdout]   |
[INFO] [stdout] help: Unicode character '•' (Bullet) looks like '.' (Period), but it is not
[INFO] [stdout]   |
[INFO] [stdout] 5 |    . Before the operational pseudocode of each ERET instruction executed at EL3.
[INFO] [stdout]   |    ~
[INFO] [stdout] 
[INFO] [stdout] error: expected expression, found `.`
[INFO] [stdout]  --> src/registers/sctlr_el3.rs:344:1
[INFO] [stdout]   |
[INFO] [stdout] 3 | • At each exception taken to EL3.
[INFO] [stdout]   | ^ expected expression
[INFO] [stdout] 
[INFO] [stdout] error: aborting due to 3 previous errors
[INFO] [stdout] 
[INFO] [stdout] Couldn't compile the test.
[INFO] [stdout] ---- src/registers/sctlr_el3.rs - registers::sctlr_el3::SCTLR_EL3::I::Value (line 422) stdout ----
[INFO] [stdout] error: expected one of `!`, `.`, `::`, `;`, `?`, `{`, `}`, or an operator, found `the`
[INFO] [stdout]  --> src/registers/sctlr_el3.rs:423:4
[INFO] [stdout]   |
[INFO] [stdout] 3 | If the value of SCTLR_EL3.M is 0, instruction accesses from stage 1 of the EL3
[INFO] [stdout]   |    ^^^ expected one of 8 possible tokens
[INFO] [stdout]   |
[INFO] [stdout] help: write keyword `if` in lowercase (notice the capitalization difference)
[INFO] [stdout]   |
[INFO] [stdout] 3 | if the value of SCTLR_EL3.M is 0, instruction accesses from stage 1 of the EL3
[INFO] [stdout]   | ~~
[INFO] [stdout] 
[INFO] [stdout] error: aborting due to 1 previous error
[INFO] [stdout] 
[INFO] [stdout] Couldn't compile the test.
[INFO] [stdout] ---- src/registers/sctlr_el3.rs - registers::sctlr_el3::SCTLR_EL3::nAA (line 480) stdout ----
[INFO] [stdout] error: unknown start of token: \u{2022}
[INFO] [stdout]  --> src/registers/sctlr_el3.rs:481:1
[INFO] [stdout]   |
[INFO] [stdout] 3 | • LDAPR, LDAPRH, LDAPUR, LDAPURH, LDAPURSH, LDAPURSW, LDAR, LDARH,
[INFO] [stdout]   | ^
[INFO] [stdout]   |
[INFO] [stdout] help: Unicode character '•' (Bullet) looks like '.' (Period), but it is not
[INFO] [stdout]   |
[INFO] [stdout] 3 | . LDAPR, LDAPRH, LDAPUR, LDAPURH, LDAPURSH, LDAPURSW, LDAR, LDARH,
[INFO] [stdout]   | ~
[INFO] [stdout] 
[INFO] [stdout] error: unknown start of token: \u{2022}
[INFO] [stdout]  --> src/registers/sctlr_el3.rs:484:4
[INFO] [stdout]   |
[INFO] [stdout] 6 |    • STLLR, STLLRH, STLR, STLRH, STLUR, and STLURH
[INFO] [stdout]   |    ^
[INFO] [stdout]   |
[INFO] [stdout] help: Unicode character '•' (Bullet) looks like '.' (Period), but it is not
[INFO] [stdout]   |
[INFO] [stdout] 6 |    . STLLR, STLLRH, STLR, STLRH, STLUR, and STLURH
[INFO] [stdout]   |    ~
[INFO] [stdout] 
[INFO] [stdout] error: expected expression, found `.`
[INFO] [stdout]  --> src/registers/sctlr_el3.rs:481:1
[INFO] [stdout]   |
[INFO] [stdout] 3 | • LDAPR, LDAPRH, LDAPUR, LDAPURH, LDAPURSH, LDAPURSW, LDAR, LDARH,
[INFO] [stdout]   | ^ expected expression
[INFO] [stdout] 
[INFO] [stdout] error: aborting due to 3 previous errors
[INFO] [stdout] 
[INFO] [stdout] Couldn't compile the test.
[INFO] [stdout] ---- src/registers/sctlr_el3.rs - registers::sctlr_el3::SCTLR_EL3::nAA::Value (line 480) stdout ----
[INFO] [stdout] error: unknown start of token: \u{2022}
[INFO] [stdout]  --> src/registers/sctlr_el3.rs:481:1
[INFO] [stdout]   |
[INFO] [stdout] 3 | • LDAPR, LDAPRH, LDAPUR, LDAPURH, LDAPURSH, LDAPURSW, LDAR, LDARH,
[INFO] [stdout]   | ^
[INFO] [stdout]   |
[INFO] [stdout] help: Unicode character '•' (Bullet) looks like '.' (Period), but it is not
[INFO] [stdout]   |
[INFO] [stdout] 3 | . LDAPR, LDAPRH, LDAPUR, LDAPURH, LDAPURSH, LDAPURSW, LDAR, LDARH,
[INFO] [stdout]   | ~
[INFO] [stdout] 
[INFO] [stdout] error: unknown start of token: \u{2022}
[INFO] [stdout]  --> src/registers/sctlr_el3.rs:484:4
[INFO] [stdout]   |
[INFO] [stdout] 6 |    • STLLR, STLLRH, STLR, STLRH, STLUR, and STLURH
[INFO] [stdout]   |    ^
[INFO] [stdout]   |
[INFO] [stdout] help: Unicode character '•' (Bullet) looks like '.' (Period), but it is not
[INFO] [stdout]   |
[INFO] [stdout] 6 |    . STLLR, STLLRH, STLR, STLRH, STLUR, and STLURH
[INFO] [stdout]   |    ~
[INFO] [stdout] 
[INFO] [stdout] error: expected expression, found `.`
[INFO] [stdout]  --> src/registers/sctlr_el3.rs:481:1
[INFO] [stdout]   |
[INFO] [stdout] 3 | • LDAPR, LDAPRH, LDAPUR, LDAPURH, LDAPURSH, LDAPURSW, LDAR, LDARH,
[INFO] [stdout]   | ^ expected expression
[INFO] [stdout] 
[INFO] [stdout] error: aborting due to 3 previous errors
[INFO] [stdout] 
[INFO] [stdout] Couldn't compile the test.
[INFO] [stdout] ---- src/registers/sctlr_el3.rs - registers::sctlr_el3::SCTLR_EL3::IESB::Value (line 343) stdout ----
[INFO] [stdout] error: unknown start of token: \u{2022}
[INFO] [stdout]  --> src/registers/sctlr_el3.rs:344:1
[INFO] [stdout]   |
[INFO] [stdout] 3 | • At each exception taken to EL3.
[INFO] [stdout]   | ^
[INFO] [stdout]   |
[INFO] [stdout] help: Unicode character '•' (Bullet) looks like '.' (Period), but it is not
[INFO] [stdout]   |
[INFO] [stdout] 3 | . At each exception taken to EL3.
[INFO] [stdout]   | ~
[INFO] [stdout] 
[INFO] [stdout] error: unknown start of token: \u{2022}
[INFO] [stdout]  --> src/registers/sctlr_el3.rs:346:4
[INFO] [stdout]   |
[INFO] [stdout] 5 |    • Before the operational pseudocode of each ERET instruction executed at EL3.
[INFO] [stdout]   |    ^
[INFO] [stdout]   |
[INFO] [stdout] help: Unicode character '•' (Bullet) looks like '.' (Period), but it is not
[INFO] [stdout]   |
[INFO] [stdout] 5 |    . Before the operational pseudocode of each ERET instruction executed at EL3.
[INFO] [stdout]   |    ~
[INFO] [stdout] 
[INFO] [stdout] error: expected expression, found `.`
[INFO] [stdout]  --> src/registers/sctlr_el3.rs:344:1
[INFO] [stdout]   |
[INFO] [stdout] 3 | • At each exception taken to EL3.
[INFO] [stdout]   | ^ expected expression
[INFO] [stdout] 
[INFO] [stdout] error: aborting due to 3 previous errors
[INFO] [stdout] 
[INFO] [stdout] Couldn't compile the test.
[INFO] [stdout] 
[INFO] [stdout] failures:
[INFO] [stdout]     src/registers/cntkctl_el1.rs - registers::cntkctl_el1::CNTKCTL_EL1::EL0VTEN (line 74)
[INFO] [stdout]     src/registers/cntkctl_el1.rs - registers::cntkctl_el1::CNTKCTL_EL1::EL0VTEN (line 80)
[INFO] [stdout]     src/registers/cntkctl_el1.rs - registers::cntkctl_el1::CNTKCTL_EL1::EL0VTEN::Value (line 74)
[INFO] [stdout]     src/registers/cntkctl_el1.rs - registers::cntkctl_el1::CNTKCTL_EL1::EL0VTEN::Value (line 80)
[INFO] [stdout]     src/registers/cntkctl_el1.rs - registers::cntkctl_el1::CNTKCTL_EL1::EVNTDIR (line 111)
[INFO] [stdout]     src/registers/cntkctl_el1.rs - registers::cntkctl_el1::CNTKCTL_EL1::EVNTDIR::Value (line 111)
[INFO] [stdout]     src/registers/cntkctl_el1.rs - registers::cntkctl_el1::CNTKCTL_EL1::EVNTEN (line 125)
[INFO] [stdout]     src/registers/cntkctl_el1.rs - registers::cntkctl_el1::CNTKCTL_EL1::EVNTEN::Value (line 125)
[INFO] [stdout]     src/registers/cntkctl_el1.rs - registers::cntkctl_el1::CNTKCTL_EL1::EVNTIS (line 28)
[INFO] [stdout]     src/registers/cntkctl_el1.rs - registers::cntkctl_el1::CNTKCTL_EL1::EVNTIS::Value (line 28)
[INFO] [stdout]     src/registers/esr_el3.rs - registers::esr_el3::ESR_EL3::IL (line 96)
[INFO] [stdout]     src/registers/esr_el3.rs - registers::esr_el3::ESR_EL3::IL::Value (line 96)
[INFO] [stdout]     src/registers/sctlr_el3.rs - registers::sctlr_el3::SCTLR_EL3::EIS (line 312)
[INFO] [stdout]     src/registers/sctlr_el3.rs - registers::sctlr_el3::SCTLR_EL3::EIS::Value (line 312)
[INFO] [stdout]     src/registers/sctlr_el3.rs - registers::sctlr_el3::SCTLR_EL3::EOS (line 447)
[INFO] [stdout]     src/registers/sctlr_el3.rs - registers::sctlr_el3::SCTLR_EL3::EOS::Value (line 447)
[INFO] [stdout]     src/registers/sctlr_el3.rs - registers::sctlr_el3::SCTLR_EL3::I (line 415)
[INFO] [stdout]     src/registers/sctlr_el3.rs - registers::sctlr_el3::SCTLR_EL3::I (line 422)
[INFO] [stdout]     src/registers/sctlr_el3.rs - registers::sctlr_el3::SCTLR_EL3::I::Value (line 415)
[INFO] [stdout]     src/registers/sctlr_el3.rs - registers::sctlr_el3::SCTLR_EL3::I::Value (line 422)
[INFO] [stdout]     src/registers/sctlr_el3.rs - registers::sctlr_el3::SCTLR_EL3::IESB (line 343)
[INFO] [stdout]     src/registers/sctlr_el3.rs - registers::sctlr_el3::SCTLR_EL3::IESB::Value (line 343)
[INFO] [stdout]     src/registers/sctlr_el3.rs - registers::sctlr_el3::SCTLR_EL3::nAA (line 480)
[INFO] [stdout]     src/registers/sctlr_el3.rs - registers::sctlr_el3::SCTLR_EL3::nAA::Value (line 480)
[INFO] [stdout] 
[INFO] [stdout] test result: FAILED. 2 passed; 24 failed; 0 ignored; 0 measured; 0 filtered out; finished in 1.06s
[INFO] [stdout] 
[INFO] [stderr] error: doctest failed, to rerun pass `--doc`
[INFO] running `Command { std: "docker" "inspect" "dff53912cd007157295a8e83d7ef3551ada696bb5e8e4cb0dc924809a25746ba", kill_on_drop: false }`
[INFO] running `Command { std: "docker" "rm" "-f" "dff53912cd007157295a8e83d7ef3551ada696bb5e8e4cb0dc924809a25746ba", kill_on_drop: false }`
[INFO] [stdout] dff53912cd007157295a8e83d7ef3551ada696bb5e8e4cb0dc924809a25746ba
