[INFO] fetching crate aa-name 0.1.4...
[INFO] testing aa-name-0.1.4 against beta-2024-12-08 for beta-1.84.0-4-retry
[INFO] extracting crate aa-name 0.1.4 into /workspace/builds/worker-2-tc2/source
[INFO] validating manifest of crates.io crate aa-name 0.1.4 on toolchain beta-2024-12-08
[INFO] running `Command { std: CARGO_HOME="/workspace/cargo-home" RUSTUP_HOME="/workspace/rustup-home" "/workspace/cargo-home/bin/cargo" "+beta-2024-12-08" "metadata" "--manifest-path" "Cargo.toml" "--no-deps", kill_on_drop: false }`
[INFO] started tweaking crates.io crate aa-name 0.1.4
[INFO] finished tweaking crates.io crate aa-name 0.1.4
[INFO] tweaked toml for crates.io crate aa-name 0.1.4 written to /workspace/builds/worker-2-tc2/source/Cargo.toml
[INFO] running `Command { std: CARGO_HOME="/workspace/cargo-home" RUSTUP_HOME="/workspace/rustup-home" "/workspace/cargo-home/bin/cargo" "+beta-2024-12-08" "generate-lockfile" "--manifest-path" "Cargo.toml", kill_on_drop: false }`
[INFO] [stderr]     Updating crates.io index
[INFO] [stderr]      Locking 6 packages to latest compatible versions
[INFO] [stderr]       Adding thiserror v1.0.69 (available: v2.0.7)
[INFO] running `Command { std: CARGO_HOME="/workspace/cargo-home" RUSTUP_HOME="/workspace/rustup-home" "/workspace/cargo-home/bin/cargo" "+beta-2024-12-08" "fetch" "--manifest-path" "Cargo.toml", kill_on_drop: false }`
[INFO] running `Command { std: "docker" "create" "-v" "/var/lib/crater-agent-workspace/builds/worker-2-tc2/target:/opt/rustwide/target:rw,Z" "-v" "/var/lib/crater-agent-workspace/builds/worker-2-tc2/source:/opt/rustwide/workdir:ro,Z" "-v" "/var/lib/crater-agent-workspace/cargo-home:/opt/rustwide/cargo-home:ro,Z" "-v" "/var/lib/crater-agent-workspace/rustup-home:/opt/rustwide/rustup-home:ro,Z" "-e" "SOURCE_DIR=/opt/rustwide/workdir" "-e" "CARGO_TARGET_DIR=/opt/rustwide/target" "-e" "CARGO_HOME=/opt/rustwide/cargo-home" "-e" "RUSTUP_HOME=/opt/rustwide/rustup-home" "-w" "/opt/rustwide/workdir" "-m" "1610612736" "--user" "0:0" "--network" "none" "ghcr.io/rust-lang/crates-build-env/linux@sha256:f3a9d4ad9d972b27faf3965f35b62e55ba32bbce8f20bc8fe909558a86702fde" "/opt/rustwide/cargo-home/bin/cargo" "+beta-2024-12-08" "metadata" "--no-deps" "--format-version=1", kill_on_drop: false }`
[INFO] [stdout] ebe767c7c703f5938404ce585edabdb8dc8d0ed6729f1bc197b1f76ca85e27b4
[INFO] running `Command { std: "docker" "start" "-a" "ebe767c7c703f5938404ce585edabdb8dc8d0ed6729f1bc197b1f76ca85e27b4", kill_on_drop: false }`
[INFO] running `Command { std: "docker" "inspect" "ebe767c7c703f5938404ce585edabdb8dc8d0ed6729f1bc197b1f76ca85e27b4", kill_on_drop: false }`
[INFO] running `Command { std: "docker" "rm" "-f" "ebe767c7c703f5938404ce585edabdb8dc8d0ed6729f1bc197b1f76ca85e27b4", kill_on_drop: false }`
[INFO] [stdout] ebe767c7c703f5938404ce585edabdb8dc8d0ed6729f1bc197b1f76ca85e27b4
[INFO] running `Command { std: "docker" "create" "-v" "/var/lib/crater-agent-workspace/builds/worker-2-tc2/target:/opt/rustwide/target:rw,Z" "-v" "/var/lib/crater-agent-workspace/builds/worker-2-tc2/source:/opt/rustwide/workdir:ro,Z" "-v" "/var/lib/crater-agent-workspace/cargo-home:/opt/rustwide/cargo-home:ro,Z" "-v" "/var/lib/crater-agent-workspace/rustup-home:/opt/rustwide/rustup-home:ro,Z" "-e" "SOURCE_DIR=/opt/rustwide/workdir" "-e" "CARGO_TARGET_DIR=/opt/rustwide/target" "-e" "CARGO_INCREMENTAL=0" "-e" "RUST_BACKTRACE=full" "-e" "RUSTFLAGS=--cap-lints=warn" "-e" "RUSTDOCFLAGS=--cap-lints=warn" "-e" "CARGO_HOME=/opt/rustwide/cargo-home" "-e" "RUSTUP_HOME=/opt/rustwide/rustup-home" "-w" "/opt/rustwide/workdir" "-m" "1610612736" "--user" "0:0" "--network" "none" "ghcr.io/rust-lang/crates-build-env/linux@sha256:f3a9d4ad9d972b27faf3965f35b62e55ba32bbce8f20bc8fe909558a86702fde" "/opt/rustwide/cargo-home/bin/cargo" "+beta-2024-12-08" "build" "--frozen" "--message-format=json", kill_on_drop: false }`
[INFO] [stdout] 28c168780de6731fbbd415793f56f718950f3a353f477b451affde48e52ad44a
[INFO] running `Command { std: "docker" "start" "-a" "28c168780de6731fbbd415793f56f718950f3a353f477b451affde48e52ad44a", kill_on_drop: false }`
[INFO] [stderr]    Compiling proc-macro2 v1.0.92
[INFO] [stderr]    Compiling unicode-ident v1.0.14
[INFO] [stderr]    Compiling thiserror v1.0.69
[INFO] [stderr]    Compiling quote v1.0.37
[INFO] [stderr]    Compiling syn v2.0.90
[INFO] [stderr]    Compiling thiserror-impl v1.0.69
[INFO] [stderr]    Compiling aa-name v0.1.4 (/opt/rustwide/workdir)
[INFO] [stderr]     Finished `dev` profile [unoptimized + debuginfo] target(s) in 6.02s
[INFO] running `Command { std: "docker" "inspect" "28c168780de6731fbbd415793f56f718950f3a353f477b451affde48e52ad44a", kill_on_drop: false }`
[INFO] running `Command { std: "docker" "rm" "-f" "28c168780de6731fbbd415793f56f718950f3a353f477b451affde48e52ad44a", kill_on_drop: false }`
[INFO] [stdout] 28c168780de6731fbbd415793f56f718950f3a353f477b451affde48e52ad44a
[INFO] running `Command { std: "docker" "create" "-v" "/var/lib/crater-agent-workspace/builds/worker-2-tc2/target:/opt/rustwide/target:rw,Z" "-v" "/var/lib/crater-agent-workspace/builds/worker-2-tc2/source:/opt/rustwide/workdir:ro,Z" "-v" "/var/lib/crater-agent-workspace/cargo-home:/opt/rustwide/cargo-home:ro,Z" "-v" "/var/lib/crater-agent-workspace/rustup-home:/opt/rustwide/rustup-home:ro,Z" "-e" "SOURCE_DIR=/opt/rustwide/workdir" "-e" "CARGO_TARGET_DIR=/opt/rustwide/target" "-e" "CARGO_INCREMENTAL=0" "-e" "RUST_BACKTRACE=full" "-e" "RUSTFLAGS=--cap-lints=warn" "-e" "RUSTDOCFLAGS=--cap-lints=warn" "-e" "CARGO_HOME=/opt/rustwide/cargo-home" "-e" "RUSTUP_HOME=/opt/rustwide/rustup-home" "-w" "/opt/rustwide/workdir" "-m" "1610612736" "--user" "0:0" "--network" "none" "ghcr.io/rust-lang/crates-build-env/linux@sha256:f3a9d4ad9d972b27faf3965f35b62e55ba32bbce8f20bc8fe909558a86702fde" "/opt/rustwide/cargo-home/bin/cargo" "+beta-2024-12-08" "test" "--frozen" "--no-run" "--message-format=json", kill_on_drop: false }`
[INFO] [stdout] c3dab0fe4be2bfcdda601ec592ea2f15f23e9dc7d71d6b2943bf94177abf4185
[INFO] running `Command { std: "docker" "start" "-a" "c3dab0fe4be2bfcdda601ec592ea2f15f23e9dc7d71d6b2943bf94177abf4185", kill_on_drop: false }`
[INFO] [stderr]    Compiling aa-name v0.1.4 (/opt/rustwide/workdir)
[INFO] [stderr]     Finished `test` profile [unoptimized + debuginfo] target(s) in 0.47s
[INFO] running `Command { std: "docker" "inspect" "c3dab0fe4be2bfcdda601ec592ea2f15f23e9dc7d71d6b2943bf94177abf4185", kill_on_drop: false }`
[INFO] running `Command { std: "docker" "rm" "-f" "c3dab0fe4be2bfcdda601ec592ea2f15f23e9dc7d71d6b2943bf94177abf4185", kill_on_drop: false }`
[INFO] [stdout] c3dab0fe4be2bfcdda601ec592ea2f15f23e9dc7d71d6b2943bf94177abf4185
[INFO] running `Command { std: "docker" "create" "-v" "/var/lib/crater-agent-workspace/builds/worker-2-tc2/target:/opt/rustwide/target:rw,Z" "-v" "/var/lib/crater-agent-workspace/builds/worker-2-tc2/source:/opt/rustwide/workdir:ro,Z" "-v" "/var/lib/crater-agent-workspace/cargo-home:/opt/rustwide/cargo-home:ro,Z" "-v" "/var/lib/crater-agent-workspace/rustup-home:/opt/rustwide/rustup-home:ro,Z" "-e" "SOURCE_DIR=/opt/rustwide/workdir" "-e" "CARGO_TARGET_DIR=/opt/rustwide/target" "-e" "CARGO_INCREMENTAL=0" "-e" "RUST_BACKTRACE=full" "-e" "RUSTFLAGS=--cap-lints=warn" "-e" "RUSTDOCFLAGS=--cap-lints=warn" "-e" "CARGO_HOME=/opt/rustwide/cargo-home" "-e" "RUSTUP_HOME=/opt/rustwide/rustup-home" "-w" "/opt/rustwide/workdir" "-m" "1610612736" "--user" "0:0" "--network" "none" "ghcr.io/rust-lang/crates-build-env/linux@sha256:f3a9d4ad9d972b27faf3965f35b62e55ba32bbce8f20bc8fe909558a86702fde" "/opt/rustwide/cargo-home/bin/cargo" "+beta-2024-12-08" "test" "--frozen", kill_on_drop: false }`
[INFO] [stdout] 493c60b4dff5c5cae45c2c9aba1546fadd58b0918045a4791ab34f1e709d026b
[INFO] running `Command { std: "docker" "start" "-a" "493c60b4dff5c5cae45c2c9aba1546fadd58b0918045a4791ab34f1e709d026b", kill_on_drop: false }`
[INFO] [stderr]     Finished `test` profile [unoptimized + debuginfo] target(s) in 0.02s
[INFO] [stderr]      Running unittests src/lib.rs (/opt/rustwide/target/debug/deps/aa_name-f9615e6fb0558ca5)
[INFO] [stdout] 
[INFO] [stdout] running 2 tests
[INFO] [stdout] test tests::test_from_char ... ok
[INFO] [stderr]    Doc-tests aa_name
[INFO] [stdout] test tests::test_from_string ... ok
[INFO] [stdout] 
[INFO] [stdout] test result: ok. 2 passed; 0 failed; 0 ignored; 0 measured; 0 filtered out; finished in 0.01s
[INFO] [stdout] 
[INFO] [stdout] 
[INFO] [stdout] running 3 tests
[INFO] [stdout] test src/lib.rs - (line 5) ... FAILED
[INFO] [stdout] test src/lib.rs - AminoAcid (line 161) ... FAILED
[INFO] [stdout] test src/lib.rs - Code (line 22) ... ok
[INFO] [stdout] 
[INFO] [stdout] failures:
[INFO] [stdout] 
[INFO] [stdout] ---- src/lib.rs - (line 5) stdout ----
[INFO] [stdout] error[E0412]: cannot find type `AminoAcid` in this scope
[INFO] [stdout]  --> src/lib.rs:6:10
[INFO] [stdout]   |
[INFO] [stdout] 3 | let ala: AminoAcid = "Ala".parse().unwrap();
[INFO] [stdout]   |          ^^^^^^^^^ not found in this scope
[INFO] [stdout]   |
[INFO] [stdout] help: consider importing this enum
[INFO] [stdout]   |
[INFO] [stdout] 2 + use aa_name::AminoAcid;
[INFO] [stdout]   |
[INFO] [stdout] 
[INFO] [stdout] error[E0433]: failed to resolve: use of undeclared type `AminoAcid`
[INFO] [stdout]  --> src/lib.rs:7:17
[INFO] [stdout]   |
[INFO] [stdout] 4 | assert_eq!(ala, AminoAcid::Alanine);
[INFO] [stdout]   |                 ^^^^^^^^^ use of undeclared type `AminoAcid`
[INFO] [stdout]   |
[INFO] [stdout] help: consider importing this enum
[INFO] [stdout]   |
[INFO] [stdout] 2 + use aa_name::AminoAcid;
[INFO] [stdout]   |
[INFO] [stdout] 
[INFO] [stdout] error[E0412]: cannot find type `AminoAcid` in this scope
[INFO] [stdout]  --> src/lib.rs:9:10
[INFO] [stdout]   |
[INFO] [stdout] 6 | let tyr: AminoAcid = AminoAcid::try_from('Y').unwrap();
[INFO] [stdout]   |          ^^^^^^^^^ not found in this scope
[INFO] [stdout]   |
[INFO] [stdout] help: consider importing this enum
[INFO] [stdout]   |
[INFO] [stdout] 2 + use aa_name::AminoAcid;
[INFO] [stdout]   |
[INFO] [stdout] 
[INFO] [stdout] error[E0433]: failed to resolve: use of undeclared type `AminoAcid`
[INFO] [stdout]  --> src/lib.rs:9:22
[INFO] [stdout]   |
[INFO] [stdout] 6 | let tyr: AminoAcid = AminoAcid::try_from('Y').unwrap();
[INFO] [stdout]   |                      ^^^^^^^^^ use of undeclared type `AminoAcid`
[INFO] [stdout]   |
[INFO] [stdout] help: consider importing this enum
[INFO] [stdout]   |
[INFO] [stdout] 2 + use aa_name::AminoAcid;
[INFO] [stdout]   |
[INFO] [stdout] 
[INFO] [stdout] error[E0433]: failed to resolve: use of undeclared type `AminoAcid`
[INFO] [stdout]  --> src/lib.rs:10:17
[INFO] [stdout]   |
[INFO] [stdout] 7 | assert_eq!(tyr, AminoAcid::Tyrosine);
[INFO] [stdout]   |                 ^^^^^^^^^ use of undeclared type `AminoAcid`
[INFO] [stdout]   |
[INFO] [stdout] help: consider importing this enum
[INFO] [stdout]   |
[INFO] [stdout] 2 + use aa_name::AminoAcid;
[INFO] [stdout]   |
[INFO] [stdout] 
[INFO] [stdout] error: aborting due to 5 previous errors
[INFO] [stdout] 
[INFO] [stdout] Some errors have detailed explanations: E0412, E0433.
[INFO] [stdout] For more information about an error, try `rustc --explain E0412`.
[INFO] [stdout] Couldn't compile the test.
[INFO] [stdout] ---- src/lib.rs - AminoAcid (line 161) stdout ----
[INFO] [stdout] error[E0412]: cannot find type `AminoAcid` in this scope
[INFO] [stdout]  --> src/lib.rs:162:10
[INFO] [stdout]   |
[INFO] [stdout] 3 | let ala: AminoAcid = "Ala".parse().unwrap();
[INFO] [stdout]   |          ^^^^^^^^^ not found in this scope
[INFO] [stdout]   |
[INFO] [stdout] help: consider importing this enum
[INFO] [stdout]   |
[INFO] [stdout] 2 + use aa_name::AminoAcid;
[INFO] [stdout]   |
[INFO] [stdout] 
[INFO] [stdout] error[E0433]: failed to resolve: use of undeclared type `AminoAcid`
[INFO] [stdout]  --> src/lib.rs:163:17
[INFO] [stdout]   |
[INFO] [stdout] 4 | assert_eq!(ala, AminoAcid::Alanine);
[INFO] [stdout]   |                 ^^^^^^^^^ use of undeclared type `AminoAcid`
[INFO] [stdout]   |
[INFO] [stdout] help: consider importing this enum
[INFO] [stdout]   |
[INFO] [stdout] 2 + use aa_name::AminoAcid;
[INFO] [stdout]   |
[INFO] [stdout] 
[INFO] [stdout] error[E0412]: cannot find type `AminoAcid` in this scope
[INFO] [stdout]  --> src/lib.rs:165:10
[INFO] [stdout]   |
[INFO] [stdout] 6 | let tyr: AminoAcid = AminoAcid::try_from('Y').unwrap();
[INFO] [stdout]   |          ^^^^^^^^^ not found in this scope
[INFO] [stdout]   |
[INFO] [stdout] help: consider importing this enum
[INFO] [stdout]   |
[INFO] [stdout] 2 + use aa_name::AminoAcid;
[INFO] [stdout]   |
[INFO] [stdout] 
[INFO] [stdout] error[E0433]: failed to resolve: use of undeclared type `AminoAcid`
[INFO] [stdout]  --> src/lib.rs:165:22
[INFO] [stdout]   |
[INFO] [stdout] 6 | let tyr: AminoAcid = AminoAcid::try_from('Y').unwrap();
[INFO] [stdout]   |                      ^^^^^^^^^ use of undeclared type `AminoAcid`
[INFO] [stdout]   |
[INFO] [stdout] help: consider importing this enum
[INFO] [stdout]   |
[INFO] [stdout] 2 + use aa_name::AminoAcid;
[INFO] [stdout]   |
[INFO] [stdout] 
[INFO] [stdout] error[E0433]: failed to resolve: use of undeclared type `AminoAcid`
[INFO] [stdout]  --> src/lib.rs:166:17
[INFO] [stdout]   |
[INFO] [stdout] 7 | assert_eq!(tyr, AminoAcid::Tyrosine);
[INFO] [stdout]   |                 ^^^^^^^^^ use of undeclared type `AminoAcid`
[INFO] [stdout]   |
[INFO] [stdout] help: consider importing this enum
[INFO] [stdout]   |
[INFO] [stdout] 2 + use aa_name::AminoAcid;
[INFO] [stdout]   |
[INFO] [stdout] 
[INFO] [stdout] error: aborting due to 5 previous errors
[INFO] [stdout] 
[INFO] [stdout] Some errors have detailed explanations: E0412, E0433.
[INFO] [stdout] For more information about an error, try `rustc --explain E0412`.
[INFO] [stdout] Couldn't compile the test.
[INFO] [stdout] 
[INFO] [stdout] failures:
[INFO] [stdout]     src/lib.rs - (line 5)
[INFO] [stdout]     src/lib.rs - AminoAcid (line 161)
[INFO] [stdout] 
[INFO] [stdout] test result: FAILED. 1 passed; 2 failed; 0 ignored; 0 measured; 0 filtered out; finished in 0.36s
[INFO] [stdout] 
[INFO] [stderr] error: doctest failed, to rerun pass `--doc`
[INFO] running `Command { std: "docker" "inspect" "493c60b4dff5c5cae45c2c9aba1546fadd58b0918045a4791ab34f1e709d026b", kill_on_drop: false }`
[INFO] running `Command { std: "docker" "rm" "-f" "493c60b4dff5c5cae45c2c9aba1546fadd58b0918045a4791ab34f1e709d026b", kill_on_drop: false }`
[INFO] [stdout] 493c60b4dff5c5cae45c2c9aba1546fadd58b0918045a4791ab34f1e709d026b
