[INFO] fetching crate a653rs_macros 0.6.0...
[INFO] testing a653rs_macros-0.6.0 against 1.83.0 for beta-1.84.0-4-retry
[INFO] extracting crate a653rs_macros 0.6.0 into /workspace/builds/worker-5-tc1/source
[INFO] validating manifest of crates.io crate a653rs_macros 0.6.0 on toolchain 1.83.0
[INFO] running `Command { std: CARGO_HOME="/workspace/cargo-home" RUSTUP_HOME="/workspace/rustup-home" "/workspace/cargo-home/bin/cargo" "+1.83.0" "metadata" "--manifest-path" "Cargo.toml" "--no-deps", kill_on_drop: false }`
[INFO] started tweaking crates.io crate a653rs_macros 0.6.0
[INFO] finished tweaking crates.io crate a653rs_macros 0.6.0
[INFO] tweaked toml for crates.io crate a653rs_macros 0.6.0 written to /workspace/builds/worker-5-tc1/source/Cargo.toml
[INFO] running `Command { std: CARGO_HOME="/workspace/cargo-home" RUSTUP_HOME="/workspace/rustup-home" "/workspace/cargo-home/bin/cargo" "+1.83.0" "generate-lockfile" "--manifest-path" "Cargo.toml", kill_on_drop: false }`
[INFO] [stderr]     Updating crates.io index
[INFO] [stderr]      Locking 21 packages to latest compatible versions
[INFO] running `Command { std: CARGO_HOME="/workspace/cargo-home" RUSTUP_HOME="/workspace/rustup-home" "/workspace/cargo-home/bin/cargo" "+1.83.0" "fetch" "--manifest-path" "Cargo.toml", kill_on_drop: false }`
[INFO] running `Command { std: "docker" "create" "-v" "/var/lib/crater-agent-workspace/builds/worker-5-tc1/target:/opt/rustwide/target:rw,Z" "-v" "/var/lib/crater-agent-workspace/builds/worker-5-tc1/source:/opt/rustwide/workdir:ro,Z" "-v" "/var/lib/crater-agent-workspace/cargo-home:/opt/rustwide/cargo-home:ro,Z" "-v" "/var/lib/crater-agent-workspace/rustup-home:/opt/rustwide/rustup-home:ro,Z" "-e" "SOURCE_DIR=/opt/rustwide/workdir" "-e" "CARGO_TARGET_DIR=/opt/rustwide/target" "-e" "CARGO_HOME=/opt/rustwide/cargo-home" "-e" "RUSTUP_HOME=/opt/rustwide/rustup-home" "-w" "/opt/rustwide/workdir" "-m" "1610612736" "--user" "0:0" "--network" "none" "ghcr.io/rust-lang/crates-build-env/linux@sha256:f3a9d4ad9d972b27faf3965f35b62e55ba32bbce8f20bc8fe909558a86702fde" "/opt/rustwide/cargo-home/bin/cargo" "+1.83.0" "metadata" "--no-deps" "--format-version=1", kill_on_drop: false }`
[INFO] [stdout] 55cdca0fad41d94c0fff3fcacccf88ad0fa25997f9d9d1cd0e14499f2ad87e9e
[INFO] running `Command { std: "docker" "start" "-a" "55cdca0fad41d94c0fff3fcacccf88ad0fa25997f9d9d1cd0e14499f2ad87e9e", kill_on_drop: false }`
[INFO] running `Command { std: "docker" "inspect" "55cdca0fad41d94c0fff3fcacccf88ad0fa25997f9d9d1cd0e14499f2ad87e9e", kill_on_drop: false }`
[INFO] running `Command { std: "docker" "rm" "-f" "55cdca0fad41d94c0fff3fcacccf88ad0fa25997f9d9d1cd0e14499f2ad87e9e", kill_on_drop: false }`
[INFO] [stdout] 55cdca0fad41d94c0fff3fcacccf88ad0fa25997f9d9d1cd0e14499f2ad87e9e
[INFO] running `Command { std: "docker" "create" "-v" "/var/lib/crater-agent-workspace/builds/worker-5-tc1/target:/opt/rustwide/target:rw,Z" "-v" "/var/lib/crater-agent-workspace/builds/worker-5-tc1/source:/opt/rustwide/workdir:ro,Z" "-v" "/var/lib/crater-agent-workspace/cargo-home:/opt/rustwide/cargo-home:ro,Z" "-v" "/var/lib/crater-agent-workspace/rustup-home:/opt/rustwide/rustup-home:ro,Z" "-e" "SOURCE_DIR=/opt/rustwide/workdir" "-e" "CARGO_TARGET_DIR=/opt/rustwide/target" "-e" "CARGO_INCREMENTAL=0" "-e" "RUST_BACKTRACE=full" "-e" "RUSTFLAGS=--cap-lints=warn" "-e" "RUSTDOCFLAGS=--cap-lints=warn" "-e" "CARGO_HOME=/opt/rustwide/cargo-home" "-e" "RUSTUP_HOME=/opt/rustwide/rustup-home" "-w" "/opt/rustwide/workdir" "-m" "1610612736" "--user" "0:0" "--network" "none" "ghcr.io/rust-lang/crates-build-env/linux@sha256:f3a9d4ad9d972b27faf3965f35b62e55ba32bbce8f20bc8fe909558a86702fde" "/opt/rustwide/cargo-home/bin/cargo" "+1.83.0" "build" "--frozen" "--message-format=json", kill_on_drop: false }`
[INFO] [stdout] 6c1b3cc6bc63d8053190dcf97fa17e86a20d4028ca11df7ff82080d26f7508cf
[INFO] running `Command { std: "docker" "start" "-a" "6c1b3cc6bc63d8053190dcf97fa17e86a20d4028ca11df7ff82080d26f7508cf", kill_on_drop: false }`
[INFO] [stderr]    Compiling proc-macro2 v1.0.92
[INFO] [stderr]    Compiling unicode-ident v1.0.14
[INFO] [stderr]    Compiling rustversion v1.0.18
[INFO] [stderr]    Compiling fnv v1.0.7
[INFO] [stderr]    Compiling ident_case v1.0.1
[INFO] [stderr]    Compiling strsim v0.11.1
[INFO] [stderr]    Compiling heck v0.5.0
[INFO] [stderr]    Compiling either v1.13.0
[INFO] [stderr]    Compiling unicode-segmentation v1.12.0
[INFO] [stderr]    Compiling static_assertions v1.1.0
[INFO] [stderr]    Compiling bytesize v1.3.0
[INFO] [stderr]    Compiling humantime v2.1.0
[INFO] [stderr]    Compiling itertools v0.13.0
[INFO] [stderr]    Compiling convert_case v0.6.0
[INFO] [stderr]    Compiling quote v1.0.37
[INFO] [stderr]    Compiling syn v2.0.90
[INFO] [stderr]    Compiling darling_core v0.20.10
[INFO] [stderr]    Compiling strum_macros v0.26.4
[INFO] [stderr]    Compiling darling_macro v0.20.10
[INFO] [stderr]    Compiling darling v0.20.10
[INFO] [stderr]    Compiling strum v0.26.3
[INFO] [stderr]    Compiling a653rs_macros v0.6.0 (/opt/rustwide/workdir)
[INFO] [stdout] warning: field `name` is never read
[INFO] [stdout]   --> src/partition.rs:13:9
[INFO] [stdout]    |
[INFO] [stdout] 12 | pub struct Partition {
[INFO] [stdout]    |            --------- field in this struct
[INFO] [stdout] 13 |     pub name: Ident,
[INFO] [stdout]    |         ^^^^
[INFO] [stdout]    |
[INFO] [stdout]    = note: `Partition` has derived impls for the traits `Clone` and `Debug`, but these are intentionally ignored during dead code analysis
[INFO] [stdout]    = note: `#[warn(dead_code)]` on by default
[INFO] [stdout] 
[INFO] [stdout] 
[INFO] [stderr]     Finished `dev` profile [unoptimized + debuginfo] target(s) in 20.21s
[INFO] running `Command { std: "docker" "inspect" "6c1b3cc6bc63d8053190dcf97fa17e86a20d4028ca11df7ff82080d26f7508cf", kill_on_drop: false }`
[INFO] running `Command { std: "docker" "rm" "-f" "6c1b3cc6bc63d8053190dcf97fa17e86a20d4028ca11df7ff82080d26f7508cf", kill_on_drop: false }`
[INFO] [stdout] 6c1b3cc6bc63d8053190dcf97fa17e86a20d4028ca11df7ff82080d26f7508cf
[INFO] running `Command { std: "docker" "create" "-v" "/var/lib/crater-agent-workspace/builds/worker-5-tc1/target:/opt/rustwide/target:rw,Z" "-v" "/var/lib/crater-agent-workspace/builds/worker-5-tc1/source:/opt/rustwide/workdir:ro,Z" "-v" "/var/lib/crater-agent-workspace/cargo-home:/opt/rustwide/cargo-home:ro,Z" "-v" "/var/lib/crater-agent-workspace/rustup-home:/opt/rustwide/rustup-home:ro,Z" "-e" "SOURCE_DIR=/opt/rustwide/workdir" "-e" "CARGO_TARGET_DIR=/opt/rustwide/target" "-e" "CARGO_INCREMENTAL=0" "-e" "RUST_BACKTRACE=full" "-e" "RUSTFLAGS=--cap-lints=warn" "-e" "RUSTDOCFLAGS=--cap-lints=warn" "-e" "CARGO_HOME=/opt/rustwide/cargo-home" "-e" "RUSTUP_HOME=/opt/rustwide/rustup-home" "-w" "/opt/rustwide/workdir" "-m" "1610612736" "--user" "0:0" "--network" "none" "ghcr.io/rust-lang/crates-build-env/linux@sha256:f3a9d4ad9d972b27faf3965f35b62e55ba32bbce8f20bc8fe909558a86702fde" "/opt/rustwide/cargo-home/bin/cargo" "+1.83.0" "test" "--frozen" "--no-run" "--message-format=json", kill_on_drop: false }`
[INFO] [stdout] 957aefeaec213783c488d52bcac6199d62d5c6b6c70f4ccb83937894ff1cb2b6
[INFO] running `Command { std: "docker" "start" "-a" "957aefeaec213783c488d52bcac6199d62d5c6b6c70f4ccb83937894ff1cb2b6", kill_on_drop: false }`
[INFO] [stderr]    Compiling a653rs_macros v0.6.0 (/opt/rustwide/workdir)
[INFO] [stdout] warning: field `name` is never read
[INFO] [stdout]   --> src/partition.rs:13:9
[INFO] [stdout]    |
[INFO] [stdout] 12 | pub struct Partition {
[INFO] [stdout]    |            --------- field in this struct
[INFO] [stdout] 13 |     pub name: Ident,
[INFO] [stdout]    |         ^^^^
[INFO] [stdout]    |
[INFO] [stdout]    = note: `Partition` has derived impls for the traits `Clone` and `Debug`, but these are intentionally ignored during dead code analysis
[INFO] [stdout]    = note: `#[warn(dead_code)]` on by default
[INFO] [stdout] 
[INFO] [stdout] 
[INFO] [stdout] warning: field `name` is never read
[INFO] [stdout]   --> src/partition.rs:13:9
[INFO] [stdout]    |
[INFO] [stdout] 12 | pub struct Partition {
[INFO] [stdout]    |            --------- field in this struct
[INFO] [stdout] 13 |     pub name: Ident,
[INFO] [stdout]    |         ^^^^
[INFO] [stdout]    |
[INFO] [stdout]    = note: `Partition` has derived impls for the traits `Clone` and `Debug`, but these are intentionally ignored during dead code analysis
[INFO] [stdout]    = note: `#[warn(dead_code)]` on by default
[INFO] [stdout] 
[INFO] [stdout] 
[INFO] [stderr]     Finished `test` profile [unoptimized + debuginfo] target(s) in 3.49s
[INFO] running `Command { std: "docker" "inspect" "957aefeaec213783c488d52bcac6199d62d5c6b6c70f4ccb83937894ff1cb2b6", kill_on_drop: false }`
[INFO] running `Command { std: "docker" "rm" "-f" "957aefeaec213783c488d52bcac6199d62d5c6b6c70f4ccb83937894ff1cb2b6", kill_on_drop: false }`
[INFO] [stdout] 957aefeaec213783c488d52bcac6199d62d5c6b6c70f4ccb83937894ff1cb2b6
[INFO] running `Command { std: "docker" "create" "-v" "/var/lib/crater-agent-workspace/builds/worker-5-tc1/target:/opt/rustwide/target:rw,Z" "-v" "/var/lib/crater-agent-workspace/builds/worker-5-tc1/source:/opt/rustwide/workdir:ro,Z" "-v" "/var/lib/crater-agent-workspace/cargo-home:/opt/rustwide/cargo-home:ro,Z" "-v" "/var/lib/crater-agent-workspace/rustup-home:/opt/rustwide/rustup-home:ro,Z" "-e" "SOURCE_DIR=/opt/rustwide/workdir" "-e" "CARGO_TARGET_DIR=/opt/rustwide/target" "-e" "CARGO_INCREMENTAL=0" "-e" "RUST_BACKTRACE=full" "-e" "RUSTFLAGS=--cap-lints=warn" "-e" "RUSTDOCFLAGS=--cap-lints=warn" "-e" "CARGO_HOME=/opt/rustwide/cargo-home" "-e" "RUSTUP_HOME=/opt/rustwide/rustup-home" "-w" "/opt/rustwide/workdir" "-m" "1610612736" "--user" "0:0" "--network" "none" "ghcr.io/rust-lang/crates-build-env/linux@sha256:f3a9d4ad9d972b27faf3965f35b62e55ba32bbce8f20bc8fe909558a86702fde" "/opt/rustwide/cargo-home/bin/cargo" "+1.83.0" "test" "--frozen", kill_on_drop: false }`
[INFO] [stdout] 16dfb70392b4a28eb5d2fed931a6b7873b0b47ea53994d6af158cf4e15dcc20b
[INFO] running `Command { std: "docker" "start" "-a" "16dfb70392b4a28eb5d2fed931a6b7873b0b47ea53994d6af158cf4e15dcc20b", kill_on_drop: false }`
[INFO] [stderr] warning: field `name` is never read
[INFO] [stderr]   --> src/partition.rs:13:9
[INFO] [stderr]    |
[INFO] [stderr] 12 | pub struct Partition {
[INFO] [stderr]    |            --------- field in this struct
[INFO] [stderr] 13 |     pub name: Ident,
[INFO] [stderr]    |         ^^^^
[INFO] [stderr]    |
[INFO] [stderr]    = note: `Partition` has derived impls for the traits `Clone` and `Debug`, but these are intentionally ignored during dead code analysis
[INFO] [stderr]    = note: `#[warn(dead_code)]` on by default
[INFO] [stderr] 
[INFO] [stderr] warning: `a653rs_macros` (lib) generated 1 warning
[INFO] [stderr] warning: `a653rs_macros` (lib test) generated 1 warning (1 duplicate)
[INFO] [stderr]     Finished `test` profile [unoptimized + debuginfo] target(s) in 0.05s
[INFO] [stderr]      Running unittests src/lib.rs (/opt/rustwide/target/debug/deps/a653rs_macros-45fd364c163c1edd)
[INFO] [stdout] 
[INFO] [stdout] running 7 tests
[INFO] [stdout] test parse::channel::tests::ascii_printable_name ... ok
[INFO] [stdout] test parse::channel::tests::non_ascii_printable_name ... ok
[INFO] [stdout] test parse::channel::tests::long_port_name ... ok
[INFO] [stdout] test parse::start::tests::test_start_flags_from_attributes_both_present ... ok
[INFO] [stdout] test parse::util::tests::test_no_return_type ... ok
[INFO] [stdout] test parse::util::tests::test_contains_attribute ... ok
[INFO] [stdout] test parse::util::tests::test_remove_attributes ... ok
[INFO] [stdout] 
[INFO] [stdout] test result: ok. 7 passed; 0 failed; 0 ignored; 0 measured; 0 filtered out; finished in 0.01s
[INFO] [stdout] 
[INFO] [stderr]    Doc-tests a653rs_macros
[INFO] [stdout] 
[INFO] [stdout] running 5 tests
[INFO] [stdout] test src/lib.rs - partition (line 142) - compile ... FAILED
[INFO] [stdout] test src/lib.rs - partition (line 212) - compile ... FAILED
[INFO] [stdout] test src/lib.rs - partition (line 306) - compile ... FAILED
[INFO] [stdout] test src/lib.rs - partition (line 106) - compile ... FAILED
[INFO] [stdout] test src/lib.rs - partition (line 18) - compile ... FAILED
[INFO] [stdout] 
[INFO] [stdout] failures:
[INFO] [stdout] 
[INFO] [stdout] ---- src/lib.rs - partition (line 142) stdout ----
[INFO] [stdout] error: couldn't read src/../../examples/deps/dummy.rs: No such file or directory (os error 2)
[INFO] [stdout]  --> src/lib.rs:147:1
[INFO] [stdout]   |
[INFO] [stdout] 7 | mod dummy;
[INFO] [stdout]   | ^^^^^^^^^^
[INFO] [stdout] 
[INFO] [stdout] error: aborting due to 1 previous error
[INFO] [stdout] 
[INFO] [stdout] Couldn't compile the test.
[INFO] [stdout] ---- src/lib.rs - partition (line 212) stdout ----
[INFO] [stdout] error: couldn't read src/../../examples/deps/dummy.rs: No such file or directory (os error 2)
[INFO] [stdout]  --> src/lib.rs:217:1
[INFO] [stdout]   |
[INFO] [stdout] 7 | mod dummy;
[INFO] [stdout]   | ^^^^^^^^^^
[INFO] [stdout] 
[INFO] [stdout] error: aborting due to 1 previous error
[INFO] [stdout] 
[INFO] [stdout] Couldn't compile the test.
[INFO] [stdout] ---- src/lib.rs - partition (line 306) stdout ----
[INFO] [stdout] error: couldn't read src/../../examples/deps/dummy.rs: No such file or directory (os error 2)
[INFO] [stdout]  --> src/lib.rs:311:1
[INFO] [stdout]   |
[INFO] [stdout] 7 | mod dummy;
[INFO] [stdout]   | ^^^^^^^^^^
[INFO] [stdout] 
[INFO] [stdout] error: aborting due to 1 previous error
[INFO] [stdout] 
[INFO] [stdout] Couldn't compile the test.
[INFO] [stdout] ---- src/lib.rs - partition (line 106) stdout ----
[INFO] [stdout] error: couldn't read src/../../examples/deps/dummy.rs: No such file or directory (os error 2)
[INFO] [stdout]  --> src/lib.rs:111:1
[INFO] [stdout]   |
[INFO] [stdout] 7 | mod dummy;
[INFO] [stdout]   | ^^^^^^^^^^
[INFO] [stdout] 
[INFO] [stdout] error: aborting due to 1 previous error
[INFO] [stdout] 
[INFO] [stdout] Couldn't compile the test.
[INFO] [stdout] ---- src/lib.rs - partition (line 18) stdout ----
[INFO] [stdout] error: couldn't read src/../../examples/deps/dummy.rs: No such file or directory (os error 2)
[INFO] [stdout]  --> src/lib.rs:25:1
[INFO] [stdout]   |
[INFO] [stdout] 9 | mod dummy;
[INFO] [stdout]   | ^^^^^^^^^^
[INFO] [stdout] 
[INFO] [stdout] error: aborting due to 1 previous error
[INFO] [stdout] 
[INFO] [stdout] Couldn't compile the test.
[INFO] [stdout] 
[INFO] [stdout] failures:
[INFO] [stdout]     src/lib.rs - partition (line 106)
[INFO] [stdout]     src/lib.rs - partition (line 142)
[INFO] [stdout]     src/lib.rs - partition (line 18)
[INFO] [stdout]     src/lib.rs - partition (line 212)
[INFO] [stdout]     src/lib.rs - partition (line 306)
[INFO] [stdout] 
[INFO] [stdout] test result: FAILED. 0 passed; 5 failed; 0 ignored; 0 measured; 0 filtered out; finished in 0.12s
[INFO] [stdout] 
[INFO] [stderr] error: doctest failed, to rerun pass `--doc`
[INFO] running `Command { std: "docker" "inspect" "16dfb70392b4a28eb5d2fed931a6b7873b0b47ea53994d6af158cf4e15dcc20b", kill_on_drop: false }`
[INFO] running `Command { std: "docker" "rm" "-f" "16dfb70392b4a28eb5d2fed931a6b7873b0b47ea53994d6af158cf4e15dcc20b", kill_on_drop: false }`
[INFO] [stdout] 16dfb70392b4a28eb5d2fed931a6b7873b0b47ea53994d6af158cf4e15dcc20b
