[INFO] fetching crate ZHRXXLib 0.4.0...
[INFO] testing ZHRXXLib-0.4.0 against 1.83.0 for beta-1.84.0-4-retry
[INFO] extracting crate ZHRXXLib 0.4.0 into /workspace/builds/worker-4-tc1/source
[INFO] validating manifest of crates.io crate ZHRXXLib 0.4.0 on toolchain 1.83.0
[INFO] running `Command { std: CARGO_HOME="/workspace/cargo-home" RUSTUP_HOME="/workspace/rustup-home" "/workspace/cargo-home/bin/cargo" "+1.83.0" "metadata" "--manifest-path" "Cargo.toml" "--no-deps", kill_on_drop: false }`
[INFO] started tweaking crates.io crate ZHRXXLib 0.4.0
[INFO] finished tweaking crates.io crate ZHRXXLib 0.4.0
[INFO] tweaked toml for crates.io crate ZHRXXLib 0.4.0 written to /workspace/builds/worker-4-tc1/source/Cargo.toml
[INFO] running `Command { std: CARGO_HOME="/workspace/cargo-home" RUSTUP_HOME="/workspace/rustup-home" "/workspace/cargo-home/bin/cargo" "+1.83.0" "generate-lockfile" "--manifest-path" "Cargo.toml", kill_on_drop: false }`
[INFO] [stderr]     Updating crates.io index
[INFO] [stderr]      Locking 134 packages to latest compatible versions
[INFO] [stderr]       Adding rodio v0.19.0 (available: v0.20.1)
[INFO] running `Command { std: CARGO_HOME="/workspace/cargo-home" RUSTUP_HOME="/workspace/rustup-home" "/workspace/cargo-home/bin/cargo" "+1.83.0" "fetch" "--manifest-path" "Cargo.toml", kill_on_drop: false }`
[INFO] running `Command { std: "docker" "create" "-v" "/var/lib/crater-agent-workspace/builds/worker-4-tc1/target:/opt/rustwide/target:rw,Z" "-v" "/var/lib/crater-agent-workspace/builds/worker-4-tc1/source:/opt/rustwide/workdir:ro,Z" "-v" "/var/lib/crater-agent-workspace/cargo-home:/opt/rustwide/cargo-home:ro,Z" "-v" "/var/lib/crater-agent-workspace/rustup-home:/opt/rustwide/rustup-home:ro,Z" "-e" "SOURCE_DIR=/opt/rustwide/workdir" "-e" "CARGO_TARGET_DIR=/opt/rustwide/target" "-e" "CARGO_HOME=/opt/rustwide/cargo-home" "-e" "RUSTUP_HOME=/opt/rustwide/rustup-home" "-w" "/opt/rustwide/workdir" "-m" "1610612736" "--user" "0:0" "--network" "none" "ghcr.io/rust-lang/crates-build-env/linux@sha256:f3a9d4ad9d972b27faf3965f35b62e55ba32bbce8f20bc8fe909558a86702fde" "/opt/rustwide/cargo-home/bin/cargo" "+1.83.0" "metadata" "--no-deps" "--format-version=1", kill_on_drop: false }`
[INFO] [stdout] f4dd14a6e69573a01836df2d7380154e8a4d93c434625c00a4ba16f855bce245
[INFO] running `Command { std: "docker" "start" "-a" "f4dd14a6e69573a01836df2d7380154e8a4d93c434625c00a4ba16f855bce245", kill_on_drop: false }`
[INFO] running `Command { std: "docker" "inspect" "f4dd14a6e69573a01836df2d7380154e8a4d93c434625c00a4ba16f855bce245", kill_on_drop: false }`
[INFO] running `Command { std: "docker" "rm" "-f" "f4dd14a6e69573a01836df2d7380154e8a4d93c434625c00a4ba16f855bce245", kill_on_drop: false }`
[INFO] [stdout] f4dd14a6e69573a01836df2d7380154e8a4d93c434625c00a4ba16f855bce245
[INFO] running `Command { std: "docker" "create" "-v" "/var/lib/crater-agent-workspace/builds/worker-4-tc1/target:/opt/rustwide/target:rw,Z" "-v" "/var/lib/crater-agent-workspace/builds/worker-4-tc1/source:/opt/rustwide/workdir:ro,Z" "-v" "/var/lib/crater-agent-workspace/cargo-home:/opt/rustwide/cargo-home:ro,Z" "-v" "/var/lib/crater-agent-workspace/rustup-home:/opt/rustwide/rustup-home:ro,Z" "-e" "SOURCE_DIR=/opt/rustwide/workdir" "-e" "CARGO_TARGET_DIR=/opt/rustwide/target" "-e" "CARGO_INCREMENTAL=0" "-e" "RUST_BACKTRACE=full" "-e" "RUSTFLAGS=--cap-lints=warn" "-e" "RUSTDOCFLAGS=--cap-lints=warn" "-e" "CARGO_HOME=/opt/rustwide/cargo-home" "-e" "RUSTUP_HOME=/opt/rustwide/rustup-home" "-w" "/opt/rustwide/workdir" "-m" "1610612736" "--user" "0:0" "--network" "none" "ghcr.io/rust-lang/crates-build-env/linux@sha256:f3a9d4ad9d972b27faf3965f35b62e55ba32bbce8f20bc8fe909558a86702fde" "/opt/rustwide/cargo-home/bin/cargo" "+1.83.0" "build" "--frozen" "--message-format=json", kill_on_drop: false }`
[INFO] [stdout] 21520e3c5189cf1a7aec1a57c50e89b89605f2b9d2c5ff06585b4559864fb8f4
[INFO] running `Command { std: "docker" "start" "-a" "21520e3c5189cf1a7aec1a57c50e89b89605f2b9d2c5ff06585b4559864fb8f4", kill_on_drop: false }`
[INFO] [stderr]    Compiling libc v0.2.168
[INFO] [stderr]    Compiling proc-macro2 v1.0.92
[INFO] [stderr]    Compiling cfg-if v1.0.0
[INFO] [stderr]    Compiling unicode-ident v1.0.14
[INFO] [stderr]    Compiling pkg-config v0.3.31
[INFO] [stderr]    Compiling lazy_static v1.5.0
[INFO] [stderr]    Compiling bitflags v1.3.2
[INFO] [stderr]    Compiling arrayvec v0.7.6
[INFO] [stderr]    Compiling log v0.4.22
[INFO] [stderr]    Compiling bytemuck v1.20.0
[INFO] [stderr]    Compiling encoding_rs v0.8.35
[INFO] [stderr]    Compiling autocfg v1.4.0
[INFO] [stderr]    Compiling cpal v0.15.3
[INFO] [stderr]    Compiling tinyvec_macros v0.1.1
[INFO] [stderr]    Compiling symphonia-core v0.5.4
[INFO] [stderr]    Compiling bitflags v2.6.0
[INFO] [stderr]    Compiling thiserror v1.0.69
[INFO] [stderr]    Compiling num-traits v0.2.19
[INFO] [stderr]    Compiling byteorder v1.5.0
[INFO] [stderr]    Compiling ogg v0.8.0
[INFO] [stderr]    Compiling alsa-sys v0.3.1
[INFO] [stderr]    Compiling tinyvec v1.8.0
[INFO] [stderr]    Compiling dasp_sample v0.11.0
[INFO] [stderr]    Compiling quote v1.0.37
[INFO] [stderr]    Compiling option-ext v0.2.0
[INFO] [stderr]    Compiling dirs-sys v0.4.1
[INFO] [stderr]    Compiling syn v2.0.90
[INFO] [stderr]    Compiling alsa v0.9.1
[INFO] [stderr]    Compiling hound v3.5.1
[INFO] [stderr]    Compiling iana-time-zone v0.1.61
[INFO] [stderr]    Compiling claxon v0.4.3
[INFO] [stderr]    Compiling dirs v5.0.1
[INFO] [stderr]    Compiling symphonia-metadata v0.5.4
[INFO] [stderr]    Compiling chrono v0.4.39
[INFO] [stderr]    Compiling lewton v0.10.2
[INFO] [stderr]    Compiling symphonia-bundle-mp3 v0.5.4
[INFO] [stderr]    Compiling urlencoding v2.1.3
[INFO] [stderr]    Compiling symphonia v0.5.4
[INFO] [stderr]    Compiling thiserror-impl v1.0.69
[INFO] [stderr]    Compiling rodio v0.19.0
[INFO] [stderr]    Compiling ZHRXXLib v0.4.0 (/opt/rustwide/workdir)
[INFO] [stdout] warning: variable does not need to be mutable
[INFO] [stdout]   --> src/error/error.rs:57:13
[INFO] [stdout]    |
[INFO] [stdout] 57 |         let mut sv;
[INFO] [stdout]    |             ----^^
[INFO] [stdout]    |             |
[INFO] [stdout]    |             help: remove this `mut`
[INFO] [stdout]    |
[INFO] [stdout]    = note: `#[warn(unused_mut)]` on by default
[INFO] [stdout] 
[INFO] [stdout] 
[INFO] [stdout] warning: crate `ZHRXXLib` should have a snake case name
[INFO] [stdout]   |
[INFO] [stdout]   = help: convert the identifier to snake case: `zhrxxlib`
[INFO] [stdout]   = note: `#[warn(non_snake_case)]` on by default
[INFO] [stdout] 
[INFO] [stdout] 
[INFO] [stdout] warning: unused borrow that must be used
[INFO] [stdout]   --> src/utils/buffer/buffer.rs:35:13
[INFO] [stdout]    |
[INFO] [stdout] 35 |             &self.events.trigger_event("buffer_action_add");
[INFO] [stdout]    |             ^^^^^^^^^^^^^^^^^^^^^^^^^^^^^^^^^^^^^^^^^^^^^^^ the borrow produces a value
[INFO] [stdout]    |
[INFO] [stdout]    = note: `#[warn(unused_must_use)]` on by default
[INFO] [stdout] help: use `let _ = ...` to ignore the resulting value
[INFO] [stdout]    |
[INFO] [stdout] 35 |             let _ = &self.events.trigger_event("buffer_action_add");
[INFO] [stdout]    |             +++++++
[INFO] [stdout] 
[INFO] [stdout] 
[INFO] [stdout] warning: method `throwError` should have a snake case name
[INFO] [stdout]   --> src/error/error.rs:56:12
[INFO] [stdout]    |
[INFO] [stdout] 56 |     pub fn throwError(&mut self, name: &str, severity: ErrorSeverity) {
[INFO] [stdout]    |            ^^^^^^^^^^ help: convert the identifier to snake case: `throw_error`
[INFO] [stdout] 
[INFO] [stdout] 
[INFO] [stderr]     Finished `dev` profile [unoptimized + debuginfo] target(s) in 28.43s
[INFO] running `Command { std: "docker" "inspect" "21520e3c5189cf1a7aec1a57c50e89b89605f2b9d2c5ff06585b4559864fb8f4", kill_on_drop: false }`
[INFO] running `Command { std: "docker" "rm" "-f" "21520e3c5189cf1a7aec1a57c50e89b89605f2b9d2c5ff06585b4559864fb8f4", kill_on_drop: false }`
[INFO] [stdout] 21520e3c5189cf1a7aec1a57c50e89b89605f2b9d2c5ff06585b4559864fb8f4
[INFO] running `Command { std: "docker" "create" "-v" "/var/lib/crater-agent-workspace/builds/worker-4-tc1/target:/opt/rustwide/target:rw,Z" "-v" "/var/lib/crater-agent-workspace/builds/worker-4-tc1/source:/opt/rustwide/workdir:ro,Z" "-v" "/var/lib/crater-agent-workspace/cargo-home:/opt/rustwide/cargo-home:ro,Z" "-v" "/var/lib/crater-agent-workspace/rustup-home:/opt/rustwide/rustup-home:ro,Z" "-e" "SOURCE_DIR=/opt/rustwide/workdir" "-e" "CARGO_TARGET_DIR=/opt/rustwide/target" "-e" "CARGO_INCREMENTAL=0" "-e" "RUST_BACKTRACE=full" "-e" "RUSTFLAGS=--cap-lints=warn" "-e" "RUSTDOCFLAGS=--cap-lints=warn" "-e" "CARGO_HOME=/opt/rustwide/cargo-home" "-e" "RUSTUP_HOME=/opt/rustwide/rustup-home" "-w" "/opt/rustwide/workdir" "-m" "1610612736" "--user" "0:0" "--network" "none" "ghcr.io/rust-lang/crates-build-env/linux@sha256:f3a9d4ad9d972b27faf3965f35b62e55ba32bbce8f20bc8fe909558a86702fde" "/opt/rustwide/cargo-home/bin/cargo" "+1.83.0" "test" "--frozen" "--no-run" "--message-format=json", kill_on_drop: false }`
[INFO] [stdout] d8b61c84cfdee7d839e0946ba34564a17106140a9401d39f2d915a10c98df095
[INFO] running `Command { std: "docker" "start" "-a" "d8b61c84cfdee7d839e0946ba34564a17106140a9401d39f2d915a10c98df095", kill_on_drop: false }`
[INFO] [stdout] warning: variable does not need to be mutable
[INFO] [stdout]   --> src/error/error.rs:57:13
[INFO] [stdout]    |
[INFO] [stdout] 57 |         let mut sv;
[INFO] [stdout]    |             ----^^
[INFO] [stdout]    |             |
[INFO] [stdout]    |             help: remove this `mut`
[INFO] [stdout]    |
[INFO] [stdout]    = note: `#[warn(unused_mut)]` on by default
[INFO] [stdout] 
[INFO] [stdout] 
[INFO] [stdout] warning: crate `ZHRXXLib` should have a snake case name
[INFO] [stdout]   |
[INFO] [stdout]   = help: convert the identifier to snake case: `zhrxxlib`
[INFO] [stdout]   = note: `#[warn(non_snake_case)]` on by default
[INFO] [stdout] 
[INFO] [stdout] 
[INFO] [stdout] warning: unused borrow that must be used
[INFO] [stdout]   --> src/utils/buffer/buffer.rs:35:13
[INFO] [stdout]    |
[INFO] [stdout] 35 |             &self.events.trigger_event("buffer_action_add");
[INFO] [stdout]    |             ^^^^^^^^^^^^^^^^^^^^^^^^^^^^^^^^^^^^^^^^^^^^^^^ the borrow produces a value
[INFO] [stdout]    |
[INFO] [stdout]    = note: `#[warn(unused_must_use)]` on by default
[INFO] [stdout] help: use `let _ = ...` to ignore the resulting value
[INFO] [stdout]    |
[INFO] [stdout] 35 |             let _ = &self.events.trigger_event("buffer_action_add");
[INFO] [stdout]    |             +++++++
[INFO] [stdout] 
[INFO] [stdout] 
[INFO] [stdout] warning: method `throwError` should have a snake case name
[INFO] [stdout]   --> src/error/error.rs:56:12
[INFO] [stdout]    |
[INFO] [stdout] 56 |     pub fn throwError(&mut self, name: &str, severity: ErrorSeverity) {
[INFO] [stdout]    |            ^^^^^^^^^^ help: convert the identifier to snake case: `throw_error`
[INFO] [stdout] 
[INFO] [stdout] 
[INFO] [stderr]    Compiling ZHRXXLib v0.4.0 (/opt/rustwide/workdir)
[INFO] [stdout] warning: variable does not need to be mutable
[INFO] [stdout]   --> src/error/error.rs:57:13
[INFO] [stdout]    |
[INFO] [stdout] 57 |         let mut sv;
[INFO] [stdout]    |             ----^^
[INFO] [stdout]    |             |
[INFO] [stdout]    |             help: remove this `mut`
[INFO] [stdout]    |
[INFO] [stdout]    = note: `#[warn(unused_mut)]` on by default
[INFO] [stdout] 
[INFO] [stdout] 
[INFO] [stdout] warning: unused borrow that must be used
[INFO] [stdout]   --> src/utils/buffer/buffer.rs:35:13
[INFO] [stdout]    |
[INFO] [stdout] 35 |             &self.events.trigger_event("buffer_action_add");
[INFO] [stdout]    |             ^^^^^^^^^^^^^^^^^^^^^^^^^^^^^^^^^^^^^^^^^^^^^^^ the borrow produces a value
[INFO] [stdout]    |
[INFO] [stdout]    = note: `#[warn(unused_must_use)]` on by default
[INFO] [stdout] help: use `let _ = ...` to ignore the resulting value
[INFO] [stdout]    |
[INFO] [stdout] 35 |             let _ = &self.events.trigger_event("buffer_action_add");
[INFO] [stdout]    |             +++++++
[INFO] [stdout] 
[INFO] [stdout] 
[INFO] [stdout] warning: method `throwError` should have a snake case name
[INFO] [stdout]   --> src/error/error.rs:56:12
[INFO] [stdout]    |
[INFO] [stdout] 56 |     pub fn throwError(&mut self, name: &str, severity: ErrorSeverity) {
[INFO] [stdout]    |            ^^^^^^^^^^ help: convert the identifier to snake case: `throw_error`
[INFO] [stdout]    |
[INFO] [stdout]    = note: `#[warn(non_snake_case)]` on by default
[INFO] [stdout] 
[INFO] [stdout] 
[INFO] [stderr]     Finished `test` profile [unoptimized + debuginfo] target(s) in 0.77s
[INFO] running `Command { std: "docker" "inspect" "d8b61c84cfdee7d839e0946ba34564a17106140a9401d39f2d915a10c98df095", kill_on_drop: false }`
[INFO] running `Command { std: "docker" "rm" "-f" "d8b61c84cfdee7d839e0946ba34564a17106140a9401d39f2d915a10c98df095", kill_on_drop: false }`
[INFO] [stdout] d8b61c84cfdee7d839e0946ba34564a17106140a9401d39f2d915a10c98df095
[INFO] running `Command { std: "docker" "create" "-v" "/var/lib/crater-agent-workspace/builds/worker-4-tc1/target:/opt/rustwide/target:rw,Z" "-v" "/var/lib/crater-agent-workspace/builds/worker-4-tc1/source:/opt/rustwide/workdir:ro,Z" "-v" "/var/lib/crater-agent-workspace/cargo-home:/opt/rustwide/cargo-home:ro,Z" "-v" "/var/lib/crater-agent-workspace/rustup-home:/opt/rustwide/rustup-home:ro,Z" "-e" "SOURCE_DIR=/opt/rustwide/workdir" "-e" "CARGO_TARGET_DIR=/opt/rustwide/target" "-e" "CARGO_INCREMENTAL=0" "-e" "RUST_BACKTRACE=full" "-e" "RUSTFLAGS=--cap-lints=warn" "-e" "RUSTDOCFLAGS=--cap-lints=warn" "-e" "CARGO_HOME=/opt/rustwide/cargo-home" "-e" "RUSTUP_HOME=/opt/rustwide/rustup-home" "-w" "/opt/rustwide/workdir" "-m" "1610612736" "--user" "0:0" "--network" "none" "ghcr.io/rust-lang/crates-build-env/linux@sha256:f3a9d4ad9d972b27faf3965f35b62e55ba32bbce8f20bc8fe909558a86702fde" "/opt/rustwide/cargo-home/bin/cargo" "+1.83.0" "test" "--frozen", kill_on_drop: false }`
[INFO] [stdout] 09c008140325f851b99c8ff81afbb39cc7bb24b560bba1279397f4619fc179fc
[INFO] running `Command { std: "docker" "start" "-a" "09c008140325f851b99c8ff81afbb39cc7bb24b560bba1279397f4619fc179fc", kill_on_drop: false }`
[INFO] [stderr] warning: variable does not need to be mutable
[INFO] [stderr]   --> src/error/error.rs:57:13
[INFO] [stderr]    |
[INFO] [stderr] 57 |         let mut sv;
[INFO] [stderr]    |             ----^^
[INFO] [stderr]    |             |
[INFO] [stderr]    |             help: remove this `mut`
[INFO] [stderr]    |
[INFO] [stderr]    = note: `#[warn(unused_mut)]` on by default
[INFO] [stderr] 
[INFO] [stderr] warning: crate `ZHRXXLib` should have a snake case name
[INFO] [stderr]   |
[INFO] [stderr]   = help: convert the identifier to snake case: `zhrxxlib`
[INFO] [stderr]   = note: `#[warn(non_snake_case)]` on by default
[INFO] [stderr] 
[INFO] [stderr] warning: unused borrow that must be used
[INFO] [stderr]   --> src/utils/buffer/buffer.rs:35:13
[INFO] [stderr]    |
[INFO] [stderr] 35 |             &self.events.trigger_event("buffer_action_add");
[INFO] [stderr]    |             ^^^^^^^^^^^^^^^^^^^^^^^^^^^^^^^^^^^^^^^^^^^^^^^ the borrow produces a value
[INFO] [stderr]    |
[INFO] [stderr]    = note: `#[warn(unused_must_use)]` on by default
[INFO] [stderr] help: use `let _ = ...` to ignore the resulting value
[INFO] [stderr]    |
[INFO] [stderr] 35 |             let _ = &self.events.trigger_event("buffer_action_add");
[INFO] [stderr]    |             +++++++
[INFO] [stderr] 
[INFO] [stderr] warning: method `throwError` should have a snake case name
[INFO] [stderr]   --> src/error/error.rs:56:12
[INFO] [stderr]    |
[INFO] [stderr] 56 |     pub fn throwError(&mut self, name: &str, severity: ErrorSeverity) {
[INFO] [stderr]    |            ^^^^^^^^^^ help: convert the identifier to snake case: `throw_error`
[INFO] [stderr] 
[INFO] [stderr] warning: `ZHRXXLib` (lib) generated 4 warnings (run `cargo fix --lib -p ZHRXXLib` to apply 1 suggestion)
[INFO] [stderr] warning: method `throwError` should have a snake case name
[INFO] [stderr]   --> src/error/error.rs:56:12
[INFO] [stderr]    |
[INFO] [stderr] 56 |     pub fn throwError(&mut self, name: &str, severity: ErrorSeverity) {
[INFO] [stderr]    |            ^^^^^^^^^^ help: convert the identifier to snake case: `throw_error`
[INFO] [stderr]    |
[INFO] [stderr]    = note: `#[warn(non_snake_case)]` on by default
[INFO] [stderr] 
[INFO] [stderr] warning: `ZHRXXLib` (lib test) generated 3 warnings (2 duplicates)
[INFO] [stderr]     Finished `test` profile [unoptimized + debuginfo] target(s) in 0.14s
[INFO] [stderr]      Running unittests src/lib.rs (/opt/rustwide/target/debug/deps/ZHRXXLib-42af0db440438436)
[INFO] [stdout] 
[INFO] [stdout] running 1 test
[INFO] [stdout] test tests::test_get_args ... ok
[INFO] [stdout] 
[INFO] [stdout] test result: ok. 1 passed; 0 failed; 0 ignored; 0 measured; 0 filtered out; finished in 0.00s
[INFO] [stdout] 
[INFO] [stderr]    Doc-tests ZHRXXLib
[INFO] [stdout] 
[INFO] [stdout] running 4 tests
[INFO] [stdout] test src/error/error.rs - error::error::Errors::get_errors (line 23) ... FAILED
[INFO] [stdout] test src/error/error.rs - error::error::Errors::get_errors (line 33) ... FAILED
[INFO] [stdout] test src/lib.rs - input (line 11) ... ok
[INFO] [stdout] test src/lib.rs - get_args (line 35) ... ok
[INFO] [stdout] 
[INFO] [stdout] failures:
[INFO] [stdout] 
[INFO] [stdout] ---- src/error/error.rs - error::error::Errors::get_errors (line 23) stdout ----
[INFO] [stdout] error[E0425]: cannot find function `get_errors` in this scope
[INFO] [stdout]  --> src/error/error.rs:25:4
[INFO] [stdout]   |
[INFO] [stdout] 4 | if get_errors().len() > 1 {
[INFO] [stdout]   |    ^^^^^^^^^^ not found in this scope
[INFO] [stdout] 
[INFO] [stdout] error[E0425]: cannot find function `get_errors` in this scope
[INFO] [stdout]  --> src/error/error.rs:26:36
[INFO] [stdout]   |
[INFO] [stdout] 5 |     for (error_name, severity) in &get_errors() {
[INFO] [stdout]   |                                    ^^^^^^^^^^ not found in this scope
[INFO] [stdout] 
[INFO] [stdout] error: aborting due to 2 previous errors
[INFO] [stdout] 
[INFO] [stdout] For more information about this error, try `rustc --explain E0425`.
[INFO] [stdout] Couldn't compile the test.
[INFO] [stdout] ---- src/error/error.rs - error::error::Errors::get_errors (line 33) stdout ----
[INFO] [stdout] error: invalid format string: expected `'}'`, found `'('`
[INFO] [stdout]  --> src/error/error.rs:37:34
[INFO] [stdout]   |
[INFO] [stdout] 7 |     println!("Errors: {get_errors()}")
[INFO] [stdout]   |                       -          ^ expected `'}'` in format string
[INFO] [stdout]   |                       |
[INFO] [stdout]   |                       because of this opening brace
[INFO] [stdout]   |
[INFO] [stdout]   = note: if you intended to print `{`, you can escape it using `{{`
[INFO] [stdout] 
[INFO] [stdout] error[E0425]: cannot find value `has_errors` in this scope
[INFO] [stdout]  --> src/error/error.rs:36:32
[INFO] [stdout]   |
[INFO] [stdout] 6 | if mthreading::run_with_return(has_errors, None) {
[INFO] [stdout]   |                                ^^^^^^^^^^ not found in this scope
[INFO] [stdout] 
[INFO] [stdout] error: aborting due to 2 previous errors
[INFO] [stdout] 
[INFO] [stdout] For more information about this error, try `rustc --explain E0425`.
[INFO] [stdout] Couldn't compile the test.
[INFO] [stdout] 
[INFO] [stdout] failures:
[INFO] [stdout]     src/error/error.rs - error::error::Errors::get_errors (line 23)
[INFO] [stdout]     src/error/error.rs - error::error::Errors::get_errors (line 33)
[INFO] [stdout] 
[INFO] [stdout] test result: FAILED. 2 passed; 2 failed; 0 ignored; 0 measured; 0 filtered out; finished in 2.16s
[INFO] [stdout] 
[INFO] [stderr] error: doctest failed, to rerun pass `--doc`
[INFO] running `Command { std: "docker" "inspect" "09c008140325f851b99c8ff81afbb39cc7bb24b560bba1279397f4619fc179fc", kill_on_drop: false }`
[INFO] running `Command { std: "docker" "rm" "-f" "09c008140325f851b99c8ff81afbb39cc7bb24b560bba1279397f4619fc179fc", kill_on_drop: false }`
[INFO] [stdout] 09c008140325f851b99c8ff81afbb39cc7bb24b560bba1279397f4619fc179fc
