[INFO] fetching crate Rusty-tui 0.1.0...
[INFO] testing Rusty-tui-0.1.0 against beta-2024-12-08 for beta-1.84.0-4-retry
[INFO] extracting crate Rusty-tui 0.1.0 into /workspace/builds/worker-2-tc2/source
[INFO] validating manifest of crates.io crate Rusty-tui 0.1.0 on toolchain beta-2024-12-08
[INFO] running `Command { std: CARGO_HOME="/workspace/cargo-home" RUSTUP_HOME="/workspace/rustup-home" "/workspace/cargo-home/bin/cargo" "+beta-2024-12-08" "metadata" "--manifest-path" "Cargo.toml" "--no-deps", kill_on_drop: false }`
[INFO] started tweaking crates.io crate Rusty-tui 0.1.0
[INFO] finished tweaking crates.io crate Rusty-tui 0.1.0
[INFO] tweaked toml for crates.io crate Rusty-tui 0.1.0 written to /workspace/builds/worker-2-tc2/source/Cargo.toml
[INFO] running `Command { std: CARGO_HOME="/workspace/cargo-home" RUSTUP_HOME="/workspace/rustup-home" "/workspace/cargo-home/bin/cargo" "+beta-2024-12-08" "generate-lockfile" "--manifest-path" "Cargo.toml", kill_on_drop: false }`
[INFO] running `Command { std: CARGO_HOME="/workspace/cargo-home" RUSTUP_HOME="/workspace/rustup-home" "/workspace/cargo-home/bin/cargo" "+beta-2024-12-08" "fetch" "--manifest-path" "Cargo.toml", kill_on_drop: false }`
[INFO] running `Command { std: "docker" "create" "-v" "/var/lib/crater-agent-workspace/builds/worker-2-tc2/target:/opt/rustwide/target:rw,Z" "-v" "/var/lib/crater-agent-workspace/builds/worker-2-tc2/source:/opt/rustwide/workdir:ro,Z" "-v" "/var/lib/crater-agent-workspace/cargo-home:/opt/rustwide/cargo-home:ro,Z" "-v" "/var/lib/crater-agent-workspace/rustup-home:/opt/rustwide/rustup-home:ro,Z" "-e" "SOURCE_DIR=/opt/rustwide/workdir" "-e" "CARGO_TARGET_DIR=/opt/rustwide/target" "-e" "CARGO_HOME=/opt/rustwide/cargo-home" "-e" "RUSTUP_HOME=/opt/rustwide/rustup-home" "-w" "/opt/rustwide/workdir" "-m" "1610612736" "--user" "0:0" "--network" "none" "ghcr.io/rust-lang/crates-build-env/linux@sha256:f3a9d4ad9d972b27faf3965f35b62e55ba32bbce8f20bc8fe909558a86702fde" "/opt/rustwide/cargo-home/bin/cargo" "+beta-2024-12-08" "metadata" "--no-deps" "--format-version=1", kill_on_drop: false }`
[INFO] [stdout] 24fabb94a2373c486200a76ef29641d3121755c59338d5d5b5095810b5ef5bb9
[INFO] running `Command { std: "docker" "start" "-a" "24fabb94a2373c486200a76ef29641d3121755c59338d5d5b5095810b5ef5bb9", kill_on_drop: false }`
[INFO] running `Command { std: "docker" "inspect" "24fabb94a2373c486200a76ef29641d3121755c59338d5d5b5095810b5ef5bb9", kill_on_drop: false }`
[INFO] running `Command { std: "docker" "rm" "-f" "24fabb94a2373c486200a76ef29641d3121755c59338d5d5b5095810b5ef5bb9", kill_on_drop: false }`
[INFO] [stdout] 24fabb94a2373c486200a76ef29641d3121755c59338d5d5b5095810b5ef5bb9
[INFO] running `Command { std: "docker" "create" "-v" "/var/lib/crater-agent-workspace/builds/worker-2-tc2/target:/opt/rustwide/target:rw,Z" "-v" "/var/lib/crater-agent-workspace/builds/worker-2-tc2/source:/opt/rustwide/workdir:ro,Z" "-v" "/var/lib/crater-agent-workspace/cargo-home:/opt/rustwide/cargo-home:ro,Z" "-v" "/var/lib/crater-agent-workspace/rustup-home:/opt/rustwide/rustup-home:ro,Z" "-e" "SOURCE_DIR=/opt/rustwide/workdir" "-e" "CARGO_TARGET_DIR=/opt/rustwide/target" "-e" "CARGO_INCREMENTAL=0" "-e" "RUST_BACKTRACE=full" "-e" "RUSTFLAGS=--cap-lints=warn" "-e" "RUSTDOCFLAGS=--cap-lints=warn" "-e" "CARGO_HOME=/opt/rustwide/cargo-home" "-e" "RUSTUP_HOME=/opt/rustwide/rustup-home" "-w" "/opt/rustwide/workdir" "-m" "1610612736" "--user" "0:0" "--network" "none" "ghcr.io/rust-lang/crates-build-env/linux@sha256:f3a9d4ad9d972b27faf3965f35b62e55ba32bbce8f20bc8fe909558a86702fde" "/opt/rustwide/cargo-home/bin/cargo" "+beta-2024-12-08" "build" "--frozen" "--message-format=json", kill_on_drop: false }`
[INFO] [stdout] 3e41a07189d69d9a014b6d3191f574aac768f991c5d8c639a7bce9911b62ae6b
[INFO] running `Command { std: "docker" "start" "-a" "3e41a07189d69d9a014b6d3191f574aac768f991c5d8c639a7bce9911b62ae6b", kill_on_drop: false }`
[INFO] [stderr]    Compiling Rusty-tui v0.1.0 (/opt/rustwide/workdir)
[INFO] [stdout] warning: unused variable: `row`
[INFO] [stdout]   --> src/border.rs:57:13
[INFO] [stdout]    |
[INFO] [stdout] 57 |         for row in 0..self.h {
[INFO] [stdout]    |             ^^^ help: if this is intentional, prefix it with an underscore: `_row`
[INFO] [stdout]    |
[INFO] [stdout]    = note: `#[warn(unused_variables)]` on by default
[INFO] [stdout] 
[INFO] [stdout] 
[INFO] [stdout] warning: crate `Rusty_tui` should have a snake case name
[INFO] [stdout]   |
[INFO] [stdout]   = help: convert the identifier to snake case: `rusty_tui`
[INFO] [stdout]   = note: `#[warn(non_snake_case)]` on by default
[INFO] [stdout] 
[INFO] [stdout] 
[INFO] [stderr]     Finished `dev` profile [unoptimized + debuginfo] target(s) in 0.25s
[INFO] running `Command { std: "docker" "inspect" "3e41a07189d69d9a014b6d3191f574aac768f991c5d8c639a7bce9911b62ae6b", kill_on_drop: false }`
[INFO] running `Command { std: "docker" "rm" "-f" "3e41a07189d69d9a014b6d3191f574aac768f991c5d8c639a7bce9911b62ae6b", kill_on_drop: false }`
[INFO] [stdout] 3e41a07189d69d9a014b6d3191f574aac768f991c5d8c639a7bce9911b62ae6b
[INFO] running `Command { std: "docker" "create" "-v" "/var/lib/crater-agent-workspace/builds/worker-2-tc2/target:/opt/rustwide/target:rw,Z" "-v" "/var/lib/crater-agent-workspace/builds/worker-2-tc2/source:/opt/rustwide/workdir:ro,Z" "-v" "/var/lib/crater-agent-workspace/cargo-home:/opt/rustwide/cargo-home:ro,Z" "-v" "/var/lib/crater-agent-workspace/rustup-home:/opt/rustwide/rustup-home:ro,Z" "-e" "SOURCE_DIR=/opt/rustwide/workdir" "-e" "CARGO_TARGET_DIR=/opt/rustwide/target" "-e" "CARGO_INCREMENTAL=0" "-e" "RUST_BACKTRACE=full" "-e" "RUSTFLAGS=--cap-lints=warn" "-e" "RUSTDOCFLAGS=--cap-lints=warn" "-e" "CARGO_HOME=/opt/rustwide/cargo-home" "-e" "RUSTUP_HOME=/opt/rustwide/rustup-home" "-w" "/opt/rustwide/workdir" "-m" "1610612736" "--user" "0:0" "--network" "none" "ghcr.io/rust-lang/crates-build-env/linux@sha256:f3a9d4ad9d972b27faf3965f35b62e55ba32bbce8f20bc8fe909558a86702fde" "/opt/rustwide/cargo-home/bin/cargo" "+beta-2024-12-08" "test" "--frozen" "--no-run" "--message-format=json", kill_on_drop: false }`
[INFO] [stdout] b8ff2f0c7addb4b38bc8d9c4d957f500c6a64acba9fae98f979797ff2cff8969
[INFO] running `Command { std: "docker" "start" "-a" "b8ff2f0c7addb4b38bc8d9c4d957f500c6a64acba9fae98f979797ff2cff8969", kill_on_drop: false }`
[INFO] [stderr]    Compiling Rusty-tui v0.1.0 (/opt/rustwide/workdir)
[INFO] [stdout] warning: unused variable: `row`
[INFO] [stdout]   --> src/border.rs:57:13
[INFO] [stdout]    |
[INFO] [stdout] 57 |         for row in 0..self.h {
[INFO] [stdout]    |             ^^^ help: if this is intentional, prefix it with an underscore: `_row`
[INFO] [stdout]    |
[INFO] [stdout]    = note: `#[warn(unused_variables)]` on by default
[INFO] [stdout] 
[INFO] [stdout] 
[INFO] [stdout] warning: crate `Rusty_tui` should have a snake case name
[INFO] [stdout]   |
[INFO] [stdout]   = help: convert the identifier to snake case: `rusty_tui`
[INFO] [stdout]   = note: `#[warn(non_snake_case)]` on by default
[INFO] [stdout] 
[INFO] [stdout] 
[INFO] [stdout] warning: unused variable: `row`
[INFO] [stdout]   --> src/border.rs:57:13
[INFO] [stdout]    |
[INFO] [stdout] 57 |         for row in 0..self.h {
[INFO] [stdout]    |             ^^^ help: if this is intentional, prefix it with an underscore: `_row`
[INFO] [stdout]    |
[INFO] [stdout]    = note: `#[warn(unused_variables)]` on by default
[INFO] [stdout] 
[INFO] [stdout] 
[INFO] [stderr]     Finished `test` profile [unoptimized + debuginfo] target(s) in 0.41s
[INFO] running `Command { std: "docker" "inspect" "b8ff2f0c7addb4b38bc8d9c4d957f500c6a64acba9fae98f979797ff2cff8969", kill_on_drop: false }`
[INFO] running `Command { std: "docker" "rm" "-f" "b8ff2f0c7addb4b38bc8d9c4d957f500c6a64acba9fae98f979797ff2cff8969", kill_on_drop: false }`
[INFO] [stdout] b8ff2f0c7addb4b38bc8d9c4d957f500c6a64acba9fae98f979797ff2cff8969
[INFO] running `Command { std: "docker" "create" "-v" "/var/lib/crater-agent-workspace/builds/worker-2-tc2/target:/opt/rustwide/target:rw,Z" "-v" "/var/lib/crater-agent-workspace/builds/worker-2-tc2/source:/opt/rustwide/workdir:ro,Z" "-v" "/var/lib/crater-agent-workspace/cargo-home:/opt/rustwide/cargo-home:ro,Z" "-v" "/var/lib/crater-agent-workspace/rustup-home:/opt/rustwide/rustup-home:ro,Z" "-e" "SOURCE_DIR=/opt/rustwide/workdir" "-e" "CARGO_TARGET_DIR=/opt/rustwide/target" "-e" "CARGO_INCREMENTAL=0" "-e" "RUST_BACKTRACE=full" "-e" "RUSTFLAGS=--cap-lints=warn" "-e" "RUSTDOCFLAGS=--cap-lints=warn" "-e" "CARGO_HOME=/opt/rustwide/cargo-home" "-e" "RUSTUP_HOME=/opt/rustwide/rustup-home" "-w" "/opt/rustwide/workdir" "-m" "1610612736" "--user" "0:0" "--network" "none" "ghcr.io/rust-lang/crates-build-env/linux@sha256:f3a9d4ad9d972b27faf3965f35b62e55ba32bbce8f20bc8fe909558a86702fde" "/opt/rustwide/cargo-home/bin/cargo" "+beta-2024-12-08" "test" "--frozen", kill_on_drop: false }`
[INFO] [stdout] 3448282f3d93913dd455a3519b4fdd2224144f32bb6cc78d9f7ac809e46c74a3
[INFO] running `Command { std: "docker" "start" "-a" "3448282f3d93913dd455a3519b4fdd2224144f32bb6cc78d9f7ac809e46c74a3", kill_on_drop: false }`
[INFO] [stderr] warning: unused variable: `row`
[INFO] [stderr]   --> src/border.rs:57:13
[INFO] [stderr]    |
[INFO] [stderr] 57 |         for row in 0..self.h {
[INFO] [stderr]    |             ^^^ help: if this is intentional, prefix it with an underscore: `_row`
[INFO] [stderr]    |
[INFO] [stderr]    = note: `#[warn(unused_variables)]` on by default
[INFO] [stderr] 
[INFO] [stderr] warning: crate `Rusty_tui` should have a snake case name
[INFO] [stderr]   |
[INFO] [stderr]   = help: convert the identifier to snake case: `rusty_tui`
[INFO] [stderr]   = note: `#[warn(non_snake_case)]` on by default
[INFO] [stderr] 
[INFO] [stderr] warning: `Rusty-tui` (lib) generated 2 warnings
[INFO] [stderr] warning: `Rusty-tui` (lib test) generated 1 warning (1 duplicate)
[INFO] [stderr]     Finished `test` profile [unoptimized + debuginfo] target(s) in 0.02s
[INFO] [stderr]      Running unittests src/lib.rs (/opt/rustwide/target/debug/deps/Rusty_tui-77b17e3fb976a179)
[INFO] [stdout] 
[INFO] [stdout] running 0 tests
[INFO] [stdout] 
[INFO] [stdout] test result: ok. 0 passed; 0 failed; 0 ignored; 0 measured; 0 filtered out; finished in 0.00s
[INFO] [stdout] 
[INFO] [stderr]    Doc-tests Rusty_tui
[INFO] [stdout] 
[INFO] [stdout] running 16 tests
[INFO] [stdout] test src/lib.rs - (line 129) ... FAILED
[INFO] [stdout] test src/lib.rs - (line 110) ... FAILED
[INFO] [stdout] test src/lib.rs - (line 48) ... FAILED
[INFO] [stdout] test src/lib.rs - (line 66) ... FAILED
[INFO] [stdout] test src/border.rs - border::Border::draw (line 48) ... FAILED
[INFO] [stdout] test src/input_box.rs - input_box::InputBox::get_input (line 47) ... FAILED
[INFO] [stdout] test src/label.rs - label::Label::draw (line 45) ... FAILED
[INFO] [stdout] test src/lib.rs - (line 270) ... FAILED
[INFO] [stdout] test src/lib.rs - (line 80) ... FAILED
[INFO] [stdout] test src/lib.rs - (line 171) ... FAILED
[INFO] [stdout] test src/lib.rs - (line 139) ... FAILED
[INFO] [stdout] test src/lib.rs - (line 289) ... FAILED
[INFO] [stdout] test src/lib.rs - (line 280) ... FAILED
[INFO] [stdout] test src/lib.rs - (line 250) ... FAILED
[INFO] [stdout] test src/lib.rs - (line 97) ... ok
[INFO] [stdout] test src/lib.rs - (line 36) ... ok
[INFO] [stdout] 
[INFO] [stdout] failures:
[INFO] [stdout] 
[INFO] [stdout] ---- src/lib.rs - (line 129) stdout ----
[INFO] [stdout] error: this file contains an unclosed delimiter
[INFO] [stdout]  --> src/lib.rs:130:52
[INFO] [stdout]   |
[INFO] [stdout] 1 | pub fn get_input(&mut self) -> io::Result<String> {
[INFO] [stdout]   |                                                   -^
[INFO] [stdout]   |                                                   |
[INFO] [stdout]   |                                                   unclosed delimiter
[INFO] [stdout] 
[INFO] [stdout] error: aborting due to 1 previous error
[INFO] [stdout] 
[INFO] [stdout] Couldn't compile the test.
[INFO] [stdout] ---- src/lib.rs - (line 110) stdout ----
[INFO] [stdout] error: this file contains an unclosed delimiter
[INFO] [stdout]  --> src/lib.rs:111:69
[INFO] [stdout]   |
[INFO] [stdout] 1 | pub fn new(input: &str, placeholder: &str, x: u16, y: u16) -> Self {
[INFO] [stdout]   |                                                                    -^
[INFO] [stdout]   |                                                                    |
[INFO] [stdout]   |                                                                    unclosed delimiter
[INFO] [stdout] 
[INFO] [stdout] error: aborting due to 1 previous error
[INFO] [stdout] 
[INFO] [stdout] Couldn't compile the test.
[INFO] [stdout] ---- src/lib.rs - (line 48) stdout ----
[INFO] [stdout] error: this file contains an unclosed delimiter
[INFO] [stdout]  --> src/lib.rs:49:49
[INFO] [stdout]   |
[INFO] [stdout] 1 | pub fn new(text: &str, x: u16, y: u16) -> Self {
[INFO] [stdout]   |                                                -^
[INFO] [stdout]   |                                                |
[INFO] [stdout]   |                                                unclosed delimiter
[INFO] [stdout] 
[INFO] [stdout] error: aborting due to 1 previous error
[INFO] [stdout] 
[INFO] [stdout] Couldn't compile the test.
[INFO] [stdout] ---- src/lib.rs - (line 66) stdout ----
[INFO] [stdout] error: this file contains an unclosed delimiter
[INFO] [stdout]  --> src/lib.rs:67:64
[INFO] [stdout]   |
[INFO] [stdout] 1 | pub fn draw(&self, stdout: &mut impl Write) -> io::Result<()> {
[INFO] [stdout]   |                                                               -^
[INFO] [stdout]   |                                                               |
[INFO] [stdout]   |                                                               unclosed delimiter
[INFO] [stdout] 
[INFO] [stdout] error: aborting due to 1 previous error
[INFO] [stdout] 
[INFO] [stdout] Couldn't compile the test.
[INFO] [stdout] ---- src/border.rs - border::Border::draw (line 48) stdout ----
[INFO] [stdout] error[E0433]: failed to resolve: use of undeclared type `Border`
[INFO] [stdout]  --> src/border.rs:49:14
[INFO] [stdout]   |
[INFO] [stdout] 3 | let border = Border::new(5, 10, 2, 1, "*".to_string());
[INFO] [stdout]   |              ^^^^^^ use of undeclared type `Border`
[INFO] [stdout]   |
[INFO] [stdout] help: consider importing this struct
[INFO] [stdout]   |
[INFO] [stdout] 2 + use Rusty_tui::Border;
[INFO] [stdout]   |
[INFO] [stdout] 
[INFO] [stdout] error: aborting due to 1 previous error
[INFO] [stdout] 
[INFO] [stdout] For more information about this error, try `rustc --explain E0433`.
[INFO] [stdout] Couldn't compile the test.
[INFO] [stdout] ---- src/input_box.rs - input_box::InputBox::get_input (line 47) stdout ----
[INFO] [stdout] error[E0433]: failed to resolve: use of undeclared type `InputBox`
[INFO] [stdout]  --> src/input_box.rs:48:21
[INFO] [stdout]   |
[INFO] [stdout] 3 | let mut input_box = InputBox::new("", "Enter text here", 5, 10);
[INFO] [stdout]   |                     ^^^^^^^^ use of undeclared type `InputBox`
[INFO] [stdout]   |
[INFO] [stdout] help: consider importing this struct
[INFO] [stdout]   |
[INFO] [stdout] 2 + use Rusty_tui::InputBox;
[INFO] [stdout]   |
[INFO] [stdout] 
[INFO] [stdout] error: aborting due to 1 previous error
[INFO] [stdout] 
[INFO] [stdout] For more information about this error, try `rustc --explain E0433`.
[INFO] [stdout] Couldn't compile the test.
[INFO] [stdout] ---- src/label.rs - label::Label::draw (line 45) stdout ----
[INFO] [stdout] error[E0433]: failed to resolve: use of undeclared type `Label`
[INFO] [stdout]  --> src/label.rs:48:13
[INFO] [stdout]   |
[INFO] [stdout] 5 | let label = Label::new("Hello, world!", 10, 5);
[INFO] [stdout]   |             ^^^^^ use of undeclared type `Label`
[INFO] [stdout]   |
[INFO] [stdout] help: consider importing this struct
[INFO] [stdout]   |
[INFO] [stdout] 2 + use Rusty_tui::Label;
[INFO] [stdout]   |
[INFO] [stdout] 
[INFO] [stdout] error: aborting due to 1 previous error
[INFO] [stdout] 
[INFO] [stdout] For more information about this error, try `rustc --explain E0433`.
[INFO] [stdout] Couldn't compile the test.
[INFO] [stdout] ---- src/lib.rs - (line 270) stdout ----
[INFO] [stdout] error: expected one of `->`, `where`, or `{`, found `}`
[INFO] [stdout]  --> src/lib.rs:272:1
[INFO] [stdout]   |
[INFO] [stdout] 3 | pub fn draw(&self)
[INFO] [stdout]   |        ----       - expected one of `->`, `where`, or `{`
[INFO] [stdout]   |        |
[INFO] [stdout]   |        while parsing this `fn`
[INFO] [stdout] 4 | } _doctest_main_src_lib_rs_270_0() }
[INFO] [stdout]   | ^ unexpected token
[INFO] [stdout] 
[INFO] [stdout] error: free function without a body
[INFO] [stdout]  --> src/lib.rs:271:1
[INFO] [stdout]   |
[INFO] [stdout] 3 | pub fn draw(&self)
[INFO] [stdout]   | ^^^^^^^^^^^^^^^^^^- help: provide a definition for the function: `{ <body> }`
[INFO] [stdout] 
[INFO] [stdout] error: `self` parameter is only allowed in associated functions
[INFO] [stdout]  --> src/lib.rs:271:13
[INFO] [stdout]   |
[INFO] [stdout] 3 | pub fn draw(&self)
[INFO] [stdout]   |             ^^^^^ not semantically valid as function parameter
[INFO] [stdout]   |
[INFO] [stdout]   = note: associated functions are those in `impl` or `trait` definitions
[INFO] [stdout] 
[INFO] [stdout] error: aborting due to 3 previous errors
[INFO] [stdout] 
[INFO] [stdout] Couldn't compile the test.
[INFO] [stdout] ---- src/lib.rs - (line 80) stdout ----
[INFO] [stdout] error[E0433]: failed to resolve: use of undeclared type `Label`
[INFO] [stdout]  --> src/lib.rs:84:13
[INFO] [stdout]   |
[INFO] [stdout] 6 | let label = Label::new("Hello, world!", 10, 5);
[INFO] [stdout]   |             ^^^^^ use of undeclared type `Label`
[INFO] [stdout]   |
[INFO] [stdout] help: consider importing this struct
[INFO] [stdout]   |
[INFO] [stdout] 2 + use Rusty_tui::Label;
[INFO] [stdout]   |
[INFO] [stdout] 
[INFO] [stdout] error: aborting due to 1 previous error
[INFO] [stdout] 
[INFO] [stdout] For more information about this error, try `rustc --explain E0433`.
[INFO] [stdout] Couldn't compile the test.
[INFO] [stdout] ---- src/lib.rs - (line 171) stdout ----
[INFO] [stdout] error[E0583]: file not found for module `labels`
[INFO] [stdout]  --> src/lib.rs:173:1
[INFO] [stdout]   |
[INFO] [stdout] 3 | mod labels; // Assuming Label is in labels.rs
[INFO] [stdout]   | ^^^^^^^^^^^
[INFO] [stdout]   |
[INFO] [stdout]   = help: to create the module `labels`, create file "src/labels.rs" or "src/labels/mod.rs"
[INFO] [stdout]   = note: if there is a `mod labels` elsewhere in the crate already, import it with `use crate::...` instead
[INFO] [stdout] 
[INFO] [stdout] error[E0433]: failed to resolve: could not find `Label` in `labels`
[INFO] [stdout]  --> src/lib.rs:178:32
[INFO] [stdout]   |
[INFO] [stdout] 8 |     let prompt_label = labels::Label::new("Please enter your name:", 5, 5);
[INFO] [stdout]   |                                ^^^^^ could not find `Label` in `labels`
[INFO] [stdout]   |
[INFO] [stdout] help: consider importing this struct
[INFO] [stdout]   |
[INFO] [stdout] 2 + use Rusty_tui::Label;
[INFO] [stdout]   |
[INFO] [stdout] help: if you import `Label`, refer to it directly
[INFO] [stdout]   |
[INFO] [stdout] 8 -     let prompt_label = labels::Label::new("Please enter your name:", 5, 5);
[INFO] [stdout] 8 +     let prompt_label = Label::new("Please enter your name:", 5, 5);
[INFO] [stdout]   |
[INFO] [stdout] 
[INFO] [stdout] error[E0433]: failed to resolve: could not find `Label` in `labels`
[INFO] [stdout]   --> src/lib.rs:189:34
[INFO] [stdout]    |
[INFO] [stdout] 19 |     let greeting_label = labels::Label::new(&format!("Hello, {}!", user_name), 5, 9);
[INFO] [stdout]    |                                  ^^^^^ could not find `Label` in `labels`
[INFO] [stdout]    |
[INFO] [stdout] help: consider importing this struct
[INFO] [stdout]    |
[INFO] [stdout] 2  + use Rusty_tui::Label;
[INFO] [stdout]    |
[INFO] [stdout] help: if you import `Label`, refer to it directly
[INFO] [stdout]    |
[INFO] [stdout] 19 -     let greeting_label = labels::Label::new(&format!("Hello, {}!", user_name), 5, 9);
[INFO] [stdout] 19 +     let greeting_label = Label::new(&format!("Hello, {}!", user_name), 5, 9);
[INFO] [stdout]    |
[INFO] [stdout] 
[INFO] [stdout] error: aborting due to 3 previous errors
[INFO] [stdout] 
[INFO] [stdout] Some errors have detailed explanations: E0433, E0583.
[INFO] [stdout] For more information about an error, try `rustc --explain E0433`.
[INFO] [stdout] Couldn't compile the test.
[INFO] [stdout] ---- src/lib.rs - (line 139) stdout ----
[INFO] [stdout] error[E0433]: failed to resolve: use of undeclared type `InputBox`
[INFO] [stdout]  --> src/lib.rs:140:21
[INFO] [stdout]   |
[INFO] [stdout] 3 | let mut input_box = InputBox::new("", "Enter text here", 5, 10);
[INFO] [stdout]   |                     ^^^^^^^^ use of undeclared type `InputBox`
[INFO] [stdout]   |
[INFO] [stdout] help: consider importing this struct
[INFO] [stdout]   |
[INFO] [stdout] 2 + use Rusty_tui::InputBox;
[INFO] [stdout]   |
[INFO] [stdout] 
[INFO] [stdout] error: aborting due to 1 previous error
[INFO] [stdout] 
[INFO] [stdout] For more information about this error, try `rustc --explain E0433`.
[INFO] [stdout] Couldn't compile the test.
[INFO] [stdout] ---- src/lib.rs - (line 289) stdout ----
[INFO] [stdout] error[E0433]: failed to resolve: use of undeclared type `Border`
[INFO] [stdout]  --> src/lib.rs:291:18
[INFO] [stdout]   |
[INFO] [stdout] 3 |     let border = Border::new(5, 10, 2, 1, "*".to_string());
[INFO] [stdout]   |                  ^^^^^^ use of undeclared type `Border`
[INFO] [stdout]   |
[INFO] [stdout] help: consider importing this struct
[INFO] [stdout]   |
[INFO] [stdout] 2 + use Rusty_tui::Border;
[INFO] [stdout]   |
[INFO] [stdout] 
[INFO] [stdout] error: aborting due to 1 previous error
[INFO] [stdout] 
[INFO] [stdout] For more information about this error, try `rustc --explain E0433`.
[INFO] [stdout] Couldn't compile the test.
[INFO] [stdout] ---- src/lib.rs - (line 280) stdout ----
[INFO] [stdout] error[E0433]: failed to resolve: use of undeclared type `Border`
[INFO] [stdout]  --> src/lib.rs:281:14
[INFO] [stdout]   |
[INFO] [stdout] 3 | let border = Border::new(5, 10, 2, 1, "*".to_string());
[INFO] [stdout]   |              ^^^^^^ use of undeclared type `Border`
[INFO] [stdout]   |
[INFO] [stdout] help: consider importing this struct
[INFO] [stdout]   |
[INFO] [stdout] 2 + use Rusty_tui::Border;
[INFO] [stdout]   |
[INFO] [stdout] 
[INFO] [stdout] error: aborting due to 1 previous error
[INFO] [stdout] 
[INFO] [stdout] For more information about this error, try `rustc --explain E0433`.
[INFO] [stdout] Couldn't compile the test.
[INFO] [stdout] ---- src/lib.rs - (line 250) stdout ----
[INFO] [stdout] error: expected one of `!`, `(`, `+`, `::`, `<`, `where`, or `{`, found `}`
[INFO] [stdout]  --> src/lib.rs:252:1
[INFO] [stdout]   |
[INFO] [stdout] 3 | pub fn new(h: u16, w: u16, x: u16, y: u16, border: String) -> Border
[INFO] [stdout]   |        --- while parsing this `fn`                                  - expected one of 7 possible tokens
[INFO] [stdout] 4 | } _doctest_main_src_lib_rs_250_0() }
[INFO] [stdout]   | ^ unexpected token
[INFO] [stdout] 
[INFO] [stdout] error: free function without a body
[INFO] [stdout]  --> src/lib.rs:251:1
[INFO] [stdout]   |
[INFO] [stdout] 3 | pub fn new(h: u16, w: u16, x: u16, y: u16, border: String) -> Border
[INFO] [stdout]   | ^^^^^^^^^^^^^^^^^^^^^^^^^^^^^^^^^^^^^^^^^^^^^^^^^^^^^^^^^^^^^^^^^^^^- help: provide a definition for the function: `{ <body> }`
[INFO] [stdout] 
[INFO] [stdout] error[E0412]: cannot find type `Border` in this scope
[INFO] [stdout]  --> src/lib.rs:251:63
[INFO] [stdout]   |
[INFO] [stdout] 3 | pub fn new(h: u16, w: u16, x: u16, y: u16, border: String) -> Border
[INFO] [stdout]   |                                                               ^^^^^^ not found in this scope
[INFO] [stdout]   |
[INFO] [stdout] help: consider importing this struct
[INFO] [stdout]   |
[INFO] [stdout] 2 + use Rusty_tui::Border;
[INFO] [stdout]   |
[INFO] [stdout] 
[INFO] [stdout] error: aborting due to 3 previous errors
[INFO] [stdout] 
[INFO] [stdout] For more information about this error, try `rustc --explain E0412`.
[INFO] [stdout] Couldn't compile the test.
[INFO] [stdout] 
[INFO] [stdout] failures:
[INFO] [stdout]     src/border.rs - border::Border::draw (line 48)
[INFO] [stdout]     src/input_box.rs - input_box::InputBox::get_input (line 47)
[INFO] [stdout]     src/label.rs - label::Label::draw (line 45)
[INFO] [stdout]     src/lib.rs - (line 110)
[INFO] [stdout]     src/lib.rs - (line 129)
[INFO] [stdout]     src/lib.rs - (line 139)
[INFO] [stdout]     src/lib.rs - (line 171)
[INFO] [stdout]     src/lib.rs - (line 250)
[INFO] [stdout]     src/lib.rs - (line 270)
[INFO] [stdout]     src/lib.rs - (line 280)
[INFO] [stdout]     src/lib.rs - (line 289)
[INFO] [stdout]     src/lib.rs - (line 48)
[INFO] [stdout]     src/lib.rs - (line 66)
[INFO] [stdout]     src/lib.rs - (line 80)
[INFO] [stdout] 
[INFO] [stdout] test result: FAILED. 2 passed; 14 failed; 0 ignored; 0 measured; 0 filtered out; finished in 0.58s
[INFO] [stdout] 
[INFO] [stderr] error: doctest failed, to rerun pass `--doc`
[INFO] running `Command { std: "docker" "inspect" "3448282f3d93913dd455a3519b4fdd2224144f32bb6cc78d9f7ac809e46c74a3", kill_on_drop: false }`
[INFO] running `Command { std: "docker" "rm" "-f" "3448282f3d93913dd455a3519b4fdd2224144f32bb6cc78d9f7ac809e46c74a3", kill_on_drop: false }`
[INFO] [stdout] 3448282f3d93913dd455a3519b4fdd2224144f32bb6cc78d9f7ac809e46c74a3
