[INFO] fetching crate ReSet-Lib 0.6.3...
[INFO] testing ReSet-Lib-0.6.3 against 1.83.0 for beta-1.84.0-4-retry
[INFO] extracting crate ReSet-Lib 0.6.3 into /workspace/builds/worker-5-tc1/source
[INFO] validating manifest of crates.io crate ReSet-Lib 0.6.3 on toolchain 1.83.0
[INFO] running `Command { std: CARGO_HOME="/workspace/cargo-home" RUSTUP_HOME="/workspace/rustup-home" "/workspace/cargo-home/bin/cargo" "+1.83.0" "metadata" "--manifest-path" "Cargo.toml" "--no-deps", kill_on_drop: false }`
[INFO] started tweaking crates.io crate ReSet-Lib 0.6.3
[INFO] finished tweaking crates.io crate ReSet-Lib 0.6.3
[INFO] tweaked toml for crates.io crate ReSet-Lib 0.6.3 written to /workspace/builds/worker-5-tc1/source/Cargo.toml
[INFO] running `Command { std: CARGO_HOME="/workspace/cargo-home" RUSTUP_HOME="/workspace/rustup-home" "/workspace/cargo-home/bin/cargo" "+1.83.0" "generate-lockfile" "--manifest-path" "Cargo.toml", kill_on_drop: false }`
[INFO] [stderr]     Updating crates.io index
[INFO] [stderr]      Locking 28 packages to latest compatible versions
[INFO] running `Command { std: CARGO_HOME="/workspace/cargo-home" RUSTUP_HOME="/workspace/rustup-home" "/workspace/cargo-home/bin/cargo" "+1.83.0" "fetch" "--manifest-path" "Cargo.toml", kill_on_drop: false }`
[INFO] [stderr]  Downloading crates ...
[INFO] [stderr]   Downloaded libpulse-binding v2.28.2
[INFO] running `Command { std: "docker" "create" "-v" "/var/lib/crater-agent-workspace/builds/worker-5-tc1/target:/opt/rustwide/target:rw,Z" "-v" "/var/lib/crater-agent-workspace/builds/worker-5-tc1/source:/opt/rustwide/workdir:ro,Z" "-v" "/var/lib/crater-agent-workspace/cargo-home:/opt/rustwide/cargo-home:ro,Z" "-v" "/var/lib/crater-agent-workspace/rustup-home:/opt/rustwide/rustup-home:ro,Z" "-e" "SOURCE_DIR=/opt/rustwide/workdir" "-e" "CARGO_TARGET_DIR=/opt/rustwide/target" "-e" "CARGO_HOME=/opt/rustwide/cargo-home" "-e" "RUSTUP_HOME=/opt/rustwide/rustup-home" "-w" "/opt/rustwide/workdir" "-m" "1610612736" "--user" "0:0" "--network" "none" "ghcr.io/rust-lang/crates-build-env/linux@sha256:f3a9d4ad9d972b27faf3965f35b62e55ba32bbce8f20bc8fe909558a86702fde" "/opt/rustwide/cargo-home/bin/cargo" "+1.83.0" "metadata" "--no-deps" "--format-version=1", kill_on_drop: false }`
[INFO] [stdout] a9e1abf8d26fd5a8bc666c0a944fe1a5f7be53668f13a547d465785eaf491d77
[INFO] running `Command { std: "docker" "start" "-a" "a9e1abf8d26fd5a8bc666c0a944fe1a5f7be53668f13a547d465785eaf491d77", kill_on_drop: false }`
[INFO] running `Command { std: "docker" "inspect" "a9e1abf8d26fd5a8bc666c0a944fe1a5f7be53668f13a547d465785eaf491d77", kill_on_drop: false }`
[INFO] running `Command { std: "docker" "rm" "-f" "a9e1abf8d26fd5a8bc666c0a944fe1a5f7be53668f13a547d465785eaf491d77", kill_on_drop: false }`
[INFO] [stdout] a9e1abf8d26fd5a8bc666c0a944fe1a5f7be53668f13a547d465785eaf491d77
[INFO] running `Command { std: "docker" "create" "-v" "/var/lib/crater-agent-workspace/builds/worker-5-tc1/target:/opt/rustwide/target:rw,Z" "-v" "/var/lib/crater-agent-workspace/builds/worker-5-tc1/source:/opt/rustwide/workdir:ro,Z" "-v" "/var/lib/crater-agent-workspace/cargo-home:/opt/rustwide/cargo-home:ro,Z" "-v" "/var/lib/crater-agent-workspace/rustup-home:/opt/rustwide/rustup-home:ro,Z" "-e" "SOURCE_DIR=/opt/rustwide/workdir" "-e" "CARGO_TARGET_DIR=/opt/rustwide/target" "-e" "CARGO_INCREMENTAL=0" "-e" "RUST_BACKTRACE=full" "-e" "RUSTFLAGS=--cap-lints=warn" "-e" "RUSTDOCFLAGS=--cap-lints=warn" "-e" "CARGO_HOME=/opt/rustwide/cargo-home" "-e" "RUSTUP_HOME=/opt/rustwide/rustup-home" "-w" "/opt/rustwide/workdir" "-m" "1610612736" "--user" "0:0" "--network" "none" "ghcr.io/rust-lang/crates-build-env/linux@sha256:f3a9d4ad9d972b27faf3965f35b62e55ba32bbce8f20bc8fe909558a86702fde" "/opt/rustwide/cargo-home/bin/cargo" "+1.83.0" "build" "--frozen" "--message-format=json", kill_on_drop: false }`
[INFO] [stdout] 6b29fd039ea5e0aa86732e5bb793b81b31ad4764d73e1441df43dee7227228af
[INFO] running `Command { std: "docker" "start" "-a" "6b29fd039ea5e0aa86732e5bb793b81b31ad4764d73e1441df43dee7227228af", kill_on_drop: false }`
[INFO] [stderr]    Compiling pkg-config v0.3.31
[INFO] [stderr]    Compiling proc-macro2 v1.0.92
[INFO] [stderr]    Compiling libc v0.2.168
[INFO] [stderr]    Compiling unicode-ident v1.0.14
[INFO] [stderr]    Compiling syn v1.0.109
[INFO] [stderr]    Compiling autocfg v1.4.0
[INFO] [stderr]    Compiling cfg-if v1.0.0
[INFO] [stderr]    Compiling bitflags v1.3.2
[INFO] [stderr]    Compiling num-traits v0.2.19
[INFO] [stderr]    Compiling libpulse-sys v1.21.0
[INFO] [stderr]    Compiling libdbus-sys v0.2.5
[INFO] [stderr]    Compiling quote v1.0.37
[INFO] [stderr]    Compiling dirs-sys-next v0.1.2
[INFO] [stderr]    Compiling dbus v0.9.7
[INFO] [stderr]    Compiling directories-next v2.0.0
[INFO] [stderr]    Compiling num-derive v0.3.3
[INFO] [stderr]    Compiling libpulse-binding v2.28.2
[INFO] [stderr]    Compiling ReSet-Lib v0.6.3 (/opt/rustwide/workdir)
[INFO] [stdout] warning: variant `AGENT_OWNED` should have an upper camel case name
[INFO] [stdout]     --> src/network/connection.rs:1220:5
[INFO] [stdout]      |
[INFO] [stdout] 1220 |     AGENT_OWNED,
[INFO] [stdout]      |     ^^^^^^^^^^^ help: convert the identifier to upper camel case: `AgentOwned`
[INFO] [stdout]      |
[INFO] [stdout]      = note: `#[warn(non_camel_case_types)]` on by default
[INFO] [stdout] 
[INFO] [stdout] 
[INFO] [stdout] warning: variant `NOT_SAVED` should have an upper camel case name
[INFO] [stdout]     --> src/network/connection.rs:1221:5
[INFO] [stdout]      |
[INFO] [stdout] 1221 |     NOT_SAVED,
[INFO] [stdout]      |     ^^^^^^^^^ help: convert the identifier to upper camel case: `NotSaved`
[INFO] [stdout] 
[INFO] [stdout] 
[INFO] [stdout] warning: variant `NOT_REQUIRED` should have an upper camel case name
[INFO] [stdout]     --> src/network/connection.rs:1222:5
[INFO] [stdout]      |
[INFO] [stdout] 1222 |     NOT_REQUIRED,
[INFO] [stdout]      |     ^^^^^^^^^^^^ help: convert the identifier to upper camel case: `NotRequired`
[INFO] [stdout] 
[INFO] [stdout] 
[INFO] [stdout] warning: struct `PathNotFoundError` is never constructed
[INFO] [stdout]   --> src/lib.rs:12:8
[INFO] [stdout]    |
[INFO] [stdout] 12 | struct PathNotFoundError;
[INFO] [stdout]    |        ^^^^^^^^^^^^^^^^^
[INFO] [stdout]    |
[INFO] [stdout]    = note: `#[warn(dead_code)]` on by default
[INFO] [stdout] 
[INFO] [stdout] 
[INFO] [stdout] warning: crate `ReSet_Lib` should have a snake case name
[INFO] [stdout]   |
[INFO] [stdout]   = help: convert the identifier to snake case: `re_set_lib`
[INFO] [stdout]   = note: `#[warn(non_snake_case)]` on by default
[INFO] [stdout] 
[INFO] [stdout] 
[INFO] [stdout] warning: method `theBetterNew` should have a snake case name
[INFO] [stdout]    --> src/network/connection.rs:642:12
[INFO] [stdout]     |
[INFO] [stdout] 642 |     pub fn theBetterNew(address: String, prefix_length: u32) -> Self {
[INFO] [stdout]     |            ^^^^^^^^^^^^ help: convert the identifier to snake case: `the_better_new`
[INFO] [stdout] 
[INFO] [stdout] 
[INFO] [stderr]     Finished `dev` profile [unoptimized + debuginfo] target(s) in 20.25s
[INFO] running `Command { std: "docker" "inspect" "6b29fd039ea5e0aa86732e5bb793b81b31ad4764d73e1441df43dee7227228af", kill_on_drop: false }`
[INFO] running `Command { std: "docker" "rm" "-f" "6b29fd039ea5e0aa86732e5bb793b81b31ad4764d73e1441df43dee7227228af", kill_on_drop: false }`
[INFO] [stdout] 6b29fd039ea5e0aa86732e5bb793b81b31ad4764d73e1441df43dee7227228af
[INFO] running `Command { std: "docker" "create" "-v" "/var/lib/crater-agent-workspace/builds/worker-5-tc1/target:/opt/rustwide/target:rw,Z" "-v" "/var/lib/crater-agent-workspace/builds/worker-5-tc1/source:/opt/rustwide/workdir:ro,Z" "-v" "/var/lib/crater-agent-workspace/cargo-home:/opt/rustwide/cargo-home:ro,Z" "-v" "/var/lib/crater-agent-workspace/rustup-home:/opt/rustwide/rustup-home:ro,Z" "-e" "SOURCE_DIR=/opt/rustwide/workdir" "-e" "CARGO_TARGET_DIR=/opt/rustwide/target" "-e" "CARGO_INCREMENTAL=0" "-e" "RUST_BACKTRACE=full" "-e" "RUSTFLAGS=--cap-lints=warn" "-e" "RUSTDOCFLAGS=--cap-lints=warn" "-e" "CARGO_HOME=/opt/rustwide/cargo-home" "-e" "RUSTUP_HOME=/opt/rustwide/rustup-home" "-w" "/opt/rustwide/workdir" "-m" "1610612736" "--user" "0:0" "--network" "none" "ghcr.io/rust-lang/crates-build-env/linux@sha256:f3a9d4ad9d972b27faf3965f35b62e55ba32bbce8f20bc8fe909558a86702fde" "/opt/rustwide/cargo-home/bin/cargo" "+1.83.0" "test" "--frozen" "--no-run" "--message-format=json", kill_on_drop: false }`
[INFO] [stdout] 9d9be22c29f252b0d51263f946ee5013498d756385cc8103c6634936cd192800
[INFO] running `Command { std: "docker" "start" "-a" "9d9be22c29f252b0d51263f946ee5013498d756385cc8103c6634936cd192800", kill_on_drop: false }`
[INFO] [stderr]    Compiling ReSet-Lib v0.6.3 (/opt/rustwide/workdir)
[INFO] [stdout] warning: variant `AGENT_OWNED` should have an upper camel case name
[INFO] [stdout]     --> src/network/connection.rs:1220:5
[INFO] [stdout]      |
[INFO] [stdout] 1220 |     AGENT_OWNED,
[INFO] [stdout]      |     ^^^^^^^^^^^ help: convert the identifier to upper camel case: `AgentOwned`
[INFO] [stdout]      |
[INFO] [stdout]      = note: `#[warn(non_camel_case_types)]` on by default
[INFO] [stdout] 
[INFO] [stdout] 
[INFO] [stdout] warning: variant `NOT_SAVED` should have an upper camel case name
[INFO] [stdout]     --> src/network/connection.rs:1221:5
[INFO] [stdout]      |
[INFO] [stdout] 1221 |     NOT_SAVED,
[INFO] [stdout]      |     ^^^^^^^^^ help: convert the identifier to upper camel case: `NotSaved`
[INFO] [stdout] 
[INFO] [stdout] 
[INFO] [stdout] warning: variant `NOT_REQUIRED` should have an upper camel case name
[INFO] [stdout]     --> src/network/connection.rs:1222:5
[INFO] [stdout]      |
[INFO] [stdout] 1222 |     NOT_REQUIRED,
[INFO] [stdout]      |     ^^^^^^^^^^^^ help: convert the identifier to upper camel case: `NotRequired`
[INFO] [stdout] 
[INFO] [stdout] 
[INFO] [stdout] warning: struct `PathNotFoundError` is never constructed
[INFO] [stdout]   --> src/lib.rs:12:8
[INFO] [stdout]    |
[INFO] [stdout] 12 | struct PathNotFoundError;
[INFO] [stdout]    |        ^^^^^^^^^^^^^^^^^
[INFO] [stdout]    |
[INFO] [stdout]    = note: `#[warn(dead_code)]` on by default
[INFO] [stdout] 
[INFO] [stdout] 
[INFO] [stdout] warning: crate `ReSet_Lib` should have a snake case name
[INFO] [stdout]   |
[INFO] [stdout]   = help: convert the identifier to snake case: `re_set_lib`
[INFO] [stdout]   = note: `#[warn(non_snake_case)]` on by default
[INFO] [stdout] 
[INFO] [stdout] 
[INFO] [stdout] warning: method `theBetterNew` should have a snake case name
[INFO] [stdout]    --> src/network/connection.rs:642:12
[INFO] [stdout]     |
[INFO] [stdout] 642 |     pub fn theBetterNew(address: String, prefix_length: u32) -> Self {
[INFO] [stdout]     |            ^^^^^^^^^^^^ help: convert the identifier to snake case: `the_better_new`
[INFO] [stdout] 
[INFO] [stdout] 
[INFO] [stdout] warning: variant `AGENT_OWNED` should have an upper camel case name
[INFO] [stdout]     --> src/network/connection.rs:1220:5
[INFO] [stdout]      |
[INFO] [stdout] 1220 |     AGENT_OWNED,
[INFO] [stdout]      |     ^^^^^^^^^^^ help: convert the identifier to upper camel case: `AgentOwned`
[INFO] [stdout]      |
[INFO] [stdout]      = note: `#[warn(non_camel_case_types)]` on by default
[INFO] [stdout] 
[INFO] [stdout] 
[INFO] [stdout] warning: variant `NOT_SAVED` should have an upper camel case name
[INFO] [stdout]     --> src/network/connection.rs:1221:5
[INFO] [stdout]      |
[INFO] [stdout] 1221 |     NOT_SAVED,
[INFO] [stdout]      |     ^^^^^^^^^ help: convert the identifier to upper camel case: `NotSaved`
[INFO] [stdout] 
[INFO] [stdout] 
[INFO] [stdout] warning: variant `NOT_REQUIRED` should have an upper camel case name
[INFO] [stdout]     --> src/network/connection.rs:1222:5
[INFO] [stdout]      |
[INFO] [stdout] 1222 |     NOT_REQUIRED,
[INFO] [stdout]      |     ^^^^^^^^^^^^ help: convert the identifier to upper camel case: `NotRequired`
[INFO] [stdout] 
[INFO] [stdout] 
[INFO] [stdout] warning: struct `PathNotFoundError` is never constructed
[INFO] [stdout]   --> src/lib.rs:12:8
[INFO] [stdout]    |
[INFO] [stdout] 12 | struct PathNotFoundError;
[INFO] [stdout]    |        ^^^^^^^^^^^^^^^^^
[INFO] [stdout]    |
[INFO] [stdout]    = note: `#[warn(dead_code)]` on by default
[INFO] [stdout] 
[INFO] [stdout] 
[INFO] [stdout] warning: method `theBetterNew` should have a snake case name
[INFO] [stdout]    --> src/network/connection.rs:642:12
[INFO] [stdout]     |
[INFO] [stdout] 642 |     pub fn theBetterNew(address: String, prefix_length: u32) -> Self {
[INFO] [stdout]     |            ^^^^^^^^^^^^ help: convert the identifier to snake case: `the_better_new`
[INFO] [stdout]     |
[INFO] [stdout]     = note: `#[warn(non_snake_case)]` on by default
[INFO] [stdout] 
[INFO] [stdout] 
[INFO] [stderr]     Finished `test` profile [unoptimized + debuginfo] target(s) in 1.21s
[INFO] running `Command { std: "docker" "inspect" "9d9be22c29f252b0d51263f946ee5013498d756385cc8103c6634936cd192800", kill_on_drop: false }`
[INFO] running `Command { std: "docker" "rm" "-f" "9d9be22c29f252b0d51263f946ee5013498d756385cc8103c6634936cd192800", kill_on_drop: false }`
[INFO] [stdout] 9d9be22c29f252b0d51263f946ee5013498d756385cc8103c6634936cd192800
[INFO] running `Command { std: "docker" "create" "-v" "/var/lib/crater-agent-workspace/builds/worker-5-tc1/target:/opt/rustwide/target:rw,Z" "-v" "/var/lib/crater-agent-workspace/builds/worker-5-tc1/source:/opt/rustwide/workdir:ro,Z" "-v" "/var/lib/crater-agent-workspace/cargo-home:/opt/rustwide/cargo-home:ro,Z" "-v" "/var/lib/crater-agent-workspace/rustup-home:/opt/rustwide/rustup-home:ro,Z" "-e" "SOURCE_DIR=/opt/rustwide/workdir" "-e" "CARGO_TARGET_DIR=/opt/rustwide/target" "-e" "CARGO_INCREMENTAL=0" "-e" "RUST_BACKTRACE=full" "-e" "RUSTFLAGS=--cap-lints=warn" "-e" "RUSTDOCFLAGS=--cap-lints=warn" "-e" "CARGO_HOME=/opt/rustwide/cargo-home" "-e" "RUSTUP_HOME=/opt/rustwide/rustup-home" "-w" "/opt/rustwide/workdir" "-m" "1610612736" "--user" "0:0" "--network" "none" "ghcr.io/rust-lang/crates-build-env/linux@sha256:f3a9d4ad9d972b27faf3965f35b62e55ba32bbce8f20bc8fe909558a86702fde" "/opt/rustwide/cargo-home/bin/cargo" "+1.83.0" "test" "--frozen", kill_on_drop: false }`
[INFO] [stdout] 9266e56be57f175756da1c12566aefa23b34ea219e8d6ae75575af6e034c9b46
[INFO] running `Command { std: "docker" "start" "-a" "9266e56be57f175756da1c12566aefa23b34ea219e8d6ae75575af6e034c9b46", kill_on_drop: false }`
[INFO] [stderr] warning: variant `AGENT_OWNED` should have an upper camel case name
[INFO] [stderr]     --> src/network/connection.rs:1220:5
[INFO] [stderr]      |
[INFO] [stderr] 1220 |     AGENT_OWNED,
[INFO] [stderr]      |     ^^^^^^^^^^^ help: convert the identifier to upper camel case: `AgentOwned`
[INFO] [stderr]      |
[INFO] [stderr]      = note: `#[warn(non_camel_case_types)]` on by default
[INFO] [stderr] 
[INFO] [stderr] warning: variant `NOT_SAVED` should have an upper camel case name
[INFO] [stderr]     --> src/network/connection.rs:1221:5
[INFO] [stderr]      |
[INFO] [stderr] 1221 |     NOT_SAVED,
[INFO] [stderr]      |     ^^^^^^^^^ help: convert the identifier to upper camel case: `NotSaved`
[INFO] [stderr] 
[INFO] [stderr] warning: variant `NOT_REQUIRED` should have an upper camel case name
[INFO] [stderr]     --> src/network/connection.rs:1222:5
[INFO] [stderr]      |
[INFO] [stderr] 1222 |     NOT_REQUIRED,
[INFO] [stderr]      |     ^^^^^^^^^^^^ help: convert the identifier to upper camel case: `NotRequired`
[INFO] [stderr] 
[INFO] [stderr] warning: struct `PathNotFoundError` is never constructed
[INFO] [stderr]   --> src/lib.rs:12:8
[INFO] [stderr]    |
[INFO] [stderr] 12 | struct PathNotFoundError;
[INFO] [stderr]    |        ^^^^^^^^^^^^^^^^^
[INFO] [stderr]    |
[INFO] [stderr]    = note: `#[warn(dead_code)]` on by default
[INFO] [stderr] 
[INFO] [stderr] warning: crate `ReSet_Lib` should have a snake case name
[INFO] [stderr]   |
[INFO] [stderr]   = help: convert the identifier to snake case: `re_set_lib`
[INFO] [stderr]   = note: `#[warn(non_snake_case)]` on by default
[INFO] [stderr] 
[INFO] [stderr] warning: method `theBetterNew` should have a snake case name
[INFO] [stderr]    --> src/network/connection.rs:642:12
[INFO] [stderr]     |
[INFO] [stderr] 642 |     pub fn theBetterNew(address: String, prefix_length: u32) -> Self {
[INFO] [stderr]     |            ^^^^^^^^^^^^ help: convert the identifier to snake case: `the_better_new`
[INFO] [stderr] 
[INFO] [stderr] warning: `ReSet-Lib` (lib) generated 6 warnings
[INFO] [stderr] warning: method `theBetterNew` should have a snake case name
[INFO] [stderr]    --> src/network/connection.rs:642:12
[INFO] [stderr]     |
[INFO] [stderr] 642 |     pub fn theBetterNew(address: String, prefix_length: u32) -> Self {
[INFO] [stderr]     |            ^^^^^^^^^^^^ help: convert the identifier to snake case: `the_better_new`
[INFO] [stderr]     |
[INFO] [stderr]     = note: `#[warn(non_snake_case)]` on by default
[INFO] [stderr] 
[INFO] [stderr] warning: `ReSet-Lib` (lib test) generated 5 warnings (4 duplicates)
[INFO] [stderr]     Finished `test` profile [unoptimized + debuginfo] target(s) in 0.04s
[INFO] [stderr]      Running unittests src/lib.rs (/opt/rustwide/target/debug/deps/ReSet_Lib-c83fa1945d60a397)
[INFO] [stdout] 
[INFO] [stdout] running 1 test
[INFO] [stdout] test tests::test_config_dir ... FAILED
[INFO] [stdout] 
[INFO] [stdout] failures:
[INFO] [stdout] 
[INFO] [stdout] ---- tests::test_config_dir stdout ----
[INFO] [stdout] thread 'tests::test_config_dir' panicked at src/lib.rs:25:36:
[INFO] [stdout] Could not create directory: Os { code: 2, kind: NotFound, message: "No such file or directory" }
[INFO] [stdout] stack backtrace:
[INFO] [stdout]    0:     0x621f7401961a - std::backtrace_rs::backtrace::libunwind::trace::h5a5b8284f2d0c266
[INFO] [stdout]                                at /rustc/90b35a6239c3d8bdabc530a6a0816f7ff89a0aaf/library/std/src/../../backtrace/src/backtrace/libunwind.rs:116:5
[INFO] [stdout]    1:     0x621f7401961a - std::backtrace_rs::backtrace::trace_unsynchronized::h76d4f1c9b0b875e3
[INFO] [stdout]                                at /rustc/90b35a6239c3d8bdabc530a6a0816f7ff89a0aaf/library/std/src/../../backtrace/src/backtrace/mod.rs:66:5
[INFO] [stdout]    2:     0x621f7401961a - std::sys::backtrace::_print_fmt::hc4546b8364a537c6
[INFO] [stdout]                                at /rustc/90b35a6239c3d8bdabc530a6a0816f7ff89a0aaf/library/std/src/sys/backtrace.rs:66:9
[INFO] [stdout]    3:     0x621f7401961a - <std::sys::backtrace::BacktraceLock::print::DisplayBacktrace as core::fmt::Display>::fmt::h5b6bd5631a6d1f6b
[INFO] [stdout]                                at /rustc/90b35a6239c3d8bdabc530a6a0816f7ff89a0aaf/library/std/src/sys/backtrace.rs:39:26
[INFO] [stdout]    4:     0x621f7403f6e3 - core::fmt::rt::Argument::fmt::h270f6602a2b96f62
[INFO] [stdout]                                at /rustc/90b35a6239c3d8bdabc530a6a0816f7ff89a0aaf/library/core/src/fmt/rt.rs:177:76
[INFO] [stdout]    5:     0x621f7403f6e3 - core::fmt::write::h7550c97b06c86515
[INFO] [stdout]                                at /rustc/90b35a6239c3d8bdabc530a6a0816f7ff89a0aaf/library/core/src/fmt/mod.rs:1186:21
[INFO] [stdout]    6:     0x621f74016623 - std::io::Write::write_fmt::h509ff860e5956e5e
[INFO] [stdout]                                at /rustc/90b35a6239c3d8bdabc530a6a0816f7ff89a0aaf/library/std/src/io/mod.rs:1839:15
[INFO] [stdout]    7:     0x621f74019462 - std::sys::backtrace::BacktraceLock::print::h2395ccd2c84ba3aa
[INFO] [stdout]                                at /rustc/90b35a6239c3d8bdabc530a6a0816f7ff89a0aaf/library/std/src/sys/backtrace.rs:42:9
[INFO] [stdout]    8:     0x621f7401aa7a - std::panicking::default_hook::{{closure}}::he19d4c7230e07961
[INFO] [stdout]                                at /rustc/90b35a6239c3d8bdabc530a6a0816f7ff89a0aaf/library/std/src/panicking.rs:268:22
[INFO] [stdout]    9:     0x621f7401a884 - std::panicking::default_hook::hf614597d3c67bbdb
[INFO] [stdout]                                at /rustc/90b35a6239c3d8bdabc530a6a0816f7ff89a0aaf/library/std/src/panicking.rs:292:9
[INFO] [stdout]   10:     0x621f73fdec49 - <alloc::boxed::Box<F,A> as core::ops::function::Fn<Args>>::call::h39b51ce4599c23d1
[INFO] [stdout]                                at /rustc/90b35a6239c3d8bdabc530a6a0816f7ff89a0aaf/library/alloc/src/boxed.rs:2468:9
[INFO] [stdout]   11:     0x621f73fdec49 - test::test_main::{{closure}}::he977ae839a582784
[INFO] [stdout]                                at /rustc/90b35a6239c3d8bdabc530a6a0816f7ff89a0aaf/library/test/src/lib.rs:133:21
[INFO] [stdout]   12:     0x621f7401b118 - <alloc::boxed::Box<F,A> as core::ops::function::Fn<Args>>::call::h9455091b6b06f9fb
[INFO] [stdout]                                at /rustc/90b35a6239c3d8bdabc530a6a0816f7ff89a0aaf/library/alloc/src/boxed.rs:2468:9
[INFO] [stdout]   13:     0x621f7401b118 - std::panicking::rust_panic_with_hook::h8942133a8b252070
[INFO] [stdout]                                at /rustc/90b35a6239c3d8bdabc530a6a0816f7ff89a0aaf/library/std/src/panicking.rs:809:13
[INFO] [stdout]   14:     0x621f7401aeda - std::panicking::begin_panic_handler::{{closure}}::hb5f5963570096b29
[INFO] [stdout]                                at /rustc/90b35a6239c3d8bdabc530a6a0816f7ff89a0aaf/library/std/src/panicking.rs:674:13
[INFO] [stdout]   15:     0x621f74019af9 - std::sys::backtrace::__rust_end_short_backtrace::h6208cedc1922feda
[INFO] [stdout]                                at /rustc/90b35a6239c3d8bdabc530a6a0816f7ff89a0aaf/library/std/src/sys/backtrace.rs:170:18
[INFO] [stdout]   16:     0x621f7401ab6c - rust_begin_unwind
[INFO] [stdout]                                at /rustc/90b35a6239c3d8bdabc530a6a0816f7ff89a0aaf/library/std/src/panicking.rs:665:5
[INFO] [stdout]   17:     0x621f73fa4b10 - core::panicking::panic_fmt::h0c3082644d1bf418
[INFO] [stdout]                                at /rustc/90b35a6239c3d8bdabc530a6a0816f7ff89a0aaf/library/core/src/panicking.rs:74:14
[INFO] [stdout]   18:     0x621f73fa4eb6 - core::result::unwrap_failed::hd20b4aa073bda1e2
[INFO] [stdout]                                at /rustc/90b35a6239c3d8bdabc530a6a0816f7ff89a0aaf/library/core/src/result.rs:1700:5
[INFO] [stdout]   19:     0x621f73fa5f8f - core::result::Result<T,E>::expect::ha698ba3cfe4fa8e3
[INFO] [stdout]                                at /rustc/90b35a6239c3d8bdabc530a6a0816f7ff89a0aaf/library/core/src/result.rs:1061:23
[INFO] [stdout]   20:     0x621f73fa6600 - ReSet_Lib::create_config::h754912e9d0ac7bd1
[INFO] [stdout]                                at /opt/rustwide/workdir/src/lib.rs:25:9
[INFO] [stdout]   21:     0x621f73fa68b7 - ReSet_Lib::tests::test_config_dir::h9696c534f84a9829
[INFO] [stdout]                                at /opt/rustwide/workdir/src/tests.rs:6:13
[INFO] [stdout]   22:     0x621f73fa6857 - ReSet_Lib::tests::test_config_dir::{{closure}}::h92364a0c29fb6be5
[INFO] [stdout]                                at /opt/rustwide/workdir/src/tests.rs:2:21
[INFO] [stdout]   23:     0x621f73fa5a66 - core::ops::function::FnOnce::call_once::hdfa306a2c9219920
[INFO] [stdout]                                at /rustc/90b35a6239c3d8bdabc530a6a0816f7ff89a0aaf/library/core/src/ops/function.rs:250:5
[INFO] [stdout]   24:     0x621f73fe360b - core::ops::function::FnOnce::call_once::h109cf8051a59b34e
[INFO] [stdout]                                at /rustc/90b35a6239c3d8bdabc530a6a0816f7ff89a0aaf/library/core/src/ops/function.rs:250:5
[INFO] [stdout]   25:     0x621f73fe360b - test::__rust_begin_short_backtrace::hf4fff89d377446ba
[INFO] [stdout]                                at /rustc/90b35a6239c3d8bdabc530a6a0816f7ff89a0aaf/library/test/src/lib.rs:621:18
[INFO] [stdout]   26:     0x621f73fe2e47 - test::run_test_in_process::{{closure}}::h0e39181dd7ee5a43
[INFO] [stdout]                                at /rustc/90b35a6239c3d8bdabc530a6a0816f7ff89a0aaf/library/test/src/lib.rs:644:60
[INFO] [stdout]   27:     0x621f73fe2e47 - <core::panic::unwind_safe::AssertUnwindSafe<F> as core::ops::function::FnOnce<()>>::call_once::hc5a66a30f0bdfd1f
[INFO] [stdout]                                at /rustc/90b35a6239c3d8bdabc530a6a0816f7ff89a0aaf/library/core/src/panic/unwind_safe.rs:272:9
[INFO] [stdout]   28:     0x621f73fe2e47 - std::panicking::try::do_call::h873b7cf639554a5e
[INFO] [stdout]                                at /rustc/90b35a6239c3d8bdabc530a6a0816f7ff89a0aaf/library/std/src/panicking.rs:557:40
[INFO] [stdout]   29:     0x621f73fe2e47 - std::panicking::try::hdb19862fad9c8bd1
[INFO] [stdout]                                at /rustc/90b35a6239c3d8bdabc530a6a0816f7ff89a0aaf/library/std/src/panicking.rs:520:19
[INFO] [stdout]   30:     0x621f73fe2e47 - std::panic::catch_unwind::h281fe732d236d260
[INFO] [stdout]                                at /rustc/90b35a6239c3d8bdabc530a6a0816f7ff89a0aaf/library/std/src/panic.rs:358:14
[INFO] [stdout]   31:     0x621f73fe2e47 - test::run_test_in_process::h949b6df8457ed338
[INFO] [stdout]                                at /rustc/90b35a6239c3d8bdabc530a6a0816f7ff89a0aaf/library/test/src/lib.rs:644:27
[INFO] [stdout]   32:     0x621f73fe2e47 - test::run_test::{{closure}}::h52c556a6d4740e10
[INFO] [stdout]                                at /rustc/90b35a6239c3d8bdabc530a6a0816f7ff89a0aaf/library/test/src/lib.rs:565:43
[INFO] [stdout]   33:     0x621f73fa8124 - test::run_test::{{closure}}::h4237f6381c45ccb9
[INFO] [stdout]                                at /rustc/90b35a6239c3d8bdabc530a6a0816f7ff89a0aaf/library/test/src/lib.rs:595:41
[INFO] [stdout]   34:     0x621f73fa8124 - std::sys::backtrace::__rust_begin_short_backtrace::h505c97a579eca628
[INFO] [stdout]                                at /rustc/90b35a6239c3d8bdabc530a6a0816f7ff89a0aaf/library/std/src/sys/backtrace.rs:154:18
[INFO] [stdout]   35:     0x621f73fab7ee - std::thread::Builder::spawn_unchecked_::{{closure}}::{{closure}}::h9e86b2e2bc107ea3
[INFO] [stdout]                                at /rustc/90b35a6239c3d8bdabc530a6a0816f7ff89a0aaf/library/std/src/thread/mod.rs:538:17
[INFO] [stdout]   36:     0x621f73fab7ee - <core::panic::unwind_safe::AssertUnwindSafe<F> as core::ops::function::FnOnce<()>>::call_once::h8b06ddb275ff4a25
[INFO] [stdout]                                at /rustc/90b35a6239c3d8bdabc530a6a0816f7ff89a0aaf/library/core/src/panic/unwind_safe.rs:272:9
[INFO] [stdout]   37:     0x621f73fab7ee - std::panicking::try::do_call::hb26ecd7cd9a9355d
[INFO] [stdout]                                at /rustc/90b35a6239c3d8bdabc530a6a0816f7ff89a0aaf/library/std/src/panicking.rs:557:40
[INFO] [stdout]   38:     0x621f73fab7ee - std::panicking::try::h8ddeca9d705f9069
[INFO] [stdout]                                at /rustc/90b35a6239c3d8bdabc530a6a0816f7ff89a0aaf/library/std/src/panicking.rs:520:19
[INFO] [stdout]   39:     0x621f73fab7ee - std::panic::catch_unwind::h49e1c33078844c46
[INFO] [stdout]                                at /rustc/90b35a6239c3d8bdabc530a6a0816f7ff89a0aaf/library/std/src/panic.rs:358:14
[INFO] [stdout]   40:     0x621f73fab7ee - std::thread::Builder::spawn_unchecked_::{{closure}}::h6073db6ff56ad35d
[INFO] [stdout]                                at /rustc/90b35a6239c3d8bdabc530a6a0816f7ff89a0aaf/library/std/src/thread/mod.rs:537:30
[INFO] [stdout]   41:     0x621f73fab7ee - core::ops::function::FnOnce::call_once{{vtable.shim}}::h2c5a5f3779c774f1
[INFO] [stdout]                                at /rustc/90b35a6239c3d8bdabc530a6a0816f7ff89a0aaf/library/core/src/ops/function.rs:250:5
[INFO] [stdout]   42:     0x621f7401eeab - <alloc::boxed::Box<F,A> as core::ops::function::FnOnce<Args>>::call_once::hf75717d9f28faebf
[INFO] [stdout]                                at /rustc/90b35a6239c3d8bdabc530a6a0816f7ff89a0aaf/library/alloc/src/boxed.rs:2454:9
[INFO] [stdout]   43:     0x621f7401eeab - <alloc::boxed::Box<F,A> as core::ops::function::FnOnce<Args>>::call_once::h7bd883a5f3c5f3c1
[INFO] [stdout]                                at /rustc/90b35a6239c3d8bdabc530a6a0816f7ff89a0aaf/library/alloc/src/boxed.rs:2454:9
[INFO] [stdout]   44:     0x621f7401eeab - std::sys::pal::unix::thread::Thread::new::thread_start::hcc78f3943333fa94
[INFO] [stdout]                                at /rustc/90b35a6239c3d8bdabc530a6a0816f7ff89a0aaf/library/std/src/sys/pal/unix/thread.rs:105:17
[INFO] [stdout]   45:     0x723cc43c3ac3 - <unknown>
[INFO] [stdout]   46:     0x723cc4454a04 - clone
[INFO] [stdout]   47:                0x0 - <unknown>
[INFO] [stdout] 
[INFO] [stdout] 
[INFO] [stdout] failures:
[INFO] [stdout]     tests::test_config_dir
[INFO] [stdout] 
[INFO] [stdout] test result: FAILED. 0 passed; 1 failed; 0 ignored; 0 measured; 0 filtered out; finished in 0.07s
[INFO] [stdout] 
[INFO] [stderr] error: test failed, to rerun pass `--lib`
[INFO] running `Command { std: "docker" "inspect" "9266e56be57f175756da1c12566aefa23b34ea219e8d6ae75575af6e034c9b46", kill_on_drop: false }`
[INFO] running `Command { std: "docker" "rm" "-f" "9266e56be57f175756da1c12566aefa23b34ea219e8d6ae75575af6e034c9b46", kill_on_drop: false }`
[INFO] [stdout] 9266e56be57f175756da1c12566aefa23b34ea219e8d6ae75575af6e034c9b46
