[INFO] fetching crate QuantCrypt 0.2.0...
[INFO] testing QuantCrypt-0.2.0 against beta-2024-12-08 for beta-1.84.0-4-retry
[INFO] extracting crate QuantCrypt 0.2.0 into /workspace/builds/worker-0-tc2/source
[INFO] validating manifest of crates.io crate QuantCrypt 0.2.0 on toolchain beta-2024-12-08
[INFO] running `Command { std: CARGO_HOME="/workspace/cargo-home" RUSTUP_HOME="/workspace/rustup-home" "/workspace/cargo-home/bin/cargo" "+beta-2024-12-08" "metadata" "--manifest-path" "Cargo.toml" "--no-deps", kill_on_drop: false }`
[INFO] removed /workspace/builds/worker-0-tc2/source/rust-toolchain
[INFO] started tweaking crates.io crate QuantCrypt 0.2.0
[INFO] finished tweaking crates.io crate QuantCrypt 0.2.0
[INFO] tweaked toml for crates.io crate QuantCrypt 0.2.0 written to /workspace/builds/worker-0-tc2/source/Cargo.toml
[INFO] running `Command { std: CARGO_HOME="/workspace/cargo-home" RUSTUP_HOME="/workspace/rustup-home" "/workspace/cargo-home/bin/cargo" "+beta-2024-12-08" "generate-lockfile" "--manifest-path" "Cargo.toml", kill_on_drop: false }`
[INFO] [stderr]     Updating crates.io index
[INFO] [stderr]     Blocking waiting for file lock on package cache
[INFO] [stderr]      Locking 129 packages to latest compatible versions
[INFO] [stderr]       Adding fips204 v0.2.2 (available: v0.4.5)
[INFO] [stderr]       Adding thiserror v1.0.69 (available: v2.0.7)
[INFO] running `Command { std: CARGO_HOME="/workspace/cargo-home" RUSTUP_HOME="/workspace/rustup-home" "/workspace/cargo-home/bin/cargo" "+beta-2024-12-08" "fetch" "--manifest-path" "Cargo.toml", kill_on_drop: false }`
[INFO] [stderr]     Blocking waiting for file lock on package cache
[INFO] running `Command { std: "docker" "create" "-v" "/var/lib/crater-agent-workspace/builds/worker-0-tc2/target:/opt/rustwide/target:rw,Z" "-v" "/var/lib/crater-agent-workspace/builds/worker-0-tc2/source:/opt/rustwide/workdir:ro,Z" "-v" "/var/lib/crater-agent-workspace/cargo-home:/opt/rustwide/cargo-home:ro,Z" "-v" "/var/lib/crater-agent-workspace/rustup-home:/opt/rustwide/rustup-home:ro,Z" "-e" "SOURCE_DIR=/opt/rustwide/workdir" "-e" "CARGO_TARGET_DIR=/opt/rustwide/target" "-e" "CARGO_HOME=/opt/rustwide/cargo-home" "-e" "RUSTUP_HOME=/opt/rustwide/rustup-home" "-w" "/opt/rustwide/workdir" "-m" "1610612736" "--user" "0:0" "--network" "none" "ghcr.io/rust-lang/crates-build-env/linux@sha256:f3a9d4ad9d972b27faf3965f35b62e55ba32bbce8f20bc8fe909558a86702fde" "/opt/rustwide/cargo-home/bin/cargo" "+beta-2024-12-08" "metadata" "--no-deps" "--format-version=1", kill_on_drop: false }`
[INFO] [stdout] 9b9776007ab2740df9c694a238548f0371e8f0af3055b3af4718f4d85f1ca835
[INFO] running `Command { std: "docker" "start" "-a" "9b9776007ab2740df9c694a238548f0371e8f0af3055b3af4718f4d85f1ca835", kill_on_drop: false }`
[INFO] running `Command { std: "docker" "inspect" "9b9776007ab2740df9c694a238548f0371e8f0af3055b3af4718f4d85f1ca835", kill_on_drop: false }`
[INFO] running `Command { std: "docker" "rm" "-f" "9b9776007ab2740df9c694a238548f0371e8f0af3055b3af4718f4d85f1ca835", kill_on_drop: false }`
[INFO] [stdout] 9b9776007ab2740df9c694a238548f0371e8f0af3055b3af4718f4d85f1ca835
[INFO] running `Command { std: "docker" "create" "-v" "/var/lib/crater-agent-workspace/builds/worker-0-tc2/target:/opt/rustwide/target:rw,Z" "-v" "/var/lib/crater-agent-workspace/builds/worker-0-tc2/source:/opt/rustwide/workdir:ro,Z" "-v" "/var/lib/crater-agent-workspace/cargo-home:/opt/rustwide/cargo-home:ro,Z" "-v" "/var/lib/crater-agent-workspace/rustup-home:/opt/rustwide/rustup-home:ro,Z" "-e" "SOURCE_DIR=/opt/rustwide/workdir" "-e" "CARGO_TARGET_DIR=/opt/rustwide/target" "-e" "CARGO_INCREMENTAL=0" "-e" "RUST_BACKTRACE=full" "-e" "RUSTFLAGS=--cap-lints=warn" "-e" "RUSTDOCFLAGS=--cap-lints=warn" "-e" "CARGO_HOME=/opt/rustwide/cargo-home" "-e" "RUSTUP_HOME=/opt/rustwide/rustup-home" "-w" "/opt/rustwide/workdir" "-m" "1610612736" "--user" "0:0" "--network" "none" "ghcr.io/rust-lang/crates-build-env/linux@sha256:f3a9d4ad9d972b27faf3965f35b62e55ba32bbce8f20bc8fe909558a86702fde" "/opt/rustwide/cargo-home/bin/cargo" "+beta-2024-12-08" "build" "--frozen" "--message-format=json", kill_on_drop: false }`
[INFO] [stdout] 19393669ea3353c75c1b0c0f619fb8f4c1beb5260e30eb6cad725a7435ee11e8
[INFO] running `Command { std: "docker" "start" "-a" "19393669ea3353c75c1b0c0f619fb8f4c1beb5260e30eb6cad725a7435ee11e8", kill_on_drop: false }`
[INFO] [stderr]    Compiling proc-macro2 v1.0.92
[INFO] [stderr]    Compiling typenum v1.17.0
[INFO] [stderr]    Compiling libc v0.2.168
[INFO] [stderr]    Compiling unicode-ident v1.0.14
[INFO] [stderr]    Compiling version_check v0.9.5
[INFO] [stderr]    Compiling const-oid v0.9.6
[INFO] [stderr]    Compiling subtle v2.6.1
[INFO] [stderr]    Compiling libm v0.2.11
[INFO] [stderr]    Compiling autocfg v1.4.0
[INFO] [stderr]    Compiling cpufeatures v0.2.16
[INFO] [stderr]    Compiling keccak v0.1.5
[INFO] [stderr]    Compiling base64ct v1.6.0
[INFO] [stderr]    Compiling shlex v1.3.0
[INFO] [stderr]    Compiling flagset v0.4.6
[INFO] [stderr]    Compiling byteorder v1.5.0
[INFO] [stderr]    Compiling semver v1.0.24
[INFO] [stderr]    Compiling spin v0.9.8
[INFO] [stderr]    Compiling vcpkg v0.2.15
[INFO] [stderr]    Compiling pkg-config v0.3.31
[INFO] [stderr]    Compiling cc v1.2.4
[INFO] [stderr]    Compiling lazy_static v1.5.0
[INFO] [stderr]    Compiling generic-array v0.14.7
[INFO] [stderr]    Compiling num-bigint-dig v0.8.4
[INFO] [stderr]    Compiling rustversion v1.0.18
[INFO] [stderr]    Compiling block-padding v0.2.1
[INFO] [stderr]    Compiling pem-rfc7468 v0.7.0
[INFO] [stderr]    Compiling crunchy v0.2.2
[INFO] [stderr]    Compiling smallvec v1.13.2
[INFO] [stderr]    Compiling serde v1.0.216
[INFO] [stderr]    Compiling thiserror v1.0.69
[INFO] [stderr]    Compiling tiny-keccak v2.0.2
[INFO] [stderr]    Compiling opaque-debug v0.3.1
[INFO] [stderr]    Compiling num-traits v0.2.19
[INFO] [stderr]    Compiling openssl v0.10.68
[INFO] [stderr]    Compiling foreign-types-shared v0.1.1
[INFO] [stderr]    Compiling foreign-types v0.3.2
[INFO] [stderr]    Compiling heck v0.5.0
[INFO] [stderr]    Compiling iana-time-zone v0.1.61
[INFO] [stderr]    Compiling once_cell v1.20.2
[INFO] [stderr]    Compiling rustc_version v0.4.1
[INFO] [stderr]    Compiling bitflags v2.6.0
[INFO] [stderr]    Compiling base64 v0.22.1
[INFO] [stderr]    Compiling hex v0.4.3
[INFO] [stderr]    Compiling strum v0.26.3
[INFO] [stderr]    Compiling quote v1.0.37
[INFO] [stderr]    Compiling pem v3.0.4
[INFO] [stderr]    Compiling getrandom v0.2.15
[INFO] [stderr]    Compiling openssl-src v300.4.1+3.4.0
[INFO] [stderr]    Compiling curve25519-dalek v4.1.3
[INFO] [stderr]    Compiling rand_core v0.6.4
[INFO] [stderr]    Compiling syn v2.0.90
[INFO] [stderr]    Compiling hybrid-array v0.2.3
[INFO] [stderr]    Compiling openssl-sys v0.9.104
[INFO] [stderr]    Compiling num-integer v0.1.46
[INFO] [stderr]    Compiling chrono v0.4.39
[INFO] [stderr]    Compiling crypto-common v0.1.6
[INFO] [stderr]    Compiling block-buffer v0.10.4
[INFO] [stderr]    Compiling block-padding v0.3.3
[INFO] [stderr]    Compiling block-buffer v0.9.0
[INFO] [stderr]    Compiling digest v0.9.0
[INFO] [stderr]    Compiling inout v0.1.3
[INFO] [stderr]    Compiling digest v0.10.7
[INFO] [stderr]    Compiling sha3 v0.9.1
[INFO] [stderr]    Compiling num-iter v0.1.45
[INFO] [stderr]    Compiling num-bigint v0.4.6
[INFO] [stderr]    Compiling cipher v0.4.4
[INFO] [stderr]    Compiling signature v2.2.0
[INFO] [stderr]    Compiling sha2 v0.10.8
[INFO] [stderr]    Compiling sha3 v0.10.8
[INFO] [stderr]    Compiling sha1 v0.10.6
[INFO] [stderr]    Compiling hmac v0.12.1
[INFO] [stderr]    Compiling ed25519 v2.2.3
[INFO] [stderr]    Compiling hkdf v0.12.4
[INFO] [stderr]    Compiling cbc v0.1.2
[INFO] [stderr]    Compiling aes v0.8.4
[INFO] [stderr]    Compiling ed448-rust v0.1.1
[INFO] [stderr]    Compiling zeroize_derive v1.4.2
[INFO] [stderr]    Compiling zerocopy-derive v0.7.35
[INFO] [stderr]    Compiling der_derive v0.7.3
[INFO] [stderr]    Compiling curve25519-dalek-derive v0.1.1
[INFO] [stderr]    Compiling thiserror-impl v1.0.69
[INFO] [stderr]    Compiling openssl-macros v0.1.1
[INFO] [stderr]    Compiling strum_macros v0.26.4
[INFO] [stderr]    Compiling zeroize v1.8.1
[INFO] [stderr]    Compiling zerocopy v0.7.35
[INFO] [stderr]    Compiling kem v0.3.0-pre.0
[INFO] [stderr]    Compiling fips204 v0.2.2
[INFO] [stderr]    Compiling fips205 v0.4.0
[INFO] [stderr]    Compiling fips204 v0.4.5
[INFO] [stderr]    Compiling ml-kem v0.2.1
[INFO] [stderr]    Compiling der v0.7.9
[INFO] [stderr]    Compiling ppv-lite86 v0.2.20
[INFO] [stderr]    Compiling rand_chacha v0.3.1
[INFO] [stderr]    Compiling ed25519-dalek v2.1.1
[INFO] [stderr]    Compiling rand v0.8.5
[INFO] [stderr]    Compiling spki v0.7.3
[INFO] [stderr]    Compiling pkcs8 v0.10.2
[INFO] [stderr]    Compiling x509-cert v0.2.5
[INFO] [stderr]    Compiling pkcs1 v0.7.5
[INFO] [stderr]    Compiling rsa v0.9.7
[INFO] [stderr]    Compiling cms v0.2.3
[INFO] [stderr]    Compiling QuantCrypt v0.2.0 (/opt/rustwide/workdir)
[INFO] [stderr]     Finished `dev` profile [unoptimized + debuginfo] target(s) in 2m 33s
[INFO] running `Command { std: "docker" "inspect" "19393669ea3353c75c1b0c0f619fb8f4c1beb5260e30eb6cad725a7435ee11e8", kill_on_drop: false }`
[INFO] running `Command { std: "docker" "rm" "-f" "19393669ea3353c75c1b0c0f619fb8f4c1beb5260e30eb6cad725a7435ee11e8", kill_on_drop: false }`
[INFO] [stdout] 19393669ea3353c75c1b0c0f619fb8f4c1beb5260e30eb6cad725a7435ee11e8
[INFO] running `Command { std: "docker" "create" "-v" "/var/lib/crater-agent-workspace/builds/worker-0-tc2/target:/opt/rustwide/target:rw,Z" "-v" "/var/lib/crater-agent-workspace/builds/worker-0-tc2/source:/opt/rustwide/workdir:ro,Z" "-v" "/var/lib/crater-agent-workspace/cargo-home:/opt/rustwide/cargo-home:ro,Z" "-v" "/var/lib/crater-agent-workspace/rustup-home:/opt/rustwide/rustup-home:ro,Z" "-e" "SOURCE_DIR=/opt/rustwide/workdir" "-e" "CARGO_TARGET_DIR=/opt/rustwide/target" "-e" "CARGO_INCREMENTAL=0" "-e" "RUST_BACKTRACE=full" "-e" "RUSTFLAGS=--cap-lints=warn" "-e" "RUSTDOCFLAGS=--cap-lints=warn" "-e" "CARGO_HOME=/opt/rustwide/cargo-home" "-e" "RUSTUP_HOME=/opt/rustwide/rustup-home" "-w" "/opt/rustwide/workdir" "-m" "1610612736" "--user" "0:0" "--network" "none" "ghcr.io/rust-lang/crates-build-env/linux@sha256:f3a9d4ad9d972b27faf3965f35b62e55ba32bbce8f20bc8fe909558a86702fde" "/opt/rustwide/cargo-home/bin/cargo" "+beta-2024-12-08" "test" "--frozen" "--no-run" "--message-format=json", kill_on_drop: false }`
[INFO] [stdout] 5f3d2d9336507253af074786159c4f475b8565d12977dcd43c8e8986f5d0fa2e
[INFO] running `Command { std: "docker" "start" "-a" "5f3d2d9336507253af074786159c4f475b8565d12977dcd43c8e8986f5d0fa2e", kill_on_drop: false }`
[INFO] [stderr]    Compiling QuantCrypt v0.2.0 (/opt/rustwide/workdir)
[INFO] [stderr]     Finished `test` profile [unoptimized + debuginfo] target(s) in 10.59s
[INFO] running `Command { std: "docker" "inspect" "5f3d2d9336507253af074786159c4f475b8565d12977dcd43c8e8986f5d0fa2e", kill_on_drop: false }`
[INFO] running `Command { std: "docker" "rm" "-f" "5f3d2d9336507253af074786159c4f475b8565d12977dcd43c8e8986f5d0fa2e", kill_on_drop: false }`
[INFO] [stdout] 5f3d2d9336507253af074786159c4f475b8565d12977dcd43c8e8986f5d0fa2e
[INFO] running `Command { std: "docker" "create" "-v" "/var/lib/crater-agent-workspace/builds/worker-0-tc2/target:/opt/rustwide/target:rw,Z" "-v" "/var/lib/crater-agent-workspace/builds/worker-0-tc2/source:/opt/rustwide/workdir:ro,Z" "-v" "/var/lib/crater-agent-workspace/cargo-home:/opt/rustwide/cargo-home:ro,Z" "-v" "/var/lib/crater-agent-workspace/rustup-home:/opt/rustwide/rustup-home:ro,Z" "-e" "SOURCE_DIR=/opt/rustwide/workdir" "-e" "CARGO_TARGET_DIR=/opt/rustwide/target" "-e" "CARGO_INCREMENTAL=0" "-e" "RUST_BACKTRACE=full" "-e" "RUSTFLAGS=--cap-lints=warn" "-e" "RUSTDOCFLAGS=--cap-lints=warn" "-e" "CARGO_HOME=/opt/rustwide/cargo-home" "-e" "RUSTUP_HOME=/opt/rustwide/rustup-home" "-w" "/opt/rustwide/workdir" "-m" "1610612736" "--user" "0:0" "--network" "none" "ghcr.io/rust-lang/crates-build-env/linux@sha256:f3a9d4ad9d972b27faf3965f35b62e55ba32bbce8f20bc8fe909558a86702fde" "/opt/rustwide/cargo-home/bin/cargo" "+beta-2024-12-08" "test" "--frozen", kill_on_drop: false }`
[INFO] [stdout] bf95886d78462d0f495d6730cca40ca9f4ff36dd838127258fa239779407899d
[INFO] running `Command { std: "docker" "start" "-a" "bf95886d78462d0f495d6730cca40ca9f4ff36dd838127258fa239779407899d", kill_on_drop: false }`
[INFO] [stderr]     Finished `test` profile [unoptimized + debuginfo] target(s) in 0.14s
[INFO] [stderr]      Running unittests src/lib.rs (/opt/rustwide/target/debug/deps/quantcrypt-cb3cd8606d55b298)
[INFO] [stdout] 
[INFO] [stdout] running 118 tests
[INFO] [stdout] test asn1::asn_util::tests::test_oid_to_der ... ok
[INFO] [stdout] test asn1::private_key::test::test_pk_no_headers ... ok
[INFO] [stdout] test asn1::private_key::test::test_pk_bad_algorithm ... ok
[INFO] [stdout] test asn1::public_key::test::test_pk_bad_algorithm ... ok
[INFO] [stdout] test asn1::private_key::test::test_pk_empty ... ok
[INFO] [stdout] test asn1::private_key::test::test_sk_serialization_deserialization ... ok
[INFO] [stdout] test asn1::private_key::test::test_composite_private_key ... ok
[INFO] [stdout] test asn1::private_key::test::test_pk_bad_base64 ... ok
[INFO] [stdout] test asn1::public_key::test::test_pk_bad_base64 ... ok
[INFO] [stdout] test asn1::public_key::test::test_pk_no_headers ... ok
[INFO] [stdout] test asn1::public_key::test::test_pk_empty ... ok
[INFO] [stdout] test asn1::private_key::test::test_pk_bad_tag ... ok
[INFO] [stdout] test asn1::public_key::test::test_pk_bad_tag ... ok
[INFO] [stdout] test asn1::public_key::test::test_composite_public_key ... ok
[INFO] [stdout] test cea::aes::tests::test_aes128gcm ... ok
[INFO] [stdout] test cea::aes::tests::test_aes256gcm ... ok
[INFO] [stdout] test cea::cea_manager::tests::test_aes ... ok
[INFO] [stdout] test cea::aes::tests::test_aes192gcm ... ok
[INFO] [stdout] test asn1::private_key::test::test_sk_containing_pk ... ok
[INFO] [stdout] test asn1::certificate::tests::test_ml_dsa_44_rsa2048_pkcs15_sha256_self_signed_cert ... ok
[INFO] [stdout] test cms::asn1::enveloped_data_content::tests::test_enveloped_data_content ... ok
[INFO] [stdout] test asn1::certificate::tests::test_ml_dsa_44_rsa2048_pss_sha256_self_signed_cert ... ok
[INFO] [stdout] test asn1::certificate::tests::test_ml_dsa44_ecdsa_p256_sha256_self_signed_cert ... ok
[INFO] [stdout] test cms::asn1::auth_enveloped_data_content::tests::test_auth_enveloped_data_content ... ok
[INFO] [stdout] test dsa::composite_dsa::tests::test_mldsa_44_ecdsa_p256_sha256 ... ok
[INFO] [stdout] test cms::cms_util::tests::test_enveloped_data ... ok
[INFO] [stdout] test dsa::composite_dsa::tests::test_mldsa_44_ed25519_sha512 ... ok
[INFO] [stdout] test dsa::composite_dsa::tests::test_mldsa_65_ecdsa_p256_sha512 ... ok
[INFO] [stdout] test dsa::composite_dsa::tests::test_mldsa_65_ecdsa_brainpool_p256r1_sha512 ... ok
[INFO] [stdout] test dsa::composite_dsa::tests::test_mldsa_65_ed25519_sha512 ... ok
[INFO] [stdout] test asn1::certificate::tests::test_akid_skid ... ok
[INFO] [stdout] test dsa::dsa_manager::tests::test_dsa_manager ... ok
[INFO] [stdout] test dsa::ec_dsa::tests::test_ecdsa_brainpool_p256r1_sha256 ... ok
[INFO] [stdout] test dsa::ec_dsa::tests::test_ecdsa_brainpool_p256r1_sha512 ... ok
[INFO] [stdout] test dsa::ec_dsa::tests::test_ecdsa_brainpool_p384r1_sha512 ... ok
[INFO] [stdout] test dsa::ec_dsa::tests::test_ecdsa_p256_sha256 ... ok
[INFO] [stdout] test dsa::ec_dsa::tests::test_ecdsa_p256_sha512 ... ok
[INFO] [stdout] test dsa::ec_dsa::tests::test_ecdsa_p384_sha512 ... ok
[INFO] [stdout] test dsa::ec_dsa::tests::test_ed25519_sha512 ... ok
[INFO] [stdout] test dsa::composite_dsa::tests::test_mldsa_87_ecdsa_p384_sha512 ... ok
[INFO] [stdout] test dsa::ec_dsa::tests::test_ed448_sha512 ... ok
[INFO] [stdout] test dsa::composite_dsa::tests::test_mldsa_44_ecdsa_brainpool_p256r1_sha256 ... ok
[INFO] [stdout] test dsa::ml_dsa::tests::test_ml_dsa_44 ... ok
[INFO] [stdout] test asn1::cert_builder::test::gen_pq_hackathon_artifacts_r3 ... FAILED
[INFO] [stdout] test cms::directory_cert_store::tests::test_directory_recipient_auth ... FAILED
[INFO] [stdout] test asn1::cert_builder::test::gen_pq_hackathon_artifacts_r4 ... FAILED
[INFO] [stdout] test dsa::composite_dsa::tests::test_mldsa_87_ecdsa_brainpool_p384r1_sha512 ... ok
[INFO] [stdout] test dsa::ml_dsa::tests::test_ml_dsa_65 ... ok
[INFO] [stdout] test dsa::composite_dsa::tests::test_mldsa_87_ed448_sha512 ... ok
[INFO] [stdout] test dsa::ml_dsa::tests::test_ml_dsa_87 ... ok
[INFO] [stdout] test dsa::slh_dsa::tests::test_slh_dsa_sha2_128f ... ok
[INFO] [stderr] 
[INFO] [stderr] thread 'dsa::slh_dsa::tests::test_slh_dsa_sha2_256f' has overflowed its stack
[INFO] [stderr] fatal runtime error: stack overflow
[INFO] [stderr] error: test failed, to rerun pass `--lib`
[INFO] [stderr] 
[INFO] [stderr] Caused by:
[INFO] [stderr]   process didn't exit successfully: `/opt/rustwide/target/debug/deps/quantcrypt-cb3cd8606d55b298` (signal: 6, SIGABRT: process abort signal)
[INFO] running `Command { std: "docker" "inspect" "bf95886d78462d0f495d6730cca40ca9f4ff36dd838127258fa239779407899d", kill_on_drop: false }`
[INFO] running `Command { std: "docker" "rm" "-f" "bf95886d78462d0f495d6730cca40ca9f4ff36dd838127258fa239779407899d", kill_on_drop: false }`
[INFO] [stdout] bf95886d78462d0f495d6730cca40ca9f4ff36dd838127258fa239779407899d
