[INFO] fetching crate PiHao_learn_rust_crate_upload 0.1.0...
[INFO] testing PiHao_learn_rust_crate_upload-0.1.0 against 1.83.0 for beta-1.84.0-4-retry
[INFO] extracting crate PiHao_learn_rust_crate_upload 0.1.0 into /workspace/builds/worker-7-tc1/source
[INFO] validating manifest of crates.io crate PiHao_learn_rust_crate_upload 0.1.0 on toolchain 1.83.0
[INFO] running `Command { std: CARGO_HOME="/workspace/cargo-home" RUSTUP_HOME="/workspace/rustup-home" "/workspace/cargo-home/bin/cargo" "+1.83.0" "metadata" "--manifest-path" "Cargo.toml" "--no-deps", kill_on_drop: false }`
[INFO] started tweaking crates.io crate PiHao_learn_rust_crate_upload 0.1.0
[INFO] finished tweaking crates.io crate PiHao_learn_rust_crate_upload 0.1.0
[INFO] tweaked toml for crates.io crate PiHao_learn_rust_crate_upload 0.1.0 written to /workspace/builds/worker-7-tc1/source/Cargo.toml
[INFO] crate crates.io crate PiHao_learn_rust_crate_upload 0.1.0 already has a lockfile, it will not be regenerated
[INFO] running `Command { std: CARGO_HOME="/workspace/cargo-home" RUSTUP_HOME="/workspace/rustup-home" "/workspace/cargo-home/bin/cargo" "+1.83.0" "fetch" "--manifest-path" "Cargo.toml", kill_on_drop: false }`
[INFO] running `Command { std: "docker" "create" "-v" "/var/lib/crater-agent-workspace/builds/worker-7-tc1/target:/opt/rustwide/target:rw,Z" "-v" "/var/lib/crater-agent-workspace/builds/worker-7-tc1/source:/opt/rustwide/workdir:ro,Z" "-v" "/var/lib/crater-agent-workspace/cargo-home:/opt/rustwide/cargo-home:ro,Z" "-v" "/var/lib/crater-agent-workspace/rustup-home:/opt/rustwide/rustup-home:ro,Z" "-e" "SOURCE_DIR=/opt/rustwide/workdir" "-e" "CARGO_TARGET_DIR=/opt/rustwide/target" "-e" "CARGO_HOME=/opt/rustwide/cargo-home" "-e" "RUSTUP_HOME=/opt/rustwide/rustup-home" "-w" "/opt/rustwide/workdir" "-m" "1610612736" "--user" "0:0" "--network" "none" "ghcr.io/rust-lang/crates-build-env/linux@sha256:f3a9d4ad9d972b27faf3965f35b62e55ba32bbce8f20bc8fe909558a86702fde" "/opt/rustwide/cargo-home/bin/cargo" "+1.83.0" "metadata" "--no-deps" "--format-version=1", kill_on_drop: false }`
[INFO] [stdout] 31d2a698d0cac9ba543c59340496016ee2e064940a10dd57d7a06eb7aef94d56
[INFO] running `Command { std: "docker" "start" "-a" "31d2a698d0cac9ba543c59340496016ee2e064940a10dd57d7a06eb7aef94d56", kill_on_drop: false }`
[INFO] running `Command { std: "docker" "inspect" "31d2a698d0cac9ba543c59340496016ee2e064940a10dd57d7a06eb7aef94d56", kill_on_drop: false }`
[INFO] running `Command { std: "docker" "rm" "-f" "31d2a698d0cac9ba543c59340496016ee2e064940a10dd57d7a06eb7aef94d56", kill_on_drop: false }`
[INFO] [stdout] 31d2a698d0cac9ba543c59340496016ee2e064940a10dd57d7a06eb7aef94d56
[INFO] running `Command { std: "docker" "create" "-v" "/var/lib/crater-agent-workspace/builds/worker-7-tc1/target:/opt/rustwide/target:rw,Z" "-v" "/var/lib/crater-agent-workspace/builds/worker-7-tc1/source:/opt/rustwide/workdir:ro,Z" "-v" "/var/lib/crater-agent-workspace/cargo-home:/opt/rustwide/cargo-home:ro,Z" "-v" "/var/lib/crater-agent-workspace/rustup-home:/opt/rustwide/rustup-home:ro,Z" "-e" "SOURCE_DIR=/opt/rustwide/workdir" "-e" "CARGO_TARGET_DIR=/opt/rustwide/target" "-e" "CARGO_INCREMENTAL=0" "-e" "RUST_BACKTRACE=full" "-e" "RUSTFLAGS=--cap-lints=warn" "-e" "RUSTDOCFLAGS=--cap-lints=warn" "-e" "CARGO_HOME=/opt/rustwide/cargo-home" "-e" "RUSTUP_HOME=/opt/rustwide/rustup-home" "-w" "/opt/rustwide/workdir" "-m" "1610612736" "--user" "0:0" "--network" "none" "ghcr.io/rust-lang/crates-build-env/linux@sha256:f3a9d4ad9d972b27faf3965f35b62e55ba32bbce8f20bc8fe909558a86702fde" "/opt/rustwide/cargo-home/bin/cargo" "+1.83.0" "build" "--frozen" "--message-format=json", kill_on_drop: false }`
[INFO] [stdout] cf6d249a4506576e8a54201493f419b542072156b77bbec067581b61bf01c6c6
[INFO] running `Command { std: "docker" "start" "-a" "cf6d249a4506576e8a54201493f419b542072156b77bbec067581b61bf01c6c6", kill_on_drop: false }`
[INFO] [stderr]    Compiling PiHao_learn_rust_crate_upload v0.1.0 (/opt/rustwide/workdir)
[INFO] [stdout] warning: crate `PiHao_learn_rust_crate_upload` should have a snake case name
[INFO] [stdout]   |
[INFO] [stdout]   = help: convert the identifier to snake case: `pi_hao_learn_rust_crate_upload`
[INFO] [stdout]   = note: `#[warn(non_snake_case)]` on by default
[INFO] [stdout] 
[INFO] [stdout] 
[INFO] [stderr]     Finished `dev` profile [unoptimized + debuginfo] target(s) in 0.44s
[INFO] running `Command { std: "docker" "inspect" "cf6d249a4506576e8a54201493f419b542072156b77bbec067581b61bf01c6c6", kill_on_drop: false }`
[INFO] running `Command { std: "docker" "rm" "-f" "cf6d249a4506576e8a54201493f419b542072156b77bbec067581b61bf01c6c6", kill_on_drop: false }`
[INFO] [stdout] cf6d249a4506576e8a54201493f419b542072156b77bbec067581b61bf01c6c6
[INFO] running `Command { std: "docker" "create" "-v" "/var/lib/crater-agent-workspace/builds/worker-7-tc1/target:/opt/rustwide/target:rw,Z" "-v" "/var/lib/crater-agent-workspace/builds/worker-7-tc1/source:/opt/rustwide/workdir:ro,Z" "-v" "/var/lib/crater-agent-workspace/cargo-home:/opt/rustwide/cargo-home:ro,Z" "-v" "/var/lib/crater-agent-workspace/rustup-home:/opt/rustwide/rustup-home:ro,Z" "-e" "SOURCE_DIR=/opt/rustwide/workdir" "-e" "CARGO_TARGET_DIR=/opt/rustwide/target" "-e" "CARGO_INCREMENTAL=0" "-e" "RUST_BACKTRACE=full" "-e" "RUSTFLAGS=--cap-lints=warn" "-e" "RUSTDOCFLAGS=--cap-lints=warn" "-e" "CARGO_HOME=/opt/rustwide/cargo-home" "-e" "RUSTUP_HOME=/opt/rustwide/rustup-home" "-w" "/opt/rustwide/workdir" "-m" "1610612736" "--user" "0:0" "--network" "none" "ghcr.io/rust-lang/crates-build-env/linux@sha256:f3a9d4ad9d972b27faf3965f35b62e55ba32bbce8f20bc8fe909558a86702fde" "/opt/rustwide/cargo-home/bin/cargo" "+1.83.0" "test" "--frozen" "--no-run" "--message-format=json", kill_on_drop: false }`
[INFO] [stdout] 5380d53740b4a1e772bc3c338941ff1aca7c8808b9cf7ad5477f51864433135d
[INFO] running `Command { std: "docker" "start" "-a" "5380d53740b4a1e772bc3c338941ff1aca7c8808b9cf7ad5477f51864433135d", kill_on_drop: false }`
[INFO] [stdout] warning: crate `PiHao_learn_rust_crate_upload` should have a snake case name
[INFO] [stdout]   |
[INFO] [stdout]   = help: convert the identifier to snake case: `pi_hao_learn_rust_crate_upload`
[INFO] [stdout]   = note: `#[warn(non_snake_case)]` on by default
[INFO] [stdout] 
[INFO] [stdout] 
[INFO] [stderr]    Compiling PiHao_learn_rust_crate_upload v0.1.0 (/opt/rustwide/workdir)
[INFO] [stdout] warning: variable does not need to be mutable
[INFO] [stdout]   --> src/lib.rs:69:7
[INFO] [stdout]    |
[INFO] [stdout] 69 |   let mut cter= Counter::new();
[INFO] [stdout]    |       ----^^^^
[INFO] [stdout]    |       |
[INFO] [stdout]    |       help: remove this `mut`
[INFO] [stdout]    |
[INFO] [stdout]    = note: `#[warn(unused_mut)]` on by default
[INFO] [stdout] 
[INFO] [stdout] 
[INFO] [stdout] warning: function `testShow` should have a snake case name
[INFO] [stdout]   --> src/lib.rs:52:4
[INFO] [stdout]    |
[INFO] [stdout] 52 | fn testShow (){
[INFO] [stdout]    |    ^^^^^^^^ help: convert the identifier to snake case: `test_show`
[INFO] [stdout]    |
[INFO] [stdout]    = note: `#[warn(non_snake_case)]` on by default
[INFO] [stdout] 
[INFO] [stdout] 
[INFO] [stderr]     Finished `test` profile [unoptimized + debuginfo] target(s) in 0.63s
[INFO] running `Command { std: "docker" "inspect" "5380d53740b4a1e772bc3c338941ff1aca7c8808b9cf7ad5477f51864433135d", kill_on_drop: false }`
[INFO] running `Command { std: "docker" "rm" "-f" "5380d53740b4a1e772bc3c338941ff1aca7c8808b9cf7ad5477f51864433135d", kill_on_drop: false }`
[INFO] [stdout] 5380d53740b4a1e772bc3c338941ff1aca7c8808b9cf7ad5477f51864433135d
[INFO] running `Command { std: "docker" "create" "-v" "/var/lib/crater-agent-workspace/builds/worker-7-tc1/target:/opt/rustwide/target:rw,Z" "-v" "/var/lib/crater-agent-workspace/builds/worker-7-tc1/source:/opt/rustwide/workdir:ro,Z" "-v" "/var/lib/crater-agent-workspace/cargo-home:/opt/rustwide/cargo-home:ro,Z" "-v" "/var/lib/crater-agent-workspace/rustup-home:/opt/rustwide/rustup-home:ro,Z" "-e" "SOURCE_DIR=/opt/rustwide/workdir" "-e" "CARGO_TARGET_DIR=/opt/rustwide/target" "-e" "CARGO_INCREMENTAL=0" "-e" "RUST_BACKTRACE=full" "-e" "RUSTFLAGS=--cap-lints=warn" "-e" "RUSTDOCFLAGS=--cap-lints=warn" "-e" "CARGO_HOME=/opt/rustwide/cargo-home" "-e" "RUSTUP_HOME=/opt/rustwide/rustup-home" "-w" "/opt/rustwide/workdir" "-m" "1610612736" "--user" "0:0" "--network" "none" "ghcr.io/rust-lang/crates-build-env/linux@sha256:f3a9d4ad9d972b27faf3965f35b62e55ba32bbce8f20bc8fe909558a86702fde" "/opt/rustwide/cargo-home/bin/cargo" "+1.83.0" "test" "--frozen", kill_on_drop: false }`
[INFO] [stdout] 808e4ac22a75a1fd217d8c4e9e435ea98d5d72dfc52bef46d7ec4de087130963
[INFO] running `Command { std: "docker" "start" "-a" "808e4ac22a75a1fd217d8c4e9e435ea98d5d72dfc52bef46d7ec4de087130963", kill_on_drop: false }`
[INFO] [stderr] warning: crate `PiHao_learn_rust_crate_upload` should have a snake case name
[INFO] [stdout] 
[INFO] [stderr]   |
[INFO] [stdout] running 1 test
[INFO] [stderr]   = help: convert the identifier to snake case: `pi_hao_learn_rust_crate_upload`
[INFO] [stderr]   = note: `#[warn(non_snake_case)]` on by default
[INFO] [stderr] 
[INFO] [stderr] warning: `PiHao_learn_rust_crate_upload` (lib) generated 1 warning
[INFO] [stderr] warning: variable does not need to be mutable
[INFO] [stderr]   --> src/lib.rs:69:7
[INFO] [stderr]    |
[INFO] [stderr] 69 |   let mut cter= Counter::new();
[INFO] [stderr]    |       ----^^^^
[INFO] [stderr]    |       |
[INFO] [stderr]    |       help: remove this `mut`
[INFO] [stderr]    |
[INFO] [stderr]    = note: `#[warn(unused_mut)]` on by default
[INFO] [stderr] 
[INFO] [stderr] warning: function `testShow` should have a snake case name
[INFO] [stderr]   --> src/lib.rs:52:4
[INFO] [stderr]    |
[INFO] [stderr] 52 | fn testShow (){
[INFO] [stderr]    |    ^^^^^^^^ help: convert the identifier to snake case: `test_show`
[INFO] [stderr]    |
[INFO] [stderr]    = note: `#[warn(non_snake_case)]` on by default
[INFO] [stderr] 
[INFO] [stderr] warning: `PiHao_learn_rust_crate_upload` (lib test) generated 2 warnings (run `cargo fix --lib -p PiHao_learn_rust_crate_upload --tests` to apply 1 suggestion)
[INFO] [stderr]     Finished `test` profile [unoptimized + debuginfo] target(s) in 0.01s
[INFO] [stderr]      Running unittests src/lib.rs (/opt/rustwide/target/debug/deps/PiHao_learn_rust_crate_upload-ea6ae8661011ff8d)
[INFO] [stdout] test testShow ... ok
[INFO] [stdout] 
[INFO] [stdout] test result: ok. 1 passed; 0 failed; 0 ignored; 0 measured; 0 filtered out; finished in 0.00s
[INFO] [stdout] 
[INFO] [stderr]      Running unittests src/main.rs (/opt/rustwide/target/debug/deps/PiHao_learn_rust_crate_upload-cdbfa58688fcf533)
[INFO] [stdout] 
[INFO] [stdout] running 0 tests
[INFO] [stdout] 
[INFO] [stdout] test result: ok. 0 passed; 0 failed; 0 ignored; 0 measured; 0 filtered out; finished in 0.00s
[INFO] [stdout] 
[INFO] [stderr]    Doc-tests PiHao_learn_rust_crate_upload
[INFO] [stdout] 
[INFO] [stdout] running 1 test
[INFO] [stdout] test src/lib.rs - get_my_size (line 14) ... FAILED
[INFO] [stdout] 
[INFO] [stdout] failures:
[INFO] [stdout] 
[INFO] [stdout] ---- src/lib.rs - get_my_size (line 14) stdout ----
[INFO] [stdout] error[E0425]: cannot find function `get_my_size` in this scope
[INFO] [stdout]  --> src/lib.rs:15:1
[INFO] [stdout]   |
[INFO] [stdout] 3 | get_my_size()
[INFO] [stdout]   | ^^^^^^^^^^^ not found in this scope
[INFO] [stdout]   |
[INFO] [stdout] help: consider importing this function
[INFO] [stdout]   |
[INFO] [stdout] 2 + use PiHao_learn_rust_crate_upload::get_my_size;
[INFO] [stdout]   |
[INFO] [stdout] 
[INFO] [stdout] error: aborting due to 1 previous error
[INFO] [stdout] 
[INFO] [stdout] For more information about this error, try `rustc --explain E0425`.
[INFO] [stdout] Couldn't compile the test.
[INFO] [stdout] 
[INFO] [stdout] failures:
[INFO] [stdout]     src/lib.rs - get_my_size (line 14)
[INFO] [stdout] 
[INFO] [stdout] test result: FAILED. 0 passed; 1 failed; 0 ignored; 0 measured; 0 filtered out; finished in 0.07s
[INFO] [stdout] 
[INFO] [stderr] error: doctest failed, to rerun pass `--doc`
[INFO] running `Command { std: "docker" "inspect" "808e4ac22a75a1fd217d8c4e9e435ea98d5d72dfc52bef46d7ec4de087130963", kill_on_drop: false }`
[INFO] running `Command { std: "docker" "rm" "-f" "808e4ac22a75a1fd217d8c4e9e435ea98d5d72dfc52bef46d7ec4de087130963", kill_on_drop: false }`
[INFO] [stdout] 808e4ac22a75a1fd217d8c4e9e435ea98d5d72dfc52bef46d7ec4de087130963
