[INFO] fetching crate GeosCoin 0.1.1...
[INFO] testing GeosCoin-0.1.1 against 1.83.0 for beta-1.84.0-4-retry
[INFO] extracting crate GeosCoin 0.1.1 into /workspace/builds/worker-1-tc1/source
[INFO] validating manifest of crates.io crate GeosCoin 0.1.1 on toolchain 1.83.0
[INFO] running `Command { std: CARGO_HOME="/workspace/cargo-home" RUSTUP_HOME="/workspace/rustup-home" "/workspace/cargo-home/bin/cargo" "+1.83.0" "metadata" "--manifest-path" "Cargo.toml" "--no-deps", kill_on_drop: false }`
[INFO] started tweaking crates.io crate GeosCoin 0.1.1
[INFO] finished tweaking crates.io crate GeosCoin 0.1.1
[INFO] tweaked toml for crates.io crate GeosCoin 0.1.1 written to /workspace/builds/worker-1-tc1/source/Cargo.toml
[INFO] crate crates.io crate GeosCoin 0.1.1 already has a lockfile, it will not be regenerated
[INFO] running `Command { std: CARGO_HOME="/workspace/cargo-home" RUSTUP_HOME="/workspace/rustup-home" "/workspace/cargo-home/bin/cargo" "+1.83.0" "fetch" "--manifest-path" "Cargo.toml", kill_on_drop: false }`
[INFO] running `Command { std: "docker" "create" "-v" "/var/lib/crater-agent-workspace/builds/worker-1-tc1/target:/opt/rustwide/target:rw,Z" "-v" "/var/lib/crater-agent-workspace/builds/worker-1-tc1/source:/opt/rustwide/workdir:ro,Z" "-v" "/var/lib/crater-agent-workspace/cargo-home:/opt/rustwide/cargo-home:ro,Z" "-v" "/var/lib/crater-agent-workspace/rustup-home:/opt/rustwide/rustup-home:ro,Z" "-e" "SOURCE_DIR=/opt/rustwide/workdir" "-e" "CARGO_TARGET_DIR=/opt/rustwide/target" "-e" "CARGO_HOME=/opt/rustwide/cargo-home" "-e" "RUSTUP_HOME=/opt/rustwide/rustup-home" "-w" "/opt/rustwide/workdir" "-m" "1610612736" "--user" "0:0" "--network" "none" "ghcr.io/rust-lang/crates-build-env/linux@sha256:f3a9d4ad9d972b27faf3965f35b62e55ba32bbce8f20bc8fe909558a86702fde" "/opt/rustwide/cargo-home/bin/cargo" "+1.83.0" "metadata" "--no-deps" "--format-version=1", kill_on_drop: false }`
[INFO] [stdout] 45547565dede355b4d1b793cb919e405feb7b4fea0aa214fbd1b07f71a9eb0da
[INFO] running `Command { std: "docker" "start" "-a" "45547565dede355b4d1b793cb919e405feb7b4fea0aa214fbd1b07f71a9eb0da", kill_on_drop: false }`
[INFO] running `Command { std: "docker" "inspect" "45547565dede355b4d1b793cb919e405feb7b4fea0aa214fbd1b07f71a9eb0da", kill_on_drop: false }`
[INFO] running `Command { std: "docker" "rm" "-f" "45547565dede355b4d1b793cb919e405feb7b4fea0aa214fbd1b07f71a9eb0da", kill_on_drop: false }`
[INFO] [stdout] 45547565dede355b4d1b793cb919e405feb7b4fea0aa214fbd1b07f71a9eb0da
[INFO] running `Command { std: "docker" "create" "-v" "/var/lib/crater-agent-workspace/builds/worker-1-tc1/target:/opt/rustwide/target:rw,Z" "-v" "/var/lib/crater-agent-workspace/builds/worker-1-tc1/source:/opt/rustwide/workdir:ro,Z" "-v" "/var/lib/crater-agent-workspace/cargo-home:/opt/rustwide/cargo-home:ro,Z" "-v" "/var/lib/crater-agent-workspace/rustup-home:/opt/rustwide/rustup-home:ro,Z" "-e" "SOURCE_DIR=/opt/rustwide/workdir" "-e" "CARGO_TARGET_DIR=/opt/rustwide/target" "-e" "CARGO_INCREMENTAL=0" "-e" "RUST_BACKTRACE=full" "-e" "RUSTFLAGS=--cap-lints=warn" "-e" "RUSTDOCFLAGS=--cap-lints=warn" "-e" "CARGO_HOME=/opt/rustwide/cargo-home" "-e" "RUSTUP_HOME=/opt/rustwide/rustup-home" "-w" "/opt/rustwide/workdir" "-m" "1610612736" "--user" "0:0" "--network" "none" "ghcr.io/rust-lang/crates-build-env/linux@sha256:f3a9d4ad9d972b27faf3965f35b62e55ba32bbce8f20bc8fe909558a86702fde" "/opt/rustwide/cargo-home/bin/cargo" "+1.83.0" "build" "--frozen" "--message-format=json", kill_on_drop: false }`
[INFO] [stdout] c1ddbf0e9d6bf87974b50232d85c7ced2ba1e8efe2fb783d5af3b8ce653a7ae7
[INFO] running `Command { std: "docker" "start" "-a" "c1ddbf0e9d6bf87974b50232d85c7ced2ba1e8efe2fb783d5af3b8ce653a7ae7", kill_on_drop: false }`
[INFO] [stderr]    Compiling GeosCoin v0.1.1 (/opt/rustwide/workdir)
[INFO] [stdout] warning: crate `GeosCoin` should have a snake case name
[INFO] [stdout]   |
[INFO] [stdout]   = help: convert the identifier to snake case: `geos_coin`
[INFO] [stdout]   = note: `#[warn(non_snake_case)]` on by default
[INFO] [stdout] 
[INFO] [stdout] 
[INFO] [stdout] warning: unused variable: `args`
[INFO] [stdout]  --> src/main.rs:8:9
[INFO] [stdout]   |
[INFO] [stdout] 8 |     let args: Vec<String> = env::args().collect();
[INFO] [stdout]   |         ^^^^ help: if this is intentional, prefix it with an underscore: `_args`
[INFO] [stdout]   |
[INFO] [stdout]   = note: `#[warn(unused_variables)]` on by default
[INFO] [stdout] 
[INFO] [stdout] 
[INFO] [stderr]     Finished `dev` profile [optimized + debuginfo] target(s) in 0.96s
[INFO] running `Command { std: "docker" "inspect" "c1ddbf0e9d6bf87974b50232d85c7ced2ba1e8efe2fb783d5af3b8ce653a7ae7", kill_on_drop: false }`
[INFO] running `Command { std: "docker" "rm" "-f" "c1ddbf0e9d6bf87974b50232d85c7ced2ba1e8efe2fb783d5af3b8ce653a7ae7", kill_on_drop: false }`
[INFO] [stdout] c1ddbf0e9d6bf87974b50232d85c7ced2ba1e8efe2fb783d5af3b8ce653a7ae7
[INFO] running `Command { std: "docker" "create" "-v" "/var/lib/crater-agent-workspace/builds/worker-1-tc1/target:/opt/rustwide/target:rw,Z" "-v" "/var/lib/crater-agent-workspace/builds/worker-1-tc1/source:/opt/rustwide/workdir:ro,Z" "-v" "/var/lib/crater-agent-workspace/cargo-home:/opt/rustwide/cargo-home:ro,Z" "-v" "/var/lib/crater-agent-workspace/rustup-home:/opt/rustwide/rustup-home:ro,Z" "-e" "SOURCE_DIR=/opt/rustwide/workdir" "-e" "CARGO_TARGET_DIR=/opt/rustwide/target" "-e" "CARGO_INCREMENTAL=0" "-e" "RUST_BACKTRACE=full" "-e" "RUSTFLAGS=--cap-lints=warn" "-e" "RUSTDOCFLAGS=--cap-lints=warn" "-e" "CARGO_HOME=/opt/rustwide/cargo-home" "-e" "RUSTUP_HOME=/opt/rustwide/rustup-home" "-w" "/opt/rustwide/workdir" "-m" "1610612736" "--user" "0:0" "--network" "none" "ghcr.io/rust-lang/crates-build-env/linux@sha256:f3a9d4ad9d972b27faf3965f35b62e55ba32bbce8f20bc8fe909558a86702fde" "/opt/rustwide/cargo-home/bin/cargo" "+1.83.0" "test" "--frozen" "--no-run" "--message-format=json", kill_on_drop: false }`
[INFO] [stdout] 07e940d1838a3e1a70145449800db72ca3cb3aac6e226c4b3cd0c88fc031c12d
[INFO] running `Command { std: "docker" "start" "-a" "07e940d1838a3e1a70145449800db72ca3cb3aac6e226c4b3cd0c88fc031c12d", kill_on_drop: false }`
[INFO] [stderr]    Compiling GeosCoin v0.1.1 (/opt/rustwide/workdir)
[INFO] [stdout] warning: crate `GeosCoin` should have a snake case name
[INFO] [stdout]   |
[INFO] [stdout]   = help: convert the identifier to snake case: `geos_coin`
[INFO] [stdout]   = note: `#[warn(non_snake_case)]` on by default
[INFO] [stdout] 
[INFO] [stdout] 
[INFO] [stdout] warning: unused variable: `args`
[INFO] [stdout]  --> src/main.rs:8:9
[INFO] [stdout]   |
[INFO] [stdout] 8 |     let args: Vec<String> = env::args().collect();
[INFO] [stdout]   |         ^^^^ help: if this is intentional, prefix it with an underscore: `_args`
[INFO] [stdout]   |
[INFO] [stdout]   = note: `#[warn(unused_variables)]` on by default
[INFO] [stdout] 
[INFO] [stdout] 
[INFO] [stderr]     Finished `test` profile [optimized + debuginfo] target(s) in 0.87s
[INFO] running `Command { std: "docker" "inspect" "07e940d1838a3e1a70145449800db72ca3cb3aac6e226c4b3cd0c88fc031c12d", kill_on_drop: false }`
[INFO] running `Command { std: "docker" "rm" "-f" "07e940d1838a3e1a70145449800db72ca3cb3aac6e226c4b3cd0c88fc031c12d", kill_on_drop: false }`
[INFO] [stdout] 07e940d1838a3e1a70145449800db72ca3cb3aac6e226c4b3cd0c88fc031c12d
[INFO] running `Command { std: "docker" "create" "-v" "/var/lib/crater-agent-workspace/builds/worker-1-tc1/target:/opt/rustwide/target:rw,Z" "-v" "/var/lib/crater-agent-workspace/builds/worker-1-tc1/source:/opt/rustwide/workdir:ro,Z" "-v" "/var/lib/crater-agent-workspace/cargo-home:/opt/rustwide/cargo-home:ro,Z" "-v" "/var/lib/crater-agent-workspace/rustup-home:/opt/rustwide/rustup-home:ro,Z" "-e" "SOURCE_DIR=/opt/rustwide/workdir" "-e" "CARGO_TARGET_DIR=/opt/rustwide/target" "-e" "CARGO_INCREMENTAL=0" "-e" "RUST_BACKTRACE=full" "-e" "RUSTFLAGS=--cap-lints=warn" "-e" "RUSTDOCFLAGS=--cap-lints=warn" "-e" "CARGO_HOME=/opt/rustwide/cargo-home" "-e" "RUSTUP_HOME=/opt/rustwide/rustup-home" "-w" "/opt/rustwide/workdir" "-m" "1610612736" "--user" "0:0" "--network" "none" "ghcr.io/rust-lang/crates-build-env/linux@sha256:f3a9d4ad9d972b27faf3965f35b62e55ba32bbce8f20bc8fe909558a86702fde" "/opt/rustwide/cargo-home/bin/cargo" "+1.83.0" "test" "--frozen", kill_on_drop: false }`
[INFO] [stdout] e77514991f2557ad35850e281329ebedcfe8219630515575924e6056eedba6f1
[INFO] running `Command { std: "docker" "start" "-a" "e77514991f2557ad35850e281329ebedcfe8219630515575924e6056eedba6f1", kill_on_drop: false }`
[INFO] [stderr] warning: crate `GeosCoin` should have a snake case name
[INFO] [stderr]   |
[INFO] [stderr]   = help: convert the identifier to snake case: `geos_coin`
[INFO] [stderr]   = note: `#[warn(non_snake_case)]` on by default
[INFO] [stderr] 
[INFO] [stderr] warning: `GeosCoin` (lib) generated 1 warning
[INFO] [stderr] warning: unused variable: `args`
[INFO] [stderr]  --> src/main.rs:8:9
[INFO] [stderr]   |
[INFO] [stderr] 8 |     let args: Vec<String> = env::args().collect();
[INFO] [stderr]   |         ^^^^ help: if this is intentional, prefix it with an underscore: `_args`
[INFO] [stderr]   |
[INFO] [stderr]   = note: `#[warn(unused_variables)]` on by default
[INFO] [stderr] 
[INFO] [stderr] warning: `GeosCoin` (bin "GeosCoin" test) generated 1 warning
[INFO] [stderr]     Finished `test` profile [optimized + debuginfo] target(s) in 0.02s
[INFO] [stderr]      Running unittests src/lib.rs (/opt/rustwide/target/debug/deps/GeosCoin-286bf6c995ec9aab)
[INFO] [stdout] 
[INFO] [stdout] running 2 tests
[INFO] [stdout] test tests::case_sensitive ... ignored, reason
[INFO] [stdout] test tests::case_insensitive ... ok
[INFO] [stdout] 
[INFO] [stdout] test result: ok. 1 passed; 0 failed; 1 ignored; 0 measured; 0 filtered out; finished in 0.00s
[INFO] [stdout] 
[INFO] [stderr]      Running unittests src/main.rs (/opt/rustwide/target/debug/deps/GeosCoin-378b149ba1b7bda0)
[INFO] [stderr]    Doc-tests GeosCoin
[INFO] [stdout] 
[INFO] [stdout] running 0 tests
[INFO] [stdout] 
[INFO] [stdout] test result: ok. 0 passed; 0 failed; 0 ignored; 0 measured; 0 filtered out; finished in 0.00s
[INFO] [stdout] 
[INFO] [stdout] 
[INFO] [stdout] running 1 test
[INFO] [stdout] test src/lib.rs - search_case_insensitive (line 66) ... FAILED
[INFO] [stdout] 
[INFO] [stdout] failures:
[INFO] [stdout] 
[INFO] [stdout] ---- src/lib.rs - search_case_insensitive (line 66) stdout ----
[INFO] [stdout] error[E0432]: unresolved import `minigrep`
[INFO] [stdout]  --> src/lib.rs:67:5
[INFO] [stdout]   |
[INFO] [stdout] 3 | use minigrep::search_case_insensitive;
[INFO] [stdout]   |     ^^^^^^^^ use of undeclared crate or module `minigrep`
[INFO] [stdout] 
[INFO] [stdout] error: aborting due to 1 previous error
[INFO] [stdout] 
[INFO] [stdout] For more information about this error, try `rustc --explain E0432`.
[INFO] [stdout] Couldn't compile the test.
[INFO] [stdout] 
[INFO] [stdout] failures:
[INFO] [stdout]     src/lib.rs - search_case_insensitive (line 66)
[INFO] [stdout] 
[INFO] [stdout] test result: FAILED. 0 passed; 1 failed; 0 ignored; 0 measured; 0 filtered out; finished in 0.05s
[INFO] [stdout] 
[INFO] [stderr] error: doctest failed, to rerun pass `--doc`
[INFO] running `Command { std: "docker" "inspect" "e77514991f2557ad35850e281329ebedcfe8219630515575924e6056eedba6f1", kill_on_drop: false }`
[INFO] running `Command { std: "docker" "rm" "-f" "e77514991f2557ad35850e281329ebedcfe8219630515575924e6056eedba6f1", kill_on_drop: false }`
[INFO] [stdout] e77514991f2557ad35850e281329ebedcfe8219630515575924e6056eedba6f1
