[INFO] fetching crate FastORM 0.1.0...
[INFO] testing FastORM-0.1.0 against 1.83.0 for beta-1.84.0-4-retry
[INFO] extracting crate FastORM 0.1.0 into /workspace/builds/worker-7-tc1/source
[INFO] validating manifest of crates.io crate FastORM 0.1.0 on toolchain 1.83.0
[INFO] running `Command { std: CARGO_HOME="/workspace/cargo-home" RUSTUP_HOME="/workspace/rustup-home" "/workspace/cargo-home/bin/cargo" "+1.83.0" "metadata" "--manifest-path" "Cargo.toml" "--no-deps", kill_on_drop: false }`
[INFO] started tweaking crates.io crate FastORM 0.1.0
[INFO] finished tweaking crates.io crate FastORM 0.1.0
[INFO] tweaked toml for crates.io crate FastORM 0.1.0 written to /workspace/builds/worker-7-tc1/source/Cargo.toml
[INFO] running `Command { std: CARGO_HOME="/workspace/cargo-home" RUSTUP_HOME="/workspace/rustup-home" "/workspace/cargo-home/bin/cargo" "+1.83.0" "generate-lockfile" "--manifest-path" "Cargo.toml", kill_on_drop: false }`
[INFO] [stderr]     Updating crates.io index
[INFO] [stderr]      Locking 202 packages to latest compatible versions
[INFO] [stderr]       Adding sqlx v0.7.4 (available: v0.8.2)
[INFO] running `Command { std: CARGO_HOME="/workspace/cargo-home" RUSTUP_HOME="/workspace/rustup-home" "/workspace/cargo-home/bin/cargo" "+1.83.0" "fetch" "--manifest-path" "Cargo.toml", kill_on_drop: false }`
[INFO] [stderr]  Downloading crates ...
[INFO] [stderr]   Downloaded fastorm-macro v0.1.0
[INFO] [stderr]   Downloaded fastorm-trait v0.1.0
[INFO] running `Command { std: "docker" "create" "-v" "/var/lib/crater-agent-workspace/builds/worker-7-tc1/target:/opt/rustwide/target:rw,Z" "-v" "/var/lib/crater-agent-workspace/builds/worker-7-tc1/source:/opt/rustwide/workdir:ro,Z" "-v" "/var/lib/crater-agent-workspace/cargo-home:/opt/rustwide/cargo-home:ro,Z" "-v" "/var/lib/crater-agent-workspace/rustup-home:/opt/rustwide/rustup-home:ro,Z" "-e" "SOURCE_DIR=/opt/rustwide/workdir" "-e" "CARGO_TARGET_DIR=/opt/rustwide/target" "-e" "CARGO_HOME=/opt/rustwide/cargo-home" "-e" "RUSTUP_HOME=/opt/rustwide/rustup-home" "-w" "/opt/rustwide/workdir" "-m" "1610612736" "--user" "0:0" "--network" "none" "ghcr.io/rust-lang/crates-build-env/linux@sha256:f3a9d4ad9d972b27faf3965f35b62e55ba32bbce8f20bc8fe909558a86702fde" "/opt/rustwide/cargo-home/bin/cargo" "+1.83.0" "metadata" "--no-deps" "--format-version=1", kill_on_drop: false }`
[INFO] [stdout] 2b7d922a8878ea7455e0bda4ceecf869d27fcf328a52237d20f1066d4c7212c2
[INFO] running `Command { std: "docker" "start" "-a" "2b7d922a8878ea7455e0bda4ceecf869d27fcf328a52237d20f1066d4c7212c2", kill_on_drop: false }`
[INFO] running `Command { std: "docker" "inspect" "2b7d922a8878ea7455e0bda4ceecf869d27fcf328a52237d20f1066d4c7212c2", kill_on_drop: false }`
[INFO] running `Command { std: "docker" "rm" "-f" "2b7d922a8878ea7455e0bda4ceecf869d27fcf328a52237d20f1066d4c7212c2", kill_on_drop: false }`
[INFO] [stdout] 2b7d922a8878ea7455e0bda4ceecf869d27fcf328a52237d20f1066d4c7212c2
[INFO] running `Command { std: "docker" "create" "-v" "/var/lib/crater-agent-workspace/builds/worker-7-tc1/target:/opt/rustwide/target:rw,Z" "-v" "/var/lib/crater-agent-workspace/builds/worker-7-tc1/source:/opt/rustwide/workdir:ro,Z" "-v" "/var/lib/crater-agent-workspace/cargo-home:/opt/rustwide/cargo-home:ro,Z" "-v" "/var/lib/crater-agent-workspace/rustup-home:/opt/rustwide/rustup-home:ro,Z" "-e" "SOURCE_DIR=/opt/rustwide/workdir" "-e" "CARGO_TARGET_DIR=/opt/rustwide/target" "-e" "CARGO_INCREMENTAL=0" "-e" "RUST_BACKTRACE=full" "-e" "RUSTFLAGS=--cap-lints=warn" "-e" "RUSTDOCFLAGS=--cap-lints=warn" "-e" "CARGO_HOME=/opt/rustwide/cargo-home" "-e" "RUSTUP_HOME=/opt/rustwide/rustup-home" "-w" "/opt/rustwide/workdir" "-m" "1610612736" "--user" "0:0" "--network" "none" "ghcr.io/rust-lang/crates-build-env/linux@sha256:f3a9d4ad9d972b27faf3965f35b62e55ba32bbce8f20bc8fe909558a86702fde" "/opt/rustwide/cargo-home/bin/cargo" "+1.83.0" "build" "--frozen" "--message-format=json", kill_on_drop: false }`
[INFO] [stdout] 632cfdcc6eec7a94918820803cfc3d4eea31cf2f8bc8231996419e0cefe305b9
[INFO] running `Command { std: "docker" "start" "-a" "632cfdcc6eec7a94918820803cfc3d4eea31cf2f8bc8231996419e0cefe305b9", kill_on_drop: false }`
[INFO] [stderr]    Compiling proc-macro2 v1.0.92
[INFO] [stderr]    Compiling unicode-ident v1.0.14
[INFO] [stderr]    Compiling autocfg v1.4.0
[INFO] [stderr]    Compiling libc v0.2.168
[INFO] [stderr]    Compiling cfg-if v1.0.0
[INFO] [stderr]    Compiling version_check v0.9.5
[INFO] [stderr]    Compiling typenum v1.17.0
[INFO] [stderr]    Compiling const-oid v0.9.6
[INFO] [stderr]    Compiling stable_deref_trait v1.2.0
[INFO] [stderr]    Compiling smallvec v1.13.2
[INFO] [stderr]    Compiling scopeguard v1.2.0
[INFO] [stderr]    Compiling byteorder v1.5.0
[INFO] [stderr]    Compiling serde v1.0.216
[INFO] [stderr]    Compiling subtle v2.6.1
[INFO] [stderr]    Compiling writeable v0.5.5
[INFO] [stderr]    Compiling litemap v0.7.4
[INFO] [stderr]    Compiling once_cell v1.20.2
[INFO] [stderr]    Compiling libm v0.2.11
[INFO] [stderr]    Compiling futures-core v0.3.31
[INFO] [stderr]    Compiling pin-project-lite v0.2.15
[INFO] [stderr]    Compiling parking_lot_core v0.9.10
[INFO] [stderr]    Compiling icu_locid_transform_data v1.5.0
[INFO] [stderr]    Compiling icu_properties_data v1.5.0
[INFO] [stderr]    Compiling memchr v2.7.4
[INFO] [stderr]    Compiling futures-sink v0.3.31
[INFO] [stderr]    Compiling icu_normalizer_data v1.5.0
[INFO] [stderr]    Compiling utf16_iter v1.0.5
[INFO] [stderr]    Compiling bytes v1.9.0
[INFO] [stderr]    Compiling utf8_iter v1.0.4
[INFO] [stderr]    Compiling write16 v1.0.0
[INFO] [stderr]    Compiling crossbeam-utils v0.8.20
[INFO] [stderr]    Compiling cpufeatures v0.2.16
[INFO] [stderr]    Compiling serde_json v1.0.133
[INFO] [stderr]    Compiling futures-task v0.3.31
[INFO] [stderr]    Compiling itoa v1.0.14
[INFO] [stderr]    Compiling hashbrown v0.15.2
[INFO] [stderr]    Compiling zeroize v1.8.1
[INFO] [stderr]    Compiling percent-encoding v2.3.1
[INFO] [stderr]    Compiling allocator-api2 v0.2.21
[INFO] [stderr]    Compiling pin-utils v0.1.0
[INFO] [stderr]    Compiling minimal-lexical v0.2.1
[INFO] [stderr]    Compiling paste v1.0.15
[INFO] [stderr]    Compiling thiserror v1.0.69
[INFO] [stderr]    Compiling futures-io v0.3.31
[INFO] [stderr]    Compiling generic-array v0.14.7
[INFO] [stderr]    Compiling lock_api v0.4.12
[INFO] [stderr]    Compiling num-traits v0.2.19
[INFO] [stderr]    Compiling slab v0.4.9
[INFO] [stderr]    Compiling ahash v0.8.11
[INFO] [stderr]    Compiling equivalent v1.0.1
[INFO] [stderr]    Compiling ryu v1.0.18
[INFO] [stderr]    Compiling base64ct v1.6.0
[INFO] [stderr]    Compiling nom v7.1.3
[INFO] [stderr]    Compiling indexmap v2.7.0
[INFO] [stderr]    Compiling quote v1.0.37
[INFO] [stderr]    Compiling futures-util v0.3.31
[INFO] [stderr]    Compiling form_urlencoded v1.2.1
[INFO] [stderr]    Compiling tracing-core v0.1.33
[INFO] [stderr]    Compiling log v0.4.22
[INFO] [stderr]    Compiling syn v2.0.90
[INFO] [stderr]    Compiling unicode_categories v0.1.1
[INFO] [stderr]    Compiling crc-catalog v2.4.0
[INFO] [stderr]    Compiling spin v0.9.8
[INFO] [stderr]    Compiling crc v3.2.1
[INFO] [stderr]    Compiling pem-rfc7468 v0.7.0
[INFO] [stderr]    Compiling crossbeam-queue v0.3.11
[INFO] [stderr]    Compiling futures-channel v0.3.31
[INFO] [stderr]    Compiling der v0.7.9
[INFO] [stderr]    Compiling event-listener v2.5.3
[INFO] [stderr]    Compiling hex v0.4.3
[INFO] [stderr]    Compiling shlex v1.3.0
[INFO] [stderr]    Compiling num-bigint-dig v0.8.4
[INFO] [stderr]    Compiling vcpkg v0.2.15
[INFO] [stderr]    Compiling pkg-config v0.3.31
[INFO] [stderr]    Compiling atoi v2.0.0
[INFO] [stderr]    Compiling getrandom v0.2.15
[INFO] [stderr]    Compiling socket2 v0.5.8
[INFO] [stderr]    Compiling mio v1.0.3
[INFO] [stderr]    Compiling cc v1.2.4
[INFO] [stderr]    Compiling num-integer v0.1.46
[INFO] [stderr]    Compiling tinyvec_macros v0.1.1
[INFO] [stderr]    Compiling tinyvec v1.8.0
[INFO] [stderr]    Compiling lazy_static v1.5.0
[INFO] [stderr]    Compiling crypto-common v0.1.6
[INFO] [stderr]    Compiling block-buffer v0.10.4
[INFO] [stderr]    Compiling rand_core v0.6.4
[INFO] [stderr]    Compiling parking_lot v0.12.3
[INFO] [stderr]    Compiling num-iter v0.1.45
[INFO] [stderr]    Compiling unicode-bidi v0.3.17
[INFO] [stderr]    Compiling digest v0.10.7
[INFO] [stderr]    Compiling tokio v1.42.0
[INFO] [stderr]    Compiling rustix v0.38.42
[INFO] [stderr]    Compiling unicode-properties v0.1.3
[INFO] [stderr]    Compiling futures-intrusive v0.5.0
[INFO] [stderr]    Compiling flume v0.11.1
[INFO] [stderr]    Compiling spki v0.7.3
[INFO] [stderr]    Compiling hmac v0.12.1
[INFO] [stderr]    Compiling signature v2.2.0
[INFO] [stderr]    Compiling sha2 v0.10.8
[INFO] [stderr]    Compiling hkdf v0.12.4
[INFO] [stderr]    Compiling pkcs8 v0.10.2
[INFO] [stderr]    Compiling md-5 v0.10.6
[INFO] [stderr]    Compiling sha1 v0.10.6
[INFO] [stderr]    Compiling urlencoding v2.1.3
[INFO] [stderr]    Compiling whoami v1.5.2
[INFO] [stderr]    Compiling linux-raw-sys v0.4.14
[INFO] [stderr]    Compiling base64 v0.21.7
[INFO] [stderr]    Compiling syn v1.0.109
[INFO] [stderr]    Compiling pkcs1 v0.7.5
[INFO] [stderr]    Compiling sqlformat v0.2.6
[INFO] [stderr]    Compiling dotenvy v0.15.7
[INFO] [stderr]    Compiling unicode-segmentation v1.12.0
[INFO] [stderr]    Compiling fastrand v2.3.0
[INFO] [stderr]    Compiling signal-hook-registry v1.4.2
[INFO] [stderr]    Compiling unicode-normalization v0.1.24
[INFO] [stderr]    Compiling heck v0.4.1
[INFO] [stderr]    Compiling path-dedot v3.1.1
[INFO] [stderr]    Compiling unsafe-libyaml v0.2.11
[INFO] [stderr]    Compiling path-absolutize v3.1.1
[INFO] [stderr]    Compiling stringprep v0.1.5
[INFO] [stderr]    Compiling futures-executor v0.3.31
[INFO] [stderr]    Compiling libsqlite3-sys v0.27.0
[INFO] [stderr]    Compiling synstructure v0.13.1
[INFO] [stderr]    Compiling zerofrom-derive v0.1.5
[INFO] [stderr]    Compiling yoke-derive v0.7.5
[INFO] [stderr]    Compiling zerovec-derive v0.10.3
[INFO] [stderr]    Compiling displaydoc v0.2.5
[INFO] [stderr]    Compiling zerocopy-derive v0.7.35
[INFO] [stderr]    Compiling serde_derive v1.0.216
[INFO] [stderr]    Compiling icu_provider_macros v1.5.0
[INFO] [stderr]    Compiling thiserror-impl v1.0.69
[INFO] [stderr]    Compiling tracing-attributes v0.1.28
[INFO] [stderr]    Compiling tokio-macros v2.4.0
[INFO] [stderr]    Compiling async-trait v0.1.83
[INFO] [stderr]    Compiling tokio-stream v0.1.17
[INFO] [stderr]    Compiling zerocopy v0.7.35
[INFO] [stderr]    Compiling zerofrom v0.1.5
[INFO] [stderr]    Compiling yoke v0.7.5
[INFO] [stderr]    Compiling ppv-lite86 v0.2.20
[INFO] [stderr]    Compiling hashbrown v0.14.5
[INFO] [stderr]    Compiling zerovec v0.10.4
[INFO] [stderr]    Compiling rand_chacha v0.3.1
[INFO] [stderr]    Compiling tracing v0.1.41
[INFO] [stderr]    Compiling rand v0.8.5
[INFO] [stderr]    Compiling hashlink v0.8.4
[INFO] [stderr]    Compiling tinystr v0.7.6
[INFO] [stderr]    Compiling icu_collections v1.5.0
[INFO] [stderr]    Compiling icu_locid v1.5.0
[INFO] [stderr]    Compiling icu_provider v1.5.0
[INFO] [stderr]    Compiling rsa v0.9.7
[INFO] [stderr]    Compiling icu_locid_transform v1.5.0
[INFO] [stderr]    Compiling icu_properties v1.5.1
[INFO] [stderr]    Compiling either v1.13.0
[INFO] [stderr]    Compiling bitflags v2.6.0
[INFO] [stderr]    Compiling serde_yaml v0.9.34+deprecated
[INFO] [stderr]    Compiling icu_normalizer v1.5.0
[INFO] [stderr]    Compiling idna_adapter v1.2.0
[INFO] [stderr]    Compiling idna v1.0.3
[INFO] [stderr]    Compiling url v2.5.4
[INFO] [stderr]    Compiling tempfile v3.14.0
[INFO] [stderr]    Compiling sqlx-core v0.7.4
[INFO] [stderr]    Compiling sqlx-mysql v0.7.4
[INFO] [stderr]    Compiling sqlx-sqlite v0.7.4
[INFO] [stderr]    Compiling sqlx-macros-core v0.7.4
[INFO] [stderr]    Compiling sqlx-macros v0.7.4
[INFO] [stderr]    Compiling sqlx v0.7.4
[INFO] [stderr]    Compiling fastorm-trait v0.1.0
[INFO] [stderr]    Compiling fastorm-macro v0.1.0
[INFO] [stderr]    Compiling FastORM v0.1.0 (/opt/rustwide/workdir)
[INFO] [stdout] warning: function `test` is never used
[INFO] [stdout]  --> src/lib.rs:4:4
[INFO] [stdout]   |
[INFO] [stdout] 4 | fn test() {
[INFO] [stdout]   |    ^^^^
[INFO] [stdout]   |
[INFO] [stdout]   = note: `#[warn(dead_code)]` on by default
[INFO] [stdout] 
[INFO] [stdout] 
[INFO] [stdout] warning: crate `FastORM` should have a snake case name
[INFO] [stdout]   |
[INFO] [stdout]   = help: convert the identifier to snake case: `fast_orm`
[INFO] [stdout]   = note: `#[warn(non_snake_case)]` on by default
[INFO] [stdout] 
[INFO] [stdout] 
[INFO] [stderr]     Finished `dev` profile [unoptimized + debuginfo] target(s) in 52.83s
[INFO] running `Command { std: "docker" "inspect" "632cfdcc6eec7a94918820803cfc3d4eea31cf2f8bc8231996419e0cefe305b9", kill_on_drop: false }`
[INFO] running `Command { std: "docker" "rm" "-f" "632cfdcc6eec7a94918820803cfc3d4eea31cf2f8bc8231996419e0cefe305b9", kill_on_drop: false }`
[INFO] [stdout] 632cfdcc6eec7a94918820803cfc3d4eea31cf2f8bc8231996419e0cefe305b9
[INFO] running `Command { std: "docker" "create" "-v" "/var/lib/crater-agent-workspace/builds/worker-7-tc1/target:/opt/rustwide/target:rw,Z" "-v" "/var/lib/crater-agent-workspace/builds/worker-7-tc1/source:/opt/rustwide/workdir:ro,Z" "-v" "/var/lib/crater-agent-workspace/cargo-home:/opt/rustwide/cargo-home:ro,Z" "-v" "/var/lib/crater-agent-workspace/rustup-home:/opt/rustwide/rustup-home:ro,Z" "-e" "SOURCE_DIR=/opt/rustwide/workdir" "-e" "CARGO_TARGET_DIR=/opt/rustwide/target" "-e" "CARGO_INCREMENTAL=0" "-e" "RUST_BACKTRACE=full" "-e" "RUSTFLAGS=--cap-lints=warn" "-e" "RUSTDOCFLAGS=--cap-lints=warn" "-e" "CARGO_HOME=/opt/rustwide/cargo-home" "-e" "RUSTUP_HOME=/opt/rustwide/rustup-home" "-w" "/opt/rustwide/workdir" "-m" "1610612736" "--user" "0:0" "--network" "none" "ghcr.io/rust-lang/crates-build-env/linux@sha256:f3a9d4ad9d972b27faf3965f35b62e55ba32bbce8f20bc8fe909558a86702fde" "/opt/rustwide/cargo-home/bin/cargo" "+1.83.0" "test" "--frozen" "--no-run" "--message-format=json", kill_on_drop: false }`
[INFO] [stdout] 893de7e9a793f676c439e97d36ee8e0a372e74897cdc9513170f5d4c0064c01e
[INFO] running `Command { std: "docker" "start" "-a" "893de7e9a793f676c439e97d36ee8e0a372e74897cdc9513170f5d4c0064c01e", kill_on_drop: false }`
[INFO] [stdout] warning: function `test` is never used
[INFO] [stdout]  --> src/lib.rs:4:4
[INFO] [stdout]   |
[INFO] [stdout] 4 | fn test() {
[INFO] [stdout]   |    ^^^^
[INFO] [stdout]   |
[INFO] [stdout]   = note: `#[warn(dead_code)]` on by default
[INFO] [stdout] 
[INFO] [stdout] 
[INFO] [stdout] warning: crate `FastORM` should have a snake case name
[INFO] [stdout]   |
[INFO] [stdout]   = help: convert the identifier to snake case: `fast_orm`
[INFO] [stdout]   = note: `#[warn(non_snake_case)]` on by default
[INFO] [stdout] 
[INFO] [stdout] 
[INFO] [stderr]    Compiling FastORM v0.1.0 (/opt/rustwide/workdir)
[INFO] [stdout] warning: function `test` is never used
[INFO] [stdout]  --> src/lib.rs:4:4
[INFO] [stdout]   |
[INFO] [stdout] 4 | fn test() {
[INFO] [stdout]   |    ^^^^
[INFO] [stdout]   |
[INFO] [stdout]   = note: `#[warn(dead_code)]` on by default
[INFO] [stdout] 
[INFO] [stdout] 
[INFO] [stdout] warning: unused import: `async_trait::async_trait`
[INFO] [stdout]  --> tests/mapper_test.rs:1:5
[INFO] [stdout]   |
[INFO] [stdout] 1 | use async_trait::async_trait;
[INFO] [stdout]   |     ^^^^^^^^^^^^^^^^^^^^^^^^
[INFO] [stdout]   |
[INFO] [stdout]   = note: `#[warn(unused_imports)]` on by default
[INFO] [stdout] 
[INFO] [stdout] 
[INFO] [stdout] warning: unused import: `fastorm_trait::merge_any_arguments`
[INFO] [stdout]  --> tests/mapper_test.rs:2:5
[INFO] [stdout]   |
[INFO] [stdout] 2 | use fastorm_trait::merge_any_arguments;
[INFO] [stdout]   |     ^^^^^^^^^^^^^^^^^^^^^^^^^^^^^^^^^^
[INFO] [stdout] 
[INFO] [stdout] 
[INFO] [stdout] warning: unused imports: `Database` and `HasArguments`
[INFO] [stdout]   --> tests/mapper_test.rs:10:22
[INFO] [stdout]    |
[INFO] [stdout] 10 | use sqlx::database::{Database, HasArguments};
[INFO] [stdout]    |                      ^^^^^^^^  ^^^^^^^^^^^^
[INFO] [stdout] 
[INFO] [stdout] 
[INFO] [stdout] warning: unused imports: `MySqlPool` and `MySqlRow`
[INFO] [stdout]   --> tests/mapper_test.rs:11:19
[INFO] [stdout]    |
[INFO] [stdout] 11 | use sqlx::mysql::{MySqlPool, MySqlRow};
[INFO] [stdout]    |                   ^^^^^^^^^  ^^^^^^^^
[INFO] [stdout] 
[INFO] [stdout] 
[INFO] [stdout] warning: unused import: `SqliteRow`
[INFO] [stdout]   --> tests/mapper_test.rs:12:54
[INFO] [stdout]    |
[INFO] [stdout] 12 | use sqlx::sqlite::{SqliteConnectOptions, SqlitePool, SqliteRow};
[INFO] [stdout]    |                                                      ^^^^^^^^^
[INFO] [stdout] 
[INFO] [stdout] 
[INFO] [stdout] warning: unused import: `sqlx::Pool`
[INFO] [stdout]   --> tests/mapper_test.rs:15:5
[INFO] [stdout]    |
[INFO] [stdout] 15 | use sqlx::Pool;
[INFO] [stdout]    |     ^^^^^^^^^^
[INFO] [stdout] 
[INFO] [stdout] 
[INFO] [stdout] warning: unused import: `Any`
[INFO] [stdout]   --> tests/mapper_test.rs:16:44
[INFO] [stdout]    |
[INFO] [stdout] 16 | use sqlx::{any::AnyArguments, any::AnyRow, Any, AnyPool};
[INFO] [stdout]    |                                            ^^^
[INFO] [stdout] 
[INFO] [stdout] 
[INFO] [stdout] warning: unused imports: `FromRow` and `IntoArguments`
[INFO] [stdout]   --> tests/mapper_test.rs:17:23
[INFO] [stdout]    |
[INFO] [stdout] 17 | use sqlx::{Arguments, FromRow, IntoArguments, Row};
[INFO] [stdout]    |                       ^^^^^^^  ^^^^^^^^^^^^^
[INFO] [stdout] 
[INFO] [stdout] 
[INFO] [stdout] warning: unused import: `std::marker::PhantomData`
[INFO] [stdout]   --> tests/mapper_test.rs:19:5
[INFO] [stdout]    |
[INFO] [stdout] 19 | use std::marker::PhantomData;
[INFO] [stdout]    |     ^^^^^^^^^^^^^^^^^^^^^^^^
[INFO] [stdout] 
[INFO] [stdout] 
[INFO] [stdout] warning: unused import: `PathBuf`
[INFO] [stdout]   --> tests/mapper_test.rs:20:23
[INFO] [stdout]    |
[INFO] [stdout] 20 | use std::path::{Path, PathBuf};
[INFO] [stdout]    |                       ^^^^^^^
[INFO] [stdout] 
[INFO] [stdout] 
[INFO] [stdout] warning: unused imports: `Row` and `any::AnyRow`
[INFO] [stdout]   --> tests/location.rs:11:12
[INFO] [stdout]    |
[INFO] [stdout] 11 | use sqlx::{any::AnyRow, Row};
[INFO] [stdout]    |            ^^^^^^^^^^^  ^^^
[INFO] [stdout]    |
[INFO] [stdout]    = note: `#[warn(unused_imports)]` on by default
[INFO] [stdout] 
[INFO] [stdout] 
[INFO] [stdout] warning: unused import: `sqlx::Connection`
[INFO] [stdout]   --> tests/mapper_test.rs:13:5
[INFO] [stdout]    |
[INFO] [stdout] 13 | use sqlx::Connection;
[INFO] [stdout]    |     ^^^^^^^^^^^^^^^^
[INFO] [stdout] 
[INFO] [stdout] 
[INFO] [stdout] warning: unused variable: `class_name`
[INFO] [stdout]   --> tests/location.rs:93:9
[INFO] [stdout]    |
[INFO] [stdout] 93 |         class_name,
[INFO] [stdout]    |         ^^^^^^^^^^ help: try ignoring the field: `class_name: _`
[INFO] [stdout]    |
[INFO] [stdout]    = note: `#[warn(unused_variables)]` on by default
[INFO] [stdout] 
[INFO] [stdout] 
[INFO] [stderr]     Finished `test` profile [unoptimized + debuginfo] target(s) in 6.62s
[INFO] running `Command { std: "docker" "inspect" "893de7e9a793f676c439e97d36ee8e0a372e74897cdc9513170f5d4c0064c01e", kill_on_drop: false }`
[INFO] running `Command { std: "docker" "rm" "-f" "893de7e9a793f676c439e97d36ee8e0a372e74897cdc9513170f5d4c0064c01e", kill_on_drop: false }`
[INFO] [stdout] 893de7e9a793f676c439e97d36ee8e0a372e74897cdc9513170f5d4c0064c01e
[INFO] running `Command { std: "docker" "create" "-v" "/var/lib/crater-agent-workspace/builds/worker-7-tc1/target:/opt/rustwide/target:rw,Z" "-v" "/var/lib/crater-agent-workspace/builds/worker-7-tc1/source:/opt/rustwide/workdir:ro,Z" "-v" "/var/lib/crater-agent-workspace/cargo-home:/opt/rustwide/cargo-home:ro,Z" "-v" "/var/lib/crater-agent-workspace/rustup-home:/opt/rustwide/rustup-home:ro,Z" "-e" "SOURCE_DIR=/opt/rustwide/workdir" "-e" "CARGO_TARGET_DIR=/opt/rustwide/target" "-e" "CARGO_INCREMENTAL=0" "-e" "RUST_BACKTRACE=full" "-e" "RUSTFLAGS=--cap-lints=warn" "-e" "RUSTDOCFLAGS=--cap-lints=warn" "-e" "CARGO_HOME=/opt/rustwide/cargo-home" "-e" "RUSTUP_HOME=/opt/rustwide/rustup-home" "-w" "/opt/rustwide/workdir" "-m" "1610612736" "--user" "0:0" "--network" "none" "ghcr.io/rust-lang/crates-build-env/linux@sha256:f3a9d4ad9d972b27faf3965f35b62e55ba32bbce8f20bc8fe909558a86702fde" "/opt/rustwide/cargo-home/bin/cargo" "+1.83.0" "test" "--frozen", kill_on_drop: false }`
[INFO] [stdout] d7088d3ba439306e51b99a3c2f88cc8530e28a694a11ab7e280095aa6ba744a6
[INFO] running `Command { std: "docker" "start" "-a" "d7088d3ba439306e51b99a3c2f88cc8530e28a694a11ab7e280095aa6ba744a6", kill_on_drop: false }`
[INFO] [stderr] warning: function `test` is never used
[INFO] [stderr]  --> src/lib.rs:4:4
[INFO] [stderr]   |
[INFO] [stderr] 4 | fn test() {
[INFO] [stderr]   |    ^^^^
[INFO] [stderr]   |
[INFO] [stderr]   = note: `#[warn(dead_code)]` on by default
[INFO] [stderr] 
[INFO] [stderr] warning: crate `FastORM` should have a snake case name
[INFO] [stderr]   |
[INFO] [stderr]   = help: convert the identifier to snake case: `fast_orm`
[INFO] [stderr]   = note: `#[warn(non_snake_case)]` on by default
[INFO] [stderr] 
[INFO] [stderr] warning: `FastORM` (lib) generated 2 warnings
[INFO] [stderr] warning: `FastORM` (lib test) generated 1 warning (1 duplicate)
[INFO] [stderr] warning: unused imports: `Row` and `any::AnyRow`
[INFO] [stderr]   --> tests/location.rs:11:12
[INFO] [stderr]    |
[INFO] [stderr] 11 | use sqlx::{any::AnyRow, Row};
[INFO] [stderr]    |            ^^^^^^^^^^^  ^^^
[INFO] [stderr]    |
[INFO] [stderr]    = note: `#[warn(unused_imports)]` on by default
[INFO] [stderr] 
[INFO] [stderr] warning: unused variable: `class_name`
[INFO] [stderr]   --> tests/location.rs:93:9
[INFO] [stderr]    |
[INFO] [stderr] 93 |         class_name,
[INFO] [stderr]    |         ^^^^^^^^^^ help: try ignoring the field: `class_name: _`
[INFO] [stderr]    |
[INFO] [stderr]    = note: `#[warn(unused_variables)]` on by default
[INFO] [stderr] 
[INFO] [stderr] warning: unused import: `async_trait::async_trait`
[INFO] [stderr]  --> tests/mapper_test.rs:1:5
[INFO] [stderr]   |
[INFO] [stderr] 1 | use async_trait::async_trait;
[INFO] [stderr]   |     ^^^^^^^^^^^^^^^^^^^^^^^^
[INFO] [stderr]   |
[INFO] [stderr]   = note: `#[warn(unused_imports)]` on by default
[INFO] [stderr] 
[INFO] [stderr] warning: unused import: `fastorm_trait::merge_any_arguments`
[INFO] [stderr]  --> tests/mapper_test.rs:2:5
[INFO] [stderr]   |
[INFO] [stderr] 2 | use fastorm_trait::merge_any_arguments;
[INFO] [stderr]   |     ^^^^^^^^^^^^^^^^^^^^^^^^^^^^^^^^^^
[INFO] [stderr] 
[INFO] [stderr] warning: unused imports: `Database` and `HasArguments`
[INFO] [stderr]   --> tests/mapper_test.rs:10:22
[INFO] [stderr]    |
[INFO] [stderr] 10 | use sqlx::database::{Database, HasArguments};
[INFO] [stderr]    |                      ^^^^^^^^  ^^^^^^^^^^^^
[INFO] [stderr] 
[INFO] [stderr] warning: unused imports: `MySqlPool` and `MySqlRow`
[INFO] [stderr]   --> tests/mapper_test.rs:11:19
[INFO] [stderr]    |
[INFO] [stderr] 11 | use sqlx::mysql::{MySqlPool, MySqlRow};
[INFO] [stderr]    |                   ^^^^^^^^^  ^^^^^^^^
[INFO] [stderr] 
[INFO] [stderr] warning: unused import: `SqliteRow`
[INFO] [stderr]   --> tests/mapper_test.rs:12:54
[INFO] [stderr]    |
[INFO] [stderr] 12 | use sqlx::sqlite::{SqliteConnectOptions, SqlitePool, SqliteRow};
[INFO] [stderr]    |                                                      ^^^^^^^^^
[INFO] [stderr] 
[INFO] [stderr] warning: unused import: `sqlx::Pool`
[INFO] [stderr]   --> tests/mapper_test.rs:15:5
[INFO] [stderr]    |
[INFO] [stderr] 15 | use sqlx::Pool;
[INFO] [stderr]    |     ^^^^^^^^^^
[INFO] [stderr] 
[INFO] [stderr] warning: unused import: `Any`
[INFO] [stderr]   --> tests/mapper_test.rs:16:44
[INFO] [stderr]    |
[INFO] [stderr] 16 | use sqlx::{any::AnyArguments, any::AnyRow, Any, AnyPool};
[INFO] [stderr]    |                                            ^^^
[INFO] [stderr] 
[INFO] [stderr] warning: unused imports: `FromRow` and `IntoArguments`
[INFO] [stderr]   --> tests/mapper_test.rs:17:23
[INFO] [stderr]    |
[INFO] [stderr] 17 | use sqlx::{Arguments, FromRow, IntoArguments, Row};
[INFO] [stderr]    |                       ^^^^^^^  ^^^^^^^^^^^^^
[INFO] [stderr] 
[INFO] [stderr] warning: unused import: `std::marker::PhantomData`
[INFO] [stderr]   --> tests/mapper_test.rs:19:5
[INFO] [stderr]    |
[INFO] [stderr] 19 | use std::marker::PhantomData;
[INFO] [stderr]    |     ^^^^^^^^^^^^^^^^^^^^^^^^
[INFO] [stderr] 
[INFO] [stderr] warning: unused import: `PathBuf`
[INFO] [stderr]   --> tests/mapper_test.rs:20:23
[INFO] [stderr]    |
[INFO] [stderr] 20 | use std::path::{Path, PathBuf};
[INFO] [stderr]    |                       ^^^^^^^
[INFO] [stderr] 
[INFO] [stderr] warning: unused import: `sqlx::Connection`
[INFO] [stderr]   --> tests/mapper_test.rs:13:5
[INFO] [stderr]    |
[INFO] [stderr] 13 | use sqlx::Connection;
[INFO] [stderr]    |     ^^^^^^^^^^^^^^^^
[INFO] [stderr] 
[INFO] [stderr] warning: `FastORM` (test "location") generated 2 warnings (run `cargo fix --test "location"` to apply 1 suggestion)
[INFO] [stderr] warning: `FastORM` (test "mapper_test") generated 11 warnings (run `cargo fix --test "mapper_test"` to apply 10 suggestions)
[INFO] [stderr]     Finished `test` profile [unoptimized + debuginfo] target(s) in 0.22s
[INFO] [stderr]      Running unittests src/lib.rs (/opt/rustwide/target/debug/deps/FastORM-dff06949e2c3b6cc)
[INFO] [stderr]      Running tests/location.rs (/opt/rustwide/target/debug/deps/location-4d4176de4193beeb)
[INFO] [stdout] 
[INFO] [stdout] running 0 tests
[INFO] [stdout] 
[INFO] [stdout] test result: ok. 0 passed; 0 failed; 0 ignored; 0 measured; 0 filtered out; finished in 0.00s
[INFO] [stdout] 
[INFO] [stdout] 
[INFO] [stdout] running 1 test
[INFO] [stdout] test test_location ... ok
[INFO] [stdout] 
[INFO] [stdout] test result: ok. 1 passed; 0 failed; 0 ignored; 0 measured; 0 filtered out; finished in 0.00s
[INFO] [stdout] 
[INFO] [stderr]      Running tests/macro_test.rs (/opt/rustwide/target/debug/deps/macro_test-53c63375f7e491b6)
[INFO] [stdout] 
[INFO] [stdout] running 1 test
[INFO] [stdout] test it_works ... ok
[INFO] [stdout] 
[INFO] [stdout] test result: ok. 1 passed; 0 failed; 0 ignored; 0 measured; 0 filtered out; finished in 0.00s
[INFO] [stdout] 
[INFO] [stderr]      Running tests/mapper_test.rs (/opt/rustwide/target/debug/deps/mapper_test-a807d9373d186b5b)
[INFO] [stdout] 
[INFO] [stdout] running 1 test
[INFO] [stdout] test test_mapper ... FAILED
[INFO] [stdout] 
[INFO] [stdout] failures:
[INFO] [stdout] 
[INFO] [stdout] ---- test_mapper stdout ----
[INFO] [stdout] thread 'test_mapper' panicked at tests/mapper_test.rs:88:45:
[INFO] [stdout] called `Result::unwrap()` on an `Err` value: Os { code: 30, kind: ReadOnlyFilesystem, message: "Read-only file system" }
[INFO] [stdout] stack backtrace:
[INFO] [stdout]    0:     0x639d198f05da - std::backtrace_rs::backtrace::libunwind::trace::h5a5b8284f2d0c266
[INFO] [stdout]                                at /rustc/90b35a6239c3d8bdabc530a6a0816f7ff89a0aaf/library/std/src/../../backtrace/src/backtrace/libunwind.rs:116:5
[INFO] [stdout]    1:     0x639d198f05da - std::backtrace_rs::backtrace::trace_unsynchronized::h76d4f1c9b0b875e3
[INFO] [stdout]                                at /rustc/90b35a6239c3d8bdabc530a6a0816f7ff89a0aaf/library/std/src/../../backtrace/src/backtrace/mod.rs:66:5
[INFO] [stdout]    2:     0x639d198f05da - std::sys::backtrace::_print_fmt::hc4546b8364a537c6
[INFO] [stdout]                                at /rustc/90b35a6239c3d8bdabc530a6a0816f7ff89a0aaf/library/std/src/sys/backtrace.rs:66:9
[INFO] [stdout]    3:     0x639d198f05da - <std::sys::backtrace::BacktraceLock::print::DisplayBacktrace as core::fmt::Display>::fmt::h5b6bd5631a6d1f6b
[INFO] [stdout]                                at /rustc/90b35a6239c3d8bdabc530a6a0816f7ff89a0aaf/library/std/src/sys/backtrace.rs:39:26
[INFO] [stdout]    4:     0x639d1991ab03 - core::fmt::rt::Argument::fmt::h270f6602a2b96f62
[INFO] [stdout]                                at /rustc/90b35a6239c3d8bdabc530a6a0816f7ff89a0aaf/library/core/src/fmt/rt.rs:177:76
[INFO] [stdout]    5:     0x639d1991ab03 - core::fmt::write::h7550c97b06c86515
[INFO] [stdout]                                at /rustc/90b35a6239c3d8bdabc530a6a0816f7ff89a0aaf/library/core/src/fmt/mod.rs:1186:21
[INFO] [stdout]    6:     0x639d198ec9c3 - std::io::Write::write_fmt::h509ff860e5956e5e
[INFO] [stdout]                                at /rustc/90b35a6239c3d8bdabc530a6a0816f7ff89a0aaf/library/std/src/io/mod.rs:1839:15
[INFO] [stdout]    7:     0x639d198f0422 - std::sys::backtrace::BacktraceLock::print::h2395ccd2c84ba3aa
[INFO] [stdout]                                at /rustc/90b35a6239c3d8bdabc530a6a0816f7ff89a0aaf/library/std/src/sys/backtrace.rs:42:9
[INFO] [stdout]    8:     0x639d198f1a3a - std::panicking::default_hook::{{closure}}::he19d4c7230e07961
[INFO] [stdout]                                at /rustc/90b35a6239c3d8bdabc530a6a0816f7ff89a0aaf/library/std/src/panicking.rs:268:22
[INFO] [stdout]    9:     0x639d198f1844 - std::panicking::default_hook::hf614597d3c67bbdb
[INFO] [stdout]                                at /rustc/90b35a6239c3d8bdabc530a6a0816f7ff89a0aaf/library/std/src/panicking.rs:292:9
[INFO] [stdout]   10:     0x639d19338a19 - <alloc::boxed::Box<F,A> as core::ops::function::Fn<Args>>::call::h39b51ce4599c23d1
[INFO] [stdout]                                at /rustc/90b35a6239c3d8bdabc530a6a0816f7ff89a0aaf/library/alloc/src/boxed.rs:2468:9
[INFO] [stdout]   11:     0x639d19338a19 - test::test_main::{{closure}}::he977ae839a582784
[INFO] [stdout]                                at /rustc/90b35a6239c3d8bdabc530a6a0816f7ff89a0aaf/library/test/src/lib.rs:133:21
[INFO] [stdout]   12:     0x639d198f20d8 - <alloc::boxed::Box<F,A> as core::ops::function::Fn<Args>>::call::h9455091b6b06f9fb
[INFO] [stdout]                                at /rustc/90b35a6239c3d8bdabc530a6a0816f7ff89a0aaf/library/alloc/src/boxed.rs:2468:9
[INFO] [stdout]   13:     0x639d198f20d8 - std::panicking::rust_panic_with_hook::h8942133a8b252070
[INFO] [stdout]                                at /rustc/90b35a6239c3d8bdabc530a6a0816f7ff89a0aaf/library/std/src/panicking.rs:809:13
[INFO] [stdout]   14:     0x639d198f1e9a - std::panicking::begin_panic_handler::{{closure}}::hb5f5963570096b29
[INFO] [stdout]                                at /rustc/90b35a6239c3d8bdabc530a6a0816f7ff89a0aaf/library/std/src/panicking.rs:674:13
[INFO] [stdout]   15:     0x639d198f0ab9 - std::sys::backtrace::__rust_end_short_backtrace::h6208cedc1922feda
[INFO] [stdout]                                at /rustc/90b35a6239c3d8bdabc530a6a0816f7ff89a0aaf/library/std/src/sys/backtrace.rs:170:18
[INFO] [stdout]   16:     0x639d198f1b2c - rust_begin_unwind
[INFO] [stdout]                                at /rustc/90b35a6239c3d8bdabc530a6a0816f7ff89a0aaf/library/std/src/panicking.rs:665:5
[INFO] [stdout]   17:     0x639d19284490 - core::panicking::panic_fmt::h0c3082644d1bf418
[INFO] [stdout]                                at /rustc/90b35a6239c3d8bdabc530a6a0816f7ff89a0aaf/library/core/src/panicking.rs:74:14
[INFO] [stdout]   18:     0x639d19284936 - core::result::unwrap_failed::hd20b4aa073bda1e2
[INFO] [stdout]                                at /rustc/90b35a6239c3d8bdabc530a6a0816f7ff89a0aaf/library/core/src/result.rs:1700:5
[INFO] [stdout]   19:     0x639d192d43eb - core::result::Result<T,E>::unwrap::h2a731938055f2232
[INFO] [stdout]                                at /rustc/90b35a6239c3d8bdabc530a6a0816f7ff89a0aaf/library/core/src/result.rs:1104:23
[INFO] [stdout]   20:     0x639d192d43eb - mapper_test::test_mapper::{{closure}}::h7054799039a1f7fe
[INFO] [stdout]                                at /opt/rustwide/workdir/tests/mapper_test.rs:88:5
[INFO] [stdout]   21:     0x639d192ef0e2 - <core::pin::Pin<P> as core::future::future::Future>::poll::ha60bad8d5548ecc3
[INFO] [stdout]                                at /rustc/90b35a6239c3d8bdabc530a6a0816f7ff89a0aaf/library/core/src/future/future.rs:123:9
[INFO] [stdout]   22:     0x639d192ef09d - <core::pin::Pin<P> as core::future::future::Future>::poll::h84f49f5413403bdf
[INFO] [stdout]                                at /rustc/90b35a6239c3d8bdabc530a6a0816f7ff89a0aaf/library/core/src/future/future.rs:123:9
[INFO] [stdout]   23:     0x639d192e9dbf - tokio::runtime::scheduler::current_thread::CoreGuard::block_on::{{closure}}::{{closure}}::{{closure}}::h157e752fb6670ee6
[INFO] [stdout]                                at /opt/rustwide/cargo-home/registry/src/index.crates.io-6f17d22bba15001f/tokio-1.42.0/src/runtime/scheduler/current_thread/mod.rs:729:57
[INFO] [stdout]   24:     0x639d192e9ce5 - tokio::runtime::coop::with_budget::h79086912e6da8646
[INFO] [stdout]                                at /opt/rustwide/cargo-home/registry/src/index.crates.io-6f17d22bba15001f/tokio-1.42.0/src/runtime/coop.rs:107:5
[INFO] [stdout]   25:     0x639d192e9ce5 - tokio::runtime::coop::budget::h91ba30ea897cbf31
[INFO] [stdout]                                at /opt/rustwide/cargo-home/registry/src/index.crates.io-6f17d22bba15001f/tokio-1.42.0/src/runtime/coop.rs:73:5
[INFO] [stdout]   26:     0x639d192e9ce5 - tokio::runtime::scheduler::current_thread::CoreGuard::block_on::{{closure}}::{{closure}}::h4f872af2a3e4ce30
[INFO] [stdout]                                at /opt/rustwide/cargo-home/registry/src/index.crates.io-6f17d22bba15001f/tokio-1.42.0/src/runtime/scheduler/current_thread/mod.rs:729:25
[INFO] [stdout]   27:     0x639d192e7940 - tokio::runtime::scheduler::current_thread::Context::enter::hab11124606ff3c87
[INFO] [stdout]                                at /opt/rustwide/cargo-home/registry/src/index.crates.io-6f17d22bba15001f/tokio-1.42.0/src/runtime/scheduler/current_thread/mod.rs:428:19
[INFO] [stdout]   28:     0x639d192e8b0e - tokio::runtime::scheduler::current_thread::CoreGuard::block_on::{{closure}}::h08ca43cd65d58bb3
[INFO] [stdout]                                at /opt/rustwide/cargo-home/registry/src/index.crates.io-6f17d22bba15001f/tokio-1.42.0/src/runtime/scheduler/current_thread/mod.rs:728:36
[INFO] [stdout]   29:     0x639d192e8824 - tokio::runtime::scheduler::current_thread::CoreGuard::enter::{{closure}}::he3032b157842bfcd
[INFO] [stdout]                                at /opt/rustwide/cargo-home/registry/src/index.crates.io-6f17d22bba15001f/tokio-1.42.0/src/runtime/scheduler/current_thread/mod.rs:807:68
[INFO] [stdout]   30:     0x639d192fde7b - tokio::runtime::context::scoped::Scoped<T>::set::h8ae36e560deecea9
[INFO] [stdout]                                at /opt/rustwide/cargo-home/registry/src/index.crates.io-6f17d22bba15001f/tokio-1.42.0/src/runtime/context/scoped.rs:40:9
[INFO] [stdout]   31:     0x639d192e0c39 - tokio::runtime::context::set_scheduler::{{closure}}::h327c5f8c9a8ee539
[INFO] [stdout]                                at /opt/rustwide/cargo-home/registry/src/index.crates.io-6f17d22bba15001f/tokio-1.42.0/src/runtime/context.rs:180:26
[INFO] [stdout]   32:     0x639d192ecd6d - std::thread::local::LocalKey<T>::try_with::h7e4279e664d5b1f2
[INFO] [stdout]                                at /rustc/90b35a6239c3d8bdabc530a6a0816f7ff89a0aaf/library/std/src/thread/local.rs:283:12
[INFO] [stdout]   33:     0x639d192ec23a - std::thread::local::LocalKey<T>::with::h848b94f6932108fd
[INFO] [stdout]                                at /rustc/90b35a6239c3d8bdabc530a6a0816f7ff89a0aaf/library/std/src/thread/local.rs:260:9
[INFO] [stdout]   34:     0x639d192e0bad - tokio::runtime::context::set_scheduler::h28d9c290b2141274
[INFO] [stdout]                                at /opt/rustwide/cargo-home/registry/src/index.crates.io-6f17d22bba15001f/tokio-1.42.0/src/runtime/context.rs:180:9
[INFO] [stdout]   35:     0x639d192e8190 - tokio::runtime::scheduler::current_thread::CoreGuard::enter::h7e6ddececf66166d
[INFO] [stdout]                                at /opt/rustwide/cargo-home/registry/src/index.crates.io-6f17d22bba15001f/tokio-1.42.0/src/runtime/scheduler/current_thread/mod.rs:807:27
[INFO] [stdout]   36:     0x639d192e8843 - tokio::runtime::scheduler::current_thread::CoreGuard::block_on::h43eb2432c5f08eea
[INFO] [stdout]                                at /opt/rustwide/cargo-home/registry/src/index.crates.io-6f17d22bba15001f/tokio-1.42.0/src/runtime/scheduler/current_thread/mod.rs:716:19
[INFO] [stdout]   37:     0x639d192e4eea - tokio::runtime::scheduler::current_thread::CurrentThread::block_on::{{closure}}::h318ef935fac9670b
[INFO] [stdout]                                at /opt/rustwide/cargo-home/registry/src/index.crates.io-6f17d22bba15001f/tokio-1.42.0/src/runtime/scheduler/current_thread/mod.rs:196:28
[INFO] [stdout]   38:     0x639d192e3e16 - tokio::runtime::context::runtime::enter_runtime::h6f331341ae83519b
[INFO] [stdout]                                at /opt/rustwide/cargo-home/registry/src/index.crates.io-6f17d22bba15001f/tokio-1.42.0/src/runtime/context/runtime.rs:65:16
[INFO] [stdout]   39:     0x639d192e4bf1 - tokio::runtime::scheduler::current_thread::CurrentThread::block_on::h814f36d41274404e
[INFO] [stdout]                                at /opt/rustwide/cargo-home/registry/src/index.crates.io-6f17d22bba15001f/tokio-1.42.0/src/runtime/scheduler/current_thread/mod.rs:184:9
[INFO] [stdout]   40:     0x639d192d2553 - tokio::runtime::runtime::Runtime::block_on_inner::hb39b77376d63a4bc
[INFO] [stdout]                                at /opt/rustwide/cargo-home/registry/src/index.crates.io-6f17d22bba15001f/tokio-1.42.0/src/runtime/runtime.rs:368:47
[INFO] [stdout]   41:     0x639d192d2747 - tokio::runtime::runtime::Runtime::block_on::h9d9a164761fce7a5
[INFO] [stdout]                                at /opt/rustwide/cargo-home/registry/src/index.crates.io-6f17d22bba15001f/tokio-1.42.0/src/runtime/runtime.rs:342:13
[INFO] [stdout]   42:     0x639d192d3e50 - mapper_test::test_mapper::h7c0fa8521270f04a
[INFO] [stdout]                                at /opt/rustwide/workdir/tests/mapper_test.rs:198:5
[INFO] [stdout]   43:     0x639d192d3ce7 - mapper_test::test_mapper::{{closure}}::hce0e6cb8545366a2
[INFO] [stdout]                                at /opt/rustwide/workdir/tests/mapper_test.rs:85:27
[INFO] [stdout]   44:     0x639d19286026 - core::ops::function::FnOnce::call_once::hde3d2618df11e4ad
[INFO] [stdout]                                at /rustc/90b35a6239c3d8bdabc530a6a0816f7ff89a0aaf/library/core/src/ops/function.rs:250:5
[INFO] [stdout]   45:     0x639d1933d3db - core::ops::function::FnOnce::call_once::h109cf8051a59b34e
[INFO] [stdout]                                at /rustc/90b35a6239c3d8bdabc530a6a0816f7ff89a0aaf/library/core/src/ops/function.rs:250:5
[INFO] [stdout]   46:     0x639d1933d3db - test::__rust_begin_short_backtrace::hf4fff89d377446ba
[INFO] [stdout]                                at /rustc/90b35a6239c3d8bdabc530a6a0816f7ff89a0aaf/library/test/src/lib.rs:621:18
[INFO] [stdout]   47:     0x639d1933cc17 - test::run_test_in_process::{{closure}}::h0e39181dd7ee5a43
[INFO] [stdout]                                at /rustc/90b35a6239c3d8bdabc530a6a0816f7ff89a0aaf/library/test/src/lib.rs:644:60
[INFO] [stdout]   48:     0x639d1933cc17 - <core::panic::unwind_safe::AssertUnwindSafe<F> as core::ops::function::FnOnce<()>>::call_once::hc5a66a30f0bdfd1f
[INFO] [stdout]                                at /rustc/90b35a6239c3d8bdabc530a6a0816f7ff89a0aaf/library/core/src/panic/unwind_safe.rs:272:9
[INFO] [stdout]   49:     0x639d1933cc17 - std::panicking::try::do_call::h873b7cf639554a5e
[INFO] [stdout]                                at /rustc/90b35a6239c3d8bdabc530a6a0816f7ff89a0aaf/library/std/src/panicking.rs:557:40
[INFO] [stdout]   50:     0x639d1933cc17 - std::panicking::try::hdb19862fad9c8bd1
[INFO] [stdout]                                at /rustc/90b35a6239c3d8bdabc530a6a0816f7ff89a0aaf/library/std/src/panicking.rs:520:19
[INFO] [stdout]   51:     0x639d1933cc17 - std::panic::catch_unwind::h281fe732d236d260
[INFO] [stdout]                                at /rustc/90b35a6239c3d8bdabc530a6a0816f7ff89a0aaf/library/std/src/panic.rs:358:14
[INFO] [stdout]   52:     0x639d1933cc17 - test::run_test_in_process::h949b6df8457ed338
[INFO] [stdout]                                at /rustc/90b35a6239c3d8bdabc530a6a0816f7ff89a0aaf/library/test/src/lib.rs:644:27
[INFO] [stdout]   53:     0x639d1933cc17 - test::run_test::{{closure}}::h52c556a6d4740e10
[INFO] [stdout]                                at /rustc/90b35a6239c3d8bdabc530a6a0816f7ff89a0aaf/library/test/src/lib.rs:565:43
[INFO] [stdout]   54:     0x639d19301ef4 - test::run_test::{{closure}}::h4237f6381c45ccb9
[INFO] [stdout]                                at /rustc/90b35a6239c3d8bdabc530a6a0816f7ff89a0aaf/library/test/src/lib.rs:595:41
[INFO] [stdout]   55:     0x639d19301ef4 - std::sys::backtrace::__rust_begin_short_backtrace::h505c97a579eca628
[INFO] [stdout]                                at /rustc/90b35a6239c3d8bdabc530a6a0816f7ff89a0aaf/library/std/src/sys/backtrace.rs:154:18
[INFO] [stdout]   56:     0x639d193055be - std::thread::Builder::spawn_unchecked_::{{closure}}::{{closure}}::h9e86b2e2bc107ea3
[INFO] [stdout]                                at /rustc/90b35a6239c3d8bdabc530a6a0816f7ff89a0aaf/library/std/src/thread/mod.rs:538:17
[INFO] [stdout]   57:     0x639d193055be - <core::panic::unwind_safe::AssertUnwindSafe<F> as core::ops::function::FnOnce<()>>::call_once::h8b06ddb275ff4a25
[INFO] [stdout]                                at /rustc/90b35a6239c3d8bdabc530a6a0816f7ff89a0aaf/library/core/src/panic/unwind_safe.rs:272:9
[INFO] [stdout]   58:     0x639d193055be - std::panicking::try::do_call::hb26ecd7cd9a9355d
[INFO] [stdout]                                at /rustc/90b35a6239c3d8bdabc530a6a0816f7ff89a0aaf/library/std/src/panicking.rs:557:40
[INFO] [stdout]   59:     0x639d193055be - std::panicking::try::h8ddeca9d705f9069
[INFO] [stdout]                                at /rustc/90b35a6239c3d8bdabc530a6a0816f7ff89a0aaf/library/std/src/panicking.rs:520:19
[INFO] [stdout]   60:     0x639d193055be - std::panic::catch_unwind::h49e1c33078844c46
[INFO] [stdout]                                at /rustc/90b35a6239c3d8bdabc530a6a0816f7ff89a0aaf/library/std/src/panic.rs:358:14
[INFO] [stdout]   61:     0x639d193055be - std::thread::Builder::spawn_unchecked_::{{closure}}::h6073db6ff56ad35d
[INFO] [stdout]                                at /rustc/90b35a6239c3d8bdabc530a6a0816f7ff89a0aaf/library/std/src/thread/mod.rs:537:30
[INFO] [stdout]   62:     0x639d193055be - core::ops::function::FnOnce::call_once{{vtable.shim}}::h2c5a5f3779c774f1
[INFO] [stdout]                                at /rustc/90b35a6239c3d8bdabc530a6a0816f7ff89a0aaf/library/core/src/ops/function.rs:250:5
[INFO] [stdout]   63:     0x639d198f624b - <alloc::boxed::Box<F,A> as core::ops::function::FnOnce<Args>>::call_once::hf75717d9f28faebf
[INFO] [stdout]                                at /rustc/90b35a6239c3d8bdabc530a6a0816f7ff89a0aaf/library/alloc/src/boxed.rs:2454:9
[INFO] [stdout]   64:     0x639d198f624b - <alloc::boxed::Box<F,A> as core::ops::function::FnOnce<Args>>::call_once::h7bd883a5f3c5f3c1
[INFO] [stdout]                                at /rustc/90b35a6239c3d8bdabc530a6a0816f7ff89a0aaf/library/alloc/src/boxed.rs:2454:9
[INFO] [stdout]   65:     0x639d198f624b - std::sys::pal::unix::thread::Thread::new::thread_start::hcc78f3943333fa94
[INFO] [stdout]                                at /rustc/90b35a6239c3d8bdabc530a6a0816f7ff89a0aaf/library/std/src/sys/pal/unix/thread.rs:105:17
[INFO] [stdout]   66:     0x73bb952f2ac3 - <unknown>
[INFO] [stdout]   67:     0x73bb95383a04 - clone
[INFO] [stdout]   68:                0x0 - <unknown>
[INFO] [stdout] 
[INFO] [stdout] 
[INFO] [stdout] failures:
[INFO] [stdout]     test_mapper
[INFO] [stdout] 
[INFO] [stdout] test result: FAILED. 0 passed; 1 failed; 0 ignored; 0 measured; 0 filtered out; finished in 0.06s
[INFO] [stdout] 
[INFO] [stderr] error: test failed, to rerun pass `--test mapper_test`
[INFO] running `Command { std: "docker" "inspect" "d7088d3ba439306e51b99a3c2f88cc8530e28a694a11ab7e280095aa6ba744a6", kill_on_drop: false }`
[INFO] running `Command { std: "docker" "rm" "-f" "d7088d3ba439306e51b99a3c2f88cc8530e28a694a11ab7e280095aa6ba744a6", kill_on_drop: false }`
[INFO] [stdout] d7088d3ba439306e51b99a3c2f88cc8530e28a694a11ab7e280095aa6ba744a6
