[INFO] cloning repository https://github.com/zwhiteley/unicard
[INFO] running `Command { std: "git" "-c" "credential.helper=" "-c" "credential.helper=/workspace/cargo-home/bin/git-credential-null" "clone" "--bare" "https://github.com/zwhiteley/unicard" "/workspace/cache/git-repos/https%3A%2F%2Fgithub.com%2Fzwhiteley%2Funicard", kill_on_drop: false }`
[INFO] [stderr] Cloning into bare repository '/workspace/cache/git-repos/https%3A%2F%2Fgithub.com%2Fzwhiteley%2Funicard'...
[INFO] running `Command { std: "git" "rev-parse" "HEAD", kill_on_drop: false }`
[INFO] [stdout] a4cb43e770602e1f393045214b33261c144b802b
[INFO] testing zwhiteley/unicard against 1.83.0 for beta-1.84.0-4-retry
[INFO] running `Command { std: "git" "clone" "/workspace/cache/git-repos/https%3A%2F%2Fgithub.com%2Fzwhiteley%2Funicard" "/workspace/builds/worker-6-tc1/source", kill_on_drop: false }`
[INFO] [stderr] Cloning into '/workspace/builds/worker-6-tc1/source'...
[INFO] [stderr] done.
[INFO] validating manifest of git repo https://github.com/zwhiteley/unicard on toolchain 1.83.0
[INFO] running `Command { std: CARGO_HOME="/workspace/cargo-home" RUSTUP_HOME="/workspace/rustup-home" "/workspace/cargo-home/bin/cargo" "+1.83.0" "metadata" "--manifest-path" "Cargo.toml" "--no-deps", kill_on_drop: false }`
[INFO] started tweaking git repo https://github.com/zwhiteley/unicard
[INFO] finished tweaking git repo https://github.com/zwhiteley/unicard
[INFO] tweaked toml for git repo https://github.com/zwhiteley/unicard written to /workspace/builds/worker-6-tc1/source/Cargo.toml
[INFO] crate git repo https://github.com/zwhiteley/unicard already has a lockfile, it will not be regenerated
[INFO] running `Command { std: CARGO_HOME="/workspace/cargo-home" RUSTUP_HOME="/workspace/rustup-home" "/workspace/cargo-home/bin/cargo" "+1.83.0" "fetch" "--manifest-path" "Cargo.toml", kill_on_drop: false }`
[INFO] [stderr]     Blocking waiting for file lock on package cache
[INFO] [stderr]     Blocking waiting for file lock on package cache
[INFO] [stderr]  Downloading crates ...
[INFO] [stderr]   Downloaded wast v69.0.0
[INFO] [stderr]   Downloaded wasmtime-component-util v15.0.0
[INFO] [stderr]   Downloaded wasmtime-wit-bindgen v15.0.0
[INFO] [stderr]   Downloaded wat v1.0.81
[INFO] [stderr]   Downloaded cranelift-control v0.102.0
[INFO] [stderr]   Downloaded cranelift-native v0.102.0
[INFO] [stderr]   Downloaded wasmtime-cache v15.0.0
[INFO] [stderr]   Downloaded cranelift-entity v0.102.0
[INFO] [stderr]   Downloaded cranelift-bforest v0.102.0
[INFO] [stderr]   Downloaded cranelift-codegen-meta v0.102.0
[INFO] [stderr]   Downloaded wasmtime-runtime v15.0.0
[INFO] [stderr]   Downloaded cranelift-isle v0.102.0
[INFO] [stderr]   Downloaded wasmtime-environ v15.0.0
[INFO] [stderr]   Downloaded wasmtime-cranelift v15.0.0
[INFO] [stderr]   Downloaded cranelift-wasm v0.102.0
[INFO] [stderr]   Downloaded wasm-encoder v0.38.0
[INFO] [stderr]   Downloaded cranelift-frontend v0.102.0
[INFO] [stderr]   Downloaded wasmtime v15.0.0
[INFO] [stderr]   Downloaded wasmtime-jit v15.0.0
[INFO] [stderr]   Downloaded wasmtime-cranelift-shared v15.0.0
[INFO] [stderr]   Downloaded wasmtime-types v15.0.0
[INFO] [stderr]   Downloaded wasmtime-asm-macros v15.0.0
[INFO] [stderr]   Downloaded wasmtime-fiber v15.0.0
[INFO] [stderr]   Downloaded wasmtime-jit-debug v15.0.0
[INFO] [stderr]   Downloaded wasmtime-component-macro v15.0.0
[INFO] [stderr]   Downloaded cranelift-codegen-shared v0.102.0
[INFO] [stderr]   Downloaded wasmtime-jit-icache-coherence v15.0.0
[INFO] [stderr]   Downloaded wasmtime-versioned-export-macros v15.0.0
[INFO] [stderr]   Downloaded cranelift-codegen v0.102.0
[INFO] [stderr]   Downloaded wasmtime-wmemcheck v15.0.0
[INFO] running `Command { std: "docker" "create" "-v" "/var/lib/crater-agent-workspace/builds/worker-6-tc1/target:/opt/rustwide/target:rw,Z" "-v" "/var/lib/crater-agent-workspace/builds/worker-6-tc1/source:/opt/rustwide/workdir:ro,Z" "-v" "/var/lib/crater-agent-workspace/cargo-home:/opt/rustwide/cargo-home:ro,Z" "-v" "/var/lib/crater-agent-workspace/rustup-home:/opt/rustwide/rustup-home:ro,Z" "-e" "SOURCE_DIR=/opt/rustwide/workdir" "-e" "CARGO_TARGET_DIR=/opt/rustwide/target" "-e" "CARGO_HOME=/opt/rustwide/cargo-home" "-e" "RUSTUP_HOME=/opt/rustwide/rustup-home" "-w" "/opt/rustwide/workdir" "-m" "1610612736" "--user" "0:0" "--network" "none" "ghcr.io/rust-lang/crates-build-env/linux@sha256:f3a9d4ad9d972b27faf3965f35b62e55ba32bbce8f20bc8fe909558a86702fde" "/opt/rustwide/cargo-home/bin/cargo" "+1.83.0" "metadata" "--no-deps" "--format-version=1", kill_on_drop: false }`
[INFO] [stdout] 370bd4f84945b99a63f64309c286dd44af0d6d44eb3300d395ebecf0e0238a04
[INFO] running `Command { std: "docker" "start" "-a" "370bd4f84945b99a63f64309c286dd44af0d6d44eb3300d395ebecf0e0238a04", kill_on_drop: false }`
[INFO] running `Command { std: "docker" "inspect" "370bd4f84945b99a63f64309c286dd44af0d6d44eb3300d395ebecf0e0238a04", kill_on_drop: false }`
[INFO] running `Command { std: "docker" "rm" "-f" "370bd4f84945b99a63f64309c286dd44af0d6d44eb3300d395ebecf0e0238a04", kill_on_drop: false }`
[INFO] [stdout] 370bd4f84945b99a63f64309c286dd44af0d6d44eb3300d395ebecf0e0238a04
[INFO] running `Command { std: "docker" "create" "-v" "/var/lib/crater-agent-workspace/builds/worker-6-tc1/target:/opt/rustwide/target:rw,Z" "-v" "/var/lib/crater-agent-workspace/builds/worker-6-tc1/source:/opt/rustwide/workdir:ro,Z" "-v" "/var/lib/crater-agent-workspace/cargo-home:/opt/rustwide/cargo-home:ro,Z" "-v" "/var/lib/crater-agent-workspace/rustup-home:/opt/rustwide/rustup-home:ro,Z" "-e" "SOURCE_DIR=/opt/rustwide/workdir" "-e" "CARGO_TARGET_DIR=/opt/rustwide/target" "-e" "CARGO_INCREMENTAL=0" "-e" "RUST_BACKTRACE=full" "-e" "RUSTFLAGS=--cap-lints=warn" "-e" "RUSTDOCFLAGS=--cap-lints=warn" "-e" "CARGO_HOME=/opt/rustwide/cargo-home" "-e" "RUSTUP_HOME=/opt/rustwide/rustup-home" "-w" "/opt/rustwide/workdir" "-m" "1610612736" "--user" "0:0" "--network" "none" "ghcr.io/rust-lang/crates-build-env/linux@sha256:f3a9d4ad9d972b27faf3965f35b62e55ba32bbce8f20bc8fe909558a86702fde" "/opt/rustwide/cargo-home/bin/cargo" "+1.83.0" "build" "--frozen" "--message-format=json", kill_on_drop: false }`
[INFO] [stdout] ea28bd1cde621b29ceacd30ce8e6ebe82e67dfb88c9dc185622db5bb11f3130c
[INFO] running `Command { std: "docker" "start" "-a" "ea28bd1cde621b29ceacd30ce8e6ebe82e67dfb88c9dc185622db5bb11f3130c", kill_on_drop: false }`
[INFO] [stderr]    Compiling cfg-if v1.0.0
[INFO] [stderr]    Compiling proc-macro2 v1.0.69
[INFO] [stderr]    Compiling unicode-ident v1.0.12
[INFO] [stderr]    Compiling version_check v0.9.4
[INFO] [stderr]    Compiling libc v0.2.150
[INFO] [stderr]    Compiling serde v1.0.193
[INFO] [stderr]    Compiling zerocopy v0.7.26
[INFO] [stderr]    Compiling once_cell v1.18.0
[INFO] [stderr]    Compiling equivalent v1.0.1
[INFO] [stderr]    Compiling typenum v1.17.0
[INFO] [stderr]    Compiling log v0.4.20
[INFO] [stderr]    Compiling pkg-config v0.3.27
[INFO] [stderr]    Compiling autocfg v1.1.0
[INFO] [stderr]    Compiling ahash v0.8.6
[INFO] [stderr]    Compiling generic-array v0.14.7
[INFO] [stderr]    Compiling target-lexicon v0.12.12
[INFO] [stderr]    Compiling crc32fast v1.3.2
[INFO] [stderr]    Compiling anyhow v1.0.75
[INFO] [stderr]    Compiling cranelift-isle v0.102.0
[INFO] [stderr]    Compiling hashbrown v0.14.2
[INFO] [stderr]    Compiling semver v1.0.20
[INFO] [stderr]    Compiling quote v1.0.33
[INFO] [stderr]    Compiling syn v2.0.39
[INFO] [stderr]    Compiling jobserver v0.1.27
[INFO] [stderr]    Compiling cranelift-codegen-shared v0.102.0
[INFO] [stderr]    Compiling memchr v2.6.4
[INFO] [stderr]    Compiling thiserror v1.0.50
[INFO] [stderr]    Compiling cranelift-codegen-meta v0.102.0
[INFO] [stderr]    Compiling cc v1.0.83
[INFO] [stderr]    Compiling getrandom v0.2.11
[INFO] [stderr]    Compiling memoffset v0.9.0
[INFO] [stderr]    Compiling rustix v0.38.25
[INFO] [stderr]    Compiling bitflags v2.4.1
[INFO] [stderr]    Compiling crypto-common v0.1.6
[INFO] [stderr]    Compiling subtle v2.5.0
[INFO] [stderr]    Compiling block-buffer v0.10.4
[INFO] [stderr]    Compiling rand_core v0.6.4
[INFO] [stderr]    Compiling hashbrown v0.13.2
[INFO] [stderr]    Compiling smallvec v1.11.2
[INFO] [stderr]    Compiling slice-group-by v0.3.1
[INFO] [stderr]    Compiling linux-raw-sys v0.4.11
[INFO] [stderr]    Compiling rustc-hash v1.1.0
[INFO] [stderr]    Compiling arbitrary v1.3.2
[INFO] [stderr]    Compiling digest v0.10.7
[INFO] [stderr]    Compiling zstd-sys v2.0.9+zstd.1.5.5
[INFO] [stderr]    Compiling regalloc2 v0.9.3
[INFO] [stderr]    Compiling leb128 v0.2.5
[INFO] [stderr]    Compiling crossbeam-utils v0.8.16
[INFO] [stderr]    Compiling cranelift-control v0.102.0
[INFO] [stderr]    Compiling bumpalo v3.14.0
[INFO] [stderr]    Compiling cpufeatures v0.2.11
[INFO] [stderr]    Compiling crossbeam-epoch v0.9.15
[INFO] [stderr]    Compiling zstd-safe v5.0.2+zstd.1.5.2
[INFO] [stderr]    Compiling ittapi-sys v0.4.0
[INFO] [stderr]    Compiling scopeguard v1.2.0
[INFO] [stderr]    Compiling ppv-lite86 v0.2.17
[INFO] [stderr]    Compiling either v1.9.0
[INFO] [stderr]    Compiling paste v1.0.14
[INFO] [stderr]    Compiling rand_chacha v0.3.1
[INFO] [stderr]    Compiling sha2 v0.10.8
[INFO] [stderr]    Compiling bzip2-sys v0.1.11+1.0.8
[INFO] [stderr]    Compiling wasmtime-asm-macros v15.0.0
[INFO] [stderr]    Compiling cranelift-codegen v0.102.0
[INFO] [stderr]    Compiling rayon-core v1.12.0
[INFO] [stderr]    Compiling byteorder v1.5.0
[INFO] [stderr]    Compiling cpp_demangle v0.3.5
[INFO] [stderr]    Compiling serde_json v1.0.108
[INFO] [stderr]    Compiling rand v0.8.5
[INFO] [stderr]    Compiling crossbeam-deque v0.8.3
[INFO] [stderr]    Compiling itertools v0.10.5
[INFO] [stderr]    Compiling wasm-encoder v0.38.0
[INFO] [stderr]    Compiling wasm-encoder v0.36.2
[INFO] [stderr]    Compiling inout v0.1.3
[INFO] [stderr]    Compiling dirs-sys-next v0.1.2
[INFO] [stderr]    Compiling async-trait v0.1.74
[INFO] [stderr]    Compiling serde_derive v1.0.193
[INFO] [stderr]    Compiling wasmtime-versioned-export-macros v15.0.0
[INFO] [stderr]    Compiling thiserror-impl v1.0.50
[INFO] [stderr]    Compiling wasmtime-wmemcheck v15.0.0
[INFO] [stderr]    Compiling unicode-width v0.1.11
[INFO] [stderr]    Compiling ryu v1.0.15
[INFO] [stderr]    Compiling wasmtime-cache v15.0.0
[INFO] [stderr]    Compiling base64ct v1.6.0
[INFO] [stderr]    Compiling powerfmt v0.2.0
[INFO] [stderr]    Compiling sptr v0.3.2
[INFO] [stderr]    Compiling uuid v1.6.1
[INFO] [stderr]    Compiling wasmtime-fiber v15.0.0
[INFO] [stderr]    Compiling wasmtime-runtime v15.0.0
[INFO] [stderr]    Compiling memfd v0.6.4
[INFO] [stderr]    Compiling itoa v1.0.9
[INFO] [stderr]    Compiling adler v1.0.2
[INFO] [stderr]    Compiling debugid v0.8.0
[INFO] [stderr]    Compiling deranged v0.3.9
[INFO] [stderr]    Compiling password-hash v0.4.2
[INFO] [stderr]    Compiling miniz_oxide v0.7.1
[INFO] [stderr]    Compiling wast v69.0.0
[INFO] [stderr]    Compiling directories-next v2.0.0
[INFO] [stderr]    Compiling cipher v0.4.4
[INFO] [stderr]    Compiling fxhash v0.2.1
[INFO] [stderr]    Compiling hmac v0.12.1
[INFO] [stderr]    Compiling wasmtime-jit-icache-coherence v15.0.0
[INFO] [stderr]    Compiling rustc-demangle v0.1.23
[INFO] [stderr]    Compiling base64 v0.21.5
[INFO] [stderr]    Compiling time-core v0.1.2
[INFO] [stderr]    Compiling winnow v0.5.19
[INFO] [stderr]    Compiling rayon v1.8.0
[INFO] [stderr]    Compiling time v0.3.30
[INFO] [stderr]    Compiling pbkdf2 v0.11.0
[INFO] [stderr]    Compiling aes v0.8.3
[INFO] [stderr]    Compiling flate2 v1.0.28
[INFO] [stderr]    Compiling unicard_types_macro v0.1.0 (/opt/rustwide/workdir/unicard_types_macro)
[INFO] [stderr]    Compiling sha1 v0.10.6
[INFO] [stderr]    Compiling arrayvec v0.7.4
[INFO] [stderr]    Compiling constant_time_eq v0.1.5
[INFO] [stderr]    Compiling ittapi v0.4.0
[INFO] [stderr]    Compiling unicard_types v0.1.0 (/opt/rustwide/workdir/unicard_types)
[INFO] [stdout] warning: unused import: `unicard_types_macro::WasmType32 as WasmType`
[INFO] [stdout]   --> unicard_types/src/lib.rs:35:5
[INFO] [stdout]    |
[INFO] [stdout] 35 | use unicard_types_macro::WasmType32 as WasmType;
[INFO] [stdout]    |     ^^^^^^^^^^^^^^^^^^^^^^^^^^^^^^^^^^^^^^^^^^^
[INFO] [stdout]    |
[INFO] [stdout]    = note: `#[warn(unused_imports)]` on by default
[INFO] [stdout] 
[INFO] [stdout] 
[INFO] [stderr]    Compiling bzip2 v0.4.4
[INFO] [stderr]    Compiling wat v1.0.81
[INFO] [stderr]    Compiling indexmap v2.1.0
[INFO] [stderr]    Compiling cranelift-entity v0.102.0
[INFO] [stderr]    Compiling bincode v1.3.3
[INFO] [stderr]    Compiling cranelift-bforest v0.102.0
[INFO] [stderr]    Compiling serde_spanned v0.6.4
[INFO] [stderr]    Compiling gimli v0.28.0
[INFO] [stderr]    Compiling wasmparser v0.116.1
[INFO] [stderr]    Compiling object v0.32.1
[INFO] [stderr]    Compiling toml_datetime v0.6.5
[INFO] [stderr]    Compiling toml v0.5.11
[INFO] [stderr]    Compiling fxprof-processed-profile v0.6.0
[INFO] [stderr]    Compiling toml_edit v0.21.0
[INFO] [stderr]    Compiling zstd v0.11.2+zstd.1.5.2
[INFO] [stderr]    Compiling toml v0.8.8
[INFO] [stderr]    Compiling addr2line v0.21.0
[INFO] [stderr]    Compiling zip v0.6.6
[INFO] [stderr]    Compiling wasmtime-jit-debug v15.0.0
[INFO] [stderr]    Compiling wasmtime-types v15.0.0
[INFO] [stderr]    Compiling wasmtime-environ v15.0.0
[INFO] [stderr]    Compiling wasmtime-jit v15.0.0
[INFO] [stderr]    Compiling cranelift-frontend v0.102.0
[INFO] [stderr]    Compiling cranelift-native v0.102.0
[INFO] [stderr]    Compiling wasmtime-cranelift-shared v15.0.0
[INFO] [stderr]    Compiling cranelift-wasm v0.102.0
[INFO] [stderr]    Compiling wasmtime-cranelift v15.0.0
[INFO] [stderr]    Compiling wasmtime v15.0.0
[INFO] [stderr]    Compiling unicard_core v0.1.0 (/opt/rustwide/workdir/unicard_core)
[INFO] [stdout] warning: struct `GameInstance` is never constructed
[INFO] [stdout]  --> unicard_core/src/instance.rs:6:19
[INFO] [stdout]   |
[INFO] [stdout] 6 | pub(crate) struct GameInstance<'a> {
[INFO] [stdout]   |                   ^^^^^^^^^^^^
[INFO] [stdout]   |
[INFO] [stdout]   = note: `#[warn(dead_code)]` on by default
[INFO] [stdout] 
[INFO] [stdout] 
[INFO] [stdout] warning: associated items `FN_API_VERSION`, `FN_GAME_ID`, `FN_GAME_VERSION`, and `new` are never used
[INFO] [stdout]   --> unicard_core/src/instance.rs:19:11
[INFO] [stdout]    |
[INFO] [stdout] 17 | impl<'a> GameInstance<'a> {
[INFO] [stdout]    | ------------------------- associated items in this implementation
[INFO] [stdout] 18 |     /// The name of the api version function.
[INFO] [stdout] 19 |     const FN_API_VERSION: &'static str = "api_version";
[INFO] [stdout]    |           ^^^^^^^^^^^^^^
[INFO] [stdout] ...
[INFO] [stdout] 22 |     const FN_GAME_ID: &'static str = "game_id";
[INFO] [stdout]    |           ^^^^^^^^^^
[INFO] [stdout] ...
[INFO] [stdout] 25 |     const FN_GAME_VERSION: &'static str = "game_version";
[INFO] [stdout]    |           ^^^^^^^^^^^^^^^
[INFO] [stdout] ...
[INFO] [stdout] 28 |     pub fn new(game_module: &'a GameModule) -> Result<Self, RuntimeError> {
[INFO] [stdout]    |            ^^^
[INFO] [stdout] 
[INFO] [stdout] 
[INFO] [stdout] warning: variants `InvalidApi`, `WasmTrap`, and `HostTrap` are never constructed
[INFO] [stdout]    --> unicard_core/src/instance.rs:144:5
[INFO] [stdout]     |
[INFO] [stdout] 135 | pub enum RuntimeError {
[INFO] [stdout]     |          ------------ variants in this enum
[INFO] [stdout] ...
[INFO] [stdout] 144 |     InvalidApi(InvalidApiError),
[INFO] [stdout]     |     ^^^^^^^^^^
[INFO] [stdout] ...
[INFO] [stdout] 149 |     WasmTrap(WasmTrapError),
[INFO] [stdout]     |     ^^^^^^^^
[INFO] [stdout] ...
[INFO] [stdout] 154 |     HostTrap(HostTrapError),
[INFO] [stdout]     |     ^^^^^^^^
[INFO] [stdout]     |
[INFO] [stdout]     = note: `RuntimeError` has a derived impl for the trait `Debug`, but this is intentionally ignored during dead code analysis
[INFO] [stdout] 
[INFO] [stdout] 
[INFO] [stdout] warning: associated function `from_error` is never used
[INFO] [stdout]    --> unicard_core/src/instance.rs:161:8
[INFO] [stdout]     |
[INFO] [stdout] 157 | impl RuntimeError {
[INFO] [stdout]     | ----------------- associated function in this implementation
[INFO] [stdout] ...
[INFO] [stdout] 161 |     fn from_error<T>(error: Error) -> Result<T, Self> {
[INFO] [stdout]     |        ^^^^^^^^^^
[INFO] [stdout] 
[INFO] [stdout] 
[INFO] [stdout] warning: field `module` is never read
[INFO] [stdout]   --> unicard_core/src/module.rs:54:16
[INFO] [stdout]    |
[INFO] [stdout] 42 | pub struct GameModule {
[INFO] [stdout]    |            ---------- field in this struct
[INFO] [stdout] ...
[INFO] [stdout] 54 |     pub(crate) module: Module,
[INFO] [stdout]    |                ^^^^^^
[INFO] [stdout] 
[INFO] [stdout] 
[INFO] [stderr]     Finished `dev` profile [unoptimized + debuginfo] target(s) in 3m 07s
[INFO] running `Command { std: "docker" "inspect" "ea28bd1cde621b29ceacd30ce8e6ebe82e67dfb88c9dc185622db5bb11f3130c", kill_on_drop: false }`
[INFO] running `Command { std: "docker" "rm" "-f" "ea28bd1cde621b29ceacd30ce8e6ebe82e67dfb88c9dc185622db5bb11f3130c", kill_on_drop: false }`
[INFO] [stdout] ea28bd1cde621b29ceacd30ce8e6ebe82e67dfb88c9dc185622db5bb11f3130c
[INFO] running `Command { std: "docker" "create" "-v" "/var/lib/crater-agent-workspace/builds/worker-6-tc1/target:/opt/rustwide/target:rw,Z" "-v" "/var/lib/crater-agent-workspace/builds/worker-6-tc1/source:/opt/rustwide/workdir:ro,Z" "-v" "/var/lib/crater-agent-workspace/cargo-home:/opt/rustwide/cargo-home:ro,Z" "-v" "/var/lib/crater-agent-workspace/rustup-home:/opt/rustwide/rustup-home:ro,Z" "-e" "SOURCE_DIR=/opt/rustwide/workdir" "-e" "CARGO_TARGET_DIR=/opt/rustwide/target" "-e" "CARGO_INCREMENTAL=0" "-e" "RUST_BACKTRACE=full" "-e" "RUSTFLAGS=--cap-lints=warn" "-e" "RUSTDOCFLAGS=--cap-lints=warn" "-e" "CARGO_HOME=/opt/rustwide/cargo-home" "-e" "RUSTUP_HOME=/opt/rustwide/rustup-home" "-w" "/opt/rustwide/workdir" "-m" "1610612736" "--user" "0:0" "--network" "none" "ghcr.io/rust-lang/crates-build-env/linux@sha256:f3a9d4ad9d972b27faf3965f35b62e55ba32bbce8f20bc8fe909558a86702fde" "/opt/rustwide/cargo-home/bin/cargo" "+1.83.0" "test" "--frozen" "--no-run" "--message-format=json", kill_on_drop: false }`
[INFO] [stdout] 355f7316add2b7129881595c41111174eefb9980cfca6a4242ff6dfbc678cd62
[INFO] running `Command { std: "docker" "start" "-a" "355f7316add2b7129881595c41111174eefb9980cfca6a4242ff6dfbc678cd62", kill_on_drop: false }`
[INFO] [stderr]    Compiling proc-macro2 v1.0.69
[INFO] [stderr]    Compiling unicode-ident v1.0.12
[INFO] [stderr]    Compiling serde v1.0.193
[INFO] [stderr]    Compiling trybuild v1.0.85
[INFO] [stderr]    Compiling glob v0.3.1
[INFO] [stderr]    Compiling termcolor v1.4.0
[INFO] [stderr]    Compiling once_cell v1.18.0
[INFO] [stderr]    Compiling quote v1.0.33
[INFO] [stderr]    Compiling syn v2.0.39
[INFO] [stderr]    Compiling basic-toml v0.1.7
[INFO] [stderr]    Compiling serde_json v1.0.108
[INFO] [stderr]    Compiling serde_derive v1.0.193
[INFO] [stderr]    Compiling wasmtime-versioned-export-macros v15.0.0
[INFO] [stderr]    Compiling thiserror-impl v1.0.50
[INFO] [stderr]    Compiling unicard_types_macro v0.1.0 (/opt/rustwide/workdir/unicard_types_macro)
[INFO] [stderr]    Compiling async-trait v0.1.74
[INFO] [stderr]    Compiling wasmtime-fiber v15.0.0
[INFO] [stderr]    Compiling wasmtime-runtime v15.0.0
[INFO] [stderr]    Compiling unicard_types v0.1.0 (/opt/rustwide/workdir/unicard_types)
[INFO] [stdout] warning: unused import: `unicard_types_macro::WasmType32 as WasmType`
[INFO] [stdout]   --> unicard_types/src/lib.rs:35:5
[INFO] [stdout]    |
[INFO] [stdout] 35 | use unicard_types_macro::WasmType32 as WasmType;
[INFO] [stdout]    |     ^^^^^^^^^^^^^^^^^^^^^^^^^^^^^^^^^^^^^^^^^^^
[INFO] [stdout]    |
[INFO] [stdout]    = note: `#[warn(unused_imports)]` on by default
[INFO] [stdout] 
[INFO] [stdout] 
[INFO] [stdout] warning: unused import: `unicard_types_macro::WasmType32 as WasmType`
[INFO] [stdout]   --> unicard_types/src/lib.rs:35:5
[INFO] [stdout]    |
[INFO] [stdout] 35 | use unicard_types_macro::WasmType32 as WasmType;
[INFO] [stdout]    |     ^^^^^^^^^^^^^^^^^^^^^^^^^^^^^^^^^^^^^^^^^^^
[INFO] [stdout]    |
[INFO] [stdout]    = note: `#[warn(unused_imports)]` on by default
[INFO] [stdout] 
[INFO] [stdout] 
[INFO] [stderr]    Compiling thiserror v1.0.50
[INFO] [stderr]    Compiling indexmap v2.1.0
[INFO] [stderr]    Compiling cranelift-entity v0.102.0
[INFO] [stderr]    Compiling bincode v1.3.3
[INFO] [stderr]    Compiling serde_spanned v0.6.4
[INFO] [stderr]    Compiling toml v0.5.11
[INFO] [stderr]    Compiling toml_datetime v0.6.5
[INFO] [stderr]    Compiling serde_test v1.0.176
[INFO] [stderr]    Compiling cranelift-bforest v0.102.0
[INFO] [stderr]    Compiling gimli v0.28.0
[INFO] [stderr]    Compiling wasmparser v0.116.1
[INFO] [stderr]    Compiling object v0.32.1
[INFO] [stderr]    Compiling toml_edit v0.21.0
[INFO] [stderr]    Compiling fxprof-processed-profile v0.6.0
[INFO] [stderr]    Compiling wasmtime-cache v15.0.0
[INFO] [stderr]    Compiling toml v0.8.8
[INFO] [stderr]    Compiling cranelift-codegen v0.102.0
[INFO] [stderr]    Compiling addr2line v0.21.0
[INFO] [stderr]    Compiling wasmtime-types v15.0.0
[INFO] [stderr]    Compiling wasmtime-jit-debug v15.0.0
[INFO] [stderr]    Compiling wasmtime-environ v15.0.0
[INFO] [stderr]    Compiling wasmtime-jit v15.0.0
[INFO] [stderr]    Compiling cranelift-frontend v0.102.0
[INFO] [stderr]    Compiling cranelift-native v0.102.0
[INFO] [stderr]    Compiling wasmtime-cranelift-shared v15.0.0
[INFO] [stderr]    Compiling cranelift-wasm v0.102.0
[INFO] [stderr]    Compiling wasmtime-cranelift v15.0.0
[INFO] [stderr]    Compiling wasmtime v15.0.0
[INFO] [stderr]    Compiling unicard_core v0.1.0 (/opt/rustwide/workdir/unicard_core)
[INFO] [stdout] warning: struct `GameInstance` is never constructed
[INFO] [stdout]  --> unicard_core/src/instance.rs:6:19
[INFO] [stdout]   |
[INFO] [stdout] 6 | pub(crate) struct GameInstance<'a> {
[INFO] [stdout]   |                   ^^^^^^^^^^^^
[INFO] [stdout]   |
[INFO] [stdout]   = note: `#[warn(dead_code)]` on by default
[INFO] [stdout] 
[INFO] [stdout] 
[INFO] [stdout] warning: associated items `FN_API_VERSION`, `FN_GAME_ID`, `FN_GAME_VERSION`, and `new` are never used
[INFO] [stdout]   --> unicard_core/src/instance.rs:19:11
[INFO] [stdout]    |
[INFO] [stdout] 17 | impl<'a> GameInstance<'a> {
[INFO] [stdout]    | ------------------------- associated items in this implementation
[INFO] [stdout] 18 |     /// The name of the api version function.
[INFO] [stdout] 19 |     const FN_API_VERSION: &'static str = "api_version";
[INFO] [stdout]    |           ^^^^^^^^^^^^^^
[INFO] [stdout] ...
[INFO] [stdout] 22 |     const FN_GAME_ID: &'static str = "game_id";
[INFO] [stdout]    |           ^^^^^^^^^^
[INFO] [stdout] ...
[INFO] [stdout] 25 |     const FN_GAME_VERSION: &'static str = "game_version";
[INFO] [stdout]    |           ^^^^^^^^^^^^^^^
[INFO] [stdout] ...
[INFO] [stdout] 28 |     pub fn new(game_module: &'a GameModule) -> Result<Self, RuntimeError> {
[INFO] [stdout]    |            ^^^
[INFO] [stdout] 
[INFO] [stdout] 
[INFO] [stdout] warning: variants `InvalidApi`, `WasmTrap`, and `HostTrap` are never constructed
[INFO] [stdout]    --> unicard_core/src/instance.rs:144:5
[INFO] [stdout]     |
[INFO] [stdout] 135 | pub enum RuntimeError {
[INFO] [stdout]     |          ------------ variants in this enum
[INFO] [stdout] ...
[INFO] [stdout] 144 |     InvalidApi(InvalidApiError),
[INFO] [stdout]     |     ^^^^^^^^^^
[INFO] [stdout] ...
[INFO] [stdout] 149 |     WasmTrap(WasmTrapError),
[INFO] [stdout]     |     ^^^^^^^^
[INFO] [stdout] ...
[INFO] [stdout] 154 |     HostTrap(HostTrapError),
[INFO] [stdout]     |     ^^^^^^^^
[INFO] [stdout]     |
[INFO] [stdout]     = note: `RuntimeError` has a derived impl for the trait `Debug`, but this is intentionally ignored during dead code analysis
[INFO] [stdout] 
[INFO] [stdout] 
[INFO] [stdout] warning: associated function `from_error` is never used
[INFO] [stdout]    --> unicard_core/src/instance.rs:161:8
[INFO] [stdout]     |
[INFO] [stdout] 157 | impl RuntimeError {
[INFO] [stdout]     | ----------------- associated function in this implementation
[INFO] [stdout] ...
[INFO] [stdout] 161 |     fn from_error<T>(error: Error) -> Result<T, Self> {
[INFO] [stdout]     |        ^^^^^^^^^^
[INFO] [stdout] 
[INFO] [stdout] 
[INFO] [stdout] warning: field `module` is never read
[INFO] [stdout]   --> unicard_core/src/module.rs:54:16
[INFO] [stdout]    |
[INFO] [stdout] 42 | pub struct GameModule {
[INFO] [stdout]    |            ---------- field in this struct
[INFO] [stdout] ...
[INFO] [stdout] 54 |     pub(crate) module: Module,
[INFO] [stdout]    |                ^^^^^^
[INFO] [stdout] 
[INFO] [stdout] 
[INFO] [stdout] warning: struct `GameInstance` is never constructed
[INFO] [stdout]  --> unicard_core/src/instance.rs:6:19
[INFO] [stdout]   |
[INFO] [stdout] 6 | pub(crate) struct GameInstance<'a> {
[INFO] [stdout]   |                   ^^^^^^^^^^^^
[INFO] [stdout]   |
[INFO] [stdout]   = note: `#[warn(dead_code)]` on by default
[INFO] [stdout] 
[INFO] [stdout] 
[INFO] [stdout] warning: associated items `FN_API_VERSION`, `FN_GAME_ID`, `FN_GAME_VERSION`, and `new` are never used
[INFO] [stdout]   --> unicard_core/src/instance.rs:19:11
[INFO] [stdout]    |
[INFO] [stdout] 17 | impl<'a> GameInstance<'a> {
[INFO] [stdout]    | ------------------------- associated items in this implementation
[INFO] [stdout] 18 |     /// The name of the api version function.
[INFO] [stdout] 19 |     const FN_API_VERSION: &'static str = "api_version";
[INFO] [stdout]    |           ^^^^^^^^^^^^^^
[INFO] [stdout] ...
[INFO] [stdout] 22 |     const FN_GAME_ID: &'static str = "game_id";
[INFO] [stdout]    |           ^^^^^^^^^^
[INFO] [stdout] ...
[INFO] [stdout] 25 |     const FN_GAME_VERSION: &'static str = "game_version";
[INFO] [stdout]    |           ^^^^^^^^^^^^^^^
[INFO] [stdout] ...
[INFO] [stdout] 28 |     pub fn new(game_module: &'a GameModule) -> Result<Self, RuntimeError> {
[INFO] [stdout]    |            ^^^
[INFO] [stdout] 
[INFO] [stdout] 
[INFO] [stdout] warning: variants `InvalidApi`, `WasmTrap`, and `HostTrap` are never constructed
[INFO] [stdout]    --> unicard_core/src/instance.rs:144:5
[INFO] [stdout]     |
[INFO] [stdout] 135 | pub enum RuntimeError {
[INFO] [stdout]     |          ------------ variants in this enum
[INFO] [stdout] ...
[INFO] [stdout] 144 |     InvalidApi(InvalidApiError),
[INFO] [stdout]     |     ^^^^^^^^^^
[INFO] [stdout] ...
[INFO] [stdout] 149 |     WasmTrap(WasmTrapError),
[INFO] [stdout]     |     ^^^^^^^^
[INFO] [stdout] ...
[INFO] [stdout] 154 |     HostTrap(HostTrapError),
[INFO] [stdout]     |     ^^^^^^^^
[INFO] [stdout]     |
[INFO] [stdout]     = note: `RuntimeError` has a derived impl for the trait `Debug`, but this is intentionally ignored during dead code analysis
[INFO] [stdout] 
[INFO] [stdout] 
[INFO] [stdout] warning: associated function `from_error` is never used
[INFO] [stdout]    --> unicard_core/src/instance.rs:161:8
[INFO] [stdout]     |
[INFO] [stdout] 157 | impl RuntimeError {
[INFO] [stdout]     | ----------------- associated function in this implementation
[INFO] [stdout] ...
[INFO] [stdout] 161 |     fn from_error<T>(error: Error) -> Result<T, Self> {
[INFO] [stdout]     |        ^^^^^^^^^^
[INFO] [stdout] 
[INFO] [stdout] 
[INFO] [stdout] warning: field `module` is never read
[INFO] [stdout]   --> unicard_core/src/module.rs:54:16
[INFO] [stdout]    |
[INFO] [stdout] 42 | pub struct GameModule {
[INFO] [stdout]    |            ---------- field in this struct
[INFO] [stdout] ...
[INFO] [stdout] 54 |     pub(crate) module: Module,
[INFO] [stdout]    |                ^^^^^^
[INFO] [stdout] 
[INFO] [stdout] 
[INFO] [stderr]     Finished `test` profile [unoptimized + debuginfo] target(s) in 2m 11s
[INFO] running `Command { std: "docker" "inspect" "355f7316add2b7129881595c41111174eefb9980cfca6a4242ff6dfbc678cd62", kill_on_drop: false }`
[INFO] running `Command { std: "docker" "rm" "-f" "355f7316add2b7129881595c41111174eefb9980cfca6a4242ff6dfbc678cd62", kill_on_drop: false }`
[INFO] [stdout] 355f7316add2b7129881595c41111174eefb9980cfca6a4242ff6dfbc678cd62
[INFO] running `Command { std: "docker" "create" "-v" "/var/lib/crater-agent-workspace/builds/worker-6-tc1/target:/opt/rustwide/target:rw,Z" "-v" "/var/lib/crater-agent-workspace/builds/worker-6-tc1/source:/opt/rustwide/workdir:ro,Z" "-v" "/var/lib/crater-agent-workspace/cargo-home:/opt/rustwide/cargo-home:ro,Z" "-v" "/var/lib/crater-agent-workspace/rustup-home:/opt/rustwide/rustup-home:ro,Z" "-e" "SOURCE_DIR=/opt/rustwide/workdir" "-e" "CARGO_TARGET_DIR=/opt/rustwide/target" "-e" "CARGO_INCREMENTAL=0" "-e" "RUST_BACKTRACE=full" "-e" "RUSTFLAGS=--cap-lints=warn" "-e" "RUSTDOCFLAGS=--cap-lints=warn" "-e" "CARGO_HOME=/opt/rustwide/cargo-home" "-e" "RUSTUP_HOME=/opt/rustwide/rustup-home" "-w" "/opt/rustwide/workdir" "-m" "1610612736" "--user" "0:0" "--network" "none" "ghcr.io/rust-lang/crates-build-env/linux@sha256:f3a9d4ad9d972b27faf3965f35b62e55ba32bbce8f20bc8fe909558a86702fde" "/opt/rustwide/cargo-home/bin/cargo" "+1.83.0" "test" "--frozen", kill_on_drop: false }`
[INFO] [stdout] 273ddcb0f06b406e33291568201919684d43124578faeff599d8858f0eb88b13
[INFO] running `Command { std: "docker" "start" "-a" "273ddcb0f06b406e33291568201919684d43124578faeff599d8858f0eb88b13", kill_on_drop: false }`
[INFO] [stderr] warning: unused import: `unicard_types_macro::WasmType32 as WasmType`
[INFO] [stderr]   --> unicard_types/src/lib.rs:35:5
[INFO] [stderr]    |
[INFO] [stderr] 35 | use unicard_types_macro::WasmType32 as WasmType;
[INFO] [stderr]    |     ^^^^^^^^^^^^^^^^^^^^^^^^^^^^^^^^^^^^^^^^^^^
[INFO] [stderr]    |
[INFO] [stderr]    = note: `#[warn(unused_imports)]` on by default
[INFO] [stderr] 
[INFO] [stderr] warning: `unicard_types` (lib) generated 1 warning (run `cargo fix --lib -p unicard_types` to apply 1 suggestion)
[INFO] [stderr] warning: `unicard_types` (lib test) generated 1 warning (1 duplicate)
[INFO] [stderr] warning: struct `GameInstance` is never constructed
[INFO] [stderr]  --> unicard_core/src/instance.rs:6:19
[INFO] [stderr]   |
[INFO] [stderr] 6 | pub(crate) struct GameInstance<'a> {
[INFO] [stderr]   |                   ^^^^^^^^^^^^
[INFO] [stderr]   |
[INFO] [stderr]   = note: `#[warn(dead_code)]` on by default
[INFO] [stderr] 
[INFO] [stderr] warning: associated items `FN_API_VERSION`, `FN_GAME_ID`, `FN_GAME_VERSION`, and `new` are never used
[INFO] [stderr]   --> unicard_core/src/instance.rs:19:11
[INFO] [stderr]    |
[INFO] [stderr] 17 | impl<'a> GameInstance<'a> {
[INFO] [stderr]    | ------------------------- associated items in this implementation
[INFO] [stderr] 18 |     /// The name of the api version function.
[INFO] [stderr] 19 |     const FN_API_VERSION: &'static str = "api_version";
[INFO] [stderr]    |           ^^^^^^^^^^^^^^
[INFO] [stderr] ...
[INFO] [stderr] 22 |     const FN_GAME_ID: &'static str = "game_id";
[INFO] [stderr]    |           ^^^^^^^^^^
[INFO] [stderr] ...
[INFO] [stderr] 25 |     const FN_GAME_VERSION: &'static str = "game_version";
[INFO] [stderr]    |           ^^^^^^^^^^^^^^^
[INFO] [stderr] ...
[INFO] [stderr] 28 |     pub fn new(game_module: &'a GameModule) -> Result<Self, RuntimeError> {
[INFO] [stderr]    |            ^^^
[INFO] [stderr] 
[INFO] [stderr] warning: variants `InvalidApi`, `WasmTrap`, and `HostTrap` are never constructed
[INFO] [stderr]    --> unicard_core/src/instance.rs:144:5
[INFO] [stderr]     |
[INFO] [stderr] 135 | pub enum RuntimeError {
[INFO] [stderr]     |          ------------ variants in this enum
[INFO] [stderr] ...
[INFO] [stderr] 144 |     InvalidApi(InvalidApiError),
[INFO] [stderr]     |     ^^^^^^^^^^
[INFO] [stderr] ...
[INFO] [stderr] 149 |     WasmTrap(WasmTrapError),
[INFO] [stderr]     |     ^^^^^^^^
[INFO] [stderr] ...
[INFO] [stderr] 154 |     HostTrap(HostTrapError),
[INFO] [stderr]     |     ^^^^^^^^
[INFO] [stderr]     |
[INFO] [stderr]     = note: `RuntimeError` has a derived impl for the trait `Debug`, but this is intentionally ignored during dead code analysis
[INFO] [stderr] 
[INFO] [stderr] warning: associated function `from_error` is never used
[INFO] [stderr]    --> unicard_core/src/instance.rs:161:8
[INFO] [stderr]     |
[INFO] [stderr] 157 | impl RuntimeError {
[INFO] [stderr]     | ----------------- associated function in this implementation
[INFO] [stderr] ...
[INFO] [stderr] 161 |     fn from_error<T>(error: Error) -> Result<T, Self> {
[INFO] [stderr]     |        ^^^^^^^^^^
[INFO] [stderr] 
[INFO] [stderr] warning: field `module` is never read
[INFO] [stderr]   --> unicard_core/src/module.rs:54:16
[INFO] [stderr]    |
[INFO] [stderr] 42 | pub struct GameModule {
[INFO] [stderr]    |            ---------- field in this struct
[INFO] [stderr] ...
[INFO] [stderr] 54 |     pub(crate) module: Module,
[INFO] [stderr]    |                ^^^^^^
[INFO] [stderr] 
[INFO] [stderr] warning: `unicard_core` (lib) generated 5 warnings
[INFO] [stderr] warning: `unicard_core` (lib test) generated 5 warnings (5 duplicates)
[INFO] [stderr]     Finished `test` profile [unoptimized + debuginfo] target(s) in 0.20s
[INFO] [stderr]      Running unittests src/lib.rs (/opt/rustwide/target/debug/deps/unicard_core-ecae09e43392f2ff)
[INFO] [stdout] 
[INFO] [stdout] running 12 tests
[INFO] [stdout] test module::tests::gv_comp_ser ... ok
[INFO] [stdout] test module::tests::game_module_stream ... ok
[INFO] [stdout] test module::tests::game_module_stream_additional_fields ... ok
[INFO] [stdout] test module::tests::game_module_stream_manifest_only ... ok
[INFO] [stdout] test module::tests::gv_read_ser ... ok
[INFO] [stdout] test module::tests::gv_deser_leading - should panic ... ok
[INFO] [stdout] test module::tests::gv_deser_negative - should panic ... ok
[INFO] [stdout] test module::tests::gv_deser_dot - should panic ... ok
[INFO] [stdout] test module::tests::gv_deser_overflow - should panic ... ok
[INFO] [stdout] test module::tests::gv_deser_start - should panic ... ok
[INFO] [stdout] test module::tests::gv_deser_start2 - should panic ... ok
[INFO] [stdout] test module::tests::gv_deser_trailing - should panic ... ok
[INFO] [stdout] 
[INFO] [stdout] test result: ok. 12 passed; 0 failed; 0 ignored; 0 measured; 0 filtered out; finished in 0.12s
[INFO] [stdout] 
[INFO] [stderr]      Running unittests src/lib.rs (/opt/rustwide/target/debug/deps/unicard_types-28d3cf7e029a3bb9)
[INFO] [stdout] 
[INFO] [stdout] running 13 tests
[INFO] [stdout] test tests::read_zst_vec ... ok
[INFO] [stdout] test tests::wasm_read_array ... ok
[INFO] [stdout] test tests::wasm_read_string ... ok
[INFO] [stdout] test tests::wasm_read_tuple ... ok
[INFO] [stdout] test tests::wasm_read_vec ... ok
[INFO] [stdout] test tests::wasm_write_array ... ok
[INFO] [stdout] test tests::wasm_write_hash_map ... ok
[INFO] [stdout] test tests::wasm_write_string ... ok
[INFO] [stdout] test tests::write_zst_vec ... ok
[INFO] [stdout] test tests::wasm_write_tuple ... ok
[INFO] [stdout] test tests::wasm_read_hash_map ... ok
[INFO] [stdout] test tests::write_zst_vec_too_large ... ok
[INFO] [stdout] test tests::wasm_write_vec ... ok
[INFO] [stdout] 
[INFO] [stdout] test result: ok. 13 passed; 0 failed; 0 ignored; 0 measured; 0 filtered out; finished in 0.01s
[INFO] [stdout] 
[INFO] [stderr]      Running unittests src/lib.rs (/opt/rustwide/target/debug/deps/unicard_types_macro-6837a0e4cad4e766)
[INFO] [stdout] 
[INFO] [stdout] running 0 tests
[INFO] [stdout] 
[INFO] [stdout] test result: ok. 0 passed; 0 failed; 0 ignored; 0 measured; 0 filtered out; finished in 0.00s
[INFO] [stdout] 
[INFO] [stderr]      Running tests/macro_expansions.rs (/opt/rustwide/target/debug/deps/macro_expansions-1402bcc77b6c88fd)
[INFO] [stdout] 
[INFO] [stdout] running 8 tests
[INFO] [stdout] test normal_read ... ok
[INFO] [stderr]      Running tests/trybuild.rs (/opt/rustwide/target/debug/deps/trybuild-ffbc7fa0c4ff7947)
[INFO] [stdout] test tri_enum_write ... ok
[INFO] [stdout] test normal_write ... ok
[INFO] [stdout] test tuple_read ... ok
[INFO] [stdout] test tri_enum_read ... ok
[INFO] [stdout] test tuple_write ... ok
[INFO] [stdout] test unit_write ... ok
[INFO] [stdout] test unit_read ... ok
[INFO] [stdout] 
[INFO] [stdout] test result: ok. 8 passed; 0 failed; 0 ignored; 0 measured; 0 filtered out; finished in 0.01s
[INFO] [stdout] 
[INFO] [stdout] 
[INFO] [stdout] running 1 test
[INFO] [stderr]    Compiling proc-macro2 v1.0.69
[INFO] [stderr]    Compiling unicode-ident v1.0.12
[INFO] [stderr]     Checking arrayvec v0.7.4
[INFO] [stderr]     Checking quote v1.0.33
[INFO] [stderr]     Checking syn v2.0.39
[INFO] [stderr]    Compiling unicard_types_macro v0.1.0 (/opt/rustwide/workdir/unicard_types_macro)
[INFO] [stderr]     Checking unicard_types v0.1.0 (/opt/rustwide/workdir/unicard_types)
[INFO] [stderr] warning: unused import: `unicard_types_macro::WasmType32 as WasmType`
[INFO] [stderr]   --> /opt/rustwide/workdir/unicard_types/src/lib.rs:35:5
[INFO] [stderr]    |
[INFO] [stderr] 35 | use unicard_types_macro::WasmType32 as WasmType;
[INFO] [stderr]    |     ^^^^^^^^^^^^^^^^^^^^^^^^^^^^^^^^^^^^^^^^^^^
[INFO] [stderr]    |
[INFO] [stderr]    = note: `#[warn(unused_imports)]` on by default
[INFO] [stderr] 
[INFO] [stderr] warning: `unicard_types` (lib) generated 1 warning (run `cargo fix --lib -p unicard_types` to apply 1 suggestion)
[INFO] [stderr]     Checking unicard_types_macro-tests v0.0.0 (/opt/rustwide/target/tests/trybuild/unicard_types_macro)
[INFO] [stderr]     Finished `dev` profile [unoptimized + debuginfo] target(s) in 8.91s
[INFO] [stderr] 
[INFO] [stderr] 
[INFO] [stderr] test tests/ui/enum_generic_test.rs ... ok
[INFO] [stderr] test tests/ui/enum_test.rs ... mismatch
[INFO] [stderr] 
[INFO] [stderr] EXPECTED:
[INFO] [stderr] ┈┈┈┈┈┈┈┈┈┈┈┈┈┈┈┈┈┈┈┈┈┈┈┈┈┈┈┈┈┈┈┈┈┈┈┈┈┈┈┈┈┈┈┈┈┈┈┈┈┈┈┈┈┈┈┈┈┈┈┈
[INFO] [stderr] error[E0277]: the trait bound `*const i32: unicard_types::WasmType32` is not satisfied
[INFO] [stderr]  --> tests/ui/enum_test.rs:7:7
[INFO] [stderr]   |
[INFO] [stderr] 7 |     B(*const i32),
[INFO] [stderr]   |       ^^^^^^^^^^ the trait `unicard_types::WasmType32` is not implemented for `*const i32`
[INFO] [stderr]   |
[INFO] [stderr]   = help: the trait `unicard_types::WasmType32` is implemented for `i32`
[INFO] [stderr] 
[INFO] [stderr] error[E0277]: the trait bound `File: unicard_types::WasmType32` is not satisfied
[INFO] [stderr]  --> tests/ui/enum_test.rs:9:12
[INFO] [stderr]   |
[INFO] [stderr] 9 |         x: std::fs::File
[INFO] [stderr]   |            ^^^^^^^^^^^^^ the trait `unicard_types::WasmType32` is not implemented for `File`
[INFO] [stderr]   |
[INFO] [stderr]   = help: the following other types implement trait `unicard_types::WasmType32`:
[INFO] [stderr]             i8
[INFO] [stderr]             i16
[INFO] [stderr]             i32
[INFO] [stderr]             i64
[INFO] [stderr]             u8
[INFO] [stderr]             u16
[INFO] [stderr]             u32
[INFO] [stderr]             u64
[INFO] [stderr]           and $N others
[INFO] [stderr] ┈┈┈┈┈┈┈┈┈┈┈┈┈┈┈┈┈┈┈┈┈┈┈┈┈┈┈┈┈┈┈┈┈┈┈┈┈┈┈┈┈┈┈┈┈┈┈┈┈┈┈┈┈┈┈┈┈┈┈┈
[INFO] [stderr] 
[INFO] [stderr] ACTUAL OUTPUT:
[INFO] [stderr] ┈┈┈┈┈┈┈┈┈┈┈┈┈┈┈┈┈┈┈┈┈┈┈┈┈┈┈┈┈┈┈┈┈┈┈┈┈┈┈┈┈┈┈┈┈┈┈┈┈┈┈┈┈┈┈┈┈┈┈┈
[INFO] [stderr] error[E0277]: the trait bound `*const i32: unicard_types::WasmType32` is not satisfied
[INFO] [stderr]  --> tests/ui/enum_test.rs:7:7
[INFO] [stderr]   |
[INFO] [stderr] 7 |     B(*const i32),
[INFO] [stderr]   |       ^^^^^^^^^^ the trait `unicard_types::WasmType32` is not implemented for `*const i32`
[INFO] [stderr]   |
[INFO] [stderr]   = help: the trait `unicard_types::WasmType32` is implemented for `i32`
[INFO] [stderr] 
[INFO] [stderr] error[E0277]: the trait bound `File: unicard_types::WasmType32` is not satisfied
[INFO] [stderr]  --> tests/ui/enum_test.rs:9:12
[INFO] [stderr]   |
[INFO] [stderr] 9 |         x: std::fs::File
[INFO] [stderr]   |            ^^^^^^^^^^^^^ the trait `unicard_types::WasmType32` is not implemented for `File`
[INFO] [stderr]   |
[INFO] [stderr]   = help: the following other types implement trait `unicard_types::WasmType32`:
[INFO] [stderr]             ()
[INFO] [stderr]             (A, B)
[INFO] [stderr]             (A, B, C)
[INFO] [stderr]             (A, B, C, D)
[INFO] [stderr]             (A, B, C, D, E)
[INFO] [stderr]             (A, B, C, D, E, F)
[INFO] [stderr]             (A, B, C, D, E, F, G)
[INFO] [stderr]             (A, B, C, D, E, F, G, H)
[INFO] [stderr]           and $N others
[INFO] [stderr] ┈┈┈┈┈┈┈┈┈┈┈┈┈┈┈┈┈┈┈┈┈┈┈┈┈┈┈┈┈┈┈┈┈┈┈┈┈┈┈┈┈┈┈┈┈┈┈┈┈┈┈┈┈┈┈┈┈┈┈┈
[INFO] [stderr] note: If the actual output is the correct output you can bless it by rerunning
[INFO] [stderr]       your test with the environment variable TRYBUILD=overwrite
[INFO] [stderr] 
[INFO] [stderr] test tests/ui/struct_generic_test.rs ... ok
[INFO] [stderr] test tests/ui/struct_normal_test.rs ... ok
[INFO] [stderr] test tests/ui/struct_tuple_test.rs ... mismatch
[INFO] [stderr] 
[INFO] [stderr] EXPECTED:
[INFO] [stderr] ┈┈┈┈┈┈┈┈┈┈┈┈┈┈┈┈┈┈┈┈┈┈┈┈┈┈┈┈┈┈┈┈┈┈┈┈┈┈┈┈┈┈┈┈┈┈┈┈┈┈┈┈┈┈┈┈┈┈┈┈
[INFO] [stderr] error[E0277]: the trait bound `File: unicard_types::WasmType32` is not satisfied
[INFO] [stderr]  --> tests/ui/struct_tuple_test.rs:5:29
[INFO] [stderr]   |
[INFO] [stderr] 5 | struct ContainsInvalidTypes(std::fs::File);
[INFO] [stderr]   |                             ^^^^^^^^^^^^^ the trait `unicard_types::WasmType32` is not implemented for `File`
[INFO] [stderr]   |
[INFO] [stderr]   = help: the following other types implement trait `unicard_types::WasmType32`:
[INFO] [stderr]             i8
[INFO] [stderr]             i16
[INFO] [stderr]             i32
[INFO] [stderr]             i64
[INFO] [stderr]             u8
[INFO] [stderr]             u16
[INFO] [stderr]             u32
[INFO] [stderr]             u64
[INFO] [stderr]           and $N others
[INFO] [stderr] ┈┈┈┈┈┈┈┈┈┈┈┈┈┈┈┈┈┈┈┈┈┈┈┈┈┈┈┈┈┈┈┈┈┈┈┈┈┈┈┈┈┈┈┈┈┈┈┈┈┈┈┈┈┈┈┈┈┈┈┈
[INFO] [stderr] 
[INFO] [stderr] ACTUAL OUTPUT:
[INFO] [stderr] ┈┈┈┈┈┈┈┈┈┈┈┈┈┈┈┈┈┈┈┈┈┈┈┈┈┈┈┈┈┈┈┈┈┈┈┈┈┈┈┈┈┈┈┈┈┈┈┈┈┈┈┈┈┈┈┈┈┈┈┈
[INFO] [stderr] error[E0277]: the trait bound `File: unicard_types::WasmType32` is not satisfied
[INFO] [stderr]  --> tests/ui/struct_tuple_test.rs:5:29
[INFO] [stderr]   |
[INFO] [stderr] 5 | struct ContainsInvalidTypes(std::fs::File);
[INFO] [stderr]   |                             ^^^^^^^^^^^^^ the trait `unicard_types::WasmType32` is not implemented for `File`
[INFO] [stderr]   |
[INFO] [stderr]   = help: the following other types implement trait `unicard_types::WasmType32`:
[INFO] [stderr]             ()
[INFO] [stderr]             (A, B)
[INFO] [stderr]             (A, B, C)
[INFO] [stderr]             (A, B, C, D)
[INFO] [stderr]             (A, B, C, D, E)
[INFO] [stderr]             (A, B, C, D, E, F)
[INFO] [stderr]             (A, B, C, D, E, F, G)
[INFO] [stderr]             (A, B, C, D, E, F, G, H)
[INFO] [stderr]           and $N others
[INFO] [stderr] ┈┈┈┈┈┈┈┈┈┈┈┈┈┈┈┈┈┈┈┈┈┈┈┈┈┈┈┈┈┈┈┈┈┈┈┈┈┈┈┈┈┈┈┈┈┈┈┈┈┈┈┈┈┈┈┈┈┈┈┈
[INFO] [stderr] note: If the actual output is the correct output you can bless it by rerunning
[INFO] [stderr]       your test with the environment variable TRYBUILD=overwrite
[INFO] [stderr] 
[INFO] [stderr] test tests/ui/union_test.rs ... ok
[INFO] [stderr] 
[INFO] [stderr] 
[INFO] [stdout] test ui_tests ... FAILED
[INFO] [stdout] 
[INFO] [stdout] failures:
[INFO] [stdout] 
[INFO] [stdout] ---- ui_tests stdout ----
[INFO] [stdout] thread 'ui_tests' panicked at /opt/rustwide/cargo-home/registry/src/index.crates.io-6f17d22bba15001f/trybuild-1.0.85/src/run.rs:101:13:
[INFO] [stdout] 2 of 6 tests failed
[INFO] [stdout] stack backtrace:
[INFO] [stdout]    0:     0x55625630edba - std::backtrace_rs::backtrace::libunwind::trace::h5a5b8284f2d0c266
[INFO] [stdout]                                at /rustc/90b35a6239c3d8bdabc530a6a0816f7ff89a0aaf/library/std/src/../../backtrace/src/backtrace/libunwind.rs:116:5
[INFO] [stdout]    1:     0x55625630edba - std::backtrace_rs::backtrace::trace_unsynchronized::h76d4f1c9b0b875e3
[INFO] [stdout]                                at /rustc/90b35a6239c3d8bdabc530a6a0816f7ff89a0aaf/library/std/src/../../backtrace/src/backtrace/mod.rs:66:5
[INFO] [stdout]    2:     0x55625630edba - std::sys::backtrace::_print_fmt::hc4546b8364a537c6
[INFO] [stdout]                                at /rustc/90b35a6239c3d8bdabc530a6a0816f7ff89a0aaf/library/std/src/sys/backtrace.rs:66:9
[INFO] [stdout]    3:     0x55625630edba - <std::sys::backtrace::BacktraceLock::print::DisplayBacktrace as core::fmt::Display>::fmt::h5b6bd5631a6d1f6b
[INFO] [stdout]                                at /rustc/90b35a6239c3d8bdabc530a6a0816f7ff89a0aaf/library/std/src/sys/backtrace.rs:39:26
[INFO] [stdout]    4:     0x556256336c03 - core::fmt::rt::Argument::fmt::h270f6602a2b96f62
[INFO] [stdout]                                at /rustc/90b35a6239c3d8bdabc530a6a0816f7ff89a0aaf/library/core/src/fmt/rt.rs:177:76
[INFO] [stdout]    5:     0x556256336c03 - core::fmt::write::h7550c97b06c86515
[INFO] [stdout]                                at /rustc/90b35a6239c3d8bdabc530a6a0816f7ff89a0aaf/library/core/src/fmt/mod.rs:1186:21
[INFO] [stdout]    6:     0x55625630b493 - std::io::Write::write_fmt::h509ff860e5956e5e
[INFO] [stdout]                                at /rustc/90b35a6239c3d8bdabc530a6a0816f7ff89a0aaf/library/std/src/io/mod.rs:1839:15
[INFO] [stdout]    7:     0x55625630ec02 - std::sys::backtrace::BacktraceLock::print::h2395ccd2c84ba3aa
[INFO] [stdout]                                at /rustc/90b35a6239c3d8bdabc530a6a0816f7ff89a0aaf/library/std/src/sys/backtrace.rs:42:9
[INFO] [stdout]    8:     0x55625631021a - std::panicking::default_hook::{{closure}}::he19d4c7230e07961
[INFO] [stdout]                                at /rustc/90b35a6239c3d8bdabc530a6a0816f7ff89a0aaf/library/std/src/panicking.rs:268:22
[INFO] [stdout]    9:     0x556256310024 - std::panicking::default_hook::hf614597d3c67bbdb
[INFO] [stdout]                                at /rustc/90b35a6239c3d8bdabc530a6a0816f7ff89a0aaf/library/std/src/panicking.rs:292:9
[INFO] [stdout]   10:     0x5562562d9869 - <alloc::boxed::Box<F,A> as core::ops::function::Fn<Args>>::call::h39b51ce4599c23d1
[INFO] [stdout]                                at /rustc/90b35a6239c3d8bdabc530a6a0816f7ff89a0aaf/library/alloc/src/boxed.rs:2468:9
[INFO] [stdout]   11:     0x5562562d9869 - test::test_main::{{closure}}::he977ae839a582784
[INFO] [stdout]                                at /rustc/90b35a6239c3d8bdabc530a6a0816f7ff89a0aaf/library/test/src/lib.rs:133:21
[INFO] [stdout]   12:     0x5562563108b8 - <alloc::boxed::Box<F,A> as core::ops::function::Fn<Args>>::call::h9455091b6b06f9fb
[INFO] [stdout]                                at /rustc/90b35a6239c3d8bdabc530a6a0816f7ff89a0aaf/library/alloc/src/boxed.rs:2468:9
[INFO] [stdout]   13:     0x5562563108b8 - std::panicking::rust_panic_with_hook::h8942133a8b252070
[INFO] [stdout]                                at /rustc/90b35a6239c3d8bdabc530a6a0816f7ff89a0aaf/library/std/src/panicking.rs:809:13
[INFO] [stdout]   14:     0x55625631067a - std::panicking::begin_panic_handler::{{closure}}::hb5f5963570096b29
[INFO] [stdout]                                at /rustc/90b35a6239c3d8bdabc530a6a0816f7ff89a0aaf/library/std/src/panicking.rs:674:13
[INFO] [stdout]   15:     0x55625630f299 - std::sys::backtrace::__rust_end_short_backtrace::h6208cedc1922feda
[INFO] [stdout]                                at /rustc/90b35a6239c3d8bdabc530a6a0816f7ff89a0aaf/library/std/src/sys/backtrace.rs:170:18
[INFO] [stdout]   16:     0x55625631030c - rust_begin_unwind
[INFO] [stdout]                                at /rustc/90b35a6239c3d8bdabc530a6a0816f7ff89a0aaf/library/std/src/panicking.rs:665:5
[INFO] [stdout]   17:     0x5562560cbca0 - core::panicking::panic_fmt::h0c3082644d1bf418
[INFO] [stdout]                                at /rustc/90b35a6239c3d8bdabc530a6a0816f7ff89a0aaf/library/core/src/panicking.rs:74:14
[INFO] [stdout]   18:     0x556256141ea7 - trybuild::run::<impl trybuild::Runner>::run::h46636f5cdcb30bcb
[INFO] [stdout]                                at /opt/rustwide/cargo-home/registry/src/index.crates.io-6f17d22bba15001f/trybuild-1.0.85/src/run.rs:101:13
[INFO] [stdout]   19:     0x5562561474e8 - <trybuild::TestCases as core::ops::drop::Drop>::drop::h06e4f97f4bb5d3a4
[INFO] [stdout]                                at /opt/rustwide/cargo-home/registry/src/index.crates.io-6f17d22bba15001f/trybuild-1.0.85/src/lib.rs:315:13
[INFO] [stdout]   20:     0x5562560cc7e7 - core::ptr::drop_in_place<trybuild::TestCases>::hc9632e0c8b14a550
[INFO] [stdout]                                at /rustc/90b35a6239c3d8bdabc530a6a0816f7ff89a0aaf/library/core/src/ptr/mod.rs:574:1
[INFO] [stdout]   21:     0x5562560ccf23 - trybuild::ui_tests::h116291674d979d94
[INFO] [stdout]                                at /opt/rustwide/workdir/unicard_types_macro/tests/trybuild.rs:5:1
[INFO] [stdout]   22:     0x5562560cceb7 - trybuild::ui_tests::{{closure}}::h35591b50a633745d
[INFO] [stdout]                                at /opt/rustwide/workdir/unicard_types_macro/tests/trybuild.rs:2:14
[INFO] [stdout]   23:     0x5562560cc746 - core::ops::function::FnOnce::call_once::h2b44c37dfa026bce
[INFO] [stdout]                                at /rustc/90b35a6239c3d8bdabc530a6a0816f7ff89a0aaf/library/core/src/ops/function.rs:250:5
[INFO] [stdout]   24:     0x5562562de22b - core::ops::function::FnOnce::call_once::h109cf8051a59b34e
[INFO] [stdout]                                at /rustc/90b35a6239c3d8bdabc530a6a0816f7ff89a0aaf/library/core/src/ops/function.rs:250:5
[INFO] [stdout]   25:     0x5562562de22b - test::__rust_begin_short_backtrace::hf4fff89d377446ba
[INFO] [stdout]                                at /rustc/90b35a6239c3d8bdabc530a6a0816f7ff89a0aaf/library/test/src/lib.rs:621:18
[INFO] [stdout]   26:     0x5562562dda67 - test::run_test_in_process::{{closure}}::h0e39181dd7ee5a43
[INFO] [stdout]                                at /rustc/90b35a6239c3d8bdabc530a6a0816f7ff89a0aaf/library/test/src/lib.rs:644:60
[INFO] [stdout]   27:     0x5562562dda67 - <core::panic::unwind_safe::AssertUnwindSafe<F> as core::ops::function::FnOnce<()>>::call_once::hc5a66a30f0bdfd1f
[INFO] [stdout]                                at /rustc/90b35a6239c3d8bdabc530a6a0816f7ff89a0aaf/library/core/src/panic/unwind_safe.rs:272:9
[INFO] [stdout]   28:     0x5562562dda67 - std::panicking::try::do_call::h873b7cf639554a5e
[INFO] [stdout]                                at /rustc/90b35a6239c3d8bdabc530a6a0816f7ff89a0aaf/library/std/src/panicking.rs:557:40
[INFO] [stdout]   29:     0x5562562dda67 - std::panicking::try::hdb19862fad9c8bd1
[INFO] [stdout]                                at /rustc/90b35a6239c3d8bdabc530a6a0816f7ff89a0aaf/library/std/src/panicking.rs:520:19
[INFO] [stdout]   30:     0x5562562dda67 - std::panic::catch_unwind::h281fe732d236d260
[INFO] [stdout]                                at /rustc/90b35a6239c3d8bdabc530a6a0816f7ff89a0aaf/library/std/src/panic.rs:358:14
[INFO] [stdout]   31:     0x5562562dda67 - test::run_test_in_process::h949b6df8457ed338
[INFO] [stdout]                                at /rustc/90b35a6239c3d8bdabc530a6a0816f7ff89a0aaf/library/test/src/lib.rs:644:27
[INFO] [stdout]   32:     0x5562562dda67 - test::run_test::{{closure}}::h52c556a6d4740e10
[INFO] [stdout]                                at /rustc/90b35a6239c3d8bdabc530a6a0816f7ff89a0aaf/library/test/src/lib.rs:565:43
[INFO] [stdout]   33:     0x5562562a2d44 - test::run_test::{{closure}}::h4237f6381c45ccb9
[INFO] [stdout]                                at /rustc/90b35a6239c3d8bdabc530a6a0816f7ff89a0aaf/library/test/src/lib.rs:595:41
[INFO] [stdout]   34:     0x5562562a2d44 - std::sys::backtrace::__rust_begin_short_backtrace::h505c97a579eca628
[INFO] [stdout]                                at /rustc/90b35a6239c3d8bdabc530a6a0816f7ff89a0aaf/library/std/src/sys/backtrace.rs:154:18
[INFO] [stdout]   35:     0x5562562a640e - std::thread::Builder::spawn_unchecked_::{{closure}}::{{closure}}::h9e86b2e2bc107ea3
[INFO] [stdout]                                at /rustc/90b35a6239c3d8bdabc530a6a0816f7ff89a0aaf/library/std/src/thread/mod.rs:538:17
[INFO] [stdout]   36:     0x5562562a640e - <core::panic::unwind_safe::AssertUnwindSafe<F> as core::ops::function::FnOnce<()>>::call_once::h8b06ddb275ff4a25
[INFO] [stdout]                                at /rustc/90b35a6239c3d8bdabc530a6a0816f7ff89a0aaf/library/core/src/panic/unwind_safe.rs:272:9
[INFO] [stdout]   37:     0x5562562a640e - std::panicking::try::do_call::hb26ecd7cd9a9355d
[INFO] [stdout]                                at /rustc/90b35a6239c3d8bdabc530a6a0816f7ff89a0aaf/library/std/src/panicking.rs:557:40
[INFO] [stdout]   38:     0x5562562a640e - std::panicking::try::h8ddeca9d705f9069
[INFO] [stdout]                                at /rustc/90b35a6239c3d8bdabc530a6a0816f7ff89a0aaf/library/std/src/panicking.rs:520:19
[INFO] [stdout]   39:     0x5562562a640e - std::panic::catch_unwind::h49e1c33078844c46
[INFO] [stdout]                                at /rustc/90b35a6239c3d8bdabc530a6a0816f7ff89a0aaf/library/std/src/panic.rs:358:14
[INFO] [stdout]   40:     0x5562562a640e - std::thread::Builder::spawn_unchecked_::{{closure}}::h6073db6ff56ad35d
[INFO] [stdout]                                at /rustc/90b35a6239c3d8bdabc530a6a0816f7ff89a0aaf/library/std/src/thread/mod.rs:537:30
[INFO] [stdout]   41:     0x5562562a640e - core::ops::function::FnOnce::call_once{{vtable.shim}}::h2c5a5f3779c774f1
[INFO] [stdout]                                at /rustc/90b35a6239c3d8bdabc530a6a0816f7ff89a0aaf/library/core/src/ops/function.rs:250:5
[INFO] [stdout]   42:     0x5562563155ab - <alloc::boxed::Box<F,A> as core::ops::function::FnOnce<Args>>::call_once::hf75717d9f28faebf
[INFO] [stdout]                                at /rustc/90b35a6239c3d8bdabc530a6a0816f7ff89a0aaf/library/alloc/src/boxed.rs:2454:9
[INFO] [stdout]   43:     0x5562563155ab - <alloc::boxed::Box<F,A> as core::ops::function::FnOnce<Args>>::call_once::h7bd883a5f3c5f3c1
[INFO] [stdout]                                at /rustc/90b35a6239c3d8bdabc530a6a0816f7ff89a0aaf/library/alloc/src/boxed.rs:2454:9
[INFO] [stdout]   44:     0x5562563155ab - std::sys::pal::unix::thread::Thread::new::thread_start::hcc78f3943333fa94
[INFO] [stdout]                                at /rustc/90b35a6239c3d8bdabc530a6a0816f7ff89a0aaf/library/std/src/sys/pal/unix/thread.rs:105:17
[INFO] [stdout]   45:     0x7a5d0b99aac3 - <unknown>
[INFO] [stdout]   46:     0x7a5d0ba2ba04 - clone
[INFO] [stdout]   47:                0x0 - <unknown>
[INFO] [stdout] 
[INFO] [stdout] 
[INFO] [stdout] failures:
[INFO] [stdout]     ui_tests
[INFO] [stdout] 
[INFO] [stdout] test result: FAILED. 0 passed; 1 failed; 0 ignored; 0 measured; 0 filtered out; finished in 9.49s
[INFO] [stdout] 
[INFO] [stderr] error: test failed, to rerun pass `-p unicard_types_macro --test trybuild`
[INFO] running `Command { std: "docker" "inspect" "273ddcb0f06b406e33291568201919684d43124578faeff599d8858f0eb88b13", kill_on_drop: false }`
[INFO] running `Command { std: "docker" "rm" "-f" "273ddcb0f06b406e33291568201919684d43124578faeff599d8858f0eb88b13", kill_on_drop: false }`
[INFO] [stdout] 273ddcb0f06b406e33291568201919684d43124578faeff599d8858f0eb88b13
