[INFO] cloning repository https://github.com/zu1k/b_search
[INFO] running `Command { std: "git" "-c" "credential.helper=" "-c" "credential.helper=/workspace/cargo-home/bin/git-credential-null" "clone" "--bare" "https://github.com/zu1k/b_search" "/workspace/cache/git-repos/https%3A%2F%2Fgithub.com%2Fzu1k%2Fb_search", kill_on_drop: false }`
[INFO] [stderr] Cloning into bare repository '/workspace/cache/git-repos/https%3A%2F%2Fgithub.com%2Fzu1k%2Fb_search'...
[INFO] running `Command { std: "git" "rev-parse" "HEAD", kill_on_drop: false }`
[INFO] [stdout] 60551f08079616d12db73d3c32d1a015153072f9
[INFO] testing zu1k/b_search against beta-2024-12-08 for beta-1.84.0-4-retry
[INFO] running `Command { std: "git" "clone" "/workspace/cache/git-repos/https%3A%2F%2Fgithub.com%2Fzu1k%2Fb_search" "/workspace/builds/worker-2-tc2/source", kill_on_drop: false }`
[INFO] [stderr] Cloning into '/workspace/builds/worker-2-tc2/source'...
[INFO] [stderr] done.
[INFO] validating manifest of git repo https://github.com/zu1k/b_search on toolchain beta-2024-12-08
[INFO] running `Command { std: CARGO_HOME="/workspace/cargo-home" RUSTUP_HOME="/workspace/rustup-home" "/workspace/cargo-home/bin/cargo" "+beta-2024-12-08" "metadata" "--manifest-path" "Cargo.toml" "--no-deps", kill_on_drop: false }`
[INFO] started tweaking git repo https://github.com/zu1k/b_search
[INFO] finished tweaking git repo https://github.com/zu1k/b_search
[INFO] tweaked toml for git repo https://github.com/zu1k/b_search written to /workspace/builds/worker-2-tc2/source/Cargo.toml
[INFO] crate git repo https://github.com/zu1k/b_search already has a lockfile, it will not be regenerated
[INFO] running `Command { std: CARGO_HOME="/workspace/cargo-home" RUSTUP_HOME="/workspace/rustup-home" "/workspace/cargo-home/bin/cargo" "+beta-2024-12-08" "fetch" "--manifest-path" "Cargo.toml", kill_on_drop: false }`
[INFO] running `Command { std: "docker" "create" "-v" "/var/lib/crater-agent-workspace/builds/worker-2-tc2/target:/opt/rustwide/target:rw,Z" "-v" "/var/lib/crater-agent-workspace/builds/worker-2-tc2/source:/opt/rustwide/workdir:ro,Z" "-v" "/var/lib/crater-agent-workspace/cargo-home:/opt/rustwide/cargo-home:ro,Z" "-v" "/var/lib/crater-agent-workspace/rustup-home:/opt/rustwide/rustup-home:ro,Z" "-e" "SOURCE_DIR=/opt/rustwide/workdir" "-e" "CARGO_TARGET_DIR=/opt/rustwide/target" "-e" "CARGO_HOME=/opt/rustwide/cargo-home" "-e" "RUSTUP_HOME=/opt/rustwide/rustup-home" "-w" "/opt/rustwide/workdir" "-m" "1610612736" "--user" "0:0" "--network" "none" "ghcr.io/rust-lang/crates-build-env/linux@sha256:f3a9d4ad9d972b27faf3965f35b62e55ba32bbce8f20bc8fe909558a86702fde" "/opt/rustwide/cargo-home/bin/cargo" "+beta-2024-12-08" "metadata" "--no-deps" "--format-version=1", kill_on_drop: false }`
[INFO] [stdout] ce1ada6342a08ad3d82497ff393862ab82df64d906f8fd50669b087d01b51cca
[INFO] running `Command { std: "docker" "start" "-a" "ce1ada6342a08ad3d82497ff393862ab82df64d906f8fd50669b087d01b51cca", kill_on_drop: false }`
[INFO] running `Command { std: "docker" "inspect" "ce1ada6342a08ad3d82497ff393862ab82df64d906f8fd50669b087d01b51cca", kill_on_drop: false }`
[INFO] running `Command { std: "docker" "rm" "-f" "ce1ada6342a08ad3d82497ff393862ab82df64d906f8fd50669b087d01b51cca", kill_on_drop: false }`
[INFO] [stdout] ce1ada6342a08ad3d82497ff393862ab82df64d906f8fd50669b087d01b51cca
[INFO] running `Command { std: "docker" "create" "-v" "/var/lib/crater-agent-workspace/builds/worker-2-tc2/target:/opt/rustwide/target:rw,Z" "-v" "/var/lib/crater-agent-workspace/builds/worker-2-tc2/source:/opt/rustwide/workdir:ro,Z" "-v" "/var/lib/crater-agent-workspace/cargo-home:/opt/rustwide/cargo-home:ro,Z" "-v" "/var/lib/crater-agent-workspace/rustup-home:/opt/rustwide/rustup-home:ro,Z" "-e" "SOURCE_DIR=/opt/rustwide/workdir" "-e" "CARGO_TARGET_DIR=/opt/rustwide/target" "-e" "CARGO_INCREMENTAL=0" "-e" "RUST_BACKTRACE=full" "-e" "RUSTFLAGS=--cap-lints=warn" "-e" "RUSTDOCFLAGS=--cap-lints=warn" "-e" "CARGO_HOME=/opt/rustwide/cargo-home" "-e" "RUSTUP_HOME=/opt/rustwide/rustup-home" "-w" "/opt/rustwide/workdir" "-m" "1610612736" "--user" "0:0" "--network" "none" "ghcr.io/rust-lang/crates-build-env/linux@sha256:f3a9d4ad9d972b27faf3965f35b62e55ba32bbce8f20bc8fe909558a86702fde" "/opt/rustwide/cargo-home/bin/cargo" "+beta-2024-12-08" "build" "--frozen" "--message-format=json", kill_on_drop: false }`
[INFO] [stdout] 8e043baf0997afd1a6c55d7e13c3dc3e22f826fdb5e6d655358f921fab1d5ff2
[INFO] running `Command { std: "docker" "start" "-a" "8e043baf0997afd1a6c55d7e13c3dc3e22f826fdb5e6d655358f921fab1d5ff2", kill_on_drop: false }`
[INFO] [stderr]    Compiling cfg-if v1.0.0
[INFO] [stderr]    Compiling proc-macro2 v1.0.47
[INFO] [stderr]    Compiling unicode-ident v1.0.5
[INFO] [stderr]    Compiling quote v1.0.21
[INFO] [stderr]    Compiling syn v1.0.103
[INFO] [stderr]    Compiling libc v0.2.137
[INFO] [stderr]    Compiling autocfg v1.1.0
[INFO] [stderr]    Compiling serde_derive v1.0.147
[INFO] [stderr]    Compiling memchr v2.5.0
[INFO] [stderr]    Compiling serde v1.0.147
[INFO] [stderr]    Compiling siphasher v0.3.10
[INFO] [stderr]    Compiling crossbeam-utils v0.8.12
[INFO] [stderr]    Compiling version_check v0.9.4
[INFO] [stderr]    Compiling once_cell v1.16.0
[INFO] [stderr]    Compiling byteorder v1.4.3
[INFO] [stderr]    Compiling rand_core v0.6.4
[INFO] [stderr]    Compiling fnv v1.0.7
[INFO] [stderr]    Compiling rayon-core v1.9.3
[INFO] [stderr]    Compiling scopeguard v1.1.0
[INFO] [stderr]    Compiling rand v0.8.5
[INFO] [stderr]    Compiling phf_shared v0.11.1
[INFO] [stderr]    Compiling log v0.4.17
[INFO] [stderr]    Compiling ppv-lite86 v0.2.17
[INFO] [stderr]    Compiling ident_case v1.0.1
[INFO] [stderr]    Compiling strsim v0.10.0
[INFO] [stderr]    Compiling crunchy v0.2.2
[INFO] [stderr]    Compiling regex-syntax v0.6.28
[INFO] [stderr]    Compiling memoffset v0.6.5
[INFO] [stderr]    Compiling crossbeam-epoch v0.9.11
[INFO] [stderr]    Compiling stable_deref_trait v1.2.0
[INFO] [stderr]    Compiling rayon v1.5.3
[INFO] [stderr]    Compiling ahash v0.7.6
[INFO] [stderr]    Compiling ownedbytes v0.3.0
[INFO] [stderr]    Compiling smallvec v1.10.0
[INFO] [stderr]    Compiling async-trait v0.1.58
[INFO] [stderr]    Compiling crc32fast v1.3.2
[INFO] [stderr]    Compiling either v1.8.0
[INFO] [stderr]    Compiling ryu v1.0.11
[INFO] [stderr]    Compiling itoa v1.0.4
[INFO] [stderr]    Compiling serde_json v1.0.87
[INFO] [stderr]    Compiling thiserror v1.0.37
[INFO] [stderr]    Compiling crossbeam-channel v0.5.6
[INFO] [stderr]    Compiling lazy_static v1.4.0
[INFO] [stderr]    Compiling aho-corasick v0.7.19
[INFO] [stderr]    Compiling combine v4.6.6
[INFO] [stderr]    Compiling phf_generator v0.11.1
[INFO] [stderr]    Compiling tantivy-common v0.3.0
[INFO] [stderr]    Compiling instant v0.1.12
[INFO] [stderr]    Compiling phf_codegen v0.11.1
[INFO] [stderr]    Compiling remove_dir_all v0.5.3
[INFO] [stderr]    Compiling utf8-ranges v1.0.5
[INFO] [stderr]    Compiling diff v0.1.13
[INFO] [stderr]    Compiling crossbeam-deque v0.8.2
[INFO] [stderr]    Compiling jieba-rs v0.6.7
[INFO] [stderr]    Compiling yansi v0.5.1
[INFO] [stderr]    Compiling fastrand v1.8.0
[INFO] [stderr]    Compiling tantivy-bitpacker v0.2.0
[INFO] [stderr]    Compiling regex-syntax v0.4.2
[INFO] [stderr]    Compiling time-core v0.1.0
[INFO] [stderr]    Compiling pretty_assertions v1.3.0
[INFO] [stderr]    Compiling phf v0.11.1
[INFO] [stderr]    Compiling measure_time v0.8.2
[INFO] [stderr]    Compiling fastfield_codecs v0.2.0
[INFO] [stderr]    Compiling bitpacking v0.8.4
[INFO] [stderr]    Compiling itertools v0.10.5
[INFO] [stderr]    Compiling cedarwood v0.4.6
[INFO] [stderr]    Compiling murmurhash32 v0.2.0
[INFO] [stderr]    Compiling fxhash v0.2.1
[INFO] [stderr]    Compiling fastdivide v0.4.0
[INFO] [stderr]    Compiling getrandom v0.2.8
[INFO] [stderr]    Compiling num_cpus v1.14.0
[INFO] [stderr]    Compiling tempfile v3.3.0
[INFO] [stderr]    Compiling memmap2 v0.5.8
[INFO] [stderr]    Compiling fs2 v0.4.3
[INFO] [stderr]    Compiling levenshtein_automata v0.2.1
[INFO] [stderr]    Compiling oneshot v0.1.5
[INFO] [stderr]    Compiling lz4_flex v0.9.5
[INFO] [stderr]    Compiling htmlescape v0.3.1
[INFO] [stderr]    Compiling base64 v0.13.1
[INFO] [stderr]    Compiling rand_chacha v0.3.1
[INFO] [stderr]    Compiling hashbrown v0.12.3
[INFO] [stderr]    Compiling census v0.4.1
[INFO] [stderr]    Compiling downcast-rs v1.2.0
[INFO] [stderr]    Compiling regex-automata v0.1.10
[INFO] [stderr]    Compiling csv-core v0.1.10
[INFO] [stderr]    Compiling itoa v0.4.8
[INFO] [stderr]    Compiling tantivy-fst v0.3.0
[INFO] [stderr]    Compiling regex v1.7.0
[INFO] [stderr]    Compiling lru v0.7.8
[INFO] [stderr]    Compiling fail v0.5.1
[INFO] [stderr]    Compiling darling_core v0.14.2
[INFO] [stderr]    Compiling tantivy-query-grammar v0.18.0
[INFO] [stderr]    Compiling thiserror-impl v1.0.37
[INFO] [stderr]    Compiling darling_macro v0.14.2
[INFO] [stderr]    Compiling darling v0.14.2
[INFO] [stderr]    Compiling serde_with_macros v2.0.1
[INFO] [stderr]    Compiling rust-stemmers v1.2.0
[INFO] [stderr]    Compiling uuid v1.2.1
[INFO] [stderr]    Compiling time v0.3.17
[INFO] [stderr]    Compiling bstr v0.2.17
[INFO] [stderr]    Compiling serde_with v2.0.1
[INFO] [stderr]    Compiling csv v1.1.6
[INFO] [stderr]    Compiling tantivy v0.18.1
[INFO] [stderr]    Compiling cang-jie v0.14.0
[INFO] [stderr]    Compiling libgen-search v0.1.0 (/opt/rustwide/workdir)
[INFO] [stdout] warning: unused variable: `publisher`
[INFO] [stdout]    --> src/main.rs:164:9
[INFO] [stdout]     |
[INFO] [stdout] 164 |     let publisher = schema_builder.add_text_field("publisher", text_options.clone());
[INFO] [stdout]     |         ^^^^^^^^^ help: if this is intentional, prefix it with an underscore: `_publisher`
[INFO] [stdout]     |
[INFO] [stdout]     = note: `#[warn(unused_variables)]` on by default
[INFO] [stdout] 
[INFO] [stdout] 
[INFO] [stdout] warning: unused variable: `language`
[INFO] [stdout]    --> src/main.rs:165:9
[INFO] [stdout]     |
[INFO] [stdout] 165 |     let language = schema_builder.add_text_field("language", text_options.clone());
[INFO] [stdout]     |         ^^^^^^^^ help: if this is intentional, prefix it with an underscore: `_language`
[INFO] [stdout] 
[INFO] [stdout] 
[INFO] [stdout] warning: unused variable: `year`
[INFO] [stdout]    --> src/main.rs:166:9
[INFO] [stdout]     |
[INFO] [stdout] 166 |     let year = schema_builder.add_u64_field("year", STORED);
[INFO] [stdout]     |         ^^^^ help: if this is intentional, prefix it with an underscore: `_year`
[INFO] [stdout] 
[INFO] [stdout] 
[INFO] [stdout] warning: unused variable: `extension`
[INFO] [stdout]    --> src/main.rs:169:9
[INFO] [stdout]     |
[INFO] [stdout] 169 |     let extension = schema_builder.add_text_field("extension", STRING | STORED);
[INFO] [stdout]     |         ^^^^^^^^^ help: if this is intentional, prefix it with an underscore: `_extension`
[INFO] [stdout] 
[INFO] [stdout] 
[INFO] [stdout] warning: unused variable: `ipfs_cid`
[INFO] [stdout]    --> src/main.rs:171:9
[INFO] [stdout]     |
[INFO] [stdout] 171 |     let ipfs_cid = schema_builder.add_text_field("ipfs_cid", STRING | STORED);
[INFO] [stdout]     |         ^^^^^^^^ help: if this is intentional, prefix it with an underscore: `_ipfs_cid`
[INFO] [stdout] 
[INFO] [stdout] 
[INFO] [stdout] warning: function `index` is never used
[INFO] [stdout]   --> src/main.rs:82:4
[INFO] [stdout]    |
[INFO] [stdout] 82 | fn index() {
[INFO] [stdout]    |    ^^^^^
[INFO] [stdout]    |
[INFO] [stdout]    = note: `#[warn(dead_code)]` on by default
[INFO] [stdout] 
[INFO] [stdout] 
[INFO] [stderr]     Finished `dev` profile [unoptimized + debuginfo] target(s) in 47.03s
[INFO] running `Command { std: "docker" "inspect" "8e043baf0997afd1a6c55d7e13c3dc3e22f826fdb5e6d655358f921fab1d5ff2", kill_on_drop: false }`
[INFO] running `Command { std: "docker" "rm" "-f" "8e043baf0997afd1a6c55d7e13c3dc3e22f826fdb5e6d655358f921fab1d5ff2", kill_on_drop: false }`
[INFO] [stdout] 8e043baf0997afd1a6c55d7e13c3dc3e22f826fdb5e6d655358f921fab1d5ff2
[INFO] running `Command { std: "docker" "create" "-v" "/var/lib/crater-agent-workspace/builds/worker-2-tc2/target:/opt/rustwide/target:rw,Z" "-v" "/var/lib/crater-agent-workspace/builds/worker-2-tc2/source:/opt/rustwide/workdir:ro,Z" "-v" "/var/lib/crater-agent-workspace/cargo-home:/opt/rustwide/cargo-home:ro,Z" "-v" "/var/lib/crater-agent-workspace/rustup-home:/opt/rustwide/rustup-home:ro,Z" "-e" "SOURCE_DIR=/opt/rustwide/workdir" "-e" "CARGO_TARGET_DIR=/opt/rustwide/target" "-e" "CARGO_INCREMENTAL=0" "-e" "RUST_BACKTRACE=full" "-e" "RUSTFLAGS=--cap-lints=warn" "-e" "RUSTDOCFLAGS=--cap-lints=warn" "-e" "CARGO_HOME=/opt/rustwide/cargo-home" "-e" "RUSTUP_HOME=/opt/rustwide/rustup-home" "-w" "/opt/rustwide/workdir" "-m" "1610612736" "--user" "0:0" "--network" "none" "ghcr.io/rust-lang/crates-build-env/linux@sha256:f3a9d4ad9d972b27faf3965f35b62e55ba32bbce8f20bc8fe909558a86702fde" "/opt/rustwide/cargo-home/bin/cargo" "+beta-2024-12-08" "test" "--frozen" "--no-run" "--message-format=json", kill_on_drop: false }`
[INFO] [stdout] 9df83a66da4d73aa30675dcb068874fd1e492da25a896e48f5630ab072e4af8a
[INFO] running `Command { std: "docker" "start" "-a" "9df83a66da4d73aa30675dcb068874fd1e492da25a896e48f5630ab072e4af8a", kill_on_drop: false }`
[INFO] [stderr]    Compiling libgen-search v0.1.0 (/opt/rustwide/workdir)
[INFO] [stdout] warning: unused variable: `publisher`
[INFO] [stdout]    --> src/main.rs:164:9
[INFO] [stdout]     |
[INFO] [stdout] 164 |     let publisher = schema_builder.add_text_field("publisher", text_options.clone());
[INFO] [stdout]     |         ^^^^^^^^^ help: if this is intentional, prefix it with an underscore: `_publisher`
[INFO] [stdout]     |
[INFO] [stdout]     = note: `#[warn(unused_variables)]` on by default
[INFO] [stdout] 
[INFO] [stdout] 
[INFO] [stdout] warning: unused variable: `language`
[INFO] [stdout]    --> src/main.rs:165:9
[INFO] [stdout]     |
[INFO] [stdout] 165 |     let language = schema_builder.add_text_field("language", text_options.clone());
[INFO] [stdout]     |         ^^^^^^^^ help: if this is intentional, prefix it with an underscore: `_language`
[INFO] [stdout] 
[INFO] [stdout] 
[INFO] [stdout] warning: unused variable: `year`
[INFO] [stdout]    --> src/main.rs:166:9
[INFO] [stdout]     |
[INFO] [stdout] 166 |     let year = schema_builder.add_u64_field("year", STORED);
[INFO] [stdout]     |         ^^^^ help: if this is intentional, prefix it with an underscore: `_year`
[INFO] [stdout] 
[INFO] [stdout] 
[INFO] [stdout] warning: unused variable: `extension`
[INFO] [stdout]    --> src/main.rs:169:9
[INFO] [stdout]     |
[INFO] [stdout] 169 |     let extension = schema_builder.add_text_field("extension", STRING | STORED);
[INFO] [stdout]     |         ^^^^^^^^^ help: if this is intentional, prefix it with an underscore: `_extension`
[INFO] [stdout] 
[INFO] [stdout] 
[INFO] [stdout] warning: unused variable: `ipfs_cid`
[INFO] [stdout]    --> src/main.rs:171:9
[INFO] [stdout]     |
[INFO] [stdout] 171 |     let ipfs_cid = schema_builder.add_text_field("ipfs_cid", STRING | STORED);
[INFO] [stdout]     |         ^^^^^^^^ help: if this is intentional, prefix it with an underscore: `_ipfs_cid`
[INFO] [stdout] 
[INFO] [stdout] 
[INFO] [stdout] warning: function `index` is never used
[INFO] [stdout]   --> src/main.rs:82:4
[INFO] [stdout]    |
[INFO] [stdout] 82 | fn index() {
[INFO] [stdout]    |    ^^^^^
[INFO] [stdout]    |
[INFO] [stdout]    = note: `#[warn(dead_code)]` on by default
[INFO] [stdout] 
[INFO] [stdout] 
[INFO] [stderr]     Finished `test` profile [unoptimized + debuginfo] target(s) in 3.66s
[INFO] running `Command { std: "docker" "inspect" "9df83a66da4d73aa30675dcb068874fd1e492da25a896e48f5630ab072e4af8a", kill_on_drop: false }`
[INFO] running `Command { std: "docker" "rm" "-f" "9df83a66da4d73aa30675dcb068874fd1e492da25a896e48f5630ab072e4af8a", kill_on_drop: false }`
[INFO] [stdout] 9df83a66da4d73aa30675dcb068874fd1e492da25a896e48f5630ab072e4af8a
[INFO] running `Command { std: "docker" "create" "-v" "/var/lib/crater-agent-workspace/builds/worker-2-tc2/target:/opt/rustwide/target:rw,Z" "-v" "/var/lib/crater-agent-workspace/builds/worker-2-tc2/source:/opt/rustwide/workdir:ro,Z" "-v" "/var/lib/crater-agent-workspace/cargo-home:/opt/rustwide/cargo-home:ro,Z" "-v" "/var/lib/crater-agent-workspace/rustup-home:/opt/rustwide/rustup-home:ro,Z" "-e" "SOURCE_DIR=/opt/rustwide/workdir" "-e" "CARGO_TARGET_DIR=/opt/rustwide/target" "-e" "CARGO_INCREMENTAL=0" "-e" "RUST_BACKTRACE=full" "-e" "RUSTFLAGS=--cap-lints=warn" "-e" "RUSTDOCFLAGS=--cap-lints=warn" "-e" "CARGO_HOME=/opt/rustwide/cargo-home" "-e" "RUSTUP_HOME=/opt/rustwide/rustup-home" "-w" "/opt/rustwide/workdir" "-m" "1610612736" "--user" "0:0" "--network" "none" "ghcr.io/rust-lang/crates-build-env/linux@sha256:f3a9d4ad9d972b27faf3965f35b62e55ba32bbce8f20bc8fe909558a86702fde" "/opt/rustwide/cargo-home/bin/cargo" "+beta-2024-12-08" "test" "--frozen", kill_on_drop: false }`
[INFO] [stdout] 8b8cc74ffc1bfde053985818f755abd6099600374f67c2d6f7616bfa9130f00f
[INFO] running `Command { std: "docker" "start" "-a" "8b8cc74ffc1bfde053985818f755abd6099600374f67c2d6f7616bfa9130f00f", kill_on_drop: false }`
[INFO] [stderr] warning: unused variable: `publisher`
[INFO] [stderr]    --> src/main.rs:164:9
[INFO] [stderr]     |
[INFO] [stderr] 164 |     let publisher = schema_builder.add_text_field("publisher", text_options.clone());
[INFO] [stderr]     |         ^^^^^^^^^ help: if this is intentional, prefix it with an underscore: `_publisher`
[INFO] [stderr]     |
[INFO] [stderr]     = note: `#[warn(unused_variables)]` on by default
[INFO] [stderr] 
[INFO] [stderr] warning: unused variable: `language`
[INFO] [stderr]    --> src/main.rs:165:9
[INFO] [stderr]     |
[INFO] [stderr] 165 |     let language = schema_builder.add_text_field("language", text_options.clone());
[INFO] [stderr]     |         ^^^^^^^^ help: if this is intentional, prefix it with an underscore: `_language`
[INFO] [stderr] 
[INFO] [stderr] warning: unused variable: `year`
[INFO] [stderr]    --> src/main.rs:166:9
[INFO] [stderr]     |
[INFO] [stderr] 166 |     let year = schema_builder.add_u64_field("year", STORED);
[INFO] [stderr]     |         ^^^^ help: if this is intentional, prefix it with an underscore: `_year`
[INFO] [stderr] 
[INFO] [stderr] warning: unused variable: `extension`
[INFO] [stderr]    --> src/main.rs:169:9
[INFO] [stderr]     |
[INFO] [stderr] 169 |     let extension = schema_builder.add_text_field("extension", STRING | STORED);
[INFO] [stderr]     |         ^^^^^^^^^ help: if this is intentional, prefix it with an underscore: `_extension`
[INFO] [stderr] 
[INFO] [stderr] warning: unused variable: `ipfs_cid`
[INFO] [stderr]    --> src/main.rs:171:9
[INFO] [stderr]     |
[INFO] [stderr] 171 |     let ipfs_cid = schema_builder.add_text_field("ipfs_cid", STRING | STORED);
[INFO] [stderr]     |         ^^^^^^^^ help: if this is intentional, prefix it with an underscore: `_ipfs_cid`
[INFO] [stderr] 
[INFO] [stderr] warning: function `index` is never used
[INFO] [stderr]   --> src/main.rs:82:4
[INFO] [stderr]    |
[INFO] [stderr] 82 | fn index() {
[INFO] [stderr]    |    ^^^^^
[INFO] [stderr]    |
[INFO] [stderr]    = note: `#[warn(dead_code)]` on by default
[INFO] [stderr] 
[INFO] [stderr] warning: `libgen-search` (bin "libgen-search" test) generated 6 warnings
[INFO] [stderr]     Finished `test` profile [unoptimized + debuginfo] target(s) in 0.17s
[INFO] [stderr]      Running unittests src/main.rs (/opt/rustwide/target/debug/deps/libgen_search-2207bddcd517a032)
[INFO] [stdout] 
[INFO] [stdout] running 1 test
[INFO] [stdout] test test_csv_der ... FAILED
[INFO] [stdout] 
[INFO] [stdout] failures:
[INFO] [stdout] 
[INFO] [stdout] ---- test_csv_der stdout ----
[INFO] [stdout] thread 'test_csv_der' panicked at src/main.rs:215:44:
[INFO] [stdout] called `Result::unwrap()` on an `Err` value: Os { code: 2, kind: NotFound, message: "No such file or directory" }
[INFO] [stdout] stack backtrace:
[INFO] [stdout]    0:     0x61c2d4c7a9ba - std::backtrace_rs::backtrace::libunwind::trace::h8810477743020387
[INFO] [stdout]                                at /rustc/202008a1b8de96d2e5b6bc02d379db03a877d34d/library/std/src/../../backtrace/src/backtrace/libunwind.rs:116:5
[INFO] [stdout]    1:     0x61c2d4c7a9ba - std::backtrace_rs::backtrace::trace_unsynchronized::h3aa55355dd6c54a6
[INFO] [stdout]                                at /rustc/202008a1b8de96d2e5b6bc02d379db03a877d34d/library/std/src/../../backtrace/src/backtrace/mod.rs:66:5
[INFO] [stdout]    2:     0x61c2d4c7a9ba - std::sys::backtrace::_print_fmt::h8588b0f62410823f
[INFO] [stdout]                                at /rustc/202008a1b8de96d2e5b6bc02d379db03a877d34d/library/std/src/sys/backtrace.rs:66:9
[INFO] [stdout]    3:     0x61c2d4c7a9ba - <std::sys::backtrace::BacktraceLock::print::DisplayBacktrace as core::fmt::Display>::fmt::h98c26ac25ffe89bb
[INFO] [stdout]                                at /rustc/202008a1b8de96d2e5b6bc02d379db03a877d34d/library/std/src/sys/backtrace.rs:39:26
[INFO] [stdout]    4:     0x61c2d4ca0453 - core::fmt::rt::Argument::fmt::hf95377f4aebd453b
[INFO] [stdout]                                at /rustc/202008a1b8de96d2e5b6bc02d379db03a877d34d/library/core/src/fmt/rt.rs:177:76
[INFO] [stdout]    5:     0x61c2d4ca0453 - core::fmt::write::h0dd5f6e2238c7982
[INFO] [stdout]                                at /rustc/202008a1b8de96d2e5b6bc02d379db03a877d34d/library/core/src/fmt/mod.rs:1189:21
[INFO] [stdout]    6:     0x61c2d4c77b53 - std::io::Write::write_fmt::h03bb0ca26e6faf8c
[INFO] [stdout]                                at /rustc/202008a1b8de96d2e5b6bc02d379db03a877d34d/library/std/src/io/mod.rs:1884:15
[INFO] [stdout]    7:     0x61c2d4c7a802 - std::sys::backtrace::BacktraceLock::print::h5c19c1c038ee186d
[INFO] [stdout]                                at /rustc/202008a1b8de96d2e5b6bc02d379db03a877d34d/library/std/src/sys/backtrace.rs:42:9
[INFO] [stdout]    8:     0x61c2d4c7be3d - std::panicking::default_hook::{{closure}}::h77172f079a1fcb13
[INFO] [stdout]                                at /rustc/202008a1b8de96d2e5b6bc02d379db03a877d34d/library/std/src/panicking.rs:268:22
[INFO] [stdout]    9:     0x61c2d4c7bc47 - std::panicking::default_hook::he5f8e3b203ccddba
[INFO] [stdout]                                at /rustc/202008a1b8de96d2e5b6bc02d379db03a877d34d/library/std/src/panicking.rs:292:9
[INFO] [stdout]   10:     0x61c2d4c3e477 - <alloc::boxed::Box<F,A> as core::ops::function::Fn<Args>>::call::h7a3c7b4a1ae77f2f
[INFO] [stdout]                                at /rustc/202008a1b8de96d2e5b6bc02d379db03a877d34d/library/alloc/src/boxed.rs:1986:9
[INFO] [stdout]   11:     0x61c2d4c3e477 - test::test_main::{{closure}}::hf0d3b69ae9b353d1
[INFO] [stdout]                                at /rustc/202008a1b8de96d2e5b6bc02d379db03a877d34d/library/test/src/lib.rs:134:21
[INFO] [stdout]   12:     0x61c2d4c7c4e8 - <alloc::boxed::Box<F,A> as core::ops::function::Fn<Args>>::call::h6332e82e7b189abd
[INFO] [stdout]                                at /rustc/202008a1b8de96d2e5b6bc02d379db03a877d34d/library/alloc/src/boxed.rs:1986:9
[INFO] [stdout]   13:     0x61c2d4c7c4e8 - std::panicking::rust_panic_with_hook::h53863d4e9018df39
[INFO] [stdout]                                at /rustc/202008a1b8de96d2e5b6bc02d379db03a877d34d/library/std/src/panicking.rs:809:13
[INFO] [stdout]   14:     0x61c2d4c7c2aa - std::panicking::begin_panic_handler::{{closure}}::h67280e6fa0757873
[INFO] [stdout]                                at /rustc/202008a1b8de96d2e5b6bc02d379db03a877d34d/library/std/src/panicking.rs:674:13
[INFO] [stdout]   15:     0x61c2d4c7ae99 - std::sys::backtrace::__rust_end_short_backtrace::h1dac3f54d6fbbeb2
[INFO] [stdout]                                at /rustc/202008a1b8de96d2e5b6bc02d379db03a877d34d/library/std/src/sys/backtrace.rs:170:18
[INFO] [stdout]   16:     0x61c2d4c7bf3c - rust_begin_unwind
[INFO] [stdout]                                at /rustc/202008a1b8de96d2e5b6bc02d379db03a877d34d/library/std/src/panicking.rs:665:5
[INFO] [stdout]   17:     0x61c2d4beaaa0 - core::panicking::panic_fmt::h6792bd1b2bf01041
[INFO] [stdout]                                at /rustc/202008a1b8de96d2e5b6bc02d379db03a877d34d/library/core/src/panicking.rs:76:14
[INFO] [stdout]   18:     0x61c2d4beaee6 - core::result::unwrap_failed::h05e0602ed34287c5
[INFO] [stdout]                                at /rustc/202008a1b8de96d2e5b6bc02d379db03a877d34d/library/core/src/result.rs:1699:5
[INFO] [stdout]   19:     0x61c2d4bf0e78 - core::result::Result<T,E>::unwrap::hd1c929c5888d4821
[INFO] [stdout]                                at /rustc/202008a1b8de96d2e5b6bc02d379db03a877d34d/library/core/src/result.rs:1104:23
[INFO] [stdout]   20:     0x61c2d4bf0e78 - libgen_search::test_csv_der::h2ad906dead8cc90f
[INFO] [stdout]                                at /opt/rustwide/workdir/src/main.rs:215:16
[INFO] [stdout]   21:     0x61c2d4bf0df7 - libgen_search::test_csv_der::{{closure}}::ha3901ddc7ec11975
[INFO] [stdout]                                at /opt/rustwide/workdir/src/main.rs:214:18
[INFO] [stdout]   22:     0x61c2d4beeb06 - core::ops::function::FnOnce::call_once::he8584c8d711da00f
[INFO] [stdout]                                at /rustc/202008a1b8de96d2e5b6bc02d379db03a877d34d/library/core/src/ops/function.rs:250:5
[INFO] [stdout]   23:     0x61c2d4c42f9b - core::ops::function::FnOnce::call_once::h871bf86719ec9aa4
[INFO] [stdout]                                at /rustc/202008a1b8de96d2e5b6bc02d379db03a877d34d/library/core/src/ops/function.rs:250:5
[INFO] [stdout]   24:     0x61c2d4c42f9b - test::__rust_begin_short_backtrace::h2167df1e2b7d76fd
[INFO] [stdout]                                at /rustc/202008a1b8de96d2e5b6bc02d379db03a877d34d/library/test/src/lib.rs:632:18
[INFO] [stdout]   25:     0x61c2d4c42988 - test::run_test_in_process::{{closure}}::h15d92f75a3adfb79
[INFO] [stdout]                                at /rustc/202008a1b8de96d2e5b6bc02d379db03a877d34d/library/test/src/lib.rs:655:60
[INFO] [stdout]   26:     0x61c2d4c42988 - <core::panic::unwind_safe::AssertUnwindSafe<F> as core::ops::function::FnOnce<()>>::call_once::hb6c8955835a8dbbb
[INFO] [stdout]                                at /rustc/202008a1b8de96d2e5b6bc02d379db03a877d34d/library/core/src/panic/unwind_safe.rs:272:9
[INFO] [stdout]   27:     0x61c2d4c42988 - std::panicking::try::do_call::hc79d0fc888a0bd30
[INFO] [stdout]                                at /rustc/202008a1b8de96d2e5b6bc02d379db03a877d34d/library/std/src/panicking.rs:557:40
[INFO] [stdout]   28:     0x61c2d4c42988 - std::panicking::try::hb8a7878e3a8589d6
[INFO] [stdout]                                at /rustc/202008a1b8de96d2e5b6bc02d379db03a877d34d/library/std/src/panicking.rs:520:19
[INFO] [stdout]   29:     0x61c2d4c42988 - std::panic::catch_unwind::hb8e4600ff0ff5cfa
[INFO] [stdout]                                at /rustc/202008a1b8de96d2e5b6bc02d379db03a877d34d/library/std/src/panic.rs:358:14
[INFO] [stdout]   30:     0x61c2d4c42988 - test::run_test_in_process::hc2900b0b18688dd6
[INFO] [stdout]                                at /rustc/202008a1b8de96d2e5b6bc02d379db03a877d34d/library/test/src/lib.rs:655:27
[INFO] [stdout]   31:     0x61c2d4c42988 - test::run_test::{{closure}}::hac2a9cb07be3d48d
[INFO] [stdout]                                at /rustc/202008a1b8de96d2e5b6bc02d379db03a877d34d/library/test/src/lib.rs:576:43
[INFO] [stdout]   32:     0x61c2d4c0642a - test::run_test::{{closure}}::h4a5b729e66a38cd8
[INFO] [stdout]                                at /rustc/202008a1b8de96d2e5b6bc02d379db03a877d34d/library/test/src/lib.rs:606:41
[INFO] [stdout]   33:     0x61c2d4c0642a - std::sys::backtrace::__rust_begin_short_backtrace::h0496fb742492f573
[INFO] [stdout]                                at /rustc/202008a1b8de96d2e5b6bc02d379db03a877d34d/library/std/src/sys/backtrace.rs:154:18
[INFO] [stdout]   34:     0x61c2d4c09da4 - std::thread::Builder::spawn_unchecked_::{{closure}}::{{closure}}::hbb6d257c550a54bd
[INFO] [stdout]                                at /rustc/202008a1b8de96d2e5b6bc02d379db03a877d34d/library/std/src/thread/mod.rs:561:17
[INFO] [stdout]   35:     0x61c2d4c09da4 - <core::panic::unwind_safe::AssertUnwindSafe<F> as core::ops::function::FnOnce<()>>::call_once::h46696fe4a6832328
[INFO] [stdout]                                at /rustc/202008a1b8de96d2e5b6bc02d379db03a877d34d/library/core/src/panic/unwind_safe.rs:272:9
[INFO] [stdout]   36:     0x61c2d4c09da4 - std::panicking::try::do_call::h2625a51b667bfb64
[INFO] [stdout]                                at /rustc/202008a1b8de96d2e5b6bc02d379db03a877d34d/library/std/src/panicking.rs:557:40
[INFO] [stdout]   37:     0x61c2d4c09da4 - std::panicking::try::hb956a59a1973aa4c
[INFO] [stdout]                                at /rustc/202008a1b8de96d2e5b6bc02d379db03a877d34d/library/std/src/panicking.rs:520:19
[INFO] [stdout]   38:     0x61c2d4c09da4 - std::panic::catch_unwind::h64f3b9d1067ef6a0
[INFO] [stdout]                                at /rustc/202008a1b8de96d2e5b6bc02d379db03a877d34d/library/std/src/panic.rs:358:14
[INFO] [stdout]   39:     0x61c2d4c09da4 - std::thread::Builder::spawn_unchecked_::{{closure}}::h42b2841295b6c0b2
[INFO] [stdout]                                at /rustc/202008a1b8de96d2e5b6bc02d379db03a877d34d/library/std/src/thread/mod.rs:559:30
[INFO] [stdout]   40:     0x61c2d4c09da4 - core::ops::function::FnOnce::call_once{{vtable.shim}}::h6127de71b8124639
[INFO] [stdout]                                at /rustc/202008a1b8de96d2e5b6bc02d379db03a877d34d/library/core/src/ops/function.rs:250:5
[INFO] [stdout]   41:     0x61c2d4c8043b - <alloc::boxed::Box<F,A> as core::ops::function::FnOnce<Args>>::call_once::h42f0ba71002a1b2c
[INFO] [stdout]                                at /rustc/202008a1b8de96d2e5b6bc02d379db03a877d34d/library/alloc/src/boxed.rs:1972:9
[INFO] [stdout]   42:     0x61c2d4c8043b - <alloc::boxed::Box<F,A> as core::ops::function::FnOnce<Args>>::call_once::had9e47d7a3dcecb8
[INFO] [stdout]                                at /rustc/202008a1b8de96d2e5b6bc02d379db03a877d34d/library/alloc/src/boxed.rs:1972:9
[INFO] [stdout]   43:     0x61c2d4c8043b - std::sys::pal::unix::thread::Thread::new::thread_start::h48cf765408f6f5f2
[INFO] [stdout]                                at /rustc/202008a1b8de96d2e5b6bc02d379db03a877d34d/library/std/src/sys/pal/unix/thread.rs:105:17
[INFO] [stdout]   44:     0x73483a4ecac3 - <unknown>
[INFO] [stdout]   45:     0x73483a57da04 - clone
[INFO] [stdout]   46:                0x0 - <unknown>
[INFO] [stdout] 
[INFO] [stdout] 
[INFO] [stdout] failures:
[INFO] [stdout]     test_csv_der
[INFO] [stdout] 
[INFO] [stdout] test result: FAILED. 0 passed; 1 failed; 0 ignored; 0 measured; 0 filtered out; finished in 0.14s
[INFO] [stdout] 
[INFO] [stderr] error: test failed, to rerun pass `--bin libgen-search`
[INFO] running `Command { std: "docker" "inspect" "8b8cc74ffc1bfde053985818f755abd6099600374f67c2d6f7616bfa9130f00f", kill_on_drop: false }`
[INFO] running `Command { std: "docker" "rm" "-f" "8b8cc74ffc1bfde053985818f755abd6099600374f67c2d6f7616bfa9130f00f", kill_on_drop: false }`
[INFO] [stdout] 8b8cc74ffc1bfde053985818f755abd6099600374f67c2d6f7616bfa9130f00f
