[INFO] cloning repository https://github.com/zsofiak96/hello-rocket
[INFO] running `Command { std: "git" "-c" "credential.helper=" "-c" "credential.helper=/workspace/cargo-home/bin/git-credential-null" "clone" "--bare" "https://github.com/zsofiak96/hello-rocket" "/workspace/cache/git-repos/https%3A%2F%2Fgithub.com%2Fzsofiak96%2Fhello-rocket", kill_on_drop: false }`
[INFO] [stderr] Cloning into bare repository '/workspace/cache/git-repos/https%3A%2F%2Fgithub.com%2Fzsofiak96%2Fhello-rocket'...
[INFO] running `Command { std: "git" "rev-parse" "HEAD", kill_on_drop: false }`
[INFO] [stdout] 7a05ae6c418124c634bcbdea608f5b1af881cf9b
[INFO] testing zsofiak96/hello-rocket against 1.83.0 for beta-1.84.0-4-retry
[INFO] running `Command { std: "git" "clone" "/workspace/cache/git-repos/https%3A%2F%2Fgithub.com%2Fzsofiak96%2Fhello-rocket" "/workspace/builds/worker-7-tc1/source", kill_on_drop: false }`
[INFO] [stderr] Cloning into '/workspace/builds/worker-7-tc1/source'...
[INFO] [stderr] done.
[INFO] validating manifest of git repo https://github.com/zsofiak96/hello-rocket on toolchain 1.83.0
[INFO] running `Command { std: CARGO_HOME="/workspace/cargo-home" RUSTUP_HOME="/workspace/rustup-home" "/workspace/cargo-home/bin/cargo" "+1.83.0" "metadata" "--manifest-path" "Cargo.toml" "--no-deps", kill_on_drop: false }`
[INFO] started tweaking git repo https://github.com/zsofiak96/hello-rocket
[INFO] finished tweaking git repo https://github.com/zsofiak96/hello-rocket
[INFO] tweaked toml for git repo https://github.com/zsofiak96/hello-rocket written to /workspace/builds/worker-7-tc1/source/Cargo.toml
[INFO] crate git repo https://github.com/zsofiak96/hello-rocket already has a lockfile, it will not be regenerated
[INFO] running `Command { std: CARGO_HOME="/workspace/cargo-home" RUSTUP_HOME="/workspace/rustup-home" "/workspace/cargo-home/bin/cargo" "+1.83.0" "fetch" "--manifest-path" "Cargo.toml", kill_on_drop: false }`
[INFO] running `Command { std: "docker" "create" "-v" "/var/lib/crater-agent-workspace/builds/worker-7-tc1/target:/opt/rustwide/target:rw,Z" "-v" "/var/lib/crater-agent-workspace/builds/worker-7-tc1/source:/opt/rustwide/workdir:ro,Z" "-v" "/var/lib/crater-agent-workspace/cargo-home:/opt/rustwide/cargo-home:ro,Z" "-v" "/var/lib/crater-agent-workspace/rustup-home:/opt/rustwide/rustup-home:ro,Z" "-e" "SOURCE_DIR=/opt/rustwide/workdir" "-e" "CARGO_TARGET_DIR=/opt/rustwide/target" "-e" "CARGO_HOME=/opt/rustwide/cargo-home" "-e" "RUSTUP_HOME=/opt/rustwide/rustup-home" "-w" "/opt/rustwide/workdir" "-m" "1610612736" "--user" "0:0" "--network" "none" "ghcr.io/rust-lang/crates-build-env/linux@sha256:f3a9d4ad9d972b27faf3965f35b62e55ba32bbce8f20bc8fe909558a86702fde" "/opt/rustwide/cargo-home/bin/cargo" "+1.83.0" "metadata" "--no-deps" "--format-version=1", kill_on_drop: false }`
[INFO] [stdout] 5b5e4d7fc0b1deb80910a36a81151809d47a169e7d01cd5aa8c07362ca225211
[INFO] running `Command { std: "docker" "start" "-a" "5b5e4d7fc0b1deb80910a36a81151809d47a169e7d01cd5aa8c07362ca225211", kill_on_drop: false }`
[INFO] running `Command { std: "docker" "inspect" "5b5e4d7fc0b1deb80910a36a81151809d47a169e7d01cd5aa8c07362ca225211", kill_on_drop: false }`
[INFO] running `Command { std: "docker" "rm" "-f" "5b5e4d7fc0b1deb80910a36a81151809d47a169e7d01cd5aa8c07362ca225211", kill_on_drop: false }`
[INFO] [stdout] 5b5e4d7fc0b1deb80910a36a81151809d47a169e7d01cd5aa8c07362ca225211
[INFO] running `Command { std: "docker" "create" "-v" "/var/lib/crater-agent-workspace/builds/worker-7-tc1/target:/opt/rustwide/target:rw,Z" "-v" "/var/lib/crater-agent-workspace/builds/worker-7-tc1/source:/opt/rustwide/workdir:ro,Z" "-v" "/var/lib/crater-agent-workspace/cargo-home:/opt/rustwide/cargo-home:ro,Z" "-v" "/var/lib/crater-agent-workspace/rustup-home:/opt/rustwide/rustup-home:ro,Z" "-e" "SOURCE_DIR=/opt/rustwide/workdir" "-e" "CARGO_TARGET_DIR=/opt/rustwide/target" "-e" "CARGO_INCREMENTAL=0" "-e" "RUST_BACKTRACE=full" "-e" "RUSTFLAGS=--cap-lints=warn" "-e" "RUSTDOCFLAGS=--cap-lints=warn" "-e" "CARGO_HOME=/opt/rustwide/cargo-home" "-e" "RUSTUP_HOME=/opt/rustwide/rustup-home" "-w" "/opt/rustwide/workdir" "-m" "1610612736" "--user" "0:0" "--network" "none" "ghcr.io/rust-lang/crates-build-env/linux@sha256:f3a9d4ad9d972b27faf3965f35b62e55ba32bbce8f20bc8fe909558a86702fde" "/opt/rustwide/cargo-home/bin/cargo" "+1.83.0" "build" "--frozen" "--message-format=json", kill_on_drop: false }`
[INFO] [stdout] 6a54d6e42ae1a158b8297467053e51e0e400fa4559f2ed54165edce525e5cfe3
[INFO] running `Command { std: "docker" "start" "-a" "6a54d6e42ae1a158b8297467053e51e0e400fa4559f2ed54165edce525e5cfe3", kill_on_drop: false }`
[INFO] [stderr]    Compiling proc-macro2 v1.0.84
[INFO] [stderr]    Compiling version_check v0.9.4
[INFO] [stderr]    Compiling unicode-ident v1.0.12
[INFO] [stderr]    Compiling libc v0.2.155
[INFO] [stderr]    Compiling autocfg v1.3.0
[INFO] [stderr]    Compiling pin-project-lite v0.2.14
[INFO] [stderr]    Compiling bytes v1.6.0
[INFO] [stderr]    Compiling serde v1.0.203
[INFO] [stderr]    Compiling cfg-if v1.0.0
[INFO] [stderr]    Compiling itoa v1.0.11
[INFO] [stderr]    Compiling memchr v2.7.2
[INFO] [stderr]    Compiling pin-utils v0.1.0
[INFO] [stderr]    Compiling yansi v1.0.1
[INFO] [stderr]    Compiling typenum v1.17.0
[INFO] [stderr]    Compiling futures-core v0.3.30
[INFO] [stderr]    Compiling equivalent v1.0.1
[INFO] [stderr]    Compiling fnv v1.0.7
[INFO] [stderr]    Compiling hashbrown v0.14.5
[INFO] [stderr]    Compiling futures-sink v0.3.30
[INFO] [stderr]    Compiling httparse v1.8.0
[INFO] [stderr]    Compiling once_cell v1.19.0
[INFO] [stderr]    Compiling futures-task v0.3.30
[INFO] [stderr]    Compiling futures-io v0.3.30
[INFO] [stderr]    Compiling futures-channel v0.3.30
[INFO] [stderr]    Compiling smallvec v1.13.2
[INFO] [stderr]    Compiling powerfmt v0.2.0
[INFO] [stderr]    Compiling tracing-core v0.1.32
[INFO] [stderr]    Compiling subtle v2.5.0
[INFO] [stderr]    Compiling num-conv v0.1.0
[INFO] [stderr]    Compiling proc-macro2-diagnostics v0.10.1
[INFO] [stderr]    Compiling generic-array v0.14.7
[INFO] [stderr]    Compiling slab v0.4.9
[INFO] [stderr]    Compiling time-core v0.1.2
[INFO] [stderr]    Compiling inlinable_string v0.1.15
[INFO] [stderr]    Compiling try-lock v0.2.5
[INFO] [stderr]    Compiling http v0.2.12
[INFO] [stderr]    Compiling time-macros v0.2.18
[INFO] [stderr]    Compiling want v0.3.1
[INFO] [stderr]    Compiling cookie v0.18.1
[INFO] [stderr]    Compiling deranged v0.3.11
[INFO] [stderr]    Compiling tinyvec_macros v0.1.1
[INFO] [stderr]    Compiling ppv-lite86 v0.2.17
[INFO] [stderr]    Compiling tracing v0.1.40
[INFO] [stderr]    Compiling percent-encoding v2.3.1
[INFO] [stderr]    Compiling httpdate v1.0.3
[INFO] [stderr]    Compiling tower-service v0.3.2
[INFO] [stderr]    Compiling ref-cast v1.0.23
[INFO] [stderr]    Compiling quote v1.0.36
[INFO] [stderr]    Compiling socket2 v0.5.7
[INFO] [stderr]    Compiling mio v0.8.11
[INFO] [stderr]    Compiling signal-hook-registry v1.4.2
[INFO] [stderr]    Compiling num_cpus v1.16.0
[INFO] [stderr]    Compiling getrandom v0.2.15
[INFO] [stderr]    Compiling is-terminal v0.4.12
[INFO] [stderr]    Compiling rand_core v0.6.4
[INFO] [stderr]    Compiling syn v2.0.66
[INFO] [stderr]    Compiling futures-util v0.3.30
[INFO] [stderr]    Compiling tinyvec v1.6.0
[INFO] [stderr]    Compiling lock_api v0.4.12
[INFO] [stderr]    Compiling http-body v0.4.6
[INFO] [stderr]    Compiling num-traits v0.2.19
[INFO] [stderr]    Compiling uncased v0.9.10
[INFO] [stderr]    Compiling rand_chacha v0.3.1
[INFO] [stderr]    Compiling bitflags v2.5.0
[INFO] [stderr]    Compiling parking_lot_core v0.9.10
[INFO] [stderr]    Compiling tokio v1.38.0
[INFO] [stderr]    Compiling rand v0.8.5
[INFO] [stderr]    Compiling time v0.3.36
[INFO] [stderr]    Compiling stable-pattern v0.1.0
[INFO] [stderr]    Compiling cpufeatures v0.2.12
[INFO] [stderr]    Compiling state v0.6.0
[INFO] [stderr]    Compiling rustix v0.38.34
[INFO] [stderr]    Compiling winnow v0.6.9
[INFO] [stderr]    Compiling scopeguard v1.2.0
[INFO] [stderr]    Compiling unicode-properties v0.1.1
[INFO] [stderr]    Compiling unicode-bidi v0.3.15
[INFO] [stderr]    Compiling either v1.12.0
[INFO] [stderr]    Compiling unicode-normalization v0.1.23
[INFO] [stderr]    Compiling indexmap v2.2.6
[INFO] [stderr]    Compiling figment v0.10.19
[INFO] [stderr]    Compiling multer v3.1.0
[INFO] [stderr]    Compiling linux-raw-sys v0.4.14
[INFO] [stderr]    Compiling serde_json v1.0.117
[INFO] [stderr]    Compiling log v0.4.21
[INFO] [stderr]    Compiling iana-time-zone v0.1.60
[INFO] [stderr]    Compiling siphasher v0.3.11
[INFO] [stderr]    Compiling byteorder v1.5.0
[INFO] [stderr]    Compiling base64 v0.21.7
[INFO] [stderr]    Compiling stringprep v0.1.5
[INFO] [stderr]    Compiling fallible-iterator v0.2.0
[INFO] [stderr]    Compiling block-buffer v0.10.4
[INFO] [stderr]    Compiling crypto-common v0.1.6
[INFO] [stderr]    Compiling phf_shared v0.11.2
[INFO] [stderr]    Compiling digest v0.10.7
[INFO] [stderr]    Compiling parking_lot v0.12.3
[INFO] [stderr]    Compiling http v1.1.0
[INFO] [stderr]    Compiling rocket v0.5.1
[INFO] [stderr]    Compiling encoding_rs v0.8.34
[INFO] [stderr]    Compiling mime v0.3.17
[INFO] [stderr]    Compiling futures v0.3.30
[INFO] [stderr]    Compiling sha2 v0.10.8
[INFO] [stderr]    Compiling hmac v0.12.1
[INFO] [stderr]    Compiling md-5 v0.10.6
[INFO] [stderr]    Compiling chrono v0.4.38
[INFO] [stderr]    Compiling ryu v1.0.18
[INFO] [stderr]    Compiling spin v0.9.8
[INFO] [stderr]    Compiling unicode-xid v0.2.4
[INFO] [stderr]    Compiling fastrand v2.1.0
[INFO] [stderr]    Compiling glob v0.3.1
[INFO] [stderr]    Compiling phf v0.11.2
[INFO] [stderr]    Compiling atomic v0.5.3
[INFO] [stderr]    Compiling whoami v1.5.1
[INFO] [stderr]    Compiling binascii v0.1.4
[INFO] [stderr]    Compiling dotenv v0.15.0
[INFO] [stderr]    Compiling postgres-protocol v0.6.6
[INFO] [stderr]    Compiling postgres-types v0.2.6
[INFO] [stderr]    Compiling hyper v0.14.28
[INFO] [stderr]    Compiling tempfile v3.10.1
[INFO] [stderr]    Compiling devise_core v0.4.1
[INFO] [stderr]    Compiling serde_derive v1.0.203
[INFO] [stderr]    Compiling tokio-macros v2.3.0
[INFO] [stderr]    Compiling futures-macro v0.3.30
[INFO] [stderr]    Compiling pear_codegen v0.2.9
[INFO] [stderr]    Compiling ref-cast-impl v1.0.23
[INFO] [stderr]    Compiling async-stream-impl v0.3.5
[INFO] [stderr]    Compiling async-trait v0.1.80
[INFO] [stderr]    Compiling devise_codegen v0.4.1
[INFO] [stderr]    Compiling async-stream v0.3.5
[INFO] [stderr]    Compiling pear v0.2.9
[INFO] [stderr]    Compiling devise v0.4.1
[INFO] [stderr]    Compiling rocket_http v0.5.1
[INFO] [stderr]    Compiling rocket_codegen v0.5.1
[INFO] [stderr]    Compiling tokio-util v0.7.11
[INFO] [stderr]    Compiling tokio-stream v0.1.15
[INFO] [stderr]    Compiling tokio-postgres v0.7.10
[INFO] [stderr]    Compiling toml_datetime v0.6.6
[INFO] [stderr]    Compiling serde_spanned v0.6.6
[INFO] [stderr]    Compiling ubyte v0.10.4
[INFO] [stderr]    Compiling toml_edit v0.22.13
[INFO] [stderr]    Compiling h2 v0.3.26
[INFO] [stderr]    Compiling toml v0.8.13
[INFO] [stderr]    Compiling hello-rocket v0.1.0 (/opt/rustwide/workdir)
[INFO] [stderr]     Finished `dev` profile [unoptimized + debuginfo] target(s) in 1m 21s
[INFO] running `Command { std: "docker" "inspect" "6a54d6e42ae1a158b8297467053e51e0e400fa4559f2ed54165edce525e5cfe3", kill_on_drop: false }`
[INFO] running `Command { std: "docker" "rm" "-f" "6a54d6e42ae1a158b8297467053e51e0e400fa4559f2ed54165edce525e5cfe3", kill_on_drop: false }`
[INFO] [stdout] 6a54d6e42ae1a158b8297467053e51e0e400fa4559f2ed54165edce525e5cfe3
[INFO] running `Command { std: "docker" "create" "-v" "/var/lib/crater-agent-workspace/builds/worker-7-tc1/target:/opt/rustwide/target:rw,Z" "-v" "/var/lib/crater-agent-workspace/builds/worker-7-tc1/source:/opt/rustwide/workdir:ro,Z" "-v" "/var/lib/crater-agent-workspace/cargo-home:/opt/rustwide/cargo-home:ro,Z" "-v" "/var/lib/crater-agent-workspace/rustup-home:/opt/rustwide/rustup-home:ro,Z" "-e" "SOURCE_DIR=/opt/rustwide/workdir" "-e" "CARGO_TARGET_DIR=/opt/rustwide/target" "-e" "CARGO_INCREMENTAL=0" "-e" "RUST_BACKTRACE=full" "-e" "RUSTFLAGS=--cap-lints=warn" "-e" "RUSTDOCFLAGS=--cap-lints=warn" "-e" "CARGO_HOME=/opt/rustwide/cargo-home" "-e" "RUSTUP_HOME=/opt/rustwide/rustup-home" "-w" "/opt/rustwide/workdir" "-m" "1610612736" "--user" "0:0" "--network" "none" "ghcr.io/rust-lang/crates-build-env/linux@sha256:f3a9d4ad9d972b27faf3965f35b62e55ba32bbce8f20bc8fe909558a86702fde" "/opt/rustwide/cargo-home/bin/cargo" "+1.83.0" "test" "--frozen" "--no-run" "--message-format=json", kill_on_drop: false }`
[INFO] [stdout] 8c17de9fb668e5eed8faa0ef9eb32fcdf44b5421c9dd7ea6152b7c29a9c82f1f
[INFO] running `Command { std: "docker" "start" "-a" "8c17de9fb668e5eed8faa0ef9eb32fcdf44b5421c9dd7ea6152b7c29a9c82f1f", kill_on_drop: false }`
[INFO] [stderr]    Compiling hello-rocket v0.1.0 (/opt/rustwide/workdir)
[INFO] [stderr]     Finished `test` profile [unoptimized + debuginfo] target(s) in 5.63s
[INFO] running `Command { std: "docker" "inspect" "8c17de9fb668e5eed8faa0ef9eb32fcdf44b5421c9dd7ea6152b7c29a9c82f1f", kill_on_drop: false }`
[INFO] running `Command { std: "docker" "rm" "-f" "8c17de9fb668e5eed8faa0ef9eb32fcdf44b5421c9dd7ea6152b7c29a9c82f1f", kill_on_drop: false }`
[INFO] [stdout] 8c17de9fb668e5eed8faa0ef9eb32fcdf44b5421c9dd7ea6152b7c29a9c82f1f
[INFO] running `Command { std: "docker" "create" "-v" "/var/lib/crater-agent-workspace/builds/worker-7-tc1/target:/opt/rustwide/target:rw,Z" "-v" "/var/lib/crater-agent-workspace/builds/worker-7-tc1/source:/opt/rustwide/workdir:ro,Z" "-v" "/var/lib/crater-agent-workspace/cargo-home:/opt/rustwide/cargo-home:ro,Z" "-v" "/var/lib/crater-agent-workspace/rustup-home:/opt/rustwide/rustup-home:ro,Z" "-e" "SOURCE_DIR=/opt/rustwide/workdir" "-e" "CARGO_TARGET_DIR=/opt/rustwide/target" "-e" "CARGO_INCREMENTAL=0" "-e" "RUST_BACKTRACE=full" "-e" "RUSTFLAGS=--cap-lints=warn" "-e" "RUSTDOCFLAGS=--cap-lints=warn" "-e" "CARGO_HOME=/opt/rustwide/cargo-home" "-e" "RUSTUP_HOME=/opt/rustwide/rustup-home" "-w" "/opt/rustwide/workdir" "-m" "1610612736" "--user" "0:0" "--network" "none" "ghcr.io/rust-lang/crates-build-env/linux@sha256:f3a9d4ad9d972b27faf3965f35b62e55ba32bbce8f20bc8fe909558a86702fde" "/opt/rustwide/cargo-home/bin/cargo" "+1.83.0" "test" "--frozen", kill_on_drop: false }`
[INFO] [stdout] 11b76d0b6ae0607a38a3b79f0d3eea472e1d8cf57d746c4c2536b03f873b6b51
[INFO] running `Command { std: "docker" "start" "-a" "11b76d0b6ae0607a38a3b79f0d3eea472e1d8cf57d746c4c2536b03f873b6b51", kill_on_drop: false }`
[INFO] [stderr]     Finished `test` profile [unoptimized + debuginfo] target(s) in 0.20s
[INFO] [stderr]      Running unittests src/main.rs (/opt/rustwide/target/debug/deps/hello_rocket-746b27c452660396)
[INFO] [stdout] 
[INFO] [stdout] running 1 test
[INFO] [stdout] test test::rockets ... FAILED
[INFO] [stdout] 
[INFO] [stdout] failures:
[INFO] [stdout] 
[INFO] [stdout] ---- test::rockets stdout ----
[INFO] [stdout] Configured for debug.
[INFO] [stdout]    >> address: 127.0.0.1
[INFO] [stdout]    >> port: 8000
[INFO] [stdout]    >> workers: 16
[INFO] [stdout]    >> max blocking threads: 512
[INFO] [stdout]    >> ident: Rocket
[INFO] [stdout]    >> IP header: X-Real-IP
[INFO] [stdout]    >> limits: bytes = 8KiB, data-form = 2MiB, file = 1MiB, form = 32KiB, json = 1MiB, msgpack = 1MiB, string = 8KiB
[INFO] [stdout]    >> temp dir: /tmp
[INFO] [stdout]    >> http/2: true
[INFO] [stdout]    >> keep-alive: 5s
[INFO] [stdout]    >> tls: disabled
[INFO] [stdout]    >> shutdown: ctrlc = true, force = true, signals = [SIGTERM], grace = 2s, mercy = 3s
[INFO] [stdout]    >> log level: normal
[INFO] [stdout]    >> cli colors: true
[INFO] [stdout] Routes:
[INFO] [stdout]    >> (get_rockets) GET /launch/<launch_date>
[INFO] [stdout] Fairings:
[INFO] [stdout]    >> Shield (liftoff, response, singleton)
[INFO] [stdout] Shield:
[INFO] [stdout]    >> X-Content-Type-Options: nosniff
[INFO] [stdout]    >> X-Frame-Options: SAMEORIGIN
[INFO] [stdout]    >> Permissions-Policy: interest-cohort=()
[INFO] [stdout] Rocket has launched locally
[INFO] [stdout] GET /launch/2023-06-29:
[INFO] [stdout]    >> Matched: (get_rockets) GET /launch/<launch_date>
[INFO] [stdout] thread 'test::rockets' panicked at src/main.rs:49:39:
[INFO] [stdout] called `Result::unwrap()` on an `Err` value: NotPresent
[INFO] [stdout] stack backtrace:
[INFO] [stdout]    0:     0x635318a353da - std::backtrace_rs::backtrace::libunwind::trace::h5a5b8284f2d0c266
[INFO] [stdout]                                at /rustc/90b35a6239c3d8bdabc530a6a0816f7ff89a0aaf/library/std/src/../../backtrace/src/backtrace/libunwind.rs:116:5
[INFO] [stdout]    1:     0x635318a353da - std::backtrace_rs::backtrace::trace_unsynchronized::h76d4f1c9b0b875e3
[INFO] [stdout]                                at /rustc/90b35a6239c3d8bdabc530a6a0816f7ff89a0aaf/library/std/src/../../backtrace/src/backtrace/mod.rs:66:5
[INFO] [stdout]    2:     0x635318a353da - std::sys::backtrace::_print_fmt::hc4546b8364a537c6
[INFO] [stdout]                                at /rustc/90b35a6239c3d8bdabc530a6a0816f7ff89a0aaf/library/std/src/sys/backtrace.rs:66:9
[INFO] [stdout]    3:     0x635318a353da - <std::sys::backtrace::BacktraceLock::print::DisplayBacktrace as core::fmt::Display>::fmt::h5b6bd5631a6d1f6b
[INFO] [stdout]                                at /rustc/90b35a6239c3d8bdabc530a6a0816f7ff89a0aaf/library/std/src/sys/backtrace.rs:39:26
[INFO] [stdout]    4:     0x635318a60293 - core::fmt::rt::Argument::fmt::h270f6602a2b96f62
[INFO] [stdout]                                at /rustc/90b35a6239c3d8bdabc530a6a0816f7ff89a0aaf/library/core/src/fmt/rt.rs:177:76
[INFO] [stdout]    5:     0x635318a60293 - core::fmt::write::h7550c97b06c86515
[INFO] [stdout]                                at /rustc/90b35a6239c3d8bdabc530a6a0816f7ff89a0aaf/library/core/src/fmt/mod.rs:1186:21
[INFO] [stdout]    6:     0x635318a31b53 - std::io::Write::write_fmt::h509ff860e5956e5e
[INFO] [stdout]                                at /rustc/90b35a6239c3d8bdabc530a6a0816f7ff89a0aaf/library/std/src/io/mod.rs:1839:15
[INFO] [stdout]    7:     0x635318a35222 - std::sys::backtrace::BacktraceLock::print::h2395ccd2c84ba3aa
[INFO] [stdout]                                at /rustc/90b35a6239c3d8bdabc530a6a0816f7ff89a0aaf/library/std/src/sys/backtrace.rs:42:9
[INFO] [stdout]    8:     0x635318a3683a - std::panicking::default_hook::{{closure}}::he19d4c7230e07961
[INFO] [stdout]                                at /rustc/90b35a6239c3d8bdabc530a6a0816f7ff89a0aaf/library/std/src/panicking.rs:268:22
[INFO] [stdout]    9:     0x635318a36644 - std::panicking::default_hook::hf614597d3c67bbdb
[INFO] [stdout]                                at /rustc/90b35a6239c3d8bdabc530a6a0816f7ff89a0aaf/library/std/src/panicking.rs:292:9
[INFO] [stdout]   10:     0x635318428859 - <alloc::boxed::Box<F,A> as core::ops::function::Fn<Args>>::call::h39b51ce4599c23d1
[INFO] [stdout]                                at /rustc/90b35a6239c3d8bdabc530a6a0816f7ff89a0aaf/library/alloc/src/boxed.rs:2468:9
[INFO] [stdout]   11:     0x635318428859 - test::test_main::{{closure}}::he977ae839a582784
[INFO] [stdout]                                at /rustc/90b35a6239c3d8bdabc530a6a0816f7ff89a0aaf/library/test/src/lib.rs:133:21
[INFO] [stdout]   12:     0x635318a36ed8 - <alloc::boxed::Box<F,A> as core::ops::function::Fn<Args>>::call::h9455091b6b06f9fb
[INFO] [stdout]                                at /rustc/90b35a6239c3d8bdabc530a6a0816f7ff89a0aaf/library/alloc/src/boxed.rs:2468:9
[INFO] [stdout]   13:     0x635318a36ed8 - std::panicking::rust_panic_with_hook::h8942133a8b252070
[INFO] [stdout]                                at /rustc/90b35a6239c3d8bdabc530a6a0816f7ff89a0aaf/library/std/src/panicking.rs:809:13
[INFO] [stdout]   14:     0x635318a36c9a - std::panicking::begin_panic_handler::{{closure}}::hb5f5963570096b29
[INFO] [stdout]                                at /rustc/90b35a6239c3d8bdabc530a6a0816f7ff89a0aaf/library/std/src/panicking.rs:674:13
[INFO] [stdout]   15:     0x635318a358b9 - std::sys::backtrace::__rust_end_short_backtrace::h6208cedc1922feda
[INFO] [stdout]                                at /rustc/90b35a6239c3d8bdabc530a6a0816f7ff89a0aaf/library/std/src/sys/backtrace.rs:170:18
[INFO] [stdout]   16:     0x635318a3692c - rust_begin_unwind
[INFO] [stdout]                                at /rustc/90b35a6239c3d8bdabc530a6a0816f7ff89a0aaf/library/std/src/panicking.rs:665:5
[INFO] [stdout]   17:     0x6353183a52b0 - core::panicking::panic_fmt::h0c3082644d1bf418
[INFO] [stdout]                                at /rustc/90b35a6239c3d8bdabc530a6a0816f7ff89a0aaf/library/core/src/panicking.rs:74:14
[INFO] [stdout]   18:     0x6353183a5796 - core::result::unwrap_failed::hd20b4aa073bda1e2
[INFO] [stdout]                                at /rustc/90b35a6239c3d8bdabc530a6a0816f7ff89a0aaf/library/core/src/result.rs:1700:5
[INFO] [stdout]   19:     0x6353183e9012 - core::result::Result<T,E>::unwrap::h57b864b33cda2a16
[INFO] [stdout]                                at /rustc/90b35a6239c3d8bdabc530a6a0816f7ff89a0aaf/library/core/src/result.rs:1104:23
[INFO] [stdout]   20:     0x6353183e9012 - hello_rocket::fetch_rockets::{{closure}}::h1bb672ee0532396c
[INFO] [stdout]                                at /opt/rustwide/workdir/src/main.rs:49:14
[INFO] [stdout]   21:     0x6353183ea107 - hello_rocket::get_rockets::{{closure}}::h44f71d6a6726b413
[INFO] [stdout]                                at /opt/rustwide/workdir/src/main.rs:72:38
[INFO] [stdout]   22:     0x6353183eb838 - hello_rocket::get_rockets::into_info::monomorphized_function::{{closure}}::hb8f1cf6f316c33eb
[INFO] [stdout]                                at /opt/rustwide/workdir/src/main.rs:71:1
[INFO] [stdout]   23:     0x635318594730 - <core::pin::Pin<P> as core::future::future::Future>::poll::h22e8f41cb135c30f
[INFO] [stdout]                                at /rustc/90b35a6239c3d8bdabc530a6a0816f7ff89a0aaf/library/core/src/future/future.rs:123:9
[INFO] [stdout]   24:     0x63531857b01a - <core::panic::unwind_safe::AssertUnwindSafe<F> as core::future::future::Future>::poll::h8d08bc995858c16b
[INFO] [stdout]                                at /rustc/90b35a6239c3d8bdabc530a6a0816f7ff89a0aaf/library/core/src/panic/unwind_safe.rs:297:9
[INFO] [stdout]   25:     0x63531854c1f8 - <futures_util::future::future::catch_unwind::CatchUnwind<Fut> as core::future::future::Future>::poll::{{closure}}::h56b7fb343e2b90b7
[INFO] [stdout]                                at /opt/rustwide/cargo-home/registry/src/index.crates.io-6f17d22bba15001f/futures-util-0.3.30/src/future/future/catch_unwind.rs:36:42
[INFO] [stdout]   26:     0x63531857c9eb - <core::panic::unwind_safe::AssertUnwindSafe<F> as core::ops::function::FnOnce<()>>::call_once::hb42e73550e5b97b3
[INFO] [stdout]                                at /rustc/90b35a6239c3d8bdabc530a6a0816f7ff89a0aaf/library/core/src/panic/unwind_safe.rs:272:9
[INFO] [stdout]   27:     0x63531857efc0 - std::panicking::try::do_call::h7327b822be9514e0
[INFO] [stdout]                                at /rustc/90b35a6239c3d8bdabc530a6a0816f7ff89a0aaf/library/std/src/panicking.rs:557:40
[INFO] [stdout]   28:     0x6353185cd0eb - __rust_try
[INFO] [stdout]   29:     0x6353185bc15f - std::panicking::try::h1ccb8de599fd64e6
[INFO] [stdout]                                at /rustc/90b35a6239c3d8bdabc530a6a0816f7ff89a0aaf/library/std/src/panicking.rs:520:19
[INFO] [stdout]   30:     0x6353185bc15f - std::panic::catch_unwind::hcc4dc3827c09458c
[INFO] [stdout]                                at /rustc/90b35a6239c3d8bdabc530a6a0816f7ff89a0aaf/library/std/src/panic.rs:358:14
[INFO] [stdout]   31:     0x63531854c13d - <futures_util::future::future::catch_unwind::CatchUnwind<Fut> as core::future::future::Future>::poll::hbce10f9fb6d9b054
[INFO] [stdout]                                at /opt/rustwide/cargo-home/registry/src/index.crates.io-6f17d22bba15001f/futures-util-0.3.30/src/future/future/catch_unwind.rs:36:9
[INFO] [stdout]   32:     0x6353185f6ca9 - rocket::server::handle::{{closure}}::hc6b5bdaa3698e8ca
[INFO] [stdout]                                at /opt/rustwide/cargo-home/registry/src/index.crates.io-6f17d22bba15001f/rocket-0.5.1/src/server.rs:57:10
[INFO] [stdout]   33:     0x6353185fc5cf - rocket::server::<impl rocket::rkt::Rocket<rocket::phase::Orbit>>::route::{{closure}}::h7bbc3793ba2affb9
[INFO] [stdout]                                at /opt/rustwide/cargo-home/registry/src/index.crates.io-6f17d22bba15001f/rocket-0.5.1/src/server.rs:335:80
[INFO] [stdout]   34:     0x6353185fafc4 - rocket::server::<impl rocket::rkt::Rocket<rocket::phase::Orbit>>::route_and_process::{{closure}}::h00265703067f829d
[INFO] [stdout]                                at /opt/rustwide/cargo-home/registry/src/index.crates.io-6f17d22bba15001f/rocket-0.5.1/src/server.rs:288:60
[INFO] [stdout]   35:     0x6353185fa445 - rocket::server::<impl rocket::rkt::Rocket<rocket::phase::Orbit>>::dispatch::{{closure}}::hf1939559dfd4fdd1
[INFO] [stdout]                                at /opt/rustwide/cargo-home/registry/src/index.crates.io-6f17d22bba15001f/rocket-0.5.1/src/server.rs:262:66
[INFO] [stdout]   36:     0x635318640231 - rocket::local::asynchronous::response::LocalResponse::new::{{closure}}::haac09fd8d4a99187
[INFO] [stdout]                                at /opt/rustwide/cargo-home/registry/src/index.crates.io-6f17d22bba15001f/rocket-0.5.1/src/local/asynchronous/response.rs:90:53
[INFO] [stdout]   37:     0x6353185df574 - rocket::local::asynchronous::request::LocalRequest::_dispatch::{{closure}}::h5b04c478d7f8bc1a
[INFO] [stdout]                                at /opt/rustwide/cargo-home/registry/src/index.crates.io-6f17d22bba15001f/rocket-0.5.1/src/local/asynchronous/request.rs:99:12
[INFO] [stdout]   38:     0x6353185dfdbd - rocket::local::asynchronous::request::LocalRequest::dispatch::{{closure}}::h1462c1165bc08a31
[INFO] [stdout]                                at /opt/rustwide/cargo-home/registry/src/index.crates.io-6f17d22bba15001f/rocket-0.5.1/src/local/asynchronous/request.rs:123:63
[INFO] [stdout]   39:     0x6353183d1c81 - <tokio::future::maybe_done::MaybeDone<Fut> as core::future::future::Future>::poll::h25a6f46b9684ec96
[INFO] [stdout]                                at /opt/rustwide/cargo-home/registry/src/index.crates.io-6f17d22bba15001f/tokio-1.38.0/src/future/maybe_done.rs:62:56
[INFO] [stdout]   40:     0x6353183c39db - hello_rocket::test::rockets::{{closure}}::{{closure}}::h2d3c83e85d7c37c0
[INFO] [stdout]                                at /opt/rustwide/cargo-home/registry/src/index.crates.io-6f17d22bba15001f/tokio-1.38.0/src/macros/join.rs:126:24
[INFO] [stdout]   41:     0x6353183ca004 - <tokio::future::poll_fn::PollFn<F> as core::future::future::Future>::poll::h9779570d55882cdf
[INFO] [stdout]                                at /opt/rustwide/cargo-home/registry/src/index.crates.io-6f17d22bba15001f/tokio-1.38.0/src/future/poll_fn.rs:58:9
[INFO] [stdout]   42:     0x6353183c2e1d - hello_rocket::test::rockets::{{closure}}::h63f3215a497bb14f
[INFO] [stdout]                                at /opt/rustwide/workdir/src/main.rs:99:36
[INFO] [stdout]   43:     0x6353183ed6ef - tokio::runtime::park::CachedParkThread::block_on::{{closure}}::hacb63d674d692de5
[INFO] [stdout]                                at /opt/rustwide/cargo-home/registry/src/index.crates.io-6f17d22bba15001f/tokio-1.38.0/src/runtime/park.rs:281:63
[INFO] [stdout]   44:     0x6353183ed537 - tokio::runtime::coop::with_budget::hbe3f2c8927f5bb2d
[INFO] [stdout]                                at /opt/rustwide/cargo-home/registry/src/index.crates.io-6f17d22bba15001f/tokio-1.38.0/src/runtime/coop.rs:107:5
[INFO] [stdout]   45:     0x6353183ed537 - tokio::runtime::coop::budget::hc10a89a73d6e7bba
[INFO] [stdout]                                at /opt/rustwide/cargo-home/registry/src/index.crates.io-6f17d22bba15001f/tokio-1.38.0/src/runtime/coop.rs:73:5
[INFO] [stdout]   46:     0x6353183ed537 - tokio::runtime::park::CachedParkThread::block_on::hfbd2d0fcd1b0a400
[INFO] [stdout]                                at /opt/rustwide/cargo-home/registry/src/index.crates.io-6f17d22bba15001f/tokio-1.38.0/src/runtime/park.rs:281:31
[INFO] [stdout]   47:     0x6353183ed830 - tokio::runtime::context::blocking::BlockingRegionGuard::block_on::h42caf8b31bb57849
[INFO] [stdout]                                at /opt/rustwide/cargo-home/registry/src/index.crates.io-6f17d22bba15001f/tokio-1.38.0/src/runtime/context/blocking.rs:66:9
[INFO] [stdout]   48:     0x6353183ed965 - tokio::runtime::scheduler::multi_thread::MultiThread::block_on::{{closure}}::h064d68da976bbd9b
[INFO] [stdout]                                at /opt/rustwide/cargo-home/registry/src/index.crates.io-6f17d22bba15001f/tokio-1.38.0/src/runtime/scheduler/multi_thread/mod.rs:87:13
[INFO] [stdout]   49:     0x6353183be468 - tokio::runtime::context::runtime::enter_runtime::hb16ebbb31b43482a
[INFO] [stdout]                                at /opt/rustwide/cargo-home/registry/src/index.crates.io-6f17d22bba15001f/tokio-1.38.0/src/runtime/context/runtime.rs:65:16
[INFO] [stdout]   50:     0x6353183ed8ee - tokio::runtime::scheduler::multi_thread::MultiThread::block_on::hd9118c0802608571
[INFO] [stdout]                                at /opt/rustwide/cargo-home/registry/src/index.crates.io-6f17d22bba15001f/tokio-1.38.0/src/runtime/scheduler/multi_thread/mod.rs:86:9
[INFO] [stdout]   51:     0x6353183ce472 - tokio::runtime::runtime::Runtime::block_on::h41e2f9b4d37c9fa2
[INFO] [stdout]                                at /opt/rustwide/cargo-home/registry/src/index.crates.io-6f17d22bba15001f/tokio-1.38.0/src/runtime/runtime.rs:349:45
[INFO] [stdout]   52:     0x6353183efdef - rocket::async_run::h2f70a4f11cac4bfc
[INFO] [stdout]                                at /opt/rustwide/cargo-home/registry/src/index.crates.io-6f17d22bba15001f/rocket-0.5.1/src/lib.rs:250:18
[INFO] [stdout]   53:     0x6353183efba2 - rocket::async_test::ha4bcdf3d6e6d21f6
[INFO] [stdout]                                at /opt/rustwide/cargo-home/registry/src/index.crates.io-6f17d22bba15001f/rocket-0.5.1/src/lib.rs:261:5
[INFO] [stdout]   54:     0x6353183c2534 - hello_rocket::test::rockets::hba05b95faf21b53a
[INFO] [stdout]                                at /opt/rustwide/workdir/src/main.rs:94:24
[INFO] [stdout]   55:     0x6353183c24d7 - hello_rocket::test::rockets::{{closure}}::hb3f5fd09b91d4eb9
[INFO] [stdout]                                at /opt/rustwide/workdir/src/main.rs:94:23
[INFO] [stdout]   56:     0x6353183a64a6 - core::ops::function::FnOnce::call_once::hdb00bc692138b32a
[INFO] [stdout]                                at /rustc/90b35a6239c3d8bdabc530a6a0816f7ff89a0aaf/library/core/src/ops/function.rs:250:5
[INFO] [stdout]   57:     0x63531842d21b - core::ops::function::FnOnce::call_once::h109cf8051a59b34e
[INFO] [stdout]                                at /rustc/90b35a6239c3d8bdabc530a6a0816f7ff89a0aaf/library/core/src/ops/function.rs:250:5
[INFO] [stdout]   58:     0x63531842d21b - test::__rust_begin_short_backtrace::hf4fff89d377446ba
[INFO] [stdout]                                at /rustc/90b35a6239c3d8bdabc530a6a0816f7ff89a0aaf/library/test/src/lib.rs:621:18
[INFO] [stdout]   59:     0x63531842ca57 - test::run_test_in_process::{{closure}}::h0e39181dd7ee5a43
[INFO] [stdout]                                at /rustc/90b35a6239c3d8bdabc530a6a0816f7ff89a0aaf/library/test/src/lib.rs:644:60
[INFO] [stdout]   60:     0x63531842ca57 - <core::panic::unwind_safe::AssertUnwindSafe<F> as core::ops::function::FnOnce<()>>::call_once::hc5a66a30f0bdfd1f
[INFO] [stdout]                                at /rustc/90b35a6239c3d8bdabc530a6a0816f7ff89a0aaf/library/core/src/panic/unwind_safe.rs:272:9
[INFO] [stdout]   61:     0x63531842ca57 - std::panicking::try::do_call::h873b7cf639554a5e
[INFO] [stdout]                                at /rustc/90b35a6239c3d8bdabc530a6a0816f7ff89a0aaf/library/std/src/panicking.rs:557:40
[INFO] [stdout]   62:     0x63531842ca57 - std::panicking::try::hdb19862fad9c8bd1
[INFO] [stdout]                                at /rustc/90b35a6239c3d8bdabc530a6a0816f7ff89a0aaf/library/std/src/panicking.rs:520:19
[INFO] [stdout]   63:     0x63531842ca57 - std::panic::catch_unwind::h281fe732d236d260
[INFO] [stdout]                                at /rustc/90b35a6239c3d8bdabc530a6a0816f7ff89a0aaf/library/std/src/panic.rs:358:14
[INFO] [stdout]   64:     0x63531842ca57 - test::run_test_in_process::h949b6df8457ed338
[INFO] [stdout]                                at /rustc/90b35a6239c3d8bdabc530a6a0816f7ff89a0aaf/library/test/src/lib.rs:644:27
[INFO] [stdout]   65:     0x63531842ca57 - test::run_test::{{closure}}::h52c556a6d4740e10
[INFO] [stdout]                                at /rustc/90b35a6239c3d8bdabc530a6a0816f7ff89a0aaf/library/test/src/lib.rs:565:43
[INFO] [stdout]   66:     0x6353183f1d34 - test::run_test::{{closure}}::h4237f6381c45ccb9
[INFO] [stdout]                                at /rustc/90b35a6239c3d8bdabc530a6a0816f7ff89a0aaf/library/test/src/lib.rs:595:41
[INFO] [stdout]   67:     0x6353183f1d34 - std::sys::backtrace::__rust_begin_short_backtrace::h505c97a579eca628
[INFO] [stdout]                                at /rustc/90b35a6239c3d8bdabc530a6a0816f7ff89a0aaf/library/std/src/sys/backtrace.rs:154:18
[INFO] [stdout]   68:     0x6353183f53fe - std::thread::Builder::spawn_unchecked_::{{closure}}::{{closure}}::h9e86b2e2bc107ea3
[INFO] [stdout]                                at /rustc/90b35a6239c3d8bdabc530a6a0816f7ff89a0aaf/library/std/src/thread/mod.rs:538:17
[INFO] [stdout]   69:     0x6353183f53fe - <core::panic::unwind_safe::AssertUnwindSafe<F> as core::ops::function::FnOnce<()>>::call_once::h8b06ddb275ff4a25
[INFO] [stdout]                                at /rustc/90b35a6239c3d8bdabc530a6a0816f7ff89a0aaf/library/core/src/panic/unwind_safe.rs:272:9
[INFO] [stdout]   70:     0x6353183f53fe - std::panicking::try::do_call::hb26ecd7cd9a9355d
[INFO] [stdout]                                at /rustc/90b35a6239c3d8bdabc530a6a0816f7ff89a0aaf/library/std/src/panicking.rs:557:40
[INFO] [stdout]   71:     0x6353183f53fe - std::panicking::try::h8ddeca9d705f9069
[INFO] [stdout]                                at /rustc/90b35a6239c3d8bdabc530a6a0816f7ff89a0aaf/library/std/src/panicking.rs:520:19
[INFO] [stdout]   72:     0x6353183f53fe - std::panic::catch_unwind::h49e1c33078844c46
[INFO] [stdout]                                at /rustc/90b35a6239c3d8bdabc530a6a0816f7ff89a0aaf/library/std/src/panic.rs:358:14
[INFO] [stdout]   73:     0x6353183f53fe - std::thread::Builder::spawn_unchecked_::{{closure}}::h6073db6ff56ad35d
[INFO] [stdout]                                at /rustc/90b35a6239c3d8bdabc530a6a0816f7ff89a0aaf/library/std/src/thread/mod.rs:537:30
[INFO] [stdout]   74:     0x6353183f53fe - core::ops::function::FnOnce::call_once{{vtable.shim}}::h2c5a5f3779c774f1
[INFO] [stdout]                                at /rustc/90b35a6239c3d8bdabc530a6a0816f7ff89a0aaf/library/core/src/ops/function.rs:250:5
[INFO] [stdout]   75:     0x635318a3b0eb - <alloc::boxed::Box<F,A> as core::ops::function::FnOnce<Args>>::call_once::hf75717d9f28faebf
[INFO] [stdout]                                at /rustc/90b35a6239c3d8bdabc530a6a0816f7ff89a0aaf/library/alloc/src/boxed.rs:2454:9
[INFO] [stdout]   76:     0x635318a3b0eb - <alloc::boxed::Box<F,A> as core::ops::function::FnOnce<Args>>::call_once::h7bd883a5f3c5f3c1
[INFO] [stdout]                                at /rustc/90b35a6239c3d8bdabc530a6a0816f7ff89a0aaf/library/alloc/src/boxed.rs:2454:9
[INFO] [stdout]   77:     0x635318a3b0eb - std::sys::pal::unix::thread::Thread::new::thread_start::hcc78f3943333fa94
[INFO] [stdout]                                at /rustc/90b35a6239c3d8bdabc530a6a0816f7ff89a0aaf/library/std/src/sys/pal/unix/thread.rs:105:17
[INFO] [stdout]   78:     0x70682e3aeac3 - <unknown>
[INFO] [stdout]   79:     0x70682e43fa04 - clone
[INFO] [stdout]   80:                0x0 - <unknown>
[INFO] [stdout]    >> Handler get_rockets panicked.
[INFO] [stdout]    >> This is an application bug.
[INFO] [stdout]    >> A panic in Rust must be treated as an exceptional event.
[INFO] [stdout]    >> Panicking is not a suitable error handling mechanism.
[INFO] [stdout]    >> Unwinding, the result of a panic, is an expensive operation.
[INFO] [stdout]    >> Panics will degrade application performance.
[INFO] [stdout]    >> Instead of panicking, return `Option` and/or `Result`.
[INFO] [stdout]    >> Values of either type can be returned directly from handlers.
[INFO] [stdout]    >> A panic is treated as an internal server error.
[INFO] [stdout]    >> Outcome: Error(500 Internal Server Error)
[INFO] [stdout]    >> No 500 catcher registered. Using Rocket default.
[INFO] [stdout] GET /launch/2023-06-29:
[INFO] [stdout]    >> Matched: (get_rockets) GET /launch/<launch_date>
[INFO] [stdout] thread 'test::rockets' panicked at src/main.rs:49:39:
[INFO] [stdout] called `Result::unwrap()` on an `Err` value: NotPresent
[INFO] [stdout] stack backtrace:
[INFO] [stdout]    0:     0x635318a353da - std::backtrace_rs::backtrace::libunwind::trace::h5a5b8284f2d0c266
[INFO] [stdout]                                at /rustc/90b35a6239c3d8bdabc530a6a0816f7ff89a0aaf/library/std/src/../../backtrace/src/backtrace/libunwind.rs:116:5
[INFO] [stdout]    1:     0x635318a353da - std::backtrace_rs::backtrace::trace_unsynchronized::h76d4f1c9b0b875e3
[INFO] [stdout]                                at /rustc/90b35a6239c3d8bdabc530a6a0816f7ff89a0aaf/library/std/src/../../backtrace/src/backtrace/mod.rs:66:5
[INFO] [stdout]    2:     0x635318a353da - std::sys::backtrace::_print_fmt::hc4546b8364a537c6
[INFO] [stdout]                                at /rustc/90b35a6239c3d8bdabc530a6a0816f7ff89a0aaf/library/std/src/sys/backtrace.rs:66:9
[INFO] [stdout]    3:     0x635318a353da - <std::sys::backtrace::BacktraceLock::print::DisplayBacktrace as core::fmt::Display>::fmt::h5b6bd5631a6d1f6b
[INFO] [stdout]                                at /rustc/90b35a6239c3d8bdabc530a6a0816f7ff89a0aaf/library/std/src/sys/backtrace.rs:39:26
[INFO] [stdout]    4:     0x635318a60293 - core::fmt::rt::Argument::fmt::h270f6602a2b96f62
[INFO] [stdout]                                at /rustc/90b35a6239c3d8bdabc530a6a0816f7ff89a0aaf/library/core/src/fmt/rt.rs:177:76
[INFO] [stdout]    5:     0x635318a60293 - core::fmt::write::h7550c97b06c86515
[INFO] [stdout]                                at /rustc/90b35a6239c3d8bdabc530a6a0816f7ff89a0aaf/library/core/src/fmt/mod.rs:1186:21
[INFO] [stdout]    6:     0x635318a31b53 - std::io::Write::write_fmt::h509ff860e5956e5e
[INFO] [stdout]                                at /rustc/90b35a6239c3d8bdabc530a6a0816f7ff89a0aaf/library/std/src/io/mod.rs:1839:15
[INFO] [stdout]    7:     0x635318a35222 - std::sys::backtrace::BacktraceLock::print::h2395ccd2c84ba3aa
[INFO] [stdout]                                at /rustc/90b35a6239c3d8bdabc530a6a0816f7ff89a0aaf/library/std/src/sys/backtrace.rs:42:9
[INFO] [stdout]    8:     0x635318a3683a - std::panicking::default_hook::{{closure}}::he19d4c7230e07961
[INFO] [stdout]                                at /rustc/90b35a6239c3d8bdabc530a6a0816f7ff89a0aaf/library/std/src/panicking.rs:268:22
[INFO] [stdout]    9:     0x635318a36644 - std::panicking::default_hook::hf614597d3c67bbdb
[INFO] [stdout]                                at /rustc/90b35a6239c3d8bdabc530a6a0816f7ff89a0aaf/library/std/src/panicking.rs:292:9
[INFO] [stdout]   10:     0x635318428859 - <alloc::boxed::Box<F,A> as core::ops::function::Fn<Args>>::call::h39b51ce4599c23d1
[INFO] [stdout]                                at /rustc/90b35a6239c3d8bdabc530a6a0816f7ff89a0aaf/library/alloc/src/boxed.rs:2468:9
[INFO] [stdout]   11:     0x635318428859 - test::test_main::{{closure}}::he977ae839a582784
[INFO] [stdout]                                at /rustc/90b35a6239c3d8bdabc530a6a0816f7ff89a0aaf/library/test/src/lib.rs:133:21
[INFO] [stdout]   12:     0x635318a36ed8 - <alloc::boxed::Box<F,A> as core::ops::function::Fn<Args>>::call::h9455091b6b06f9fb
[INFO] [stdout]                                at /rustc/90b35a6239c3d8bdabc530a6a0816f7ff89a0aaf/library/alloc/src/boxed.rs:2468:9
[INFO] [stdout]   13:     0x635318a36ed8 - std::panicking::rust_panic_with_hook::h8942133a8b252070
[INFO] [stdout]                                at /rustc/90b35a6239c3d8bdabc530a6a0816f7ff89a0aaf/library/std/src/panicking.rs:809:13
[INFO] [stdout]   14:     0x635318a36c9a - std::panicking::begin_panic_handler::{{closure}}::hb5f5963570096b29
[INFO] [stdout]                                at /rustc/90b35a6239c3d8bdabc530a6a0816f7ff89a0aaf/library/std/src/panicking.rs:674:13
[INFO] [stdout]   15:     0x635318a358b9 - std::sys::backtrace::__rust_end_short_backtrace::h6208cedc1922feda
[INFO] [stdout]                                at /rustc/90b35a6239c3d8bdabc530a6a0816f7ff89a0aaf/library/std/src/sys/backtrace.rs:170:18
[INFO] [stdout]   16:     0x635318a3692c - rust_begin_unwind
[INFO] [stdout]                                at /rustc/90b35a6239c3d8bdabc530a6a0816f7ff89a0aaf/library/std/src/panicking.rs:665:5
[INFO] [stdout]   17:     0x6353183a52b0 - core::panicking::panic_fmt::h0c3082644d1bf418
[INFO] [stdout]                                at /rustc/90b35a6239c3d8bdabc530a6a0816f7ff89a0aaf/library/core/src/panicking.rs:74:14
[INFO] [stdout]   18:     0x6353183a5796 - core::result::unwrap_failed::hd20b4aa073bda1e2
[INFO] [stdout]                                at /rustc/90b35a6239c3d8bdabc530a6a0816f7ff89a0aaf/library/core/src/result.rs:1700:5
[INFO] [stdout]   19:     0x6353183e9012 - core::result::Result<T,E>::unwrap::h57b864b33cda2a16
[INFO] [stdout]                                at /rustc/90b35a6239c3d8bdabc530a6a0816f7ff89a0aaf/library/core/src/result.rs:1104:23
[INFO] [stdout]   20:     0x6353183e9012 - hello_rocket::fetch_rockets::{{closure}}::h1bb672ee0532396c
[INFO] [stdout]                                at /opt/rustwide/workdir/src/main.rs:49:14
[INFO] [stdout]   21:     0x6353183ea107 - hello_rocket::get_rockets::{{closure}}::h44f71d6a6726b413
[INFO] [stdout]                                at /opt/rustwide/workdir/src/main.rs:72:38
[INFO] [stdout]   22:     0x6353183eb838 - hello_rocket::get_rockets::into_info::monomorphized_function::{{closure}}::hb8f1cf6f316c33eb
[INFO] [stdout]                                at /opt/rustwide/workdir/src/main.rs:71:1
[INFO] [stdout]   23:     0x635318594730 - <core::pin::Pin<P> as core::future::future::Future>::poll::h22e8f41cb135c30f
[INFO] [stdout]                                at /rustc/90b35a6239c3d8bdabc530a6a0816f7ff89a0aaf/library/core/src/future/future.rs:123:9
[INFO] [stdout]   24:     0x63531857b01a - <core::panic::unwind_safe::AssertUnwindSafe<F> as core::future::future::Future>::poll::h8d08bc995858c16b
[INFO] [stdout]                                at /rustc/90b35a6239c3d8bdabc530a6a0816f7ff89a0aaf/library/core/src/panic/unwind_safe.rs:297:9
[INFO] [stdout]   25:     0x63531854c1f8 - <futures_util::future::future::catch_unwind::CatchUnwind<Fut> as core::future::future::Future>::poll::{{closure}}::h56b7fb343e2b90b7
[INFO] [stdout]                                at /opt/rustwide/cargo-home/registry/src/index.crates.io-6f17d22bba15001f/futures-util-0.3.30/src/future/future/catch_unwind.rs:36:42
[INFO] [stdout]   26:     0x63531857c9eb - <core::panic::unwind_safe::AssertUnwindSafe<F> as core::ops::function::FnOnce<()>>::call_once::hb42e73550e5b97b3
[INFO] [stdout]                                at /rustc/90b35a6239c3d8bdabc530a6a0816f7ff89a0aaf/library/core/src/panic/unwind_safe.rs:272:9
[INFO] [stdout]   27:     0x63531857efc0 - std::panicking::try::do_call::h7327b822be9514e0
[INFO] [stdout]                                at /rustc/90b35a6239c3d8bdabc530a6a0816f7ff89a0aaf/library/std/src/panicking.rs:557:40
[INFO] [stdout]   28:     0x6353185cd0eb - __rust_try
[INFO] [stdout]   29:     0x6353185bc15f - std::panicking::try::h1ccb8de599fd64e6
[INFO] [stdout]                                at /rustc/90b35a6239c3d8bdabc530a6a0816f7ff89a0aaf/library/std/src/panicking.rs:520:19
[INFO] [stdout]   30:     0x6353185bc15f - std::panic::catch_unwind::hcc4dc3827c09458c
[INFO] [stdout]                                at /rustc/90b35a6239c3d8bdabc530a6a0816f7ff89a0aaf/library/std/src/panic.rs:358:14
[INFO] [stdout]   31:     0x63531854c13d - <futures_util::future::future::catch_unwind::CatchUnwind<Fut> as core::future::future::Future>::poll::hbce10f9fb6d9b054
[INFO] [stdout]                                at /opt/rustwide/cargo-home/registry/src/index.crates.io-6f17d22bba15001f/futures-util-0.3.30/src/future/future/catch_unwind.rs:36:9
[INFO] [stdout]   32:     0x6353185f6ca9 - rocket::server::handle::{{closure}}::hc6b5bdaa3698e8ca
[INFO] [stdout]                                at /opt/rustwide/cargo-home/registry/src/index.crates.io-6f17d22bba15001f/rocket-0.5.1/src/server.rs:57:10
[INFO] [stdout]   33:     0x6353185fc5cf - rocket::server::<impl rocket::rkt::Rocket<rocket::phase::Orbit>>::route::{{closure}}::h7bbc3793ba2affb9
[INFO] [stdout]                                at /opt/rustwide/cargo-home/registry/src/index.crates.io-6f17d22bba15001f/rocket-0.5.1/src/server.rs:335:80
[INFO] [stdout]   34:     0x6353185fafc4 - rocket::server::<impl rocket::rkt::Rocket<rocket::phase::Orbit>>::route_and_process::{{closure}}::h00265703067f829d
[INFO] [stdout]                                at /opt/rustwide/cargo-home/registry/src/index.crates.io-6f17d22bba15001f/rocket-0.5.1/src/server.rs:288:60
[INFO] [stdout]   35:     0x6353185fa445 - rocket::server::<impl rocket::rkt::Rocket<rocket::phase::Orbit>>::dispatch::{{closure}}::hf1939559dfd4fdd1
[INFO] [stdout]                                at /opt/rustwide/cargo-home/registry/src/index.crates.io-6f17d22bba15001f/rocket-0.5.1/src/server.rs:262:66
[INFO] [stdout]   36:     0x635318640231 - rocket::local::asynchronous::response::LocalResponse::new::{{closure}}::haac09fd8d4a99187
[INFO] [stdout]                                at /opt/rustwide/cargo-home/registry/src/index.crates.io-6f17d22bba15001f/rocket-0.5.1/src/local/asynchronous/response.rs:90:53
[INFO] [stdout]   37:     0x6353185df574 - rocket::local::asynchronous::request::LocalRequest::_dispatch::{{closure}}::h5b04c478d7f8bc1a
[INFO] [stdout]                                at /opt/rustwide/cargo-home/registry/src/index.crates.io-6f17d22bba15001f/rocket-0.5.1/src/local/asynchronous/request.rs:99:12
[INFO] [stdout]   38:     0x6353185dfdbd - rocket::local::asynchronous::request::LocalRequest::dispatch::{{closure}}::h1462c1165bc08a31
[INFO] [stdout]                                at /opt/rustwide/cargo-home/registry/src/index.crates.io-6f17d22bba15001f/rocket-0.5.1/src/local/asynchronous/request.rs:123:63
[INFO] [stdout]   39:     0x6353183d1c81 - <tokio::future::maybe_done::MaybeDone<Fut> as core::future::future::Future>::poll::h25a6f46b9684ec96
[INFO] [stdout]                                at /opt/rustwide/cargo-home/registry/src/index.crates.io-6f17d22bba15001f/tokio-1.38.0/src/future/maybe_done.rs:62:56
[INFO] [stdout]   40:     0x6353183c3c5e - hello_rocket::test::rockets::{{closure}}::{{closure}}::h2d3c83e85d7c37c0
[INFO] [stdout]                                at /opt/rustwide/cargo-home/registry/src/index.crates.io-6f17d22bba15001f/tokio-1.38.0/src/macros/join.rs:126:24
[INFO] [stdout]   41:     0x6353183ca004 - <tokio::future::poll_fn::PollFn<F> as core::future::future::Future>::poll::h9779570d55882cdf
[INFO] [stdout]                                at /opt/rustwide/cargo-home/registry/src/index.crates.io-6f17d22bba15001f/tokio-1.38.0/src/future/poll_fn.rs:58:9
[INFO] [stdout]   42:     0x6353183c2e1d - hello_rocket::test::rockets::{{closure}}::h63f3215a497bb14f
[INFO] [stdout]                                at /opt/rustwide/workdir/src/main.rs:99:36
[INFO] [stdout]   43:     0x6353183ed6ef - tokio::runtime::park::CachedParkThread::block_on::{{closure}}::hacb63d674d692de5
[INFO] [stdout]                                at /opt/rustwide/cargo-home/registry/src/index.crates.io-6f17d22bba15001f/tokio-1.38.0/src/runtime/park.rs:281:63
[INFO] [stdout]   44:     0x6353183ed537 - tokio::runtime::coop::with_budget::hbe3f2c8927f5bb2d
[INFO] [stdout]                                at /opt/rustwide/cargo-home/registry/src/index.crates.io-6f17d22bba15001f/tokio-1.38.0/src/runtime/coop.rs:107:5
[INFO] [stdout]   45:     0x6353183ed537 - tokio::runtime::coop::budget::hc10a89a73d6e7bba
[INFO] [stdout]                                at /opt/rustwide/cargo-home/registry/src/index.crates.io-6f17d22bba15001f/tokio-1.38.0/src/runtime/coop.rs:73:5
[INFO] [stdout]   46:     0x6353183ed537 - tokio::runtime::park::CachedParkThread::block_on::hfbd2d0fcd1b0a400
[INFO] [stdout]                                at /opt/rustwide/cargo-home/registry/src/index.crates.io-6f17d22bba15001f/tokio-1.38.0/src/runtime/park.rs:281:31
[INFO] [stdout]   47:     0x6353183ed830 - tokio::runtime::context::blocking::BlockingRegionGuard::block_on::h42caf8b31bb57849
[INFO] [stdout]                                at /opt/rustwide/cargo-home/registry/src/index.crates.io-6f17d22bba15001f/tokio-1.38.0/src/runtime/context/blocking.rs:66:9
[INFO] [stdout]   48:     0x6353183ed965 - tokio::runtime::scheduler::multi_thread::MultiThread::block_on::{{closure}}::h064d68da976bbd9b
[INFO] [stdout]                                at /opt/rustwide/cargo-home/registry/src/index.crates.io-6f17d22bba15001f/tokio-1.38.0/src/runtime/scheduler/multi_thread/mod.rs:87:13
[INFO] [stdout]   49:     0x6353183be468 - tokio::runtime::context::runtime::enter_runtime::hb16ebbb31b43482a
[INFO] [stdout]                                at /opt/rustwide/cargo-home/registry/src/index.crates.io-6f17d22bba15001f/tokio-1.38.0/src/runtime/context/runtime.rs:65:16
[INFO] [stdout]   50:     0x6353183ed8ee - tokio::runtime::scheduler::multi_thread::MultiThread::block_on::hd9118c0802608571
[INFO] [stdout]                                at /opt/rustwide/cargo-home/registry/src/index.crates.io-6f17d22bba15001f/tokio-1.38.0/src/runtime/scheduler/multi_thread/mod.rs:86:9
[INFO] [stdout]   51:     0x6353183ce472 - tokio::runtime::runtime::Runtime::block_on::h41e2f9b4d37c9fa2
[INFO] [stdout]                                at /opt/rustwide/cargo-home/registry/src/index.crates.io-6f17d22bba15001f/tokio-1.38.0/src/runtime/runtime.rs:349:45
[INFO] [stdout]   52:     0x6353183efdef - rocket::async_run::h2f70a4f11cac4bfc
[INFO] [stdout]                                at /opt/rustwide/cargo-home/registry/src/index.crates.io-6f17d22bba15001f/rocket-0.5.1/src/lib.rs:250:18
[INFO] [stdout]   53:     0x6353183efba2 - rocket::async_test::ha4bcdf3d6e6d21f6
[INFO] [stdout]                                at /opt/rustwide/cargo-home/registry/src/index.crates.io-6f17d22bba15001f/rocket-0.5.1/src/lib.rs:261:5
[INFO] [stdout]   54:     0x6353183c2534 - hello_rocket::test::rockets::hba05b95faf21b53a
[INFO] [stdout]                                at /opt/rustwide/workdir/src/main.rs:94:24
[INFO] [stdout]   55:     0x6353183c24d7 - hello_rocket::test::rockets::{{closure}}::hb3f5fd09b91d4eb9
[INFO] [stdout]                                at /opt/rustwide/workdir/src/main.rs:94:23
[INFO] [stdout]   56:     0x6353183a64a6 - core::ops::function::FnOnce::call_once::hdb00bc692138b32a
[INFO] [stdout]                                at /rustc/90b35a6239c3d8bdabc530a6a0816f7ff89a0aaf/library/core/src/ops/function.rs:250:5
[INFO] [stdout]   57:     0x63531842d21b - core::ops::function::FnOnce::call_once::h109cf8051a59b34e
[INFO] [stdout]                                at /rustc/90b35a6239c3d8bdabc530a6a0816f7ff89a0aaf/library/core/src/ops/function.rs:250:5
[INFO] [stdout]   58:     0x63531842d21b - test::__rust_begin_short_backtrace::hf4fff89d377446ba
[INFO] [stdout]                                at /rustc/90b35a6239c3d8bdabc530a6a0816f7ff89a0aaf/library/test/src/lib.rs:621:18
[INFO] [stdout]   59:     0x63531842ca57 - test::run_test_in_process::{{closure}}::h0e39181dd7ee5a43
[INFO] [stdout]                                at /rustc/90b35a6239c3d8bdabc530a6a0816f7ff89a0aaf/library/test/src/lib.rs:644:60
[INFO] [stdout]   60:     0x63531842ca57 - <core::panic::unwind_safe::AssertUnwindSafe<F> as core::ops::function::FnOnce<()>>::call_once::hc5a66a30f0bdfd1f
[INFO] [stdout]                                at /rustc/90b35a6239c3d8bdabc530a6a0816f7ff89a0aaf/library/core/src/panic/unwind_safe.rs:272:9
[INFO] [stdout]   61:     0x63531842ca57 - std::panicking::try::do_call::h873b7cf639554a5e
[INFO] [stdout]                                at /rustc/90b35a6239c3d8bdabc530a6a0816f7ff89a0aaf/library/std/src/panicking.rs:557:40
[INFO] [stdout]   62:     0x63531842ca57 - std::panicking::try::hdb19862fad9c8bd1
[INFO] [stdout]                                at /rustc/90b35a6239c3d8bdabc530a6a0816f7ff89a0aaf/library/std/src/panicking.rs:520:19
[INFO] [stdout]   63:     0x63531842ca57 - std::panic::catch_unwind::h281fe732d236d260
[INFO] [stdout]                                at /rustc/90b35a6239c3d8bdabc530a6a0816f7ff89a0aaf/library/std/src/panic.rs:358:14
[INFO] [stdout]   64:     0x63531842ca57 - test::run_test_in_process::h949b6df8457ed338
[INFO] [stdout]                                at /rustc/90b35a6239c3d8bdabc530a6a0816f7ff89a0aaf/library/test/src/lib.rs:644:27
[INFO] [stdout]   65:     0x63531842ca57 - test::run_test::{{closure}}::h52c556a6d4740e10
[INFO] [stdout]                                at /rustc/90b35a6239c3d8bdabc530a6a0816f7ff89a0aaf/library/test/src/lib.rs:565:43
[INFO] [stdout]   66:     0x6353183f1d34 - test::run_test::{{closure}}::h4237f6381c45ccb9
[INFO] [stdout]                                at /rustc/90b35a6239c3d8bdabc530a6a0816f7ff89a0aaf/library/test/src/lib.rs:595:41
[INFO] [stdout]   67:     0x6353183f1d34 - std::sys::backtrace::__rust_begin_short_backtrace::h505c97a579eca628
[INFO] [stdout]                                at /rustc/90b35a6239c3d8bdabc530a6a0816f7ff89a0aaf/library/std/src/sys/backtrace.rs:154:18
[INFO] [stdout]   68:     0x6353183f53fe - std::thread::Builder::spawn_unchecked_::{{closure}}::{{closure}}::h9e86b2e2bc107ea3
[INFO] [stdout]                                at /rustc/90b35a6239c3d8bdabc530a6a0816f7ff89a0aaf/library/std/src/thread/mod.rs:538:17
[INFO] [stdout]   69:     0x6353183f53fe - <core::panic::unwind_safe::AssertUnwindSafe<F> as core::ops::function::FnOnce<()>>::call_once::h8b06ddb275ff4a25
[INFO] [stdout]                                at /rustc/90b35a6239c3d8bdabc530a6a0816f7ff89a0aaf/library/core/src/panic/unwind_safe.rs:272:9
[INFO] [stdout]   70:     0x6353183f53fe - std::panicking::try::do_call::hb26ecd7cd9a9355d
[INFO] [stdout]                                at /rustc/90b35a6239c3d8bdabc530a6a0816f7ff89a0aaf/library/std/src/panicking.rs:557:40
[INFO] [stdout]   71:     0x6353183f53fe - std::panicking::try::h8ddeca9d705f9069
[INFO] [stdout]                                at /rustc/90b35a6239c3d8bdabc530a6a0816f7ff89a0aaf/library/std/src/panicking.rs:520:19
[INFO] [stdout]   72:     0x6353183f53fe - std::panic::catch_unwind::h49e1c33078844c46
[INFO] [stdout]                                at /rustc/90b35a6239c3d8bdabc530a6a0816f7ff89a0aaf/library/std/src/panic.rs:358:14
[INFO] [stdout]   73:     0x6353183f53fe - std::thread::Builder::spawn_unchecked_::{{closure}}::h6073db6ff56ad35d
[INFO] [stdout]                                at /rustc/90b35a6239c3d8bdabc530a6a0816f7ff89a0aaf/library/std/src/thread/mod.rs:537:30
[INFO] [stdout]   74:     0x6353183f53fe - core::ops::function::FnOnce::call_once{{vtable.shim}}::h2c5a5f3779c774f1
[INFO] [stdout]                                at /rustc/90b35a6239c3d8bdabc530a6a0816f7ff89a0aaf/library/core/src/ops/function.rs:250:5
[INFO] [stdout]   75:     0x635318a3b0eb - <alloc::boxed::Box<F,A> as core::ops::function::FnOnce<Args>>::call_once::hf75717d9f28faebf
[INFO] [stdout]                                at /rustc/90b35a6239c3d8bdabc530a6a0816f7ff89a0aaf/library/alloc/src/boxed.rs:2454:9
[INFO] [stdout]   76:     0x635318a3b0eb - <alloc::boxed::Box<F,A> as core::ops::function::FnOnce<Args>>::call_once::h7bd883a5f3c5f3c1
[INFO] [stdout]                                at /rustc/90b35a6239c3d8bdabc530a6a0816f7ff89a0aaf/library/alloc/src/boxed.rs:2454:9
[INFO] [stdout]   77:     0x635318a3b0eb - std::sys::pal::unix::thread::Thread::new::thread_start::hcc78f3943333fa94
[INFO] [stdout]                                at /rustc/90b35a6239c3d8bdabc530a6a0816f7ff89a0aaf/library/std/src/sys/pal/unix/thread.rs:105:17
[INFO] [stdout]   78:     0x70682e3aeac3 - <unknown>
[INFO] [stdout]   79:     0x70682e43fa04 - clone
[INFO] [stdout]   80:                0x0 - <unknown>
[INFO] [stdout]    >> Handler get_rockets panicked.
[INFO] [stdout]    >> This is an application bug.
[INFO] [stdout]    >> A panic in Rust must be treated as an exceptional event.
[INFO] [stdout]    >> Panicking is not a suitable error handling mechanism.
[INFO] [stdout]    >> Unwinding, the result of a panic, is an expensive operation.
[INFO] [stdout]    >> Panics will degrade application performance.
[INFO] [stdout]    >> Instead of panicking, return `Option` and/or `Result`.
[INFO] [stdout]    >> Values of either type can be returned directly from handlers.
[INFO] [stdout]    >> A panic is treated as an internal server error.
[INFO] [stdout]    >> Outcome: Error(500 Internal Server Error)
[INFO] [stdout]    >> No 500 catcher registered. Using Rocket default.
[INFO] [stdout] thread 'test::rockets' panicked at src/main.rs:101:9:
[INFO] [stdout] assertion `left == right` failed
[INFO] [stdout]   left: Status { code: 500 }
[INFO] [stdout]  right: Status { code: 200 }
[INFO] [stdout] stack backtrace:
[INFO] [stdout]    0:     0x635318a353da - std::backtrace_rs::backtrace::libunwind::trace::h5a5b8284f2d0c266
[INFO] [stdout]                                at /rustc/90b35a6239c3d8bdabc530a6a0816f7ff89a0aaf/library/std/src/../../backtrace/src/backtrace/libunwind.rs:116:5
[INFO] [stdout]    1:     0x635318a353da - std::backtrace_rs::backtrace::trace_unsynchronized::h76d4f1c9b0b875e3
[INFO] [stdout]                                at /rustc/90b35a6239c3d8bdabc530a6a0816f7ff89a0aaf/library/std/src/../../backtrace/src/backtrace/mod.rs:66:5
[INFO] [stdout]    2:     0x635318a353da - std::sys::backtrace::_print_fmt::hc4546b8364a537c6
[INFO] [stdout]                                at /rustc/90b35a6239c3d8bdabc530a6a0816f7ff89a0aaf/library/std/src/sys/backtrace.rs:66:9
[INFO] [stdout]    3:     0x635318a353da - <std::sys::backtrace::BacktraceLock::print::DisplayBacktrace as core::fmt::Display>::fmt::h5b6bd5631a6d1f6b
[INFO] [stdout]                                at /rustc/90b35a6239c3d8bdabc530a6a0816f7ff89a0aaf/library/std/src/sys/backtrace.rs:39:26
[INFO] [stdout]    4:     0x635318a60293 - core::fmt::rt::Argument::fmt::h270f6602a2b96f62
[INFO] [stdout]                                at /rustc/90b35a6239c3d8bdabc530a6a0816f7ff89a0aaf/library/core/src/fmt/rt.rs:177:76
[INFO] [stdout]    5:     0x635318a60293 - core::fmt::write::h7550c97b06c86515
[INFO] [stdout]                                at /rustc/90b35a6239c3d8bdabc530a6a0816f7ff89a0aaf/library/core/src/fmt/mod.rs:1186:21
[INFO] [stdout]    6:     0x635318a31b53 - std::io::Write::write_fmt::h509ff860e5956e5e
[INFO] [stdout]                                at /rustc/90b35a6239c3d8bdabc530a6a0816f7ff89a0aaf/library/std/src/io/mod.rs:1839:15
[INFO] [stdout]    7:     0x635318a35222 - std::sys::backtrace::BacktraceLock::print::h2395ccd2c84ba3aa
[INFO] [stdout]                                at /rustc/90b35a6239c3d8bdabc530a6a0816f7ff89a0aaf/library/std/src/sys/backtrace.rs:42:9
[INFO] [stdout]    8:     0x635318a3683a - std::panicking::default_hook::{{closure}}::he19d4c7230e07961
[INFO] [stdout]                                at /rustc/90b35a6239c3d8bdabc530a6a0816f7ff89a0aaf/library/std/src/panicking.rs:268:22
[INFO] [stdout]    9:     0x635318a36644 - std::panicking::default_hook::hf614597d3c67bbdb
[INFO] [stdout]                                at /rustc/90b35a6239c3d8bdabc530a6a0816f7ff89a0aaf/library/std/src/panicking.rs:292:9
[INFO] [stdout]   10:     0x635318428859 - <alloc::boxed::Box<F,A> as core::ops::function::Fn<Args>>::call::h39b51ce4599c23d1
[INFO] [stdout]                                at /rustc/90b35a6239c3d8bdabc530a6a0816f7ff89a0aaf/library/alloc/src/boxed.rs:2468:9
[INFO] [stdout]   11:     0x635318428859 - test::test_main::{{closure}}::he977ae839a582784
[INFO] [stdout]                                at /rustc/90b35a6239c3d8bdabc530a6a0816f7ff89a0aaf/library/test/src/lib.rs:133:21
[INFO] [stdout]   12:     0x635318a36ed8 - <alloc::boxed::Box<F,A> as core::ops::function::Fn<Args>>::call::h9455091b6b06f9fb
[INFO] [stdout]                                at /rustc/90b35a6239c3d8bdabc530a6a0816f7ff89a0aaf/library/alloc/src/boxed.rs:2468:9
[INFO] [stdout]   13:     0x635318a36ed8 - std::panicking::rust_panic_with_hook::h8942133a8b252070
[INFO] [stdout]                                at /rustc/90b35a6239c3d8bdabc530a6a0816f7ff89a0aaf/library/std/src/panicking.rs:809:13
[INFO] [stdout]   14:     0x635318a36c9a - std::panicking::begin_panic_handler::{{closure}}::hb5f5963570096b29
[INFO] [stdout]                                at /rustc/90b35a6239c3d8bdabc530a6a0816f7ff89a0aaf/library/std/src/panicking.rs:674:13
[INFO] [stdout]   15:     0x635318a358b9 - std::sys::backtrace::__rust_end_short_backtrace::h6208cedc1922feda
[INFO] [stdout]                                at /rustc/90b35a6239c3d8bdabc530a6a0816f7ff89a0aaf/library/std/src/sys/backtrace.rs:170:18
[INFO] [stdout]   16:     0x635318a3692c - rust_begin_unwind
[INFO] [stdout]                                at /rustc/90b35a6239c3d8bdabc530a6a0816f7ff89a0aaf/library/std/src/panicking.rs:665:5
[INFO] [stdout]   17:     0x6353183a52b0 - core::panicking::panic_fmt::h0c3082644d1bf418
[INFO] [stdout]                                at /rustc/90b35a6239c3d8bdabc530a6a0816f7ff89a0aaf/library/core/src/panicking.rs:74:14
[INFO] [stdout]   18:     0x6353183a5715 - core::panicking::assert_failed_inner::h2ddf1fcc067fa858
[INFO] [stdout]   19:     0x6353183d6f8f - core::panicking::assert_failed::h127e902504de60e8
[INFO] [stdout]                                at /rustc/90b35a6239c3d8bdabc530a6a0816f7ff89a0aaf/library/core/src/panicking.rs:367:5
[INFO] [stdout]   20:     0x6353183c3149 - hello_rocket::test::rockets::{{closure}}::h63f3215a497bb14f
[INFO] [stdout]                                at /opt/rustwide/workdir/src/main.rs:101:9
[INFO] [stdout]   21:     0x6353183ed6ef - tokio::runtime::park::CachedParkThread::block_on::{{closure}}::hacb63d674d692de5
[INFO] [stdout]                                at /opt/rustwide/cargo-home/registry/src/index.crates.io-6f17d22bba15001f/tokio-1.38.0/src/runtime/park.rs:281:63
[INFO] [stdout]   22:     0x6353183ed537 - tokio::runtime::coop::with_budget::hbe3f2c8927f5bb2d
[INFO] [stdout]                                at /opt/rustwide/cargo-home/registry/src/index.crates.io-6f17d22bba15001f/tokio-1.38.0/src/runtime/coop.rs:107:5
[INFO] [stdout]   23:     0x6353183ed537 - tokio::runtime::coop::budget::hc10a89a73d6e7bba
[INFO] [stdout]                                at /opt/rustwide/cargo-home/registry/src/index.crates.io-6f17d22bba15001f/tokio-1.38.0/src/runtime/coop.rs:73:5
[INFO] [stdout]   24:     0x6353183ed537 - tokio::runtime::park::CachedParkThread::block_on::hfbd2d0fcd1b0a400
[INFO] [stdout]                                at /opt/rustwide/cargo-home/registry/src/index.crates.io-6f17d22bba15001f/tokio-1.38.0/src/runtime/park.rs:281:31
[INFO] [stdout]   25:     0x6353183ed830 - tokio::runtime::context::blocking::BlockingRegionGuard::block_on::h42caf8b31bb57849
[INFO] [stdout]                                at /opt/rustwide/cargo-home/registry/src/index.crates.io-6f17d22bba15001f/tokio-1.38.0/src/runtime/context/blocking.rs:66:9
[INFO] [stdout]   26:     0x6353183ed965 - tokio::runtime::scheduler::multi_thread::MultiThread::block_on::{{closure}}::h064d68da976bbd9b
[INFO] [stdout]                                at /opt/rustwide/cargo-home/registry/src/index.crates.io-6f17d22bba15001f/tokio-1.38.0/src/runtime/scheduler/multi_thread/mod.rs:87:13
[INFO] [stdout]   27:     0x6353183be468 - tokio::runtime::context::runtime::enter_runtime::hb16ebbb31b43482a
[INFO] [stdout]                                at /opt/rustwide/cargo-home/registry/src/index.crates.io-6f17d22bba15001f/tokio-1.38.0/src/runtime/context/runtime.rs:65:16
[INFO] [stdout]   28:     0x6353183ed8ee - tokio::runtime::scheduler::multi_thread::MultiThread::block_on::hd9118c0802608571
[INFO] [stdout]                                at /opt/rustwide/cargo-home/registry/src/index.crates.io-6f17d22bba15001f/tokio-1.38.0/src/runtime/scheduler/multi_thread/mod.rs:86:9
[INFO] [stdout]   29:     0x6353183ce472 - tokio::runtime::runtime::Runtime::block_on::h41e2f9b4d37c9fa2
[INFO] [stdout]                                at /opt/rustwide/cargo-home/registry/src/index.crates.io-6f17d22bba15001f/tokio-1.38.0/src/runtime/runtime.rs:349:45
[INFO] [stdout]   30:     0x6353183efdef - rocket::async_run::h2f70a4f11cac4bfc
[INFO] [stdout]                                at /opt/rustwide/cargo-home/registry/src/index.crates.io-6f17d22bba15001f/rocket-0.5.1/src/lib.rs:250:18
[INFO] [stdout]   31:     0x6353183efba2 - rocket::async_test::ha4bcdf3d6e6d21f6
[INFO] [stdout]                                at /opt/rustwide/cargo-home/registry/src/index.crates.io-6f17d22bba15001f/rocket-0.5.1/src/lib.rs:261:5
[INFO] [stdout]   32:     0x6353183c2534 - hello_rocket::test::rockets::hba05b95faf21b53a
[INFO] [stdout]                                at /opt/rustwide/workdir/src/main.rs:94:24
[INFO] [stdout]   33:     0x6353183c24d7 - hello_rocket::test::rockets::{{closure}}::hb3f5fd09b91d4eb9
[INFO] [stdout]                                at /opt/rustwide/workdir/src/main.rs:94:23
[INFO] [stdout]   34:     0x6353183a64a6 - core::ops::function::FnOnce::call_once::hdb00bc692138b32a
[INFO] [stdout]                                at /rustc/90b35a6239c3d8bdabc530a6a0816f7ff89a0aaf/library/core/src/ops/function.rs:250:5
[INFO] [stdout]   35:     0x63531842d21b - core::ops::function::FnOnce::call_once::h109cf8051a59b34e
[INFO] [stdout]                                at /rustc/90b35a6239c3d8bdabc530a6a0816f7ff89a0aaf/library/core/src/ops/function.rs:250:5
[INFO] [stdout]   36:     0x63531842d21b - test::__rust_begin_short_backtrace::hf4fff89d377446ba
[INFO] [stdout]                                at /rustc/90b35a6239c3d8bdabc530a6a0816f7ff89a0aaf/library/test/src/lib.rs:621:18
[INFO] [stdout]   37:     0x63531842ca57 - test::run_test_in_process::{{closure}}::h0e39181dd7ee5a43
[INFO] [stdout]                                at /rustc/90b35a6239c3d8bdabc530a6a0816f7ff89a0aaf/library/test/src/lib.rs:644:60
[INFO] [stdout]   38:     0x63531842ca57 - <core::panic::unwind_safe::AssertUnwindSafe<F> as core::ops::function::FnOnce<()>>::call_once::hc5a66a30f0bdfd1f
[INFO] [stdout]                                at /rustc/90b35a6239c3d8bdabc530a6a0816f7ff89a0aaf/library/core/src/panic/unwind_safe.rs:272:9
[INFO] [stdout]   39:     0x63531842ca57 - std::panicking::try::do_call::h873b7cf639554a5e
[INFO] [stdout]                                at /rustc/90b35a6239c3d8bdabc530a6a0816f7ff89a0aaf/library/std/src/panicking.rs:557:40
[INFO] [stdout]   40:     0x63531842ca57 - std::panicking::try::hdb19862fad9c8bd1
[INFO] [stdout]                                at /rustc/90b35a6239c3d8bdabc530a6a0816f7ff89a0aaf/library/std/src/panicking.rs:520:19
[INFO] [stdout]   41:     0x63531842ca57 - std::panic::catch_unwind::h281fe732d236d260
[INFO] [stdout]                                at /rustc/90b35a6239c3d8bdabc530a6a0816f7ff89a0aaf/library/std/src/panic.rs:358:14
[INFO] [stdout]   42:     0x63531842ca57 - test::run_test_in_process::h949b6df8457ed338
[INFO] [stdout]                                at /rustc/90b35a6239c3d8bdabc530a6a0816f7ff89a0aaf/library/test/src/lib.rs:644:27
[INFO] [stdout]   43:     0x63531842ca57 - test::run_test::{{closure}}::h52c556a6d4740e10
[INFO] [stdout]                                at /rustc/90b35a6239c3d8bdabc530a6a0816f7ff89a0aaf/library/test/src/lib.rs:565:43
[INFO] [stdout]   44:     0x6353183f1d34 - test::run_test::{{closure}}::h4237f6381c45ccb9
[INFO] [stdout]                                at /rustc/90b35a6239c3d8bdabc530a6a0816f7ff89a0aaf/library/test/src/lib.rs:595:41
[INFO] [stdout]   45:     0x6353183f1d34 - std::sys::backtrace::__rust_begin_short_backtrace::h505c97a579eca628
[INFO] [stdout]                                at /rustc/90b35a6239c3d8bdabc530a6a0816f7ff89a0aaf/library/std/src/sys/backtrace.rs:154:18
[INFO] [stdout]   46:     0x6353183f53fe - std::thread::Builder::spawn_unchecked_::{{closure}}::{{closure}}::h9e86b2e2bc107ea3
[INFO] [stdout]                                at /rustc/90b35a6239c3d8bdabc530a6a0816f7ff89a0aaf/library/std/src/thread/mod.rs:538:17
[INFO] [stdout]   47:     0x6353183f53fe - <core::panic::unwind_safe::AssertUnwindSafe<F> as core::ops::function::FnOnce<()>>::call_once::h8b06ddb275ff4a25
[INFO] [stdout]                                at /rustc/90b35a6239c3d8bdabc530a6a0816f7ff89a0aaf/library/core/src/panic/unwind_safe.rs:272:9
[INFO] [stdout]   48:     0x6353183f53fe - std::panicking::try::do_call::hb26ecd7cd9a9355d
[INFO] [stdout]                                at /rustc/90b35a6239c3d8bdabc530a6a0816f7ff89a0aaf/library/std/src/panicking.rs:557:40
[INFO] [stdout]   49:     0x6353183f53fe - std::panicking::try::h8ddeca9d705f9069
[INFO] [stdout]                                at /rustc/90b35a6239c3d8bdabc530a6a0816f7ff89a0aaf/library/std/src/panicking.rs:520:19
[INFO] [stdout]   50:     0x6353183f53fe - std::panic::catch_unwind::h49e1c33078844c46
[INFO] [stdout]                                at /rustc/90b35a6239c3d8bdabc530a6a0816f7ff89a0aaf/library/std/src/panic.rs:358:14
[INFO] [stdout]   51:     0x6353183f53fe - std::thread::Builder::spawn_unchecked_::{{closure}}::h6073db6ff56ad35d
[INFO] [stdout]                                at /rustc/90b35a6239c3d8bdabc530a6a0816f7ff89a0aaf/library/std/src/thread/mod.rs:537:30
[INFO] [stdout]   52:     0x6353183f53fe - core::ops::function::FnOnce::call_once{{vtable.shim}}::h2c5a5f3779c774f1
[INFO] [stdout]                                at /rustc/90b35a6239c3d8bdabc530a6a0816f7ff89a0aaf/library/core/src/ops/function.rs:250:5
[INFO] [stdout]   53:     0x635318a3b0eb - <alloc::boxed::Box<F,A> as core::ops::function::FnOnce<Args>>::call_once::hf75717d9f28faebf
[INFO] [stdout]                                at /rustc/90b35a6239c3d8bdabc530a6a0816f7ff89a0aaf/library/alloc/src/boxed.rs:2454:9
[INFO] [stdout]   54:     0x635318a3b0eb - <alloc::boxed::Box<F,A> as core::ops::function::FnOnce<Args>>::call_once::h7bd883a5f3c5f3c1
[INFO] [stdout]                                at /rustc/90b35a6239c3d8bdabc530a6a0816f7ff89a0aaf/library/alloc/src/boxed.rs:2454:9
[INFO] [stdout]   55:     0x635318a3b0eb - std::sys::pal::unix::thread::Thread::new::thread_start::hcc78f3943333fa94
[INFO] [stdout]                                at /rustc/90b35a6239c3d8bdabc530a6a0816f7ff89a0aaf/library/std/src/sys/pal/unix/thread.rs:105:17
[INFO] [stdout]   56:     0x70682e3aeac3 - <unknown>
[INFO] [stdout]   57:     0x70682e43fa04 - clone
[INFO] [stdout]   58:                0x0 - <unknown>
[INFO] [stdout] 
[INFO] [stdout] 
[INFO] [stdout] failures:
[INFO] [stdout]     test::rockets
[INFO] [stdout] 
[INFO] [stdout] test result: FAILED. 0 passed; 1 failed; 0 ignored; 0 measured; 0 filtered out; finished in 0.08s
[INFO] [stdout] 
[INFO] [stderr] error: test failed, to rerun pass `--bin hello-rocket`
[INFO] running `Command { std: "docker" "inspect" "11b76d0b6ae0607a38a3b79f0d3eea472e1d8cf57d746c4c2536b03f873b6b51", kill_on_drop: false }`
[INFO] running `Command { std: "docker" "rm" "-f" "11b76d0b6ae0607a38a3b79f0d3eea472e1d8cf57d746c4c2536b03f873b6b51", kill_on_drop: false }`
[INFO] [stdout] 11b76d0b6ae0607a38a3b79f0d3eea472e1d8cf57d746c4c2536b03f873b6b51
