[INFO] cloning repository https://github.com/zoldseges/aoc2021
[INFO] running `Command { std: "git" "-c" "credential.helper=" "-c" "credential.helper=/workspace/cargo-home/bin/git-credential-null" "clone" "--bare" "https://github.com/zoldseges/aoc2021" "/workspace/cache/git-repos/https%3A%2F%2Fgithub.com%2Fzoldseges%2Faoc2021", kill_on_drop: false }`
[INFO] [stderr] Cloning into bare repository '/workspace/cache/git-repos/https%3A%2F%2Fgithub.com%2Fzoldseges%2Faoc2021'...
[INFO] running `Command { std: "git" "rev-parse" "HEAD", kill_on_drop: false }`
[INFO] [stdout] 7ed0323be493021f44ad8d1a324e594e9ca87bb2
[INFO] testing zoldseges/aoc2021 against beta-2024-12-08 for beta-1.84.0-4-retry
[INFO] running `Command { std: "git" "clone" "/workspace/cache/git-repos/https%3A%2F%2Fgithub.com%2Fzoldseges%2Faoc2021" "/workspace/builds/worker-6-tc2/source", kill_on_drop: false }`
[INFO] [stderr] Cloning into '/workspace/builds/worker-6-tc2/source'...
[INFO] [stderr] done.
[INFO] validating manifest of git repo https://github.com/zoldseges/aoc2021 on toolchain beta-2024-12-08
[INFO] running `Command { std: CARGO_HOME="/workspace/cargo-home" RUSTUP_HOME="/workspace/rustup-home" "/workspace/cargo-home/bin/cargo" "+beta-2024-12-08" "metadata" "--manifest-path" "Cargo.toml" "--no-deps", kill_on_drop: false }`
[INFO] started tweaking git repo https://github.com/zoldseges/aoc2021
[INFO] finished tweaking git repo https://github.com/zoldseges/aoc2021
[INFO] tweaked toml for git repo https://github.com/zoldseges/aoc2021 written to /workspace/builds/worker-6-tc2/source/Cargo.toml
[INFO] crate git repo https://github.com/zoldseges/aoc2021 already has a lockfile, it will not be regenerated
[INFO] running `Command { std: CARGO_HOME="/workspace/cargo-home" RUSTUP_HOME="/workspace/rustup-home" "/workspace/cargo-home/bin/cargo" "+beta-2024-12-08" "fetch" "--manifest-path" "Cargo.toml", kill_on_drop: false }`
[INFO] [stderr]     Blocking waiting for file lock on package cache
[INFO] running `Command { std: "docker" "create" "-v" "/var/lib/crater-agent-workspace/builds/worker-6-tc2/target:/opt/rustwide/target:rw,Z" "-v" "/var/lib/crater-agent-workspace/builds/worker-6-tc2/source:/opt/rustwide/workdir:ro,Z" "-v" "/var/lib/crater-agent-workspace/cargo-home:/opt/rustwide/cargo-home:ro,Z" "-v" "/var/lib/crater-agent-workspace/rustup-home:/opt/rustwide/rustup-home:ro,Z" "-e" "SOURCE_DIR=/opt/rustwide/workdir" "-e" "CARGO_TARGET_DIR=/opt/rustwide/target" "-e" "CARGO_HOME=/opt/rustwide/cargo-home" "-e" "RUSTUP_HOME=/opt/rustwide/rustup-home" "-w" "/opt/rustwide/workdir" "-m" "1610612736" "--user" "0:0" "--network" "none" "ghcr.io/rust-lang/crates-build-env/linux@sha256:f3a9d4ad9d972b27faf3965f35b62e55ba32bbce8f20bc8fe909558a86702fde" "/opt/rustwide/cargo-home/bin/cargo" "+beta-2024-12-08" "metadata" "--no-deps" "--format-version=1", kill_on_drop: false }`
[INFO] [stdout] 7115da8e1930b12a922f3888a0214cba689f3491afca8395abc3afe062c5d289
[INFO] running `Command { std: "docker" "start" "-a" "7115da8e1930b12a922f3888a0214cba689f3491afca8395abc3afe062c5d289", kill_on_drop: false }`
[INFO] running `Command { std: "docker" "inspect" "7115da8e1930b12a922f3888a0214cba689f3491afca8395abc3afe062c5d289", kill_on_drop: false }`
[INFO] running `Command { std: "docker" "rm" "-f" "7115da8e1930b12a922f3888a0214cba689f3491afca8395abc3afe062c5d289", kill_on_drop: false }`
[INFO] [stdout] 7115da8e1930b12a922f3888a0214cba689f3491afca8395abc3afe062c5d289
[INFO] running `Command { std: "docker" "create" "-v" "/var/lib/crater-agent-workspace/builds/worker-6-tc2/target:/opt/rustwide/target:rw,Z" "-v" "/var/lib/crater-agent-workspace/builds/worker-6-tc2/source:/opt/rustwide/workdir:ro,Z" "-v" "/var/lib/crater-agent-workspace/cargo-home:/opt/rustwide/cargo-home:ro,Z" "-v" "/var/lib/crater-agent-workspace/rustup-home:/opt/rustwide/rustup-home:ro,Z" "-e" "SOURCE_DIR=/opt/rustwide/workdir" "-e" "CARGO_TARGET_DIR=/opt/rustwide/target" "-e" "CARGO_INCREMENTAL=0" "-e" "RUST_BACKTRACE=full" "-e" "RUSTFLAGS=--cap-lints=warn" "-e" "RUSTDOCFLAGS=--cap-lints=warn" "-e" "CARGO_HOME=/opt/rustwide/cargo-home" "-e" "RUSTUP_HOME=/opt/rustwide/rustup-home" "-w" "/opt/rustwide/workdir" "-m" "1610612736" "--user" "0:0" "--network" "none" "ghcr.io/rust-lang/crates-build-env/linux@sha256:f3a9d4ad9d972b27faf3965f35b62e55ba32bbce8f20bc8fe909558a86702fde" "/opt/rustwide/cargo-home/bin/cargo" "+beta-2024-12-08" "build" "--frozen" "--message-format=json", kill_on_drop: false }`
[INFO] [stdout] 0eb4e21cdfa0f8426a8ab0573809fbbccc33ea31722ec94d8a4ed5818e8acdd8
[INFO] running `Command { std: "docker" "start" "-a" "0eb4e21cdfa0f8426a8ab0573809fbbccc33ea31722ec94d8a4ed5818e8acdd8", kill_on_drop: false }`
[INFO] [stderr]    Compiling aoc2021 v0.1.0 (/opt/rustwide/workdir)
[INFO] [stdout] warning: value assigned to `base` is never read
[INFO] [stdout]   --> src/puzzles/day14/mod.rs:22:17
[INFO] [stdout]    |
[INFO] [stdout] 22 |         let mut base: String = String::new();
[INFO] [stdout]    |                 ^^^^
[INFO] [stdout]    |
[INFO] [stdout]    = help: maybe it is overwritten before being read?
[INFO] [stdout]    = note: `#[warn(unused_assignments)]` on by default
[INFO] [stdout] 
[INFO] [stdout] 
[INFO] [stdout] warning: value assigned to `from` is never read
[INFO] [stdout]   --> src/puzzles/day14/mod.rs:28:21
[INFO] [stdout]    |
[INFO] [stdout] 28 |             let mut from = String::new();
[INFO] [stdout]    |                     ^^^^
[INFO] [stdout]    |
[INFO] [stdout]    = help: maybe it is overwritten before being read?
[INFO] [stdout] 
[INFO] [stdout] 
[INFO] [stdout] warning: field `0` is never read
[INFO] [stdout]   --> src/puzzles/day10/mod.rs:45:13
[INFO] [stdout]    |
[INFO] [stdout] 45 |     Opening(char),
[INFO] [stdout]    |     ------- ^^^^
[INFO] [stdout]    |     |
[INFO] [stdout]    |     field in this variant
[INFO] [stdout]    |
[INFO] [stdout]    = note: `#[warn(dead_code)]` on by default
[INFO] [stdout] help: consider changing the field to be of unit type to suppress this warning while preserving the field numbering, or remove the field
[INFO] [stdout]    |
[INFO] [stdout] 45 |     Opening(()),
[INFO] [stdout]    |             ~~
[INFO] [stdout] 
[INFO] [stdout] 
[INFO] [stdout] warning: struct `Input` is never constructed
[INFO] [stdout]   --> src/puzzles/day14/mod.rs:15:8
[INFO] [stdout]    |
[INFO] [stdout] 15 | struct Input {
[INFO] [stdout]    |        ^^^^^
[INFO] [stdout] 
[INFO] [stdout] 
[INFO] [stdout] warning: associated function `new` is never used
[INFO] [stdout]   --> src/puzzles/day14/mod.rs:21:8
[INFO] [stdout]    |
[INFO] [stdout] 20 | impl Input {
[INFO] [stdout]    | ---------- associated function in this implementation
[INFO] [stdout] 21 |     fn new(input: &str) -> Input {
[INFO] [stdout]    |        ^^^
[INFO] [stdout] 
[INFO] [stdout] 
[INFO] [stdout] warning: creating a shared reference to mutable static is discouraged
[INFO] [stdout]   --> src/puzzles/day10/mod.rs:10:14
[INFO] [stdout]    |
[INFO] [stdout] 10 |     return Some(SOLUTIONS.0.to_string());
[INFO] [stdout]    |                 ^^^^^^^^^^^^^^^^^^^^^^^ shared reference to mutable static
[INFO] [stdout]    |
[INFO] [stdout]    = note: for more information, see <https://doc.rust-lang.org/nightly/edition-guide/rust-2024/static-mut-references.html>
[INFO] [stdout]    = note: shared references to mutable statics are dangerous; it's undefined behavior if the static is mutated or if a mutable reference is created for it while the shared reference lives
[INFO] [stdout]    = note: `#[warn(static_mut_refs)]` on by default
[INFO] [stdout] 
[INFO] [stdout] 
[INFO] [stdout] warning: creating a shared reference to mutable static is discouraged
[INFO] [stdout]   --> src/puzzles/day10/mod.rs:19:22
[INFO] [stdout]    |
[INFO] [stdout] 19 |             return Some(SOLUTIONS.1.to_string());
[INFO] [stdout]    |                         ^^^^^^^^^^^^^^^^^^^^^^^ shared reference to mutable static
[INFO] [stdout]    |
[INFO] [stdout]    = note: for more information, see <https://doc.rust-lang.org/nightly/edition-guide/rust-2024/static-mut-references.html>
[INFO] [stdout]    = note: shared references to mutable statics are dangerous; it's undefined behavior if the static is mutated or if a mutable reference is created for it while the shared reference lives
[INFO] [stdout] 
[INFO] [stdout] 
[INFO] [stderr]     Finished `dev` profile [unoptimized + debuginfo] target(s) in 1.60s
[INFO] running `Command { std: "docker" "inspect" "0eb4e21cdfa0f8426a8ab0573809fbbccc33ea31722ec94d8a4ed5818e8acdd8", kill_on_drop: false }`
[INFO] running `Command { std: "docker" "rm" "-f" "0eb4e21cdfa0f8426a8ab0573809fbbccc33ea31722ec94d8a4ed5818e8acdd8", kill_on_drop: false }`
[INFO] [stdout] 0eb4e21cdfa0f8426a8ab0573809fbbccc33ea31722ec94d8a4ed5818e8acdd8
[INFO] running `Command { std: "docker" "create" "-v" "/var/lib/crater-agent-workspace/builds/worker-6-tc2/target:/opt/rustwide/target:rw,Z" "-v" "/var/lib/crater-agent-workspace/builds/worker-6-tc2/source:/opt/rustwide/workdir:ro,Z" "-v" "/var/lib/crater-agent-workspace/cargo-home:/opt/rustwide/cargo-home:ro,Z" "-v" "/var/lib/crater-agent-workspace/rustup-home:/opt/rustwide/rustup-home:ro,Z" "-e" "SOURCE_DIR=/opt/rustwide/workdir" "-e" "CARGO_TARGET_DIR=/opt/rustwide/target" "-e" "CARGO_INCREMENTAL=0" "-e" "RUST_BACKTRACE=full" "-e" "RUSTFLAGS=--cap-lints=warn" "-e" "RUSTDOCFLAGS=--cap-lints=warn" "-e" "CARGO_HOME=/opt/rustwide/cargo-home" "-e" "RUSTUP_HOME=/opt/rustwide/rustup-home" "-w" "/opt/rustwide/workdir" "-m" "1610612736" "--user" "0:0" "--network" "none" "ghcr.io/rust-lang/crates-build-env/linux@sha256:f3a9d4ad9d972b27faf3965f35b62e55ba32bbce8f20bc8fe909558a86702fde" "/opt/rustwide/cargo-home/bin/cargo" "+beta-2024-12-08" "test" "--frozen" "--no-run" "--message-format=json", kill_on_drop: false }`
[INFO] [stdout] ffd19d6cf033c9fa4c9190e5979d0ab90cb56683b8ccc8c930d55a45916cb974
[INFO] running `Command { std: "docker" "start" "-a" "ffd19d6cf033c9fa4c9190e5979d0ab90cb56683b8ccc8c930d55a45916cb974", kill_on_drop: false }`
[INFO] [stdout] warning: value assigned to `base` is never read
[INFO] [stdout]   --> src/puzzles/day14/mod.rs:22:17
[INFO] [stdout]    |
[INFO] [stdout] 22 |         let mut base: String = String::new();
[INFO] [stdout]    |                 ^^^^
[INFO] [stdout]    |
[INFO] [stdout]    = help: maybe it is overwritten before being read?
[INFO] [stdout]    = note: `#[warn(unused_assignments)]` on by default
[INFO] [stdout] 
[INFO] [stdout] 
[INFO] [stdout] warning: value assigned to `from` is never read
[INFO] [stdout]   --> src/puzzles/day14/mod.rs:28:21
[INFO] [stdout]    |
[INFO] [stdout] 28 |             let mut from = String::new();
[INFO] [stdout]    |                     ^^^^
[INFO] [stdout]    |
[INFO] [stdout]    = help: maybe it is overwritten before being read?
[INFO] [stdout] 
[INFO] [stdout] 
[INFO] [stdout] warning: field `0` is never read
[INFO] [stdout]   --> src/puzzles/day10/mod.rs:45:13
[INFO] [stdout]    |
[INFO] [stdout] 45 |     Opening(char),
[INFO] [stdout]    |     ------- ^^^^
[INFO] [stdout]    |     |
[INFO] [stdout]    |     field in this variant
[INFO] [stdout]    |
[INFO] [stdout]    = note: `#[warn(dead_code)]` on by default
[INFO] [stdout] help: consider changing the field to be of unit type to suppress this warning while preserving the field numbering, or remove the field
[INFO] [stdout]    |
[INFO] [stdout] 45 |     Opening(()),
[INFO] [stdout]    |             ~~
[INFO] [stdout] 
[INFO] [stdout] 
[INFO] [stdout] warning: struct `Input` is never constructed
[INFO] [stdout]   --> src/puzzles/day14/mod.rs:15:8
[INFO] [stdout]    |
[INFO] [stdout] 15 | struct Input {
[INFO] [stdout]    |        ^^^^^
[INFO] [stdout] 
[INFO] [stdout] 
[INFO] [stdout] warning: associated function `new` is never used
[INFO] [stdout]   --> src/puzzles/day14/mod.rs:21:8
[INFO] [stdout]    |
[INFO] [stdout] 20 | impl Input {
[INFO] [stdout]    | ---------- associated function in this implementation
[INFO] [stdout] 21 |     fn new(input: &str) -> Input {
[INFO] [stdout]    |        ^^^
[INFO] [stdout] 
[INFO] [stdout] 
[INFO] [stdout] warning: creating a shared reference to mutable static is discouraged
[INFO] [stdout]   --> src/puzzles/day10/mod.rs:10:14
[INFO] [stdout]    |
[INFO] [stdout] 10 |     return Some(SOLUTIONS.0.to_string());
[INFO] [stdout]    |                 ^^^^^^^^^^^^^^^^^^^^^^^ shared reference to mutable static
[INFO] [stdout]    |
[INFO] [stdout]    = note: for more information, see <https://doc.rust-lang.org/nightly/edition-guide/rust-2024/static-mut-references.html>
[INFO] [stdout]    = note: shared references to mutable statics are dangerous; it's undefined behavior if the static is mutated or if a mutable reference is created for it while the shared reference lives
[INFO] [stdout]    = note: `#[warn(static_mut_refs)]` on by default
[INFO] [stdout] 
[INFO] [stdout] 
[INFO] [stderr]    Compiling aoc2021 v0.1.0 (/opt/rustwide/workdir)
[INFO] [stdout] warning: creating a shared reference to mutable static is discouraged
[INFO] [stdout]   --> src/puzzles/day10/mod.rs:19:22
[INFO] [stdout]    |
[INFO] [stdout] 19 |             return Some(SOLUTIONS.1.to_string());
[INFO] [stdout]    |                         ^^^^^^^^^^^^^^^^^^^^^^^ shared reference to mutable static
[INFO] [stdout]    |
[INFO] [stdout]    = note: for more information, see <https://doc.rust-lang.org/nightly/edition-guide/rust-2024/static-mut-references.html>
[INFO] [stdout]    = note: shared references to mutable statics are dangerous; it's undefined behavior if the static is mutated or if a mutable reference is created for it while the shared reference lives
[INFO] [stdout] 
[INFO] [stdout] 
[INFO] [stdout] warning: value assigned to `base` is never read
[INFO] [stdout]   --> src/puzzles/day14/mod.rs:22:17
[INFO] [stdout]    |
[INFO] [stdout] 22 |         let mut base: String = String::new();
[INFO] [stdout]    |                 ^^^^
[INFO] [stdout]    |
[INFO] [stdout]    = help: maybe it is overwritten before being read?
[INFO] [stdout]    = note: `#[warn(unused_assignments)]` on by default
[INFO] [stdout] 
[INFO] [stdout] 
[INFO] [stdout] warning: value assigned to `from` is never read
[INFO] [stdout]   --> src/puzzles/day14/mod.rs:28:21
[INFO] [stdout]    |
[INFO] [stdout] 28 |             let mut from = String::new();
[INFO] [stdout]    |                     ^^^^
[INFO] [stdout]    |
[INFO] [stdout]    = help: maybe it is overwritten before being read?
[INFO] [stdout] 
[INFO] [stdout] 
[INFO] [stdout] warning: unused variable: `input`
[INFO] [stdout]   --> src/puzzles/day14/mod.rs:56:13
[INFO] [stdout]    |
[INFO] [stdout] 56 |         let input = Input::new(get_input());
[INFO] [stdout]    |             ^^^^^ help: if this is intentional, prefix it with an underscore: `_input`
[INFO] [stdout]    |
[INFO] [stdout]    = note: `#[warn(unused_variables)]` on by default
[INFO] [stdout] 
[INFO] [stdout] 
[INFO] [stdout] warning: field `0` is never read
[INFO] [stdout]   --> src/puzzles/day10/mod.rs:45:13
[INFO] [stdout]    |
[INFO] [stdout] 45 |     Opening(char),
[INFO] [stdout]    |     ------- ^^^^
[INFO] [stdout]    |     |
[INFO] [stdout]    |     field in this variant
[INFO] [stdout]    |
[INFO] [stdout]    = note: `#[warn(dead_code)]` on by default
[INFO] [stdout] help: consider changing the field to be of unit type to suppress this warning while preserving the field numbering, or remove the field
[INFO] [stdout]    |
[INFO] [stdout] 45 |     Opening(()),
[INFO] [stdout]    |             ~~
[INFO] [stdout] 
[INFO] [stdout] 
[INFO] [stdout] warning: fields `base` and `rules` are never read
[INFO] [stdout]   --> src/puzzles/day14/mod.rs:16:5
[INFO] [stdout]    |
[INFO] [stdout] 15 | struct Input {
[INFO] [stdout]    |        ----- fields in this struct
[INFO] [stdout] 16 |     base: String,
[INFO] [stdout]    |     ^^^^
[INFO] [stdout] 17 |     rules: HashMap<String, String>,
[INFO] [stdout]    |     ^^^^^
[INFO] [stdout] 
[INFO] [stdout] 
[INFO] [stdout] warning: creating a shared reference to mutable static is discouraged
[INFO] [stdout]   --> src/puzzles/day10/mod.rs:10:14
[INFO] [stdout]    |
[INFO] [stdout] 10 |     return Some(SOLUTIONS.0.to_string());
[INFO] [stdout]    |                 ^^^^^^^^^^^^^^^^^^^^^^^ shared reference to mutable static
[INFO] [stdout]    |
[INFO] [stdout]    = note: for more information, see <https://doc.rust-lang.org/nightly/edition-guide/rust-2024/static-mut-references.html>
[INFO] [stdout]    = note: shared references to mutable statics are dangerous; it's undefined behavior if the static is mutated or if a mutable reference is created for it while the shared reference lives
[INFO] [stdout]    = note: `#[warn(static_mut_refs)]` on by default
[INFO] [stdout] 
[INFO] [stdout] 
[INFO] [stdout] warning: creating a shared reference to mutable static is discouraged
[INFO] [stdout]   --> src/puzzles/day10/mod.rs:19:22
[INFO] [stdout]    |
[INFO] [stdout] 19 |             return Some(SOLUTIONS.1.to_string());
[INFO] [stdout]    |                         ^^^^^^^^^^^^^^^^^^^^^^^ shared reference to mutable static
[INFO] [stdout]    |
[INFO] [stdout]    = note: for more information, see <https://doc.rust-lang.org/nightly/edition-guide/rust-2024/static-mut-references.html>
[INFO] [stdout]    = note: shared references to mutable statics are dangerous; it's undefined behavior if the static is mutated or if a mutable reference is created for it while the shared reference lives
[INFO] [stdout] 
[INFO] [stdout] 
[INFO] [stderr]     Finished `test` profile [unoptimized + debuginfo] target(s) in 1.69s
[INFO] running `Command { std: "docker" "inspect" "ffd19d6cf033c9fa4c9190e5979d0ab90cb56683b8ccc8c930d55a45916cb974", kill_on_drop: false }`
[INFO] running `Command { std: "docker" "rm" "-f" "ffd19d6cf033c9fa4c9190e5979d0ab90cb56683b8ccc8c930d55a45916cb974", kill_on_drop: false }`
[INFO] [stdout] ffd19d6cf033c9fa4c9190e5979d0ab90cb56683b8ccc8c930d55a45916cb974
[INFO] running `Command { std: "docker" "create" "-v" "/var/lib/crater-agent-workspace/builds/worker-6-tc2/target:/opt/rustwide/target:rw,Z" "-v" "/var/lib/crater-agent-workspace/builds/worker-6-tc2/source:/opt/rustwide/workdir:ro,Z" "-v" "/var/lib/crater-agent-workspace/cargo-home:/opt/rustwide/cargo-home:ro,Z" "-v" "/var/lib/crater-agent-workspace/rustup-home:/opt/rustwide/rustup-home:ro,Z" "-e" "SOURCE_DIR=/opt/rustwide/workdir" "-e" "CARGO_TARGET_DIR=/opt/rustwide/target" "-e" "CARGO_INCREMENTAL=0" "-e" "RUST_BACKTRACE=full" "-e" "RUSTFLAGS=--cap-lints=warn" "-e" "RUSTDOCFLAGS=--cap-lints=warn" "-e" "CARGO_HOME=/opt/rustwide/cargo-home" "-e" "RUSTUP_HOME=/opt/rustwide/rustup-home" "-w" "/opt/rustwide/workdir" "-m" "1610612736" "--user" "0:0" "--network" "none" "ghcr.io/rust-lang/crates-build-env/linux@sha256:f3a9d4ad9d972b27faf3965f35b62e55ba32bbce8f20bc8fe909558a86702fde" "/opt/rustwide/cargo-home/bin/cargo" "+beta-2024-12-08" "test" "--frozen", kill_on_drop: false }`
[INFO] [stdout] 8751f9620fecda51ba500a40afed4cff3c8172976eac4708b7869b305bf7c813
[INFO] running `Command { std: "docker" "start" "-a" "8751f9620fecda51ba500a40afed4cff3c8172976eac4708b7869b305bf7c813", kill_on_drop: false }`
[INFO] [stderr] warning: value assigned to `base` is never read
[INFO] [stderr]   --> src/puzzles/day14/mod.rs:22:17
[INFO] [stderr]    |
[INFO] [stderr] 22 |         let mut base: String = String::new();
[INFO] [stderr]    |                 ^^^^
[INFO] [stderr]    |
[INFO] [stderr]    = help: maybe it is overwritten before being read?
[INFO] [stderr]    = note: `#[warn(unused_assignments)]` on by default
[INFO] [stderr] 
[INFO] [stderr] warning: value assigned to `from` is never read
[INFO] [stderr]   --> src/puzzles/day14/mod.rs:28:21
[INFO] [stderr]    |
[INFO] [stderr] 28 |             let mut from = String::new();
[INFO] [stderr]    |                     ^^^^
[INFO] [stderr]    |
[INFO] [stderr]    = help: maybe it is overwritten before being read?
[INFO] [stderr] 
[INFO] [stderr] warning: field `0` is never read
[INFO] [stderr]   --> src/puzzles/day10/mod.rs:45:13
[INFO] [stderr]    |
[INFO] [stderr] 45 |     Opening(char),
[INFO] [stderr]    |     ------- ^^^^
[INFO] [stderr]    |     |
[INFO] [stderr]    |     field in this variant
[INFO] [stderr]    |
[INFO] [stderr]    = note: `#[warn(dead_code)]` on by default
[INFO] [stderr] help: consider changing the field to be of unit type to suppress this warning while preserving the field numbering, or remove the field
[INFO] [stderr]    |
[INFO] [stderr] 45 |     Opening(()),
[INFO] [stderr]    |             ~~
[INFO] [stderr] 
[INFO] [stderr] warning: struct `Input` is never constructed
[INFO] [stderr]   --> src/puzzles/day14/mod.rs:15:8
[INFO] [stderr]    |
[INFO] [stderr] 15 | struct Input {
[INFO] [stderr]    |        ^^^^^
[INFO] [stderr] 
[INFO] [stderr] warning: associated function `new` is never used
[INFO] [stderr]   --> src/puzzles/day14/mod.rs:21:8
[INFO] [stderr]    |
[INFO] [stderr] 20 | impl Input {
[INFO] [stderr]    | ---------- associated function in this implementation
[INFO] [stderr] 21 |     fn new(input: &str) -> Input {
[INFO] [stderr]    |        ^^^
[INFO] [stderr] 
[INFO] [stderr] warning: creating a shared reference to mutable static is discouraged
[INFO] [stderr]   --> src/puzzles/day10/mod.rs:10:14
[INFO] [stderr]    |
[INFO] [stderr] 10 |     return Some(SOLUTIONS.0.to_string());
[INFO] [stderr]    |                 ^^^^^^^^^^^^^^^^^^^^^^^ shared reference to mutable static
[INFO] [stderr]    |
[INFO] [stderr]    = note: for more information, see <https://doc.rust-lang.org/nightly/edition-guide/rust-2024/static-mut-references.html>
[INFO] [stderr]    = note: shared references to mutable statics are dangerous; it's undefined behavior if the static is mutated or if a mutable reference is created for it while the shared reference lives
[INFO] [stderr]    = note: `#[warn(static_mut_refs)]` on by default
[INFO] [stderr] 
[INFO] [stderr] warning: creating a shared reference to mutable static is discouraged
[INFO] [stderr]   --> src/puzzles/day10/mod.rs:19:22
[INFO] [stderr]    |
[INFO] [stderr] 19 |             return Some(SOLUTIONS.1.to_string());
[INFO] [stderr]    |                         ^^^^^^^^^^^^^^^^^^^^^^^ shared reference to mutable static
[INFO] [stderr]    |
[INFO] [stderr]    = note: for more information, see <https://doc.rust-lang.org/nightly/edition-guide/rust-2024/static-mut-references.html>
[INFO] [stderr]    = note: shared references to mutable statics are dangerous; it's undefined behavior if the static is mutated or if a mutable reference is created for it while the shared reference lives
[INFO] [stderr] 
[INFO] [stderr] warning: `aoc2021` (lib) generated 7 warnings
[INFO] [stderr] warning: unused variable: `input`
[INFO] [stderr]   --> src/puzzles/day14/mod.rs:56:13
[INFO] [stderr]    |
[INFO] [stderr] 56 |         let input = Input::new(get_input());
[INFO] [stderr]    |             ^^^^^ help: if this is intentional, prefix it with an underscore: `_input`
[INFO] [stderr]    |
[INFO] [stderr]    = note: `#[warn(unused_variables)]` on by default
[INFO] [stderr] 
[INFO] [stderr] warning: fields `base` and `rules` are never read
[INFO] [stderr]   --> src/puzzles/day14/mod.rs:16:5
[INFO] [stderr]    |
[INFO] [stderr] 15 | struct Input {
[INFO] [stderr]    |        ----- fields in this struct
[INFO] [stderr] 16 |     base: String,
[INFO] [stderr]    |     ^^^^
[INFO] [stderr] 17 |     rules: HashMap<String, String>,
[INFO] [stderr]    |     ^^^^^
[INFO] [stderr] 
[INFO] [stderr] warning: `aoc2021` (lib test) generated 7 warnings (5 duplicates)
[INFO] [stderr]     Finished `test` profile [unoptimized + debuginfo] target(s) in 0.01s
[INFO] [stderr]      Running unittests src/lib.rs (/opt/rustwide/target/debug/deps/aoc2021-8ebe6b0f486fd057)
[INFO] [stdout] 
[INFO] [stdout] running 49 tests
[INFO] [stdout] test puzzles::day03::tests::test_add_str_to_tree ... ok
[INFO] [stdout] test puzzles::day03::tests::test_bin_to_vec ... ok
[INFO] [stdout] test puzzles::day03::tests::test_part_oxy ... ok
[INFO] [stdout] test puzzles::day04::tests::test_first_winning_sum ... ok
[INFO] [stdout] test puzzles::day03::tests::test_part1 ... ok
[INFO] [stdout] test puzzles::day03::tests::test_node_add ... ok
[INFO] [stdout] test puzzles::day04::tests::test_first_winning_last_draw ... ok
[INFO] [stdout] test puzzles::day01::tests::test_part2 ... ok
[INFO] [stdout] test puzzles::day01::tests::test_part1 ... ok
[INFO] [stdout] test puzzles::day04::tests::test_last_winning_sum ... ok
[INFO] [stdout] test puzzles::day03::tests::test_part_co ... ok
[INFO] [stdout] test puzzles::day07::tests::test_parser ... ok
[INFO] [stdout] test puzzles::day04::tests::test_get_draws ... ok
[INFO] [stdout] test puzzles::day04::tests::test_last_winning_last_draw ... ok
[INFO] [stdout] test puzzles::day05::tests::test_part2 ... ok
[INFO] [stdout] test puzzles::day04::tests::test_hashmap ... ok
[INFO] [stdout] test puzzles::day05::tests::test_str_to_line ... ok
[INFO] [stdout] test puzzles::day06::tests::test_no_fishes_after_n_days ... ok
[INFO] [stdout] test puzzles::day07::tests::test_calc_min_lin_pos ... ok
[INFO] [stdout] test puzzles::day07::tests::test_calc_min_step_pos ... ok
[INFO] [stdout] test puzzles::day02::tests::test_part1 ... ok
[INFO] [stdout] test puzzles::day07::tests::test_step_func ... ok
[INFO] [stdout] test puzzles::day08::tests::test_mk_trans_arr ... ok
[INFO] [stdout] test puzzles::day02::tests::test_part2 ... ok
[INFO] [stdout] test puzzles::day08::tests::test_part_1 ... ok
[INFO] [stdout] test puzzles::day08::tests::test_part_2 ... ok
[INFO] [stdout] test puzzles::day08::tests::test_vec_to_dec ... ok
[INFO] [stdout] test puzzles::day06::tests::test_parser ... ok
[INFO] [stdout] test puzzles::day10::tests::test_part_2 ... ok
[INFO] [stdout] test puzzles::day09::tests::test_matrix ... ok
[INFO] [stdout] test puzzles::day08::tests::trans_one_line ... ok
[INFO] [stdout] test puzzles::day09::tests::test_part_1 ... ok
[INFO] [stdout] test puzzles::day09::tests::test_get_basins ... ok
[INFO] [stdout] test puzzles::day09::tests::test_low_points ... ok
[INFO] [stdout] test utils::matrix::tests::test_all_adjecency ... ok
[INFO] [stdout] test utils::matrix::tests::test_close_adjecency ... ok
[INFO] [stdout] test puzzles::day05::tests::test_part1 ... ok
[INFO] [stdout] test puzzles::day13::tests::test_part_2 ... ok
[INFO] [stdout] test puzzles::day13::tests::test_part_1 ... ok
[INFO] [stdout] test puzzles::day06::tests::test_no_fishes_after_many_days ... ok
[INFO] [stdout] test puzzles::day10::tests::test_invalid_str ... ok
[INFO] [stdout] test puzzles::day09::tests::test_part_2 ... ok
[INFO] [stdout] test puzzles::day10::tests::test_corrupted_char ... ok
[INFO] [stdout] test puzzles::day11::tests::test_part_1 ... ok
[INFO] [stdout] test puzzles::day11::tests::test_part_2 ... ok
[INFO] [stdout] test puzzles::day12::tests::count_paths_p1 ... ok
[INFO] [stdout] test puzzles::day10::tests::test_part_1 ... ok
[INFO] [stdout] test puzzles::day14::tests::test_parse ... FAILED
[INFO] [stdout] test puzzles::day12::tests::count_paths_p2 ... ok
[INFO] [stdout] 
[INFO] [stdout] failures:
[INFO] [stdout] 
[INFO] [stdout] ---- puzzles::day14::tests::test_parse stdout ----
[INFO] [stdout] thread 'puzzles::day14::tests::test_parse' panicked at src/puzzles/day14/mod.rs:57:9:
[INFO] [stdout] explicit panic
[INFO] [stdout] stack backtrace:
[INFO] [stdout]    0:     0x5e400221478a - std::backtrace_rs::backtrace::libunwind::trace::h8810477743020387
[INFO] [stdout]                                at /rustc/202008a1b8de96d2e5b6bc02d379db03a877d34d/library/std/src/../../backtrace/src/backtrace/libunwind.rs:116:5
[INFO] [stdout]    1:     0x5e400221478a - std::backtrace_rs::backtrace::trace_unsynchronized::h3aa55355dd6c54a6
[INFO] [stdout]                                at /rustc/202008a1b8de96d2e5b6bc02d379db03a877d34d/library/std/src/../../backtrace/src/backtrace/mod.rs:66:5
[INFO] [stdout]    2:     0x5e400221478a - std::sys::backtrace::_print_fmt::h8588b0f62410823f
[INFO] [stdout]                                at /rustc/202008a1b8de96d2e5b6bc02d379db03a877d34d/library/std/src/sys/backtrace.rs:66:9
[INFO] [stdout]    3:     0x5e400221478a - <std::sys::backtrace::BacktraceLock::print::DisplayBacktrace as core::fmt::Display>::fmt::h98c26ac25ffe89bb
[INFO] [stdout]                                at /rustc/202008a1b8de96d2e5b6bc02d379db03a877d34d/library/std/src/sys/backtrace.rs:39:26
[INFO] [stdout]    4:     0x5e400223a233 - core::fmt::rt::Argument::fmt::hf95377f4aebd453b
[INFO] [stdout]                                at /rustc/202008a1b8de96d2e5b6bc02d379db03a877d34d/library/core/src/fmt/rt.rs:177:76
[INFO] [stdout]    5:     0x5e400223a233 - core::fmt::write::h0dd5f6e2238c7982
[INFO] [stdout]                                at /rustc/202008a1b8de96d2e5b6bc02d379db03a877d34d/library/core/src/fmt/mod.rs:1189:21
[INFO] [stdout]    6:     0x5e4002211923 - std::io::Write::write_fmt::h03bb0ca26e6faf8c
[INFO] [stdout]                                at /rustc/202008a1b8de96d2e5b6bc02d379db03a877d34d/library/std/src/io/mod.rs:1884:15
[INFO] [stdout]    7:     0x5e40022145d2 - std::sys::backtrace::BacktraceLock::print::h5c19c1c038ee186d
[INFO] [stdout]                                at /rustc/202008a1b8de96d2e5b6bc02d379db03a877d34d/library/std/src/sys/backtrace.rs:42:9
[INFO] [stdout]    8:     0x5e4002215c0d - std::panicking::default_hook::{{closure}}::h77172f079a1fcb13
[INFO] [stdout]                                at /rustc/202008a1b8de96d2e5b6bc02d379db03a877d34d/library/std/src/panicking.rs:268:22
[INFO] [stdout]    9:     0x5e4002215a17 - std::panicking::default_hook::he5f8e3b203ccddba
[INFO] [stdout]                                at /rustc/202008a1b8de96d2e5b6bc02d379db03a877d34d/library/std/src/panicking.rs:292:9
[INFO] [stdout]   10:     0x5e40021df347 - <alloc::boxed::Box<F,A> as core::ops::function::Fn<Args>>::call::h7a3c7b4a1ae77f2f
[INFO] [stdout]                                at /rustc/202008a1b8de96d2e5b6bc02d379db03a877d34d/library/alloc/src/boxed.rs:1986:9
[INFO] [stdout]   11:     0x5e40021df347 - test::test_main::{{closure}}::hf0d3b69ae9b353d1
[INFO] [stdout]                                at /rustc/202008a1b8de96d2e5b6bc02d379db03a877d34d/library/test/src/lib.rs:134:21
[INFO] [stdout]   12:     0x5e40022162b8 - <alloc::boxed::Box<F,A> as core::ops::function::Fn<Args>>::call::h6332e82e7b189abd
[INFO] [stdout]                                at /rustc/202008a1b8de96d2e5b6bc02d379db03a877d34d/library/alloc/src/boxed.rs:1986:9
[INFO] [stdout]   13:     0x5e40022162b8 - std::panicking::rust_panic_with_hook::h53863d4e9018df39
[INFO] [stdout]                                at /rustc/202008a1b8de96d2e5b6bc02d379db03a877d34d/library/std/src/panicking.rs:809:13
[INFO] [stdout]   14:     0x5e400221607a - std::panicking::begin_panic_handler::{{closure}}::h67280e6fa0757873
[INFO] [stdout]                                at /rustc/202008a1b8de96d2e5b6bc02d379db03a877d34d/library/std/src/panicking.rs:674:13
[INFO] [stdout]   15:     0x5e4002214c69 - std::sys::backtrace::__rust_end_short_backtrace::h1dac3f54d6fbbeb2
[INFO] [stdout]                                at /rustc/202008a1b8de96d2e5b6bc02d379db03a877d34d/library/std/src/sys/backtrace.rs:170:18
[INFO] [stdout]   16:     0x5e4002215d0c - rust_begin_unwind
[INFO] [stdout]                                at /rustc/202008a1b8de96d2e5b6bc02d379db03a877d34d/library/std/src/panicking.rs:665:5
[INFO] [stdout]   17:     0x5e400214faf0 - core::panicking::panic_fmt::h6792bd1b2bf01041
[INFO] [stdout]                                at /rustc/202008a1b8de96d2e5b6bc02d379db03a877d34d/library/core/src/panicking.rs:76:14
[INFO] [stdout]   18:     0x5e400214fc76 - core::panicking::panic_display::heec830c0b35a8bc8
[INFO] [stdout]                                at /rustc/202008a1b8de96d2e5b6bc02d379db03a877d34d/library/core/src/panicking.rs:269:5
[INFO] [stdout]   19:     0x5e400214fc76 - core::panicking::panic_explicit::h23a6a91f710954a0
[INFO] [stdout]                                at /rustc/202008a1b8de96d2e5b6bc02d379db03a877d34d/library/core/src/panicking.rs:240:5
[INFO] [stdout]   20:     0x5e40021877aa - aoc2021::puzzles::day14::tests::test_parse::panic_cold_explicit::hdbfb4051b8530a19
[INFO] [stdout]                                at /rustc/202008a1b8de96d2e5b6bc02d379db03a877d34d/library/core/src/panic.rs:88:13
[INFO] [stdout]   21:     0x5e4002187760 - aoc2021::puzzles::day14::tests::test_parse::hc36d8028d43a2149
[INFO] [stdout]                                at /opt/rustwide/workdir/src/puzzles/day14/mod.rs:57:9
[INFO] [stdout]   22:     0x5e4002187727 - aoc2021::puzzles::day14::tests::test_parse::{{closure}}::h31be2c95d0db0db8
[INFO] [stdout]                                at /opt/rustwide/workdir/src/puzzles/day14/mod.rs:55:20
[INFO] [stdout]   23:     0x5e400219be06 - core::ops::function::FnOnce::call_once::he18dc891ab4fd2a7
[INFO] [stdout]                                at /rustc/202008a1b8de96d2e5b6bc02d379db03a877d34d/library/core/src/ops/function.rs:250:5
[INFO] [stdout]   24:     0x5e40021e3e6b - core::ops::function::FnOnce::call_once::h871bf86719ec9aa4
[INFO] [stdout]                                at /rustc/202008a1b8de96d2e5b6bc02d379db03a877d34d/library/core/src/ops/function.rs:250:5
[INFO] [stdout]   25:     0x5e40021e3e6b - test::__rust_begin_short_backtrace::h2167df1e2b7d76fd
[INFO] [stdout]                                at /rustc/202008a1b8de96d2e5b6bc02d379db03a877d34d/library/test/src/lib.rs:632:18
[INFO] [stdout]   26:     0x5e40021e3858 - test::run_test_in_process::{{closure}}::h15d92f75a3adfb79
[INFO] [stdout]                                at /rustc/202008a1b8de96d2e5b6bc02d379db03a877d34d/library/test/src/lib.rs:655:60
[INFO] [stdout]   27:     0x5e40021e3858 - <core::panic::unwind_safe::AssertUnwindSafe<F> as core::ops::function::FnOnce<()>>::call_once::hb6c8955835a8dbbb
[INFO] [stdout]                                at /rustc/202008a1b8de96d2e5b6bc02d379db03a877d34d/library/core/src/panic/unwind_safe.rs:272:9
[INFO] [stdout]   28:     0x5e40021e3858 - std::panicking::try::do_call::hc79d0fc888a0bd30
[INFO] [stdout]                                at /rustc/202008a1b8de96d2e5b6bc02d379db03a877d34d/library/std/src/panicking.rs:557:40
[INFO] [stdout]   29:     0x5e40021e3858 - std::panicking::try::hb8a7878e3a8589d6
[INFO] [stdout]                                at /rustc/202008a1b8de96d2e5b6bc02d379db03a877d34d/library/std/src/panicking.rs:520:19
[INFO] [stdout]   30:     0x5e40021e3858 - std::panic::catch_unwind::hb8e4600ff0ff5cfa
[INFO] [stdout]                                at /rustc/202008a1b8de96d2e5b6bc02d379db03a877d34d/library/std/src/panic.rs:358:14
[INFO] [stdout]   31:     0x5e40021e3858 - test::run_test_in_process::hc2900b0b18688dd6
[INFO] [stdout]                                at /rustc/202008a1b8de96d2e5b6bc02d379db03a877d34d/library/test/src/lib.rs:655:27
[INFO] [stdout]   32:     0x5e40021e3858 - test::run_test::{{closure}}::hac2a9cb07be3d48d
[INFO] [stdout]                                at /rustc/202008a1b8de96d2e5b6bc02d379db03a877d34d/library/test/src/lib.rs:576:43
[INFO] [stdout]   33:     0x5e40021a72fa - test::run_test::{{closure}}::h4a5b729e66a38cd8
[INFO] [stdout]                                at /rustc/202008a1b8de96d2e5b6bc02d379db03a877d34d/library/test/src/lib.rs:606:41
[INFO] [stdout]   34:     0x5e40021a72fa - std::sys::backtrace::__rust_begin_short_backtrace::h0496fb742492f573
[INFO] [stdout]                                at /rustc/202008a1b8de96d2e5b6bc02d379db03a877d34d/library/std/src/sys/backtrace.rs:154:18
[INFO] [stdout]   35:     0x5e40021aac74 - std::thread::Builder::spawn_unchecked_::{{closure}}::{{closure}}::hbb6d257c550a54bd
[INFO] [stdout]                                at /rustc/202008a1b8de96d2e5b6bc02d379db03a877d34d/library/std/src/thread/mod.rs:561:17
[INFO] [stdout]   36:     0x5e40021aac74 - <core::panic::unwind_safe::AssertUnwindSafe<F> as core::ops::function::FnOnce<()>>::call_once::h46696fe4a6832328
[INFO] [stdout]                                at /rustc/202008a1b8de96d2e5b6bc02d379db03a877d34d/library/core/src/panic/unwind_safe.rs:272:9
[INFO] [stdout]   37:     0x5e40021aac74 - std::panicking::try::do_call::h2625a51b667bfb64
[INFO] [stdout]                                at /rustc/202008a1b8de96d2e5b6bc02d379db03a877d34d/library/std/src/panicking.rs:557:40
[INFO] [stdout]   38:     0x5e40021aac74 - std::panicking::try::hb956a59a1973aa4c
[INFO] [stdout]                                at /rustc/202008a1b8de96d2e5b6bc02d379db03a877d34d/library/std/src/panicking.rs:520:19
[INFO] [stdout]   39:     0x5e40021aac74 - std::panic::catch_unwind::h64f3b9d1067ef6a0
[INFO] [stdout]                                at /rustc/202008a1b8de96d2e5b6bc02d379db03a877d34d/library/std/src/panic.rs:358:14
[INFO] [stdout]   40:     0x5e40021aac74 - std::thread::Builder::spawn_unchecked_::{{closure}}::h42b2841295b6c0b2
[INFO] [stdout]                                at /rustc/202008a1b8de96d2e5b6bc02d379db03a877d34d/library/std/src/thread/mod.rs:559:30
[INFO] [stdout]   41:     0x5e40021aac74 - core::ops::function::FnOnce::call_once{{vtable.shim}}::h6127de71b8124639
[INFO] [stdout]                                at /rustc/202008a1b8de96d2e5b6bc02d379db03a877d34d/library/core/src/ops/function.rs:250:5
[INFO] [stdout]   42:     0x5e400221a1fb - <alloc::boxed::Box<F,A> as core::ops::function::FnOnce<Args>>::call_once::h42f0ba71002a1b2c
[INFO] [stdout]                                at /rustc/202008a1b8de96d2e5b6bc02d379db03a877d34d/library/alloc/src/boxed.rs:1972:9
[INFO] [stdout]   43:     0x5e400221a1fb - <alloc::boxed::Box<F,A> as core::ops::function::FnOnce<Args>>::call_once::had9e47d7a3dcecb8
[INFO] [stdout]                                at /rustc/202008a1b8de96d2e5b6bc02d379db03a877d34d/library/alloc/src/boxed.rs:1972:9
[INFO] [stdout]   44:     0x5e400221a1fb - std::sys::pal::unix::thread::Thread::new::thread_start::h48cf765408f6f5f2
[INFO] [stdout]                                at /rustc/202008a1b8de96d2e5b6bc02d379db03a877d34d/library/std/src/sys/pal/unix/thread.rs:105:17
[INFO] [stdout]   45:     0x761fd694fac3 - <unknown>
[INFO] [stdout]   46:     0x761fd69e0a04 - clone
[INFO] [stdout]   47:                0x0 - <unknown>
[INFO] [stdout] 
[INFO] [stdout] 
[INFO] [stdout] failures:
[INFO] [stdout]     puzzles::day14::tests::test_parse
[INFO] [stdout] 
[INFO] [stdout] test result: FAILED. 48 passed; 1 failed; 0 ignored; 0 measured; 0 filtered out; finished in 0.10s
[INFO] [stdout] 
[INFO] [stderr] error: test failed, to rerun pass `--lib`
[INFO] running `Command { std: "docker" "inspect" "8751f9620fecda51ba500a40afed4cff3c8172976eac4708b7869b305bf7c813", kill_on_drop: false }`
[INFO] running `Command { std: "docker" "rm" "-f" "8751f9620fecda51ba500a40afed4cff3c8172976eac4708b7869b305bf7c813", kill_on_drop: false }`
[INFO] [stdout] 8751f9620fecda51ba500a40afed4cff3c8172976eac4708b7869b305bf7c813
