[INFO] cloning repository https://github.com/zlx2019/rust-training
[INFO] running `Command { std: "git" "-c" "credential.helper=" "-c" "credential.helper=/workspace/cargo-home/bin/git-credential-null" "clone" "--bare" "https://github.com/zlx2019/rust-training" "/workspace/cache/git-repos/https%3A%2F%2Fgithub.com%2Fzlx2019%2Frust-training", kill_on_drop: false }`
[INFO] [stderr] Cloning into bare repository '/workspace/cache/git-repos/https%3A%2F%2Fgithub.com%2Fzlx2019%2Frust-training'...
[INFO] running `Command { std: "git" "rev-parse" "HEAD", kill_on_drop: false }`
[INFO] [stdout] c9cb0ab36ef29bed2b7c74046127fec3b4ad9f38
[INFO] testing zlx2019/rust-training against beta-2024-12-08 for beta-1.84.0-4-retry
[INFO] running `Command { std: "git" "clone" "/workspace/cache/git-repos/https%3A%2F%2Fgithub.com%2Fzlx2019%2Frust-training" "/workspace/builds/worker-3-tc2/source", kill_on_drop: false }`
[INFO] [stderr] Cloning into '/workspace/builds/worker-3-tc2/source'...
[INFO] [stderr] done.
[INFO] validating manifest of git repo https://github.com/zlx2019/rust-training on toolchain beta-2024-12-08
[INFO] running `Command { std: CARGO_HOME="/workspace/cargo-home" RUSTUP_HOME="/workspace/rustup-home" "/workspace/cargo-home/bin/cargo" "+beta-2024-12-08" "metadata" "--manifest-path" "Cargo.toml" "--no-deps", kill_on_drop: false }`
[INFO] started tweaking git repo https://github.com/zlx2019/rust-training
[INFO] finished tweaking git repo https://github.com/zlx2019/rust-training
[INFO] tweaked toml for git repo https://github.com/zlx2019/rust-training written to /workspace/builds/worker-3-tc2/source/Cargo.toml
[INFO] running `Command { std: CARGO_HOME="/workspace/cargo-home" RUSTUP_HOME="/workspace/rustup-home" "/workspace/cargo-home/bin/cargo" "+beta-2024-12-08" "generate-lockfile" "--manifest-path" "Cargo.toml", kill_on_drop: false }`
[INFO] [stderr]     Updating crates.io index
[INFO] [stderr]      Locking 217 packages to latest compatible versions
[INFO] running `Command { std: CARGO_HOME="/workspace/cargo-home" RUSTUP_HOME="/workspace/rustup-home" "/workspace/cargo-home/bin/cargo" "+beta-2024-12-08" "fetch" "--manifest-path" "Cargo.toml", kill_on_drop: false }`
[INFO] running `Command { std: "docker" "create" "-v" "/var/lib/crater-agent-workspace/builds/worker-3-tc2/target:/opt/rustwide/target:rw,Z" "-v" "/var/lib/crater-agent-workspace/builds/worker-3-tc2/source:/opt/rustwide/workdir:ro,Z" "-v" "/var/lib/crater-agent-workspace/cargo-home:/opt/rustwide/cargo-home:ro,Z" "-v" "/var/lib/crater-agent-workspace/rustup-home:/opt/rustwide/rustup-home:ro,Z" "-e" "SOURCE_DIR=/opt/rustwide/workdir" "-e" "CARGO_TARGET_DIR=/opt/rustwide/target" "-e" "CARGO_HOME=/opt/rustwide/cargo-home" "-e" "RUSTUP_HOME=/opt/rustwide/rustup-home" "-w" "/opt/rustwide/workdir" "-m" "1610612736" "--user" "0:0" "--network" "none" "ghcr.io/rust-lang/crates-build-env/linux@sha256:f3a9d4ad9d972b27faf3965f35b62e55ba32bbce8f20bc8fe909558a86702fde" "/opt/rustwide/cargo-home/bin/cargo" "+beta-2024-12-08" "metadata" "--no-deps" "--format-version=1", kill_on_drop: false }`
[INFO] [stdout] d36d0f41f40cc6819d6a640763f8bce3ce3db60bc22b906307235557f48c2e6f
[INFO] running `Command { std: "docker" "start" "-a" "d36d0f41f40cc6819d6a640763f8bce3ce3db60bc22b906307235557f48c2e6f", kill_on_drop: false }`
[INFO] running `Command { std: "docker" "inspect" "d36d0f41f40cc6819d6a640763f8bce3ce3db60bc22b906307235557f48c2e6f", kill_on_drop: false }`
[INFO] running `Command { std: "docker" "rm" "-f" "d36d0f41f40cc6819d6a640763f8bce3ce3db60bc22b906307235557f48c2e6f", kill_on_drop: false }`
[INFO] [stdout] d36d0f41f40cc6819d6a640763f8bce3ce3db60bc22b906307235557f48c2e6f
[INFO] running `Command { std: "docker" "create" "-v" "/var/lib/crater-agent-workspace/builds/worker-3-tc2/target:/opt/rustwide/target:rw,Z" "-v" "/var/lib/crater-agent-workspace/builds/worker-3-tc2/source:/opt/rustwide/workdir:ro,Z" "-v" "/var/lib/crater-agent-workspace/cargo-home:/opt/rustwide/cargo-home:ro,Z" "-v" "/var/lib/crater-agent-workspace/rustup-home:/opt/rustwide/rustup-home:ro,Z" "-e" "SOURCE_DIR=/opt/rustwide/workdir" "-e" "CARGO_TARGET_DIR=/opt/rustwide/target" "-e" "CARGO_INCREMENTAL=0" "-e" "RUST_BACKTRACE=full" "-e" "RUSTFLAGS=--cap-lints=warn" "-e" "RUSTDOCFLAGS=--cap-lints=warn" "-e" "CARGO_HOME=/opt/rustwide/cargo-home" "-e" "RUSTUP_HOME=/opt/rustwide/rustup-home" "-w" "/opt/rustwide/workdir" "-m" "1610612736" "--user" "0:0" "--network" "none" "ghcr.io/rust-lang/crates-build-env/linux@sha256:f3a9d4ad9d972b27faf3965f35b62e55ba32bbce8f20bc8fe909558a86702fde" "/opt/rustwide/cargo-home/bin/cargo" "+beta-2024-12-08" "build" "--frozen" "--message-format=json", kill_on_drop: false }`
[INFO] [stdout] 8151470cb19403bc0a2d40327fc31753edb9298c5b55f4d77e3cb5c37f01aebc
[INFO] running `Command { std: "docker" "start" "-a" "8151470cb19403bc0a2d40327fc31753edb9298c5b55f4d77e3cb5c37f01aebc", kill_on_drop: false }`
[INFO] [stderr]    Compiling proc-macro2 v1.0.92
[INFO] [stderr]    Compiling unicode-ident v1.0.14
[INFO] [stderr]    Compiling libc v0.2.168
[INFO] [stderr]    Compiling autocfg v1.4.0
[INFO] [stderr]    Compiling cfg-if v1.0.0
[INFO] [stderr]    Compiling serde v1.0.216
[INFO] [stderr]    Compiling strsim v0.11.1
[INFO] [stderr]    Compiling version_check v0.9.5
[INFO] [stderr]    Compiling memchr v2.7.4
[INFO] [stderr]    Compiling ident_case v1.0.1
[INFO] [stderr]    Compiling fnv v1.0.7
[INFO] [stderr]    Compiling byteorder v1.5.0
[INFO] [stderr]    Compiling parking_lot_core v0.9.10
[INFO] [stderr]    Compiling proc-macro-error-attr v1.0.4
[INFO] [stderr]    Compiling syn v1.0.109
[INFO] [stderr]    Compiling proc-macro-error v1.0.4
[INFO] [stderr]    Compiling lock_api v0.4.12
[INFO] [stderr]    Compiling hashbrown v0.15.2
[INFO] [stderr]    Compiling utf8parse v0.2.2
[INFO] [stderr]    Compiling equivalent v1.0.1
[INFO] [stderr]    Compiling scopeguard v1.2.0
[INFO] [stderr]    Compiling regex-syntax v0.8.5
[INFO] [stderr]    Compiling smallvec v1.13.2
[INFO] [stderr]    Compiling aho-corasick v1.1.3
[INFO] [stderr]    Compiling quote v1.0.37
[INFO] [stderr]    Compiling anstyle-parse v0.2.6
[INFO] [stderr]    Compiling is_terminal_polyfill v1.70.1
[INFO] [stderr]    Compiling anyhow v1.0.94
[INFO] [stderr]    Compiling powerfmt v0.2.0
[INFO] [stderr]    Compiling syn v2.0.90
[INFO] [stderr]    Compiling getrandom v0.2.15
[INFO] [stderr]    Compiling indexmap v2.7.0
[INFO] [stderr]    Compiling rand_core v0.6.4
[INFO] [stderr]    Compiling ryu v1.0.18
[INFO] [stderr]    Compiling unicode-segmentation v1.12.0
[INFO] [stderr]    Compiling unicode-width v0.1.14
[INFO] [stderr]    Compiling anstyle-query v1.1.2
[INFO] [stderr]    Compiling itoa v1.0.14
[INFO] [stderr]    Compiling colorchoice v1.0.3
[INFO] [stderr]    Compiling bit-vec v0.6.3
[INFO] [stderr]    Compiling anstyle v1.0.10
[INFO] [stderr]    Compiling bit-set v0.5.3
[INFO] [stderr]    Compiling anstream v0.6.18
[INFO] [stderr]    Compiling heck v0.3.3
[INFO] [stderr]    Compiling textwrap v0.11.0
[INFO] [stderr]    Compiling deranged v0.3.11
[INFO] [stderr]    Compiling atty v0.2.14
[INFO] [stderr]    Compiling num-traits v0.2.19
[INFO] [stderr]    Compiling either v1.13.0
[INFO] [stderr]    Compiling lazy_static v1.5.0
[INFO] [stderr]    Compiling heck v0.5.0
[INFO] [stderr]    Compiling winnow v0.6.20
[INFO] [stderr]    Compiling crossbeam-utils v0.8.20
[INFO] [stderr]    Compiling bitflags v1.3.2
[INFO] [stderr]    Compiling clap_lex v0.7.4
[INFO] [stderr]    Compiling strsim v0.8.0
[INFO] [stderr]    Compiling ansi_term v0.12.1
[INFO] [stderr]    Compiling regex-automata v0.4.9
[INFO] [stderr]    Compiling time-core v0.1.2
[INFO] [stderr]    Compiling num-conv v0.1.0
[INFO] [stderr]    Compiling serde_json v1.0.133
[INFO] [stderr]    Compiling vec_map v0.8.2
[INFO] [stderr]    Compiling clap v2.34.0
[INFO] [stderr]    Compiling time v0.3.37
[INFO] [stderr]    Compiling clap_builder v4.5.23
[INFO] [stderr]    Compiling itertools v0.13.0
[INFO] [stderr]    Compiling darling_core v0.20.10
[INFO] [stderr]    Compiling structopt-derive v0.4.18
[INFO] [stderr]    Compiling csv-core v0.1.11
[INFO] [stderr]    Compiling unsafe-libyaml v0.2.11
[INFO] [stderr]    Compiling fancy-regex v0.13.0
[INFO] [stderr]    Compiling regex v1.11.1
[INFO] [stderr]    Compiling structopt v0.3.26
[INFO] [stderr]    Compiling parking_lot v0.12.3
[INFO] [stderr]    Compiling serde_derive v1.0.216
[INFO] [stderr]    Compiling zerocopy-derive v0.7.35
[INFO] [stderr]    Compiling darling_macro v0.20.10
[INFO] [stderr]    Compiling clap_derive v4.5.18
[INFO] [stderr]    Compiling tokio-macros v2.4.0
[INFO] [stderr]    Compiling darling v0.20.10
[INFO] [stderr]    Compiling derive_builder_core v0.20.2
[INFO] [stderr]    Compiling signal-hook-registry v1.4.2
[INFO] [stderr]    Compiling zerocopy v0.7.35
[INFO] [stderr]    Compiling mio v1.0.3
[INFO] [stderr]    Compiling socket2 v0.5.8
[INFO] [stderr]    Compiling ppv-lite86 v0.2.20
[INFO] [stderr]    Compiling derive_builder_macro v0.20.2
[INFO] [stderr]    Compiling base64 v0.22.1
[INFO] [stderr]    Compiling once_cell v1.20.2
[INFO] [stderr]    Compiling iana-time-zone v0.1.61
[INFO] [stderr]    Compiling rand_chacha v0.3.1
[INFO] [stderr]    Compiling hashbrown v0.14.5
[INFO] [stderr]    Compiling bytes v1.9.0
[INFO] [stderr]    Compiling rand v0.8.5
[INFO] [stderr]    Compiling derive_builder v0.20.2
[INFO] [stderr]    Compiling zxcvbn v3.1.0
[INFO] [stderr]    Compiling pin-project-lite v0.2.15
[INFO] [stderr]    Compiling tokio v1.42.0
[INFO] [stderr]    Compiling dashmap v6.1.0
[INFO] [stderr]    Compiling chrono v0.4.39
[INFO] [stderr]    Compiling clap v4.5.23
[INFO] [stderr]    Compiling app-lib v0.1.0 (/opt/rustwide/workdir/modules/app-lib)
[INFO] [stderr]    Compiling app v0.1.0 (/opt/rustwide/workdir/modules/app)
[INFO] [stderr]    Compiling unsafes v0.1.0 (/opt/rustwide/workdir/unsafes)
[INFO] [stderr]    Compiling web-server v0.1.0 (/opt/rustwide/workdir/web-server)
[INFO] [stderr]    Compiling concurrent v0.1.0 (/opt/rustwide/workdir/concurrent)
[INFO] [stderr]    Compiling serde_spanned v0.6.8
[INFO] [stderr]    Compiling toml_datetime v0.6.8
[INFO] [stderr]    Compiling csv v1.3.1
[INFO] [stderr]    Compiling serde_yaml v0.9.34+deprecated
[INFO] [stderr]    Compiling toml_edit v0.22.22
[INFO] [stderr]    Compiling asyncs-tokio v0.1.0 (/opt/rustwide/workdir/asyncs-tokio)
[INFO] [stderr]    Compiling toml v0.8.19
[INFO] [stderr]    Compiling anys v0.1.0 (/opt/rustwide/workdir/anys)
[INFO] [stderr]     Finished `dev` profile [unoptimized + debuginfo] target(s) in 1m 37s
[INFO] running `Command { std: "docker" "inspect" "8151470cb19403bc0a2d40327fc31753edb9298c5b55f4d77e3cb5c37f01aebc", kill_on_drop: false }`
[INFO] running `Command { std: "docker" "rm" "-f" "8151470cb19403bc0a2d40327fc31753edb9298c5b55f4d77e3cb5c37f01aebc", kill_on_drop: false }`
[INFO] [stdout] 8151470cb19403bc0a2d40327fc31753edb9298c5b55f4d77e3cb5c37f01aebc
[INFO] running `Command { std: "docker" "create" "-v" "/var/lib/crater-agent-workspace/builds/worker-3-tc2/target:/opt/rustwide/target:rw,Z" "-v" "/var/lib/crater-agent-workspace/builds/worker-3-tc2/source:/opt/rustwide/workdir:ro,Z" "-v" "/var/lib/crater-agent-workspace/cargo-home:/opt/rustwide/cargo-home:ro,Z" "-v" "/var/lib/crater-agent-workspace/rustup-home:/opt/rustwide/rustup-home:ro,Z" "-e" "SOURCE_DIR=/opt/rustwide/workdir" "-e" "CARGO_TARGET_DIR=/opt/rustwide/target" "-e" "CARGO_INCREMENTAL=0" "-e" "RUST_BACKTRACE=full" "-e" "RUSTFLAGS=--cap-lints=warn" "-e" "RUSTDOCFLAGS=--cap-lints=warn" "-e" "CARGO_HOME=/opt/rustwide/cargo-home" "-e" "RUSTUP_HOME=/opt/rustwide/rustup-home" "-w" "/opt/rustwide/workdir" "-m" "1610612736" "--user" "0:0" "--network" "none" "ghcr.io/rust-lang/crates-build-env/linux@sha256:f3a9d4ad9d972b27faf3965f35b62e55ba32bbce8f20bc8fe909558a86702fde" "/opt/rustwide/cargo-home/bin/cargo" "+beta-2024-12-08" "test" "--frozen" "--no-run" "--message-format=json", kill_on_drop: false }`
[INFO] [stdout] f26cefb13c27e3f0ab306fc2c77e479f26192ad5c006b5d86dc16dfd5219c993
[INFO] running `Command { std: "docker" "start" "-a" "f26cefb13c27e3f0ab306fc2c77e479f26192ad5c006b5d86dc16dfd5219c993", kill_on_drop: false }`
[INFO] [stderr]    Compiling jobserver v0.1.32
[INFO] [stderr]    Compiling shlex v1.3.0
[INFO] [stderr]    Compiling vcpkg v0.2.15
[INFO] [stderr]    Compiling fs_extra v1.3.0
[INFO] [stderr]    Compiling pkg-config v0.3.31
[INFO] [stderr]    Compiling dunce v1.0.5
[INFO] [stderr]    Compiling slab v0.4.9
[INFO] [stderr]    Compiling paste v1.0.15
[INFO] [stderr]    Compiling proc-macro2-diagnostics v0.10.1
[INFO] [stderr]    Compiling aws-lc-rs v1.11.1
[INFO] [stderr]    Compiling futures-sink v0.3.31
[INFO] [stderr]    Compiling cc v1.2.4
[INFO] [stderr]    Compiling futures-core v0.3.31
[INFO] [stderr]    Compiling futures-macro v0.3.31
[INFO] [stderr]    Compiling futures-channel v0.3.31
[INFO] [stderr]    Compiling foreign-types-shared v0.1.1
[INFO] [stderr]    Compiling futures-task v0.3.31
[INFO] [stderr]    Compiling yansi v1.0.1
[INFO] [stderr]    Compiling openssl v0.10.68
[INFO] [stderr]    Compiling pin-utils v0.1.0
[INFO] [stderr]    Compiling futures-io v0.3.31
[INFO] [stderr]    Compiling foreign-types v0.3.2
[INFO] [stderr]    Compiling itertools v0.12.1
[INFO] [stderr]    Compiling openssl-macros v0.1.1
[INFO] [stderr]    Compiling native-tls v0.2.12
[INFO] [stderr]    Compiling heck v0.4.1
[INFO] [stderr]    Compiling bitflags v2.6.0
[INFO] [stderr]    Compiling zeroize v1.8.1
[INFO] [stderr]    Compiling minimal-lexical v0.2.1
[INFO] [stderr]    Compiling rustls-pki-types v1.10.1
[INFO] [stderr]    Compiling log v0.4.22
[INFO] [stderr]    Compiling static_assertions v1.1.0
[INFO] [stderr]    Compiling openssl-probe v0.1.5
[INFO] [stderr]    Compiling rustls v0.23.20
[INFO] [stderr]    Compiling cmake v0.1.52
[INFO] [stderr]    Compiling nom v7.1.3
[INFO] [stderr]    Compiling untrusted v0.9.0
[INFO] [stderr]    Compiling aliasable v0.1.3
[INFO] [stderr]    Compiling bufstream v0.1.4
[INFO] [stderr]    Compiling subtle v2.6.1
[INFO] [stderr]    Compiling webpki-roots v0.26.7
[INFO] [stderr]    Compiling app v0.1.0 (/opt/rustwide/workdir/modules/app)
[INFO] [stderr]    Compiling anys v0.1.0 (/opt/rustwide/workdir/anys)
[INFO] [stderr]    Compiling futures-util v0.3.31
[INFO] [stderr]    Compiling concurrent v0.1.0 (/opt/rustwide/workdir/concurrent)
[INFO] [stderr]    Compiling openssl-sys v0.9.104
[INFO] [stderr]    Compiling aws-lc-sys v0.23.1
[INFO] [stderr]    Compiling ouroboros_macro v0.18.4
[INFO] [stderr]    Compiling imap-proto v0.16.5
[INFO] [stderr]    Compiling futures-executor v0.3.31
[INFO] [stderr]    Compiling ouroboros v0.18.4
[INFO] [stderr]    Compiling futures v0.3.31
[INFO] [stderr]    Compiling asyncs v0.1.0 (/opt/rustwide/workdir/asyncs)
[INFO] [stderr]    Compiling asyncs-tokio v0.1.0 (/opt/rustwide/workdir/asyncs-tokio)
[INFO] [stderr]    Compiling files v0.1.0 (/opt/rustwide/workdir/files)
[INFO] [stdout] warning: unused imports: `DateTime` and `Local`
[INFO] [stdout]  --> files/examples/08_file_metadata.rs:2:14
[INFO] [stdout]   |
[INFO] [stdout] 2 | use chrono::{DateTime, Local};
[INFO] [stdout]   |              ^^^^^^^^  ^^^^^
[INFO] [stdout]   |
[INFO] [stdout]   = note: `#[warn(unused_imports)]` on by default
[INFO] [stdout] 
[INFO] [stdout] 
[INFO] [stdout] warning: unused import: `std::fs::*`
[INFO] [stdout]  --> files/examples/01_file.rs:6:5
[INFO] [stdout]   |
[INFO] [stdout] 6 | use std::fs::*;
[INFO] [stdout]   |     ^^^^^^^^^^
[INFO] [stdout]   |
[INFO] [stdout]   = note: `#[warn(unused_imports)]` on by default
[INFO] [stdout] 
[INFO] [stdout] 
[INFO] [stdout] warning: variable does not need to be mutable
[INFO] [stdout]  --> files/examples/05_write_file.rs:9:9
[INFO] [stdout]   |
[INFO] [stdout] 9 |     let mut content = "Hello world";
[INFO] [stdout]   |         ----^^^^^^^
[INFO] [stdout]   |         |
[INFO] [stdout]   |         help: remove this `mut`
[INFO] [stdout]   |
[INFO] [stdout]   = note: `#[warn(unused_mut)]` on by default
[INFO] [stdout] 
[INFO] [stdout] 
[INFO] [stderr]    Compiling io v0.1.0 (/opt/rustwide/workdir/io)
[INFO] [stderr]    Compiling oop v0.1.0 (/opt/rustwide/workdir/oop)
[INFO] [stderr]    Compiling week_two v0.1.0 (/opt/rustwide/workdir/getting-started)
[INFO] [stderr]    Compiling unsafes v0.1.0 (/opt/rustwide/workdir/unsafes)
[INFO] [stderr]    Compiling app-lib v0.1.0 (/opt/rustwide/workdir/modules/app-lib)
[INFO] [stderr]    Compiling imap v3.0.0-alpha.14
[INFO] [stdout] warning: fields `password` and `active` are never read
[INFO] [stdout]   --> oop/examples/01_结构体.rs:9:5
[INFO] [stdout]    |
[INFO] [stdout] 7  | struct User{
[INFO] [stdout]    |        ---- fields in this struct
[INFO] [stdout] 8  |     username: String,
[INFO] [stdout] 9  |     password: String,
[INFO] [stdout]    |     ^^^^^^^^
[INFO] [stdout] ...
[INFO] [stdout] 12 |     active: bool
[INFO] [stdout]    |     ^^^^^^
[INFO] [stdout]    |
[INFO] [stdout]    = note: `User` has a derived impl for the trait `Debug`, but this is intentionally ignored during dead code analysis
[INFO] [stdout]    = note: `#[warn(dead_code)]` on by default
[INFO] [stdout] 
[INFO] [stdout] 
[INFO] [stdout] warning: fields `0`, `1`, and `2` are never read
[INFO] [stdout]  --> oop/examples/02_元组结构体.rs:4:14
[INFO] [stdout]   |
[INFO] [stdout] 4 | struct Color(u8, u8, u8);
[INFO] [stdout]   |        ----- ^^  ^^  ^^
[INFO] [stdout]   |        |
[INFO] [stdout]   |        fields in this struct
[INFO] [stdout]   |
[INFO] [stdout]   = help: consider removing these fields
[INFO] [stdout]   = note: `Color` has a derived impl for the trait `Debug`, but this is intentionally ignored during dead code analysis
[INFO] [stdout]   = note: `#[warn(dead_code)]` on by default
[INFO] [stdout] 
[INFO] [stdout] 
[INFO] [stdout] warning: fields `0`, `1`, and `2` are never read
[INFO] [stdout]  --> oop/examples/02_元组结构体.rs:6:14
[INFO] [stdout]   |
[INFO] [stdout] 6 | struct Point(i32, i32, i32);
[INFO] [stdout]   |        ----- ^^^  ^^^  ^^^
[INFO] [stdout]   |        |
[INFO] [stdout]   |        fields in this struct
[INFO] [stdout]   |
[INFO] [stdout]   = help: consider removing these fields
[INFO] [stdout]   = note: `Point` has a derived impl for the trait `Debug`, but this is intentionally ignored during dead code analysis
[INFO] [stdout] 
[INFO] [stdout] 
[INFO] [stderr]    Compiling web-server v0.1.0 (/opt/rustwide/workdir/web-server)
[INFO] [stdout] warning: unused import: `std::any::Any`
[INFO] [stdout]  --> oop/examples/05_特征.rs:5:5
[INFO] [stdout]   |
[INFO] [stdout] 5 | use std::any::Any;
[INFO] [stdout]   |     ^^^^^^^^^^^^^
[INFO] [stdout]   |
[INFO] [stdout]   = note: `#[warn(unused_imports)]` on by default
[INFO] [stdout] 
[INFO] [stdout] 
[INFO] [stdout] warning: unused variable: `light`
[INFO] [stdout]   --> oop/examples/04_枚举.rs:39:9
[INFO] [stdout]    |
[INFO] [stdout] 39 |     let light = Light::On;
[INFO] [stdout]    |         ^^^^^ help: if this is intentional, prefix it with an underscore: `_light`
[INFO] [stdout]    |
[INFO] [stdout]    = note: `#[warn(unused_variables)]` on by default
[INFO] [stdout] 
[INFO] [stdout] 
[INFO] [stdout] warning: variants `Up`, `Left`, and `Right` are never constructed
[INFO] [stdout]  --> oop/examples/04_枚举.rs:5:5
[INFO] [stdout]   |
[INFO] [stdout] 4 | enum Move{
[INFO] [stdout]   |      ---- variants in this enum
[INFO] [stdout] 5 |     Up,
[INFO] [stdout]   |     ^^
[INFO] [stdout] 6 |     Down,
[INFO] [stdout] 7 |     Left,
[INFO] [stdout]   |     ^^^^
[INFO] [stdout] 8 |     Right
[INFO] [stdout]   |     ^^^^^
[INFO] [stdout]   |
[INFO] [stdout]   = note: `#[warn(dead_code)]` on by default
[INFO] [stdout] 
[INFO] [stdout] 
[INFO] [stdout] warning: fields `0` and `1` are never read
[INFO] [stdout]   --> oop/examples/04_枚举.rs:12:14
[INFO] [stdout]    |
[INFO] [stdout] 12 | struct Point(f64, f64);
[INFO] [stdout]    |        ----- ^^^  ^^^
[INFO] [stdout]    |        |
[INFO] [stdout]    |        fields in this struct
[INFO] [stdout]    |
[INFO] [stdout]    = help: consider removing these fields
[INFO] [stdout] 
[INFO] [stdout] 
[INFO] [stdout] warning: field `0` is never read
[INFO] [stdout]   --> oop/examples/04_枚举.rs:15:8
[INFO] [stdout]    |
[INFO] [stdout] 15 |     Up(f64),
[INFO] [stdout]    |     -- ^^^
[INFO] [stdout]    |     |
[INFO] [stdout]    |     field in this variant
[INFO] [stdout]    |
[INFO] [stdout] help: consider changing the field to be of unit type to suppress this warning while preserving the field numbering, or remove the field
[INFO] [stdout]    |
[INFO] [stdout] 15 |     Up(()),
[INFO] [stdout]    |        ~~
[INFO] [stdout] 
[INFO] [stdout] 
[INFO] [stdout] warning: variants `To`, `Down`, `Left`, and `Right` are never constructed
[INFO] [stdout]   --> oop/examples/04_枚举.rs:14:5
[INFO] [stdout]    |
[INFO] [stdout] 13 | enum Move1{
[INFO] [stdout]    |      ----- variants in this enum
[INFO] [stdout] 14 |     To(Point),
[INFO] [stdout]    |     ^^
[INFO] [stdout] 15 |     Up(f64),
[INFO] [stdout] 16 |     Down(f64),
[INFO] [stdout]    |     ^^^^
[INFO] [stdout] 17 |     Left(f64),
[INFO] [stdout]    |     ^^^^
[INFO] [stdout] 18 |     Right(f64)
[INFO] [stdout]    |     ^^^^^
[INFO] [stdout] 
[INFO] [stdout] 
[INFO] [stdout] warning: fields `x`, `y`, and `z` are never read
[INFO] [stdout]   --> oop/examples/04_枚举.rs:25:10
[INFO] [stdout]    |
[INFO] [stdout] 25 |     Left{x: f64, y: f64, z: f64},
[INFO] [stdout]    |     ---- ^       ^       ^
[INFO] [stdout]    |     |
[INFO] [stdout]    |     fields in this variant
[INFO] [stdout] 
[INFO] [stdout] 
[INFO] [stdout] warning: variants `Up`, `Down`, and `Right` are never constructed
[INFO] [stdout]   --> oop/examples/04_枚举.rs:23:5
[INFO] [stdout]    |
[INFO] [stdout] 22 | enum Move2{
[INFO] [stdout]    |      ----- variants in this enum
[INFO] [stdout] 23 |     Up{x: f64, y: f64, z: f64},
[INFO] [stdout]    |     ^^
[INFO] [stdout] 24 |     Down{x: f64, y: f64, z: f64},
[INFO] [stdout]    |     ^^^^
[INFO] [stdout] 25 |     Left{x: f64, y: f64, z: f64},
[INFO] [stdout] 26 |     Right{x: f64, y: f64, z: f64},
[INFO] [stdout]    |     ^^^^^
[INFO] [stdout] 
[INFO] [stdout] 
[INFO] [stdout] warning: variant `Off` is never constructed
[INFO] [stdout]   --> oop/examples/04_枚举.rs:32:5
[INFO] [stdout]    |
[INFO] [stdout] 30 | enum Light{
[INFO] [stdout]    |      ----- variant in this enum
[INFO] [stdout] 31 |     On = 1,
[INFO] [stdout] 32 |     Off = 2
[INFO] [stdout]    |     ^^^
[INFO] [stdout]    |
[INFO] [stdout]    = note: `Light` has a derived impl for the trait `Debug`, but this is intentionally ignored during dead code analysis
[INFO] [stdout] 
[INFO] [stdout] 
[INFO] [stdout] warning: unused variable: `stream`
[INFO] [stdout]   --> web-server/examples/server_unitary.rs:13:14
[INFO] [stdout]    |
[INFO] [stdout] 13 |          let stream: TcpStream = conn.unwrap();
[INFO] [stdout]    |              ^^^^^^ help: if this is intentional, prefix it with an underscore: `_stream`
[INFO] [stdout]    |
[INFO] [stdout]    = note: `#[warn(unused_variables)]` on by default
[INFO] [stdout] 
[INFO] [stdout] 
[INFO] [stderr]    Compiling rustls-webpki v0.102.8
[INFO] [stderr]    Compiling rust-imap v0.1.0 (/opt/rustwide/workdir/rust-imap)
[INFO] [stderr]     Finished `test` profile [unoptimized + debuginfo] target(s) in 1m 59s
[INFO] running `Command { std: "docker" "inspect" "f26cefb13c27e3f0ab306fc2c77e479f26192ad5c006b5d86dc16dfd5219c993", kill_on_drop: false }`
[INFO] running `Command { std: "docker" "rm" "-f" "f26cefb13c27e3f0ab306fc2c77e479f26192ad5c006b5d86dc16dfd5219c993", kill_on_drop: false }`
[INFO] [stdout] f26cefb13c27e3f0ab306fc2c77e479f26192ad5c006b5d86dc16dfd5219c993
[INFO] running `Command { std: "docker" "create" "-v" "/var/lib/crater-agent-workspace/builds/worker-3-tc2/target:/opt/rustwide/target:rw,Z" "-v" "/var/lib/crater-agent-workspace/builds/worker-3-tc2/source:/opt/rustwide/workdir:ro,Z" "-v" "/var/lib/crater-agent-workspace/cargo-home:/opt/rustwide/cargo-home:ro,Z" "-v" "/var/lib/crater-agent-workspace/rustup-home:/opt/rustwide/rustup-home:ro,Z" "-e" "SOURCE_DIR=/opt/rustwide/workdir" "-e" "CARGO_TARGET_DIR=/opt/rustwide/target" "-e" "CARGO_INCREMENTAL=0" "-e" "RUST_BACKTRACE=full" "-e" "RUSTFLAGS=--cap-lints=warn" "-e" "RUSTDOCFLAGS=--cap-lints=warn" "-e" "CARGO_HOME=/opt/rustwide/cargo-home" "-e" "RUSTUP_HOME=/opt/rustwide/rustup-home" "-w" "/opt/rustwide/workdir" "-m" "1610612736" "--user" "0:0" "--network" "none" "ghcr.io/rust-lang/crates-build-env/linux@sha256:f3a9d4ad9d972b27faf3965f35b62e55ba32bbce8f20bc8fe909558a86702fde" "/opt/rustwide/cargo-home/bin/cargo" "+beta-2024-12-08" "test" "--frozen", kill_on_drop: false }`
[INFO] [stdout] 154038420f785bbf94b9edab6fa190619596150edda7fd98950e9b2bbcae6385
[INFO] running `Command { std: "docker" "start" "-a" "154038420f785bbf94b9edab6fa190619596150edda7fd98950e9b2bbcae6385", kill_on_drop: false }`
[INFO] [stderr] warning: unused import: `std::fs::*`
[INFO] [stderr]  --> files/examples/01_file.rs:6:5
[INFO] [stderr]   |
[INFO] [stderr] 6 | use std::fs::*;
[INFO] [stderr]   |     ^^^^^^^^^^
[INFO] [stderr]   |
[INFO] [stderr]   = note: `#[warn(unused_imports)]` on by default
[INFO] [stderr] 
[INFO] [stderr] warning: `files` (example "01_file") generated 1 warning (run `cargo fix --example "01_file"` to apply 1 suggestion)
[INFO] [stderr] warning: unused imports: `DateTime` and `Local`
[INFO] [stderr]  --> files/examples/08_file_metadata.rs:2:14
[INFO] [stderr]   |
[INFO] [stderr] 2 | use chrono::{DateTime, Local};
[INFO] [stderr]   |              ^^^^^^^^  ^^^^^
[INFO] [stderr]   |
[INFO] [stderr]   = note: `#[warn(unused_imports)]` on by default
[INFO] [stderr] 
[INFO] [stderr] warning: variable does not need to be mutable
[INFO] [stderr]  --> files/examples/05_write_file.rs:9:9
[INFO] [stderr]   |
[INFO] [stderr] 9 |     let mut content = "Hello world";
[INFO] [stderr]   |         ----^^^^^^^
[INFO] [stderr]   |         |
[INFO] [stderr]   |         help: remove this `mut`
[INFO] [stderr]   |
[INFO] [stderr]   = note: `#[warn(unused_mut)]` on by default
[INFO] [stderr] 
[INFO] [stderr] warning: `files` (example "08_file_metadata") generated 1 warning (run `cargo fix --example "08_file_metadata"` to apply 1 suggestion)
[INFO] [stderr] warning: `files` (example "05_write_file") generated 1 warning (run `cargo fix --example "05_write_file"` to apply 1 suggestion)
[INFO] [stderr] warning: fields `0`, `1`, and `2` are never read
[INFO] [stderr]  --> oop/examples/02_元组结构体.rs:4:14
[INFO] [stderr]   |
[INFO] [stderr] 4 | struct Color(u8, u8, u8);
[INFO] [stderr]   |        ----- ^^  ^^  ^^
[INFO] [stderr]   |        |
[INFO] [stderr]   |        fields in this struct
[INFO] [stderr]   |
[INFO] [stderr]   = help: consider removing these fields
[INFO] [stderr]   = note: `Color` has a derived impl for the trait `Debug`, but this is intentionally ignored during dead code analysis
[INFO] [stderr]   = note: `#[warn(dead_code)]` on by default
[INFO] [stderr] 
[INFO] [stderr] warning: fields `0`, `1`, and `2` are never read
[INFO] [stderr]  --> oop/examples/02_元组结构体.rs:6:14
[INFO] [stderr]   |
[INFO] [stderr] 6 | struct Point(i32, i32, i32);
[INFO] [stderr]   |        ----- ^^^  ^^^  ^^^
[INFO] [stderr]   |        |
[INFO] [stderr]   |        fields in this struct
[INFO] [stderr]   |
[INFO] [stderr]   = help: consider removing these fields
[INFO] [stderr]   = note: `Point` has a derived impl for the trait `Debug`, but this is intentionally ignored during dead code analysis
[INFO] [stderr] 
[INFO] [stderr] warning: unused variable: `light`
[INFO] [stderr]   --> oop/examples/04_枚举.rs:39:9
[INFO] [stderr]    |
[INFO] [stderr] 39 |     let light = Light::On;
[INFO] [stderr]    |         ^^^^^ help: if this is intentional, prefix it with an underscore: `_light`
[INFO] [stderr]    |
[INFO] [stderr]    = note: `#[warn(unused_variables)]` on by default
[INFO] [stderr] 
[INFO] [stderr] warning: variants `Up`, `Left`, and `Right` are never constructed
[INFO] [stderr]  --> oop/examples/04_枚举.rs:5:5
[INFO] [stderr]   |
[INFO] [stderr] 4 | enum Move{
[INFO] [stderr]   |      ---- variants in this enum
[INFO] [stderr] 5 |     Up,
[INFO] [stderr]   |     ^^
[INFO] [stderr] 6 |     Down,
[INFO] [stderr] 7 |     Left,
[INFO] [stderr]   |     ^^^^
[INFO] [stderr] 8 |     Right
[INFO] [stderr]   |     ^^^^^
[INFO] [stderr]   |
[INFO] [stderr]   = note: `#[warn(dead_code)]` on by default
[INFO] [stderr] 
[INFO] [stderr] warning: fields `0` and `1` are never read
[INFO] [stderr]   --> oop/examples/04_枚举.rs:12:14
[INFO] [stderr]    |
[INFO] [stderr] 12 | struct Point(f64, f64);
[INFO] [stderr]    |        ----- ^^^  ^^^
[INFO] [stderr]    |        |
[INFO] [stderr]    |        fields in this struct
[INFO] [stderr]    |
[INFO] [stderr]    = help: consider removing these fields
[INFO] [stderr] 
[INFO] [stderr] warning: field `0` is never read
[INFO] [stderr]   --> oop/examples/04_枚举.rs:15:8
[INFO] [stderr]    |
[INFO] [stderr] 15 |     Up(f64),
[INFO] [stderr]    |     -- ^^^
[INFO] [stderr]    |     |
[INFO] [stderr]    |     field in this variant
[INFO] [stderr]    |
[INFO] [stderr] help: consider changing the field to be of unit type to suppress this warning while preserving the field numbering, or remove the field
[INFO] [stderr]    |
[INFO] [stderr] 15 |     Up(()),
[INFO] [stderr]    |        ~~
[INFO] [stderr] 
[INFO] [stderr] warning: variants `To`, `Down`, `Left`, and `Right` are never constructed
[INFO] [stderr]   --> oop/examples/04_枚举.rs:14:5
[INFO] [stderr]    |
[INFO] [stderr] 13 | enum Move1{
[INFO] [stderr]    |      ----- variants in this enum
[INFO] [stderr] 14 |     To(Point),
[INFO] [stderr]    |     ^^
[INFO] [stderr] 15 |     Up(f64),
[INFO] [stderr] 16 |     Down(f64),
[INFO] [stderr]    |     ^^^^
[INFO] [stderr] 17 |     Left(f64),
[INFO] [stderr]    |     ^^^^
[INFO] [stderr] 18 |     Right(f64)
[INFO] [stderr]    |     ^^^^^
[INFO] [stderr] 
[INFO] [stderr] warning: fields `x`, `y`, and `z` are never read
[INFO] [stderr]   --> oop/examples/04_枚举.rs:25:10
[INFO] [stderr]    |
[INFO] [stderr] 25 |     Left{x: f64, y: f64, z: f64},
[INFO] [stderr]    |     ---- ^       ^       ^
[INFO] [stderr]    |     |
[INFO] [stderr]    |     fields in this variant
[INFO] [stderr] 
[INFO] [stderr] warning: variants `Up`, `Down`, and `Right` are never constructed
[INFO] [stderr]   --> oop/examples/04_枚举.rs:23:5
[INFO] [stderr]    |
[INFO] [stderr] 22 | enum Move2{
[INFO] [stderr]    |      ----- variants in this enum
[INFO] [stderr] 23 |     Up{x: f64, y: f64, z: f64},
[INFO] [stderr]    |     ^^
[INFO] [stderr] 24 |     Down{x: f64, y: f64, z: f64},
[INFO] [stderr]    |     ^^^^
[INFO] [stderr] 25 |     Left{x: f64, y: f64, z: f64},
[INFO] [stderr] 26 |     Right{x: f64, y: f64, z: f64},
[INFO] [stderr]    |     ^^^^^
[INFO] [stderr] 
[INFO] [stderr] warning: variant `Off` is never constructed
[INFO] [stderr]   --> oop/examples/04_枚举.rs:32:5
[INFO] [stderr]    |
[INFO] [stderr] 30 | enum Light{
[INFO] [stderr]    |      ----- variant in this enum
[INFO] [stderr] 31 |     On = 1,
[INFO] [stderr] 32 |     Off = 2
[INFO] [stderr]    |     ^^^
[INFO] [stderr]    |
[INFO] [stderr]    = note: `Light` has a derived impl for the trait `Debug`, but this is intentionally ignored during dead code analysis
[INFO] [stderr] 
[INFO] [stderr] warning: unused variable: `stream`
[INFO] [stderr]   --> web-server/examples/server_unitary.rs:13:14
[INFO] [stderr]    |
[INFO] [stderr] 13 |          let stream: TcpStream = conn.unwrap();
[INFO] [stderr]    |              ^^^^^^ help: if this is intentional, prefix it with an underscore: `_stream`
[INFO] [stderr]    |
[INFO] [stderr]    = note: `#[warn(unused_variables)]` on by default
[INFO] [stderr] 
[INFO] [stderr] warning: fields `password` and `active` are never read
[INFO] [stderr]   --> oop/examples/01_结构体.rs:9:5
[INFO] [stderr]    |
[INFO] [stderr] 7  | struct User{
[INFO] [stderr]    |        ---- fields in this struct
[INFO] [stderr] 8  |     username: String,
[INFO] [stderr] 9  |     password: String,
[INFO] [stderr]    |     ^^^^^^^^
[INFO] [stderr] ...
[INFO] [stderr] 12 |     active: bool
[INFO] [stderr]    |     ^^^^^^
[INFO] [stderr]    |
[INFO] [stderr]    = note: `User` has a derived impl for the trait `Debug`, but this is intentionally ignored during dead code analysis
[INFO] [stderr]    = note: `#[warn(dead_code)]` on by default
[INFO] [stderr] 
[INFO] [stderr] warning: unused import: `std::any::Any`
[INFO] [stderr]  --> oop/examples/05_特征.rs:5:5
[INFO] [stderr]   |
[INFO] [stderr] 5 | use std::any::Any;
[INFO] [stderr]   |     ^^^^^^^^^^^^^
[INFO] [stderr]   |
[INFO] [stderr]   = note: `#[warn(unused_imports)]` on by default
[INFO] [stderr] 
[INFO] [stderr] warning: `oop` (example "02_元组结构体") generated 2 warnings
[INFO] [stderr] warning: `oop` (example "04_枚举") generated 8 warnings
[INFO] [stderr] warning: `web-server` (example "server_unitary") generated 1 warning
[INFO] [stderr] warning: `oop` (example "01_结构体") generated 1 warning
[INFO] [stderr] warning: `oop` (example "05_特征") generated 1 warning (run `cargo fix --example "05_特征"` to apply 1 suggestion)
[INFO] [stderr]     Finished `test` profile [unoptimized + debuginfo] target(s) in 0.42s
[INFO] [stderr]      Running unittests src/lib.rs (/opt/rustwide/target/debug/deps/anys-963c7c957d754651)
[INFO] [stdout] 
[INFO] [stdout] running 1 test
[INFO] [stdout] test cli::tests::test_file_verify ... ok
[INFO] [stdout] 
[INFO] [stdout] test result: ok. 1 passed; 0 failed; 0 ignored; 0 measured; 0 filtered out; finished in 0.01s
[INFO] [stdout] 
[INFO] [stderr]      Running unittests src/main.rs (/opt/rustwide/target/debug/deps/anys-92c928403e91d94c)
[INFO] [stdout] 
[INFO] [stdout] running 0 tests
[INFO] [stdout] 
[INFO] [stdout] test result: ok. 0 passed; 0 failed; 0 ignored; 0 measured; 0 filtered out; finished in 0.00s
[INFO] [stdout] 
[INFO] [stderr]      Running unittests src/main.rs (/opt/rustwide/target/debug/deps/app-69e49d9d350e5389)
[INFO] [stdout] 
[INFO] [stdout] running 0 tests
[INFO] [stdout] 
[INFO] [stdout] test result: ok. 0 passed; 0 failed; 0 ignored; 0 measured; 0 filtered out; finished in 0.00s
[INFO] [stdout] 
[INFO] [stderr]      Running unittests src/lib.rs (/opt/rustwide/target/debug/deps/app_lib-01aee8f9c351f687)
[INFO] [stdout] 
[INFO] [stdout] running 1 test
[INFO] [stdout] test tests::it_works ... ok
[INFO] [stderr]      Running unittests src/main.rs (/opt/rustwide/target/debug/deps/asyncs_tokio-45c2ef32cf05f540)
[INFO] [stdout] 
[INFO] [stdout] test result: ok. 1 passed; 0 failed; 0 ignored; 0 measured; 0 filtered out; finished in 0.00s
[INFO] [stdout] 
[INFO] [stdout] 
[INFO] [stdout] running 0 tests
[INFO] [stdout] 
[INFO] [stdout] test result: ok. 0 passed; 0 failed; 0 ignored; 0 measured; 0 filtered out; finished in 0.00s
[INFO] [stdout] 
[INFO] [stderr]      Running unittests src/lib.rs (/opt/rustwide/target/debug/deps/concurrent-e7dc8b3b20d7a0e1)
[INFO] [stdout] 
[INFO] [stdout] running 0 tests
[INFO] [stdout] 
[INFO] [stdout] test result: ok. 0 passed; 0 failed; 0 ignored; 0 measured; 0 filtered out; finished in 0.00s
[INFO] [stdout] 
[INFO] [stderr]      Running unittests src/main.rs (/opt/rustwide/target/debug/deps/unsafes-5b04e531b7b06a11)
[INFO] [stderr]      Running unittests src/main.rs (/opt/rustwide/target/debug/deps/web_server-f8732b47840d8116)
[INFO] [stdout] 
[INFO] [stdout] running 0 tests
[INFO] [stdout] 
[INFO] [stdout] test result: ok. 0 passed; 0 failed; 0 ignored; 0 measured; 0 filtered out; finished in 0.00s
[INFO] [stdout] 
[INFO] [stderr]    Doc-tests anys
[INFO] [stdout] 
[INFO] [stdout] running 0 tests
[INFO] [stdout] 
[INFO] [stdout] test result: ok. 0 passed; 0 failed; 0 ignored; 0 measured; 0 filtered out; finished in 0.00s
[INFO] [stdout] 
[INFO] [stdout] 
[INFO] [stdout] running 2 tests
[INFO] [stdout] test anys/src/process/password.rs - process::password::gen_password (line 26) ... FAILED
[INFO] [stdout] test anys/src/process/csv.rs - process::csv::process_csv (line 18) ... ok
[INFO] [stdout] 
[INFO] [stdout] failures:
[INFO] [stdout] 
[INFO] [stdout] ---- anys/src/process/password.rs - process::password::gen_password (line 26) stdout ----
[INFO] [stdout] error[E0425]: cannot find function `gen_password` in this scope
[INFO] [stdout]  --> anys/src/process/password.rs:27:14
[INFO] [stdout]   |
[INFO] [stdout] 3 | let passwd = gen_password(16, true, true, true, true);
[INFO] [stdout]   |              ^^^^^^^^^^^^ not found in this scope
[INFO] [stdout]   |
[INFO] [stdout] help: consider importing this function
[INFO] [stdout]   |
[INFO] [stdout] 2 + use anys::gen_password;
[INFO] [stdout]   |
[INFO] [stdout] 
[INFO] [stdout] error: aborting due to 1 previous error
[INFO] [stdout] 
[INFO] [stdout] For more information about this error, try `rustc --explain E0425`.
[INFO] [stdout] Couldn't compile the test.
[INFO] [stdout] 
[INFO] [stdout] failures:
[INFO] [stdout]     anys/src/process/password.rs - process::password::gen_password (line 26)
[INFO] [stdout] 
[INFO] [stdout] test result: FAILED. 1 passed; 1 failed; 0 ignored; 0 measured; 0 filtered out; finished in 1.84s
[INFO] [stdout] 
[INFO] [stderr] error: doctest failed, to rerun pass `-p anys --doc`
[INFO] running `Command { std: "docker" "inspect" "154038420f785bbf94b9edab6fa190619596150edda7fd98950e9b2bbcae6385", kill_on_drop: false }`
[INFO] running `Command { std: "docker" "rm" "-f" "154038420f785bbf94b9edab6fa190619596150edda7fd98950e9b2bbcae6385", kill_on_drop: false }`
[INFO] [stdout] 154038420f785bbf94b9edab6fa190619596150edda7fd98950e9b2bbcae6385
