[INFO] cloning repository https://github.com/zkud/open-cds-ast
[INFO] running `Command { std: "git" "-c" "credential.helper=" "-c" "credential.helper=/workspace/cargo-home/bin/git-credential-null" "clone" "--bare" "https://github.com/zkud/open-cds-ast" "/workspace/cache/git-repos/https%3A%2F%2Fgithub.com%2Fzkud%2Fopen-cds-ast", kill_on_drop: false }`
[INFO] [stderr] Cloning into bare repository '/workspace/cache/git-repos/https%3A%2F%2Fgithub.com%2Fzkud%2Fopen-cds-ast'...
[INFO] running `Command { std: "git" "rev-parse" "HEAD", kill_on_drop: false }`
[INFO] [stdout] c947914a18ceab3306dc89804f9ed18f5882698c
[INFO] testing zkud/open-cds-ast against 1.83.0 for beta-1.84.0-4-retry
[INFO] running `Command { std: "git" "clone" "/workspace/cache/git-repos/https%3A%2F%2Fgithub.com%2Fzkud%2Fopen-cds-ast" "/workspace/builds/worker-3-tc1/source", kill_on_drop: false }`
[INFO] [stderr] Cloning into '/workspace/builds/worker-3-tc1/source'...
[INFO] [stderr] done.
[INFO] validating manifest of git repo https://github.com/zkud/open-cds-ast on toolchain 1.83.0
[INFO] running `Command { std: CARGO_HOME="/workspace/cargo-home" RUSTUP_HOME="/workspace/rustup-home" "/workspace/cargo-home/bin/cargo" "+1.83.0" "metadata" "--manifest-path" "Cargo.toml" "--no-deps", kill_on_drop: false }`
[INFO] started tweaking git repo https://github.com/zkud/open-cds-ast
[INFO] finished tweaking git repo https://github.com/zkud/open-cds-ast
[INFO] tweaked toml for git repo https://github.com/zkud/open-cds-ast written to /workspace/builds/worker-3-tc1/source/Cargo.toml
[INFO] crate git repo https://github.com/zkud/open-cds-ast already has a lockfile, it will not be regenerated
[INFO] running `Command { std: CARGO_HOME="/workspace/cargo-home" RUSTUP_HOME="/workspace/rustup-home" "/workspace/cargo-home/bin/cargo" "+1.83.0" "fetch" "--manifest-path" "Cargo.toml", kill_on_drop: false }`
[INFO] [stderr]     Blocking waiting for file lock on package cache
[INFO] [stderr]     Blocking waiting for file lock on package cache
[INFO] running `Command { std: "docker" "create" "-v" "/var/lib/crater-agent-workspace/builds/worker-3-tc1/target:/opt/rustwide/target:rw,Z" "-v" "/var/lib/crater-agent-workspace/builds/worker-3-tc1/source:/opt/rustwide/workdir:ro,Z" "-v" "/var/lib/crater-agent-workspace/cargo-home:/opt/rustwide/cargo-home:ro,Z" "-v" "/var/lib/crater-agent-workspace/rustup-home:/opt/rustwide/rustup-home:ro,Z" "-e" "SOURCE_DIR=/opt/rustwide/workdir" "-e" "CARGO_TARGET_DIR=/opt/rustwide/target" "-e" "CARGO_HOME=/opt/rustwide/cargo-home" "-e" "RUSTUP_HOME=/opt/rustwide/rustup-home" "-w" "/opt/rustwide/workdir" "-m" "1610612736" "--user" "0:0" "--network" "none" "ghcr.io/rust-lang/crates-build-env/linux@sha256:f3a9d4ad9d972b27faf3965f35b62e55ba32bbce8f20bc8fe909558a86702fde" "/opt/rustwide/cargo-home/bin/cargo" "+1.83.0" "metadata" "--no-deps" "--format-version=1", kill_on_drop: false }`
[INFO] [stdout] c31a2bd35b16c801ef2e2af87263ba87676a6765b31f5f2862d2ba34722085d8
[INFO] running `Command { std: "docker" "start" "-a" "c31a2bd35b16c801ef2e2af87263ba87676a6765b31f5f2862d2ba34722085d8", kill_on_drop: false }`
[INFO] running `Command { std: "docker" "inspect" "c31a2bd35b16c801ef2e2af87263ba87676a6765b31f5f2862d2ba34722085d8", kill_on_drop: false }`
[INFO] running `Command { std: "docker" "rm" "-f" "c31a2bd35b16c801ef2e2af87263ba87676a6765b31f5f2862d2ba34722085d8", kill_on_drop: false }`
[INFO] [stdout] c31a2bd35b16c801ef2e2af87263ba87676a6765b31f5f2862d2ba34722085d8
[INFO] running `Command { std: "docker" "create" "-v" "/var/lib/crater-agent-workspace/builds/worker-3-tc1/target:/opt/rustwide/target:rw,Z" "-v" "/var/lib/crater-agent-workspace/builds/worker-3-tc1/source:/opt/rustwide/workdir:ro,Z" "-v" "/var/lib/crater-agent-workspace/cargo-home:/opt/rustwide/cargo-home:ro,Z" "-v" "/var/lib/crater-agent-workspace/rustup-home:/opt/rustwide/rustup-home:ro,Z" "-e" "SOURCE_DIR=/opt/rustwide/workdir" "-e" "CARGO_TARGET_DIR=/opt/rustwide/target" "-e" "CARGO_INCREMENTAL=0" "-e" "RUST_BACKTRACE=full" "-e" "RUSTFLAGS=--cap-lints=warn" "-e" "RUSTDOCFLAGS=--cap-lints=warn" "-e" "CARGO_HOME=/opt/rustwide/cargo-home" "-e" "RUSTUP_HOME=/opt/rustwide/rustup-home" "-w" "/opt/rustwide/workdir" "-m" "1610612736" "--user" "0:0" "--network" "none" "ghcr.io/rust-lang/crates-build-env/linux@sha256:f3a9d4ad9d972b27faf3965f35b62e55ba32bbce8f20bc8fe909558a86702fde" "/opt/rustwide/cargo-home/bin/cargo" "+1.83.0" "build" "--frozen" "--message-format=json", kill_on_drop: false }`
[INFO] [stdout] a75424dcbee175f3d2c7d9a4013764b5a5e44f2d0f345007645fcb06003b2e30
[INFO] running `Command { std: "docker" "start" "-a" "a75424dcbee175f3d2c7d9a4013764b5a5e44f2d0f345007645fcb06003b2e30", kill_on_drop: false }`
[INFO] [stderr]    Compiling libc v0.2.137
[INFO] [stderr]    Compiling autocfg v1.1.0
[INFO] [stderr]    Compiling cfg-if v1.0.0
[INFO] [stderr]    Compiling memchr v2.5.0
[INFO] [stderr]    Compiling proc-macro2 v1.0.47
[INFO] [stderr]    Compiling parking_lot_core v0.9.4
[INFO] [stderr]    Compiling unicode-ident v1.0.5
[INFO] [stderr]    Compiling quote v1.0.21
[INFO] [stderr]    Compiling smallvec v1.10.0
[INFO] [stderr]    Compiling scopeguard v1.1.0
[INFO] [stderr]    Compiling log v0.4.17
[INFO] [stderr]    Compiling syn v1.0.105
[INFO] [stderr]    Compiling crunchy v0.2.2
[INFO] [stderr]    Compiling tiny-keccak v2.0.2
[INFO] [stderr]    Compiling siphasher v0.3.10
[INFO] [stderr]    Compiling regex-syntax v0.6.27
[INFO] [stderr]    Compiling hashbrown v0.12.3
[INFO] [stderr]    Compiling fnv v1.0.7
[INFO] [stderr]    Compiling either v1.8.0
[INFO] [stderr]    Compiling strsim v0.10.0
[INFO] [stderr]    Compiling phf_shared v0.10.0
[INFO] [stderr]    Compiling bit-vec v0.6.3
[INFO] [stderr]    Compiling precomputed-hash v0.1.1
[INFO] [stderr]    Compiling ident_case v1.0.1
[INFO] [stderr]    Compiling new_debug_unreachable v1.0.4
[INFO] [stderr]    Compiling fixedbitset v0.4.2
[INFO] [stderr]    Compiling once_cell v1.16.0
[INFO] [stderr]    Compiling itertools v0.10.5
[INFO] [stderr]    Compiling diff v0.1.13
[INFO] [stderr]    Compiling pico-args v0.4.2
[INFO] [stderr]    Compiling lock_api v0.4.9
[INFO] [stderr]    Compiling indexmap v1.9.1
[INFO] [stderr]    Compiling bit-set v0.5.3
[INFO] [stderr]    Compiling unicode-xid v0.2.4
[INFO] [stderr]    Compiling ena v0.14.0
[INFO] [stderr]    Compiling aho-corasick v0.7.19
[INFO] [stderr]    Compiling petgraph v0.6.2
[INFO] [stderr]    Compiling dirs-sys-next v0.1.2
[INFO] [stderr]    Compiling atty v0.2.14
[INFO] [stderr]    Compiling dirs-next v2.0.0
[INFO] [stderr]    Compiling term v0.7.0
[INFO] [stderr]    Compiling parking_lot v0.12.1
[INFO] [stderr]    Compiling string_cache v0.8.4
[INFO] [stderr]    Compiling ascii-canvas v3.0.0
[INFO] [stderr]    Compiling regex v1.7.1
[INFO] [stderr]    Compiling lalrpop-util v0.19.8
[INFO] [stderr]    Compiling lalrpop v0.19.8
[INFO] [stderr]    Compiling darling_core v0.14.2
[INFO] [stderr]    Compiling darling_macro v0.14.2
[INFO] [stderr]    Compiling darling v0.14.2
[INFO] [stderr]    Compiling ast-term-derive v0.1.0 (/opt/rustwide/workdir/macros/ast-term-derive)
[INFO] [stderr]    Compiling open-cds-parser v0.0.1 (/opt/rustwide/workdir)
[INFO] [stdout] warning: unused import: `mock::*`
[INFO] [stdout]   --> src/ast/mod.rs:11:9
[INFO] [stdout]    |
[INFO] [stdout] 11 | pub use mock::*;
[INFO] [stdout]    |         ^^^^^^^
[INFO] [stdout]    |
[INFO] [stdout]    = note: `#[warn(unused_imports)]` on by default
[INFO] [stdout] 
[INFO] [stdout] 
[INFO] [stdout] warning: associated function `to_triple` is never used
[INFO] [stdout]     --> /opt/rustwide/target/debug/build/open-cds-parser-a1c554c70e8737d7/out/parser/single_module/cds.rs:4272:8
[INFO] [stdout]      |
[INFO] [stdout] 4270 | pub trait __ToTriple<'input, >
[INFO] [stdout]      |           ---------- associated function in this trait
[INFO] [stdout] 4271 | {
[INFO] [stdout] 4272 |     fn to_triple(value: Self) -> Result<(usize,Token<'input>,usize), __lalrpop_util::ParseError<usize, Token<'input>, &'static str>>;
[INFO] [stdout]      |        ^^^^^^^^^
[INFO] [stdout]      |
[INFO] [stdout]      = note: `#[warn(dead_code)]` on by default
[INFO] [stdout] 
[INFO] [stdout] 
[INFO] [stderr]     Finished `dev` profile [unoptimized + debuginfo] target(s) in 23.14s
[INFO] [stderr] warning: the following packages contain code that will be rejected by a future version of Rust: lalrpop v0.19.8
[INFO] [stderr] note: to see what the problems were, use the option `--future-incompat-report`, or run `cargo report future-incompatibilities --id 1`
[INFO] running `Command { std: "docker" "inspect" "a75424dcbee175f3d2c7d9a4013764b5a5e44f2d0f345007645fcb06003b2e30", kill_on_drop: false }`
[INFO] running `Command { std: "docker" "rm" "-f" "a75424dcbee175f3d2c7d9a4013764b5a5e44f2d0f345007645fcb06003b2e30", kill_on_drop: false }`
[INFO] [stdout] a75424dcbee175f3d2c7d9a4013764b5a5e44f2d0f345007645fcb06003b2e30
[INFO] running `Command { std: "docker" "create" "-v" "/var/lib/crater-agent-workspace/builds/worker-3-tc1/target:/opt/rustwide/target:rw,Z" "-v" "/var/lib/crater-agent-workspace/builds/worker-3-tc1/source:/opt/rustwide/workdir:ro,Z" "-v" "/var/lib/crater-agent-workspace/cargo-home:/opt/rustwide/cargo-home:ro,Z" "-v" "/var/lib/crater-agent-workspace/rustup-home:/opt/rustwide/rustup-home:ro,Z" "-e" "SOURCE_DIR=/opt/rustwide/workdir" "-e" "CARGO_TARGET_DIR=/opt/rustwide/target" "-e" "CARGO_INCREMENTAL=0" "-e" "RUST_BACKTRACE=full" "-e" "RUSTFLAGS=--cap-lints=warn" "-e" "RUSTDOCFLAGS=--cap-lints=warn" "-e" "CARGO_HOME=/opt/rustwide/cargo-home" "-e" "RUSTUP_HOME=/opt/rustwide/rustup-home" "-w" "/opt/rustwide/workdir" "-m" "1610612736" "--user" "0:0" "--network" "none" "ghcr.io/rust-lang/crates-build-env/linux@sha256:f3a9d4ad9d972b27faf3965f35b62e55ba32bbce8f20bc8fe909558a86702fde" "/opt/rustwide/cargo-home/bin/cargo" "+1.83.0" "test" "--frozen" "--no-run" "--message-format=json", kill_on_drop: false }`
[INFO] [stdout] 94141f8027e7b3876bd0922aaf3e6e02280b95417c6a15a1783706e3953a52d2
[INFO] running `Command { std: "docker" "start" "-a" "94141f8027e7b3876bd0922aaf3e6e02280b95417c6a15a1783706e3953a52d2", kill_on_drop: false }`
[INFO] [stdout] warning: unused import: `mock::*`
[INFO] [stdout]   --> src/ast/mod.rs:11:9
[INFO] [stdout]    |
[INFO] [stdout] 11 | pub use mock::*;
[INFO] [stdout]    |         ^^^^^^^
[INFO] [stdout]    |
[INFO] [stdout]    = note: `#[warn(unused_imports)]` on by default
[INFO] [stdout] 
[INFO] [stdout] 
[INFO] [stdout] warning: associated function `to_triple` is never used
[INFO] [stdout]     --> /opt/rustwide/target/debug/build/open-cds-parser-a1c554c70e8737d7/out/parser/single_module/cds.rs:4272:8
[INFO] [stdout]      |
[INFO] [stdout] 4270 | pub trait __ToTriple<'input, >
[INFO] [stdout]      |           ---------- associated function in this trait
[INFO] [stdout] 4271 | {
[INFO] [stdout] 4272 |     fn to_triple(value: Self) -> Result<(usize,Token<'input>,usize), __lalrpop_util::ParseError<usize, Token<'input>, &'static str>>;
[INFO] [stdout]      |        ^^^^^^^^^
[INFO] [stdout]      |
[INFO] [stdout]      = note: `#[warn(dead_code)]` on by default
[INFO] [stdout] 
[INFO] [stdout] 
[INFO] [stderr]    Compiling open-cds-parser v0.0.1 (/opt/rustwide/workdir)
[INFO] [stdout] warning: fields `name` and `fields` are never read
[INFO] [stdout]   --> tests/trivial_visiting.rs:9:9
[INFO] [stdout]    |
[INFO] [stdout] 8  | struct Table {
[INFO] [stdout]    |        ----- fields in this struct
[INFO] [stdout] 9  |     pub name: String,
[INFO] [stdout]    |         ^^^^
[INFO] [stdout] 10 |     pub fields: Vec<Field>,
[INFO] [stdout]    |         ^^^^^^
[INFO] [stdout]    |
[INFO] [stdout]    = note: `#[warn(dead_code)]` on by default
[INFO] [stdout] 
[INFO] [stdout] 
[INFO] [stdout] warning: fields `name` and `field_type` are never read
[INFO] [stdout]   --> tests/trivial_visiting.rs:14:9
[INFO] [stdout]    |
[INFO] [stdout] 13 | struct Field {
[INFO] [stdout]    |        ----- fields in this struct
[INFO] [stdout] 14 |     pub name: String,
[INFO] [stdout]    |         ^^^^
[INFO] [stdout] 15 |     pub field_type: String,
[INFO] [stdout]    |         ^^^^^^^^^^
[INFO] [stdout] 
[INFO] [stdout] 
[INFO] [stdout] warning: unused import: `super::*`
[INFO] [stdout]  --> src/ast/common/ast_term_collection.rs:7:9
[INFO] [stdout]   |
[INFO] [stdout] 7 |     use super::*;
[INFO] [stdout]   |         ^^^^^^^^
[INFO] [stdout]   |
[INFO] [stdout]   = note: `#[warn(unused_imports)]` on by default
[INFO] [stdout] 
[INFO] [stdout] 
[INFO] [stdout] warning: struct `VisitorError` is never constructed
[INFO] [stdout]   --> src/ast/common/ast_term.rs:23:12
[INFO] [stdout]    |
[INFO] [stdout] 23 |     struct VisitorError;
[INFO] [stdout]    |            ^^^^^^^^^^^^
[INFO] [stdout]    |
[INFO] [stdout]    = note: `#[warn(dead_code)]` on by default
[INFO] [stdout] 
[INFO] [stdout] 
[INFO] [stdout] warning: struct `VisitorError` is never constructed
[INFO] [stdout]   --> src/ast/common/ast_term_collection.rs:21:12
[INFO] [stdout]    |
[INFO] [stdout] 21 |     struct VisitorError;
[INFO] [stdout]    |            ^^^^^^^^^^^^
[INFO] [stdout] 
[INFO] [stdout] 
[INFO] [stdout] warning: field `0` is never read
[INFO] [stdout]   --> src/ast/common/convertable.rs:38:14
[INFO] [stdout]    |
[INFO] [stdout] 38 |     struct B(i32);
[INFO] [stdout]    |            - ^^^
[INFO] [stdout]    |            |
[INFO] [stdout]    |            field in this struct
[INFO] [stdout]    |
[INFO] [stdout]    = help: consider removing this field
[INFO] [stdout]    = note: `B` has a derived impl for the trait `Clone`, but this is intentionally ignored during dead code analysis
[INFO] [stdout] 
[INFO] [stdout] 
[INFO] [stdout] warning: associated function `to_triple` is never used
[INFO] [stdout]     --> /opt/rustwide/target/debug/build/open-cds-parser-a1c554c70e8737d7/out/parser/single_module/cds.rs:4272:8
[INFO] [stdout]      |
[INFO] [stdout] 4270 | pub trait __ToTriple<'input, >
[INFO] [stdout]      |           ---------- associated function in this trait
[INFO] [stdout] 4271 | {
[INFO] [stdout] 4272 |     fn to_triple(value: Self) -> Result<(usize,Token<'input>,usize), __lalrpop_util::ParseError<usize, Token<'input>, &'static str>>;
[INFO] [stdout]      |        ^^^^^^^^^
[INFO] [stdout] 
[INFO] [stdout] 
[INFO] [stderr]     Finished `test` profile [unoptimized + debuginfo] target(s) in 3.40s
[INFO] [stderr] warning: the following packages contain code that will be rejected by a future version of Rust: lalrpop v0.19.8
[INFO] [stderr] note: to see what the problems were, use the option `--future-incompat-report`, or run `cargo report future-incompatibilities --id 1`
[INFO] running `Command { std: "docker" "inspect" "94141f8027e7b3876bd0922aaf3e6e02280b95417c6a15a1783706e3953a52d2", kill_on_drop: false }`
[INFO] running `Command { std: "docker" "rm" "-f" "94141f8027e7b3876bd0922aaf3e6e02280b95417c6a15a1783706e3953a52d2", kill_on_drop: false }`
[INFO] [stdout] 94141f8027e7b3876bd0922aaf3e6e02280b95417c6a15a1783706e3953a52d2
[INFO] running `Command { std: "docker" "create" "-v" "/var/lib/crater-agent-workspace/builds/worker-3-tc1/target:/opt/rustwide/target:rw,Z" "-v" "/var/lib/crater-agent-workspace/builds/worker-3-tc1/source:/opt/rustwide/workdir:ro,Z" "-v" "/var/lib/crater-agent-workspace/cargo-home:/opt/rustwide/cargo-home:ro,Z" "-v" "/var/lib/crater-agent-workspace/rustup-home:/opt/rustwide/rustup-home:ro,Z" "-e" "SOURCE_DIR=/opt/rustwide/workdir" "-e" "CARGO_TARGET_DIR=/opt/rustwide/target" "-e" "CARGO_INCREMENTAL=0" "-e" "RUST_BACKTRACE=full" "-e" "RUSTFLAGS=--cap-lints=warn" "-e" "RUSTDOCFLAGS=--cap-lints=warn" "-e" "CARGO_HOME=/opt/rustwide/cargo-home" "-e" "RUSTUP_HOME=/opt/rustwide/rustup-home" "-w" "/opt/rustwide/workdir" "-m" "1610612736" "--user" "0:0" "--network" "none" "ghcr.io/rust-lang/crates-build-env/linux@sha256:f3a9d4ad9d972b27faf3965f35b62e55ba32bbce8f20bc8fe909558a86702fde" "/opt/rustwide/cargo-home/bin/cargo" "+1.83.0" "test" "--frozen", kill_on_drop: false }`
[INFO] [stdout] 29057ea09514229829218b4f9d086330137836115d920219dbbc74d2e233defe
[INFO] running `Command { std: "docker" "start" "-a" "29057ea09514229829218b4f9d086330137836115d920219dbbc74d2e233defe", kill_on_drop: false }`
[INFO] [stderr] warning: unused import: `mock::*`
[INFO] [stderr]   --> src/ast/mod.rs:11:9
[INFO] [stderr]    |
[INFO] [stderr] 11 | pub use mock::*;
[INFO] [stderr]    |         ^^^^^^^
[INFO] [stderr]    |
[INFO] [stderr]    = note: `#[warn(unused_imports)]` on by default
[INFO] [stderr] 
[INFO] [stderr] warning: associated function `to_triple` is never used
[INFO] [stderr]     --> /opt/rustwide/target/debug/build/open-cds-parser-a1c554c70e8737d7/out/parser/single_module/cds.rs:4272:8
[INFO] [stderr]      |
[INFO] [stderr] 4270 | pub trait __ToTriple<'input, >
[INFO] [stderr]      |           ---------- associated function in this trait
[INFO] [stderr] 4271 | {
[INFO] [stderr] 4272 |     fn to_triple(value: Self) -> Result<(usize,Token<'input>,usize), __lalrpop_util::ParseError<usize, Token<'input>, &'static str>>;
[INFO] [stderr]      |        ^^^^^^^^^
[INFO] [stderr]      |
[INFO] [stderr]      = note: `#[warn(dead_code)]` on by default
[INFO] [stderr] 
[INFO] [stderr] warning: unused import: `super::*`
[INFO] [stderr]  --> src/ast/common/ast_term_collection.rs:7:9
[INFO] [stderr]   |
[INFO] [stderr] 7 |     use super::*;
[INFO] [stderr]   |         ^^^^^^^^
[INFO] [stderr]   |
[INFO] [stderr]   = note: `#[warn(unused_imports)]` on by default
[INFO] [stderr] 
[INFO] [stderr] warning: struct `VisitorError` is never constructed
[INFO] [stderr]   --> src/ast/common/ast_term.rs:23:12
[INFO] [stderr]    |
[INFO] [stderr] 23 |     struct VisitorError;
[INFO] [stderr]    |            ^^^^^^^^^^^^
[INFO] [stderr]    |
[INFO] [stderr]    = note: `#[warn(dead_code)]` on by default
[INFO] [stderr] 
[INFO] [stderr] warning: struct `VisitorError` is never constructed
[INFO] [stderr]   --> src/ast/common/ast_term_collection.rs:21:12
[INFO] [stderr]    |
[INFO] [stderr] 21 |     struct VisitorError;
[INFO] [stderr]    |            ^^^^^^^^^^^^
[INFO] [stderr] 
[INFO] [stderr] warning: field `0` is never read
[INFO] [stderr]   --> src/ast/common/convertable.rs:38:14
[INFO] [stderr]    |
[INFO] [stderr] 38 |     struct B(i32);
[INFO] [stderr]    |            - ^^^
[INFO] [stderr]    |            |
[INFO] [stderr]    |            field in this struct
[INFO] [stderr]    |
[INFO] [stderr]    = help: consider removing this field
[INFO] [stderr]    = note: `B` has a derived impl for the trait `Clone`, but this is intentionally ignored during dead code analysis
[INFO] [stderr] 
[INFO] [stderr] warning: associated function `to_triple` is never used
[INFO] [stderr]     --> /opt/rustwide/target/debug/build/open-cds-parser-a1c554c70e8737d7/out/parser/single_module/cds.rs:4272:8
[INFO] [stderr]      |
[INFO] [stderr] 4270 | pub trait __ToTriple<'input, >
[INFO] [stderr]      |           ---------- associated function in this trait
[INFO] [stderr] 4271 | {
[INFO] [stderr] 4272 |     fn to_triple(value: Self) -> Result<(usize,Token<'input>,usize), __lalrpop_util::ParseError<usize, Token<'input>, &'static str>>;
[INFO] [stderr]      |        ^^^^^^^^^
[INFO] [stderr] 
[INFO] [stderr] warning: `open-cds-parser` (lib) generated 2 warnings (run `cargo fix --lib -p open-cds-parser` to apply 1 suggestion)
[INFO] [stderr] warning: `open-cds-parser` (lib test) generated 5 warnings (run `cargo fix --lib -p open-cds-parser --tests` to apply 1 suggestion)
[INFO] [stderr] warning: fields `name` and `fields` are never read
[INFO] [stderr]   --> tests/trivial_visiting.rs:9:9
[INFO] [stderr]    |
[INFO] [stderr] 8  | struct Table {
[INFO] [stderr]    |        ----- fields in this struct
[INFO] [stderr] 9  |     pub name: String,
[INFO] [stderr]    |         ^^^^
[INFO] [stderr] 10 |     pub fields: Vec<Field>,
[INFO] [stderr]    |         ^^^^^^
[INFO] [stderr]    |
[INFO] [stderr]    = note: `#[warn(dead_code)]` on by default
[INFO] [stderr] 
[INFO] [stderr] warning: fields `name` and `field_type` are never read
[INFO] [stderr]   --> tests/trivial_visiting.rs:14:9
[INFO] [stderr]    |
[INFO] [stderr] 13 | struct Field {
[INFO] [stderr]    |        ----- fields in this struct
[INFO] [stderr] 14 |     pub name: String,
[INFO] [stderr]    |         ^^^^
[INFO] [stderr] 15 |     pub field_type: String,
[INFO] [stderr]    |         ^^^^^^^^^^
[INFO] [stderr] 
[INFO] [stderr] warning: `open-cds-parser` (test "trivial_visiting") generated 2 warnings
[INFO] [stderr]     Finished `test` profile [unoptimized + debuginfo] target(s) in 0.07s
[INFO] [stderr] warning: the following packages contain code that will be rejected by a future version of Rust: lalrpop v0.19.8
[INFO] [stderr] note: to see what the problems were, use the option `--future-incompat-report`, or run `cargo report future-incompatibilities --id 1`
[INFO] [stderr]      Running unittests src/lib.rs (/opt/rustwide/target/debug/deps/open_cds_parser-6cd1581be0c82085)
[INFO] [stdout] 
[INFO] [stdout] running 51 tests
[INFO] [stdout] test ast::common::ast_term::tests::test_arc_ast_term ... ok
[INFO] [stdout] test ast::common::ast_term::tests::test_option_ast_term_none ... ok
[INFO] [stdout] test ast::common::ast_term::tests::test_deref_ast_term ... ok
[INFO] [stdout] test ast::common::ast_term::tests::test_option_ast_term_some ... ok
[INFO] [stdout] test ast::common::ast_term_collection::tests::test_slice_ast_term ... ok
[INFO] [stdout] test ast::common::ast_term_collection::tests::test_empty_slice_ast_term ... ok
[INFO] [stdout] test ast::common::convertable::tests::test_arc_conversion ... ok
[INFO] [stdout] test ast::common::convertable::tests::test_box_conversion ... ok
[INFO] [stdout] test ast::common::convertable::tests::test_nested_arc_conversion ... ok
[INFO] [stdout] test ast::common::convertable::tests::test_direct_conversion ... ok
[INFO] [stdout] test ast::common::convertable::tests::test_nested_box_conversion ... ok
[INFO] [stdout] test ast::common::convertable::tests::test_nested_option_conversion ... ok
[INFO] [stdout] test ast::common::convertable::tests::test_option_conversion ... ok
[INFO] [stdout] test ast::common::location::tests::test_location_clone ... ok
[INFO] [stdout] test ast::common::location::tests::test_location_creation ... ok
[INFO] [stdout] test ast::common::convertable::tests::test_successful_conversion ... ok
[INFO] [stdout] test ast::common::location::tests::test_location_equality ... ok
[INFO] [stdout] test ast::common::location::tests::test_location_filepath ... ok
[INFO] [stdout] test ast::mock::leaf_term::tests::test_new ... ok
[INFO] [stdout] test ast::mock::leaf_term::tests::test_set_value ... ok
[INFO] [stdout] test ast::mock::leaf_term::tests::test_value_mut ... ok
[INFO] [stdout] test ast::mock::leaf_term::tests::test_value ... ok
[INFO] [stdout] test ast::mock::leaf_term::tests::with_another_type_convert_returns_none ... ok
[INFO] [stdout] test ast::mock::leaf_term::tests::with_the_same_type_convert_returns_term ... ok
[INFO] [stdout] test ast::mock::node_term::tests::test_node_term_accept ... ok
[INFO] [stdout] test parser::multi_module::tests::test_parse_directory ... ok
[INFO] [stdout] test parser::multi_module::tests::test_parse_duplication ... ok
[INFO] [stdout] test parser::multi_module::tests::test_parse_invalid_path_in_import ... ok
[INFO] [stdout] test parser::single_module::tests::basic_cdl::with_unexisting_file_it_fails ... ok
[INFO] [stdout] test ast::mock::node_term::tests::test_node_term_getters ... ok
[INFO] [stdout] test ast::mock::node_term::tests::test_node_term_mutable_references ... ok
[INFO] [stdout] test ast::mock::node_term::tests::test_node_term_new ... ok
[INFO] [stdout] test parser::multi_module::tests::test_parse_invalid_path ... ok
[INFO] [stdout] test parser::multi_module::tests::test_parse_single_file ... ok
[INFO] [stdout] test parser::parse_error::tests::it_displayable ... ok
[INFO] [stdout] test parser::parse_error::tests::it_inits ... ok
[INFO] [stdout] test ast::common::ast_term::tests::test_box_ast_term ... ok
[INFO] [stdout] test parser::multi_module::tests::test_parse_with_imports ... ok
[INFO] [stdout] test parser::multi_module::tests::test_parse_with_imports_but_import_is_dir ... ok
[INFO] [stdout] test ast::mock::node_term::tests::test_node_term_setters ... ok
[INFO] [stdout] test ast::common::location::tests::test_location_start_end ... ok
[INFO] [stdout] test parser::single_module::tests::imports::with_name_with_comma_import_it_parses ... ok
[INFO] [stdout] test parser::single_module::tests::imports::with_name_import_it_parses ... ok
[INFO] [stdout] test parser::single_module::tests::imports::with_straigh_wildcart_import_with_braces_it_parses ... ok
[INFO] [stdout] test parser::single_module::tests::imports::with_straight_wildcart_import_it_parses ... ok
[INFO] [stdout] test parser::single_module::tests::imports::with_various_scenarios_it_visits_successfully ... ok
[INFO] [stdout] test parser::single_module::tests::imports::with_multiple_imports_it_parses ... ok
[INFO] [stdout] test parser::single_module::tests::imports::with_name_with_alias_import_it_parses ... ok
[INFO] [stdout] test parser::single_module::tests::imports::with_name_with_wildcart_import_it_parses ... ok
[INFO] [stdout] test parser::single_module::tests::basic_cdl::with_syntactically_incorrect_it_fails ... FAILED
[INFO] [stdout] test parser::single_module::tests::basic_cdl::with_correct_input_it_translates ... FAILED
[INFO] [stdout] 
[INFO] [stdout] failures:
[INFO] [stdout] 
[INFO] [stdout] ---- parser::single_module::tests::basic_cdl::with_syntactically_incorrect_it_fails stdout ----
[INFO] [stdout] thread 'parser::single_module::tests::basic_cdl::with_syntactically_incorrect_it_fails' panicked at src/parser/single_module/tests/basic_cdl.rs:66:60:
[INFO] [stdout] called `Result::unwrap()` on an `Err` value: Os { code: 30, kind: ReadOnlyFilesystem, message: "Read-only file system" }
[INFO] [stdout] stack backtrace:
[INFO] [stdout]    0:     0x5c9acdd0ac0a - std::backtrace_rs::backtrace::libunwind::trace::h5a5b8284f2d0c266
[INFO] [stdout]                                at /rustc/90b35a6239c3d8bdabc530a6a0816f7ff89a0aaf/library/std/src/../../backtrace/src/backtrace/libunwind.rs:116:5
[INFO] [stdout]    1:     0x5c9acdd0ac0a - std::backtrace_rs::backtrace::trace_unsynchronized::h76d4f1c9b0b875e3
[INFO] [stdout]                                at /rustc/90b35a6239c3d8bdabc530a6a0816f7ff89a0aaf/library/std/src/../../backtrace/src/backtrace/mod.rs:66:5
[INFO] [stdout]    2:     0x5c9acdd0ac0a - std::sys::backtrace::_print_fmt::hc4546b8364a537c6
[INFO] [stdout]                                at /rustc/90b35a6239c3d8bdabc530a6a0816f7ff89a0aaf/library/std/src/sys/backtrace.rs:66:9
[INFO] [stdout]    3:     0x5c9acdd0ac0a - <std::sys::backtrace::BacktraceLock::print::DisplayBacktrace as core::fmt::Display>::fmt::h5b6bd5631a6d1f6b
[INFO] [stdout]                                at /rustc/90b35a6239c3d8bdabc530a6a0816f7ff89a0aaf/library/std/src/sys/backtrace.rs:39:26
[INFO] [stdout]    4:     0x5c9acdd30753 - core::fmt::rt::Argument::fmt::h270f6602a2b96f62
[INFO] [stdout]                                at /rustc/90b35a6239c3d8bdabc530a6a0816f7ff89a0aaf/library/core/src/fmt/rt.rs:177:76
[INFO] [stdout]    5:     0x5c9acdd30753 - core::fmt::write::h7550c97b06c86515
[INFO] [stdout]                                at /rustc/90b35a6239c3d8bdabc530a6a0816f7ff89a0aaf/library/core/src/fmt/mod.rs:1186:21
[INFO] [stdout]    6:     0x5c9acdd07ac3 - std::io::Write::write_fmt::h509ff860e5956e5e
[INFO] [stdout]                                at /rustc/90b35a6239c3d8bdabc530a6a0816f7ff89a0aaf/library/std/src/io/mod.rs:1839:15
[INFO] [stdout]    7:     0x5c9acdd0aa52 - std::sys::backtrace::BacktraceLock::print::h2395ccd2c84ba3aa
[INFO] [stdout]                                at /rustc/90b35a6239c3d8bdabc530a6a0816f7ff89a0aaf/library/std/src/sys/backtrace.rs:42:9
[INFO] [stdout]    8:     0x5c9acdd0c06a - std::panicking::default_hook::{{closure}}::he19d4c7230e07961
[INFO] [stdout]                                at /rustc/90b35a6239c3d8bdabc530a6a0816f7ff89a0aaf/library/std/src/panicking.rs:268:22
[INFO] [stdout]    9:     0x5c9acdd0be74 - std::panicking::default_hook::hf614597d3c67bbdb
[INFO] [stdout]                                at /rustc/90b35a6239c3d8bdabc530a6a0816f7ff89a0aaf/library/std/src/panicking.rs:292:9
[INFO] [stdout]   10:     0x5c9acdb98849 - <alloc::boxed::Box<F,A> as core::ops::function::Fn<Args>>::call::h39b51ce4599c23d1
[INFO] [stdout]                                at /rustc/90b35a6239c3d8bdabc530a6a0816f7ff89a0aaf/library/alloc/src/boxed.rs:2468:9
[INFO] [stdout]   11:     0x5c9acdb98849 - test::test_main::{{closure}}::he977ae839a582784
[INFO] [stdout]                                at /rustc/90b35a6239c3d8bdabc530a6a0816f7ff89a0aaf/library/test/src/lib.rs:133:21
[INFO] [stdout]   12:     0x5c9acdd0c708 - <alloc::boxed::Box<F,A> as core::ops::function::Fn<Args>>::call::h9455091b6b06f9fb
[INFO] [stdout]                                at /rustc/90b35a6239c3d8bdabc530a6a0816f7ff89a0aaf/library/alloc/src/boxed.rs:2468:9
[INFO] [stdout]   13:     0x5c9acdd0c708 - std::panicking::rust_panic_with_hook::h8942133a8b252070
[INFO] [stdout]                                at /rustc/90b35a6239c3d8bdabc530a6a0816f7ff89a0aaf/library/std/src/panicking.rs:809:13
[INFO] [stdout]   14:     0x5c9acdd0c4ca - std::panicking::begin_panic_handler::{{closure}}::hb5f5963570096b29
[INFO] [stdout]                                at /rustc/90b35a6239c3d8bdabc530a6a0816f7ff89a0aaf/library/std/src/panicking.rs:674:13
[INFO] [stdout]   15:     0x5c9acdd0b0e9 - std::sys::backtrace::__rust_end_short_backtrace::h6208cedc1922feda
[INFO] [stdout]                                at /rustc/90b35a6239c3d8bdabc530a6a0816f7ff89a0aaf/library/std/src/sys/backtrace.rs:170:18
[INFO] [stdout]   16:     0x5c9acdd0c15c - rust_begin_unwind
[INFO] [stdout]                                at /rustc/90b35a6239c3d8bdabc530a6a0816f7ff89a0aaf/library/std/src/panicking.rs:665:5
[INFO] [stdout]   17:     0x5c9acdaf1210 - core::panicking::panic_fmt::h0c3082644d1bf418
[INFO] [stdout]                                at /rustc/90b35a6239c3d8bdabc530a6a0816f7ff89a0aaf/library/core/src/panicking.rs:74:14
[INFO] [stdout]   18:     0x5c9acdaf1696 - core::result::unwrap_failed::hd20b4aa073bda1e2
[INFO] [stdout]                                at /rustc/90b35a6239c3d8bdabc530a6a0816f7ff89a0aaf/library/core/src/result.rs:1700:5
[INFO] [stdout]   19:     0x5c9acdb5683f - core::result::Result<T,E>::unwrap::h4641676c79d85845
[INFO] [stdout]                                at /rustc/90b35a6239c3d8bdabc530a6a0816f7ff89a0aaf/library/core/src/result.rs:1104:23
[INFO] [stdout]   20:     0x5c9acdb5683f - open_cds_parser::parser::single_module::tests::basic_cdl::with_syntactically_incorrect_it_fails::h1c62576982fd56b1
[INFO] [stdout]                                at /opt/rustwide/workdir/src/parser/single_module/tests/basic_cdl.rs:66:25
[INFO] [stdout]   21:     0x5c9acdb567c7 - open_cds_parser::parser::single_module::tests::basic_cdl::with_syntactically_incorrect_it_fails::{{closure}}::h43e726778dc8ecd2
[INFO] [stdout]                                at /opt/rustwide/workdir/src/parser/single_module/tests/basic_cdl.rs:65:43
[INFO] [stdout]   22:     0x5c9acdb3c5d6 - core::ops::function::FnOnce::call_once::hbc6829524e28bdbc
[INFO] [stdout]                                at /rustc/90b35a6239c3d8bdabc530a6a0816f7ff89a0aaf/library/core/src/ops/function.rs:250:5
[INFO] [stdout]   23:     0x5c9acdb9d20b - core::ops::function::FnOnce::call_once::h109cf8051a59b34e
[INFO] [stdout]                                at /rustc/90b35a6239c3d8bdabc530a6a0816f7ff89a0aaf/library/core/src/ops/function.rs:250:5
[INFO] [stdout]   24:     0x5c9acdb9d20b - test::__rust_begin_short_backtrace::hf4fff89d377446ba
[INFO] [stdout]                                at /rustc/90b35a6239c3d8bdabc530a6a0816f7ff89a0aaf/library/test/src/lib.rs:621:18
[INFO] [stdout]   25:     0x5c9acdb9ca47 - test::run_test_in_process::{{closure}}::h0e39181dd7ee5a43
[INFO] [stdout]                                at /rustc/90b35a6239c3d8bdabc530a6a0816f7ff89a0aaf/library/test/src/lib.rs:644:60
[INFO] [stdout]   26:     0x5c9acdb9ca47 - <core::panic::unwind_safe::AssertUnwindSafe<F> as core::ops::function::FnOnce<()>>::call_once::hc5a66a30f0bdfd1f
[INFO] [stdout]                                at /rustc/90b35a6239c3d8bdabc530a6a0816f7ff89a0aaf/library/core/src/panic/unwind_safe.rs:272:9
[INFO] [stdout]   27:     0x5c9acdb9ca47 - std::panicking::try::do_call::h873b7cf639554a5e
[INFO] [stdout]                                at /rustc/90b35a6239c3d8bdabc530a6a0816f7ff89a0aaf/library/std/src/panicking.rs:557:40
[INFO] [stdout]   28:     0x5c9acdb9ca47 - std::panicking::try::hdb19862fad9c8bd1
[INFO] [stdout]                                at /rustc/90b35a6239c3d8bdabc530a6a0816f7ff89a0aaf/library/std/src/panicking.rs:520:19
[INFO] [stdout]   29:     0x5c9acdb9ca47 - std::panic::catch_unwind::h281fe732d236d260
[INFO] [stdout]                                at /rustc/90b35a6239c3d8bdabc530a6a0816f7ff89a0aaf/library/std/src/panic.rs:358:14
[INFO] [stdout]   30:     0x5c9acdb9ca47 - test::run_test_in_process::h949b6df8457ed338
[INFO] [stdout]                                at /rustc/90b35a6239c3d8bdabc530a6a0816f7ff89a0aaf/library/test/src/lib.rs:644:27
[INFO] [stdout]   31:     0x5c9acdb9ca47 - test::run_test::{{closure}}::h52c556a6d4740e10
[INFO] [stdout]                                at /rustc/90b35a6239c3d8bdabc530a6a0816f7ff89a0aaf/library/test/src/lib.rs:565:43
[INFO] [stdout]   32:     0x5c9acdb61d24 - test::run_test::{{closure}}::h4237f6381c45ccb9
[INFO] [stdout]                                at /rustc/90b35a6239c3d8bdabc530a6a0816f7ff89a0aaf/library/test/src/lib.rs:595:41
[INFO] [stdout]   33:     0x5c9acdb61d24 - std::sys::backtrace::__rust_begin_short_backtrace::h505c97a579eca628
[INFO] [stdout]                                at /rustc/90b35a6239c3d8bdabc530a6a0816f7ff89a0aaf/library/std/src/sys/backtrace.rs:154:18
[INFO] [stdout]   34:     0x5c9acdb653ee - std::thread::Builder::spawn_unchecked_::{{closure}}::{{closure}}::h9e86b2e2bc107ea3
[INFO] [stdout]                                at /rustc/90b35a6239c3d8bdabc530a6a0816f7ff89a0aaf/library/std/src/thread/mod.rs:538:17
[INFO] [stdout]   35:     0x5c9acdb653ee - <core::panic::unwind_safe::AssertUnwindSafe<F> as core::ops::function::FnOnce<()>>::call_once::h8b06ddb275ff4a25
[INFO] [stdout]                                at /rustc/90b35a6239c3d8bdabc530a6a0816f7ff89a0aaf/library/core/src/panic/unwind_safe.rs:272:9
[INFO] [stdout]   36:     0x5c9acdb653ee - std::panicking::try::do_call::hb26ecd7cd9a9355d
[INFO] [stdout]                                at /rustc/90b35a6239c3d8bdabc530a6a0816f7ff89a0aaf/library/std/src/panicking.rs:557:40
[INFO] [stdout]   37:     0x5c9acdb653ee - std::panicking::try::h8ddeca9d705f9069
[INFO] [stdout]                                at /rustc/90b35a6239c3d8bdabc530a6a0816f7ff89a0aaf/library/std/src/panicking.rs:520:19
[INFO] [stdout]   38:     0x5c9acdb653ee - std::panic::catch_unwind::h49e1c33078844c46
[INFO] [stdout]                                at /rustc/90b35a6239c3d8bdabc530a6a0816f7ff89a0aaf/library/std/src/panic.rs:358:14
[INFO] [stdout]   39:     0x5c9acdb653ee - std::thread::Builder::spawn_unchecked_::{{closure}}::h6073db6ff56ad35d
[INFO] [stdout]                                at /rustc/90b35a6239c3d8bdabc530a6a0816f7ff89a0aaf/library/std/src/thread/mod.rs:537:30
[INFO] [stdout]   40:     0x5c9acdb653ee - core::ops::function::FnOnce::call_once{{vtable.shim}}::h2c5a5f3779c774f1
[INFO] [stdout]                                at /rustc/90b35a6239c3d8bdabc530a6a0816f7ff89a0aaf/library/core/src/ops/function.rs:250:5
[INFO] [stdout]   41:     0x5c9acdd1098b - <alloc::boxed::Box<F,A> as core::ops::function::FnOnce<Args>>::call_once::hf75717d9f28faebf
[INFO] [stdout]                                at /rustc/90b35a6239c3d8bdabc530a6a0816f7ff89a0aaf/library/alloc/src/boxed.rs:2454:9
[INFO] [stdout]   42:     0x5c9acdd1098b - <alloc::boxed::Box<F,A> as core::ops::function::FnOnce<Args>>::call_once::h7bd883a5f3c5f3c1
[INFO] [stdout]                                at /rustc/90b35a6239c3d8bdabc530a6a0816f7ff89a0aaf/library/alloc/src/boxed.rs:2454:9
[INFO] [stdout]   43:     0x5c9acdd1098b - std::sys::pal::unix::thread::Thread::new::thread_start::hcc78f3943333fa94
[INFO] [stdout]                                at /rustc/90b35a6239c3d8bdabc530a6a0816f7ff89a0aaf/library/std/src/sys/pal/unix/thread.rs:105:17
[INFO] [stdout]   44:     0x729588559ac3 - <unknown>
[INFO] [stdout]   45:     0x7295885eaa04 - clone
[INFO] [stdout]   46:                0x0 - <unknown>
[INFO] [stdout] 
[INFO] [stdout] ---- parser::single_module::tests::basic_cdl::with_correct_input_it_translates stdout ----
[INFO] [stdout] thread 'parser::single_module::tests::basic_cdl::with_correct_input_it_translates' panicked at src/parser/single_module/tests/basic_cdl.rs:12:58:
[INFO] [stdout] called `Result::unwrap()` on an `Err` value: Os { code: 30, kind: ReadOnlyFilesystem, message: "Read-only file system" }
[INFO] [stdout] stack backtrace:
[INFO] [stdout]    0:     0x5c9acdd0ac0a - std::backtrace_rs::backtrace::libunwind::trace::h5a5b8284f2d0c266
[INFO] [stdout]                                at /rustc/90b35a6239c3d8bdabc530a6a0816f7ff89a0aaf/library/std/src/../../backtrace/src/backtrace/libunwind.rs:116:5
[INFO] [stdout]    1:     0x5c9acdd0ac0a - std::backtrace_rs::backtrace::trace_unsynchronized::h76d4f1c9b0b875e3
[INFO] [stdout]                                at /rustc/90b35a6239c3d8bdabc530a6a0816f7ff89a0aaf/library/std/src/../../backtrace/src/backtrace/mod.rs:66:5
[INFO] [stdout]    2:     0x5c9acdd0ac0a - std::sys::backtrace::_print_fmt::hc4546b8364a537c6
[INFO] [stdout]                                at /rustc/90b35a6239c3d8bdabc530a6a0816f7ff89a0aaf/library/std/src/sys/backtrace.rs:66:9
[INFO] [stdout]    3:     0x5c9acdd0ac0a - <std::sys::backtrace::BacktraceLock::print::DisplayBacktrace as core::fmt::Display>::fmt::h5b6bd5631a6d1f6b
[INFO] [stdout]                                at /rustc/90b35a6239c3d8bdabc530a6a0816f7ff89a0aaf/library/std/src/sys/backtrace.rs:39:26
[INFO] [stdout]    4:     0x5c9acdd30753 - core::fmt::rt::Argument::fmt::h270f6602a2b96f62
[INFO] [stdout]                                at /rustc/90b35a6239c3d8bdabc530a6a0816f7ff89a0aaf/library/core/src/fmt/rt.rs:177:76
[INFO] [stdout]    5:     0x5c9acdd30753 - core::fmt::write::h7550c97b06c86515
[INFO] [stdout]                                at /rustc/90b35a6239c3d8bdabc530a6a0816f7ff89a0aaf/library/core/src/fmt/mod.rs:1186:21
[INFO] [stdout]    6:     0x5c9acdd07ac3 - std::io::Write::write_fmt::h509ff860e5956e5e
[INFO] [stdout]                                at /rustc/90b35a6239c3d8bdabc530a6a0816f7ff89a0aaf/library/std/src/io/mod.rs:1839:15
[INFO] [stdout]    7:     0x5c9acdd0aa52 - std::sys::backtrace::BacktraceLock::print::h2395ccd2c84ba3aa
[INFO] [stdout]                                at /rustc/90b35a6239c3d8bdabc530a6a0816f7ff89a0aaf/library/std/src/sys/backtrace.rs:42:9
[INFO] [stdout]    8:     0x5c9acdd0c06a - std::panicking::default_hook::{{closure}}::he19d4c7230e07961
[INFO] [stdout]                                at /rustc/90b35a6239c3d8bdabc530a6a0816f7ff89a0aaf/library/std/src/panicking.rs:268:22
[INFO] [stdout]    9:     0x5c9acdd0be74 - std::panicking::default_hook::hf614597d3c67bbdb
[INFO] [stdout]                                at /rustc/90b35a6239c3d8bdabc530a6a0816f7ff89a0aaf/library/std/src/panicking.rs:292:9
[INFO] [stdout]   10:     0x5c9acdb98849 - <alloc::boxed::Box<F,A> as core::ops::function::Fn<Args>>::call::h39b51ce4599c23d1
[INFO] [stdout]                                at /rustc/90b35a6239c3d8bdabc530a6a0816f7ff89a0aaf/library/alloc/src/boxed.rs:2468:9
[INFO] [stdout]   11:     0x5c9acdb98849 - test::test_main::{{closure}}::he977ae839a582784
[INFO] [stdout]                                at /rustc/90b35a6239c3d8bdabc530a6a0816f7ff89a0aaf/library/test/src/lib.rs:133:21
[INFO] [stdout]   12:     0x5c9acdd0c708 - <alloc::boxed::Box<F,A> as core::ops::function::Fn<Args>>::call::h9455091b6b06f9fb
[INFO] [stdout]                                at /rustc/90b35a6239c3d8bdabc530a6a0816f7ff89a0aaf/library/alloc/src/boxed.rs:2468:9
[INFO] [stdout]   13:     0x5c9acdd0c708 - std::panicking::rust_panic_with_hook::h8942133a8b252070
[INFO] [stdout]                                at /rustc/90b35a6239c3d8bdabc530a6a0816f7ff89a0aaf/library/std/src/panicking.rs:809:13
[INFO] [stdout]   14:     0x5c9acdd0c4ca - std::panicking::begin_panic_handler::{{closure}}::hb5f5963570096b29
[INFO] [stdout]                                at /rustc/90b35a6239c3d8bdabc530a6a0816f7ff89a0aaf/library/std/src/panicking.rs:674:13
[INFO] [stdout]   15:     0x5c9acdd0b0e9 - std::sys::backtrace::__rust_end_short_backtrace::h6208cedc1922feda
[INFO] [stdout]                                at /rustc/90b35a6239c3d8bdabc530a6a0816f7ff89a0aaf/library/std/src/sys/backtrace.rs:170:18
[INFO] [stdout]   16:     0x5c9acdd0c15c - rust_begin_unwind
[INFO] [stdout]                                at /rustc/90b35a6239c3d8bdabc530a6a0816f7ff89a0aaf/library/std/src/panicking.rs:665:5
[INFO] [stdout]   17:     0x5c9acdaf1210 - core::panicking::panic_fmt::h0c3082644d1bf418
[INFO] [stdout]                                at /rustc/90b35a6239c3d8bdabc530a6a0816f7ff89a0aaf/library/core/src/panicking.rs:74:14
[INFO] [stdout]   18:     0x5c9acdaf1696 - core::result::unwrap_failed::hd20b4aa073bda1e2
[INFO] [stdout]                                at /rustc/90b35a6239c3d8bdabc530a6a0816f7ff89a0aaf/library/core/src/result.rs:1700:5
[INFO] [stdout]   19:     0x5c9acdb5625f - core::result::Result<T,E>::unwrap::h4641676c79d85845
[INFO] [stdout]                                at /rustc/90b35a6239c3d8bdabc530a6a0816f7ff89a0aaf/library/core/src/result.rs:1104:23
[INFO] [stdout]   20:     0x5c9acdb5625f - open_cds_parser::parser::single_module::tests::basic_cdl::with_correct_input_it_translates::hc6e8fb059a02c4bd
[INFO] [stdout]                                at /opt/rustwide/workdir/src/parser/single_module/tests/basic_cdl.rs:12:25
[INFO] [stdout]   21:     0x5c9acdb561e7 - open_cds_parser::parser::single_module::tests::basic_cdl::with_correct_input_it_translates::{{closure}}::h0fa1fe0b6e8beaa8
[INFO] [stdout]                                at /opt/rustwide/workdir/src/parser/single_module/tests/basic_cdl.rs:11:38
[INFO] [stdout]   22:     0x5c9acdb3c446 - core::ops::function::FnOnce::call_once::ha90e6ceacecb948d
[INFO] [stdout]                                at /rustc/90b35a6239c3d8bdabc530a6a0816f7ff89a0aaf/library/core/src/ops/function.rs:250:5
[INFO] [stdout]   23:     0x5c9acdb9d20b - core::ops::function::FnOnce::call_once::h109cf8051a59b34e
[INFO] [stdout]                                at /rustc/90b35a6239c3d8bdabc530a6a0816f7ff89a0aaf/library/core/src/ops/function.rs:250:5
[INFO] [stdout]   24:     0x5c9acdb9d20b - test::__rust_begin_short_backtrace::hf4fff89d377446ba
[INFO] [stdout]                                at /rustc/90b35a6239c3d8bdabc530a6a0816f7ff89a0aaf/library/test/src/lib.rs:621:18
[INFO] [stdout]   25:     0x5c9acdb9ca47 - test::run_test_in_process::{{closure}}::h0e39181dd7ee5a43
[INFO] [stdout]                                at /rustc/90b35a6239c3d8bdabc530a6a0816f7ff89a0aaf/library/test/src/lib.rs:644:60
[INFO] [stdout]   26:     0x5c9acdb9ca47 - <core::panic::unwind_safe::AssertUnwindSafe<F> as core::ops::function::FnOnce<()>>::call_once::hc5a66a30f0bdfd1f
[INFO] [stdout]                                at /rustc/90b35a6239c3d8bdabc530a6a0816f7ff89a0aaf/library/core/src/panic/unwind_safe.rs:272:9
[INFO] [stdout]   27:     0x5c9acdb9ca47 - std::panicking::try::do_call::h873b7cf639554a5e
[INFO] [stdout]                                at /rustc/90b35a6239c3d8bdabc530a6a0816f7ff89a0aaf/library/std/src/panicking.rs:557:40
[INFO] [stdout]   28:     0x5c9acdb9ca47 - std::panicking::try::hdb19862fad9c8bd1
[INFO] [stdout]                                at /rustc/90b35a6239c3d8bdabc530a6a0816f7ff89a0aaf/library/std/src/panicking.rs:520:19
[INFO] [stdout]   29:     0x5c9acdb9ca47 - std::panic::catch_unwind::h281fe732d236d260
[INFO] [stdout]                                at /rustc/90b35a6239c3d8bdabc530a6a0816f7ff89a0aaf/library/std/src/panic.rs:358:14
[INFO] [stdout]   30:     0x5c9acdb9ca47 - test::run_test_in_process::h949b6df8457ed338
[INFO] [stdout]                                at /rustc/90b35a6239c3d8bdabc530a6a0816f7ff89a0aaf/library/test/src/lib.rs:644:27
[INFO] [stdout]   31:     0x5c9acdb9ca47 - test::run_test::{{closure}}::h52c556a6d4740e10
[INFO] [stdout]                                at /rustc/90b35a6239c3d8bdabc530a6a0816f7ff89a0aaf/library/test/src/lib.rs:565:43
[INFO] [stdout]   32:     0x5c9acdb61d24 - test::run_test::{{closure}}::h4237f6381c45ccb9
[INFO] [stdout]                                at /rustc/90b35a6239c3d8bdabc530a6a0816f7ff89a0aaf/library/test/src/lib.rs:595:41
[INFO] [stdout]   33:     0x5c9acdb61d24 - std::sys::backtrace::__rust_begin_short_backtrace::h505c97a579eca628
[INFO] [stdout]                                at /rustc/90b35a6239c3d8bdabc530a6a0816f7ff89a0aaf/library/std/src/sys/backtrace.rs:154:18
[INFO] [stdout]   34:     0x5c9acdb653ee - std::thread::Builder::spawn_unchecked_::{{closure}}::{{closure}}::h9e86b2e2bc107ea3
[INFO] [stdout]                                at /rustc/90b35a6239c3d8bdabc530a6a0816f7ff89a0aaf/library/std/src/thread/mod.rs:538:17
[INFO] [stdout]   35:     0x5c9acdb653ee - <core::panic::unwind_safe::AssertUnwindSafe<F> as core::ops::function::FnOnce<()>>::call_once::h8b06ddb275ff4a25
[INFO] [stdout]                                at /rustc/90b35a6239c3d8bdabc530a6a0816f7ff89a0aaf/library/core/src/panic/unwind_safe.rs:272:9
[INFO] [stdout]   36:     0x5c9acdb653ee - std::panicking::try::do_call::hb26ecd7cd9a9355d
[INFO] [stdout]                                at /rustc/90b35a6239c3d8bdabc530a6a0816f7ff89a0aaf/library/std/src/panicking.rs:557:40
[INFO] [stdout]   37:     0x5c9acdb653ee - std::panicking::try::h8ddeca9d705f9069
[INFO] [stdout]                                at /rustc/90b35a6239c3d8bdabc530a6a0816f7ff89a0aaf/library/std/src/panicking.rs:520:19
[INFO] [stdout]   38:     0x5c9acdb653ee - std::panic::catch_unwind::h49e1c33078844c46
[INFO] [stdout]                                at /rustc/90b35a6239c3d8bdabc530a6a0816f7ff89a0aaf/library/std/src/panic.rs:358:14
[INFO] [stdout]   39:     0x5c9acdb653ee - std::thread::Builder::spawn_unchecked_::{{closure}}::h6073db6ff56ad35d
[INFO] [stdout]                                at /rustc/90b35a6239c3d8bdabc530a6a0816f7ff89a0aaf/library/std/src/thread/mod.rs:537:30
[INFO] [stdout]   40:     0x5c9acdb653ee - core::ops::function::FnOnce::call_once{{vtable.shim}}::h2c5a5f3779c774f1
[INFO] [stdout]                                at /rustc/90b35a6239c3d8bdabc530a6a0816f7ff89a0aaf/library/core/src/ops/function.rs:250:5
[INFO] [stdout]   41:     0x5c9acdd1098b - <alloc::boxed::Box<F,A> as core::ops::function::FnOnce<Args>>::call_once::hf75717d9f28faebf
[INFO] [stdout]                                at /rustc/90b35a6239c3d8bdabc530a6a0816f7ff89a0aaf/library/alloc/src/boxed.rs:2454:9
[INFO] [stdout]   42:     0x5c9acdd1098b - <alloc::boxed::Box<F,A> as core::ops::function::FnOnce<Args>>::call_once::h7bd883a5f3c5f3c1
[INFO] [stdout]                                at /rustc/90b35a6239c3d8bdabc530a6a0816f7ff89a0aaf/library/alloc/src/boxed.rs:2454:9
[INFO] [stdout]   43:     0x5c9acdd1098b - std::sys::pal::unix::thread::Thread::new::thread_start::hcc78f3943333fa94
[INFO] [stdout]                                at /rustc/90b35a6239c3d8bdabc530a6a0816f7ff89a0aaf/library/std/src/sys/pal/unix/thread.rs:105:17
[INFO] [stdout]   44:     0x729588559ac3 - <unknown>
[INFO] [stdout]   45:     0x7295885eaa04 - clone
[INFO] [stdout]   46:                0x0 - <unknown>
[INFO] [stdout] 
[INFO] [stdout] 
[INFO] [stdout] failures:
[INFO] [stdout]     parser::single_module::tests::basic_cdl::with_correct_input_it_translates
[INFO] [stdout]     parser::single_module::tests::basic_cdl::with_syntactically_incorrect_it_fails
[INFO] [stdout] 
[INFO] [stdout] test result: FAILED. 49 passed; 2 failed; 0 ignored; 0 measured; 0 filtered out; finished in 0.06s
[INFO] [stdout] 
[INFO] [stderr] error: test failed, to rerun pass `--lib`
[INFO] running `Command { std: "docker" "inspect" "29057ea09514229829218b4f9d086330137836115d920219dbbc74d2e233defe", kill_on_drop: false }`
[INFO] running `Command { std: "docker" "rm" "-f" "29057ea09514229829218b4f9d086330137836115d920219dbbc74d2e233defe", kill_on_drop: false }`
[INFO] [stdout] 29057ea09514229829218b4f9d086330137836115d920219dbbc74d2e233defe
