[INFO] cloning repository https://github.com/ziriuz84/adventofcode-rust-2023
[INFO] running `Command { std: "git" "-c" "credential.helper=" "-c" "credential.helper=/workspace/cargo-home/bin/git-credential-null" "clone" "--bare" "https://github.com/ziriuz84/adventofcode-rust-2023" "/workspace/cache/git-repos/https%3A%2F%2Fgithub.com%2Fziriuz84%2Fadventofcode-rust-2023", kill_on_drop: false }`
[INFO] [stderr] Cloning into bare repository '/workspace/cache/git-repos/https%3A%2F%2Fgithub.com%2Fziriuz84%2Fadventofcode-rust-2023'...
[INFO] running `Command { std: "git" "rev-parse" "HEAD", kill_on_drop: false }`
[INFO] [stdout] 6f7e3576e54ae0432bfb2a1661a821aa5d76bdae
[INFO] testing ziriuz84/adventofcode-rust-2023 against 1.83.0 for beta-1.84.0-4-retry
[INFO] running `Command { std: "git" "clone" "/workspace/cache/git-repos/https%3A%2F%2Fgithub.com%2Fziriuz84%2Fadventofcode-rust-2023" "/workspace/builds/worker-0-tc1/source", kill_on_drop: false }`
[INFO] [stderr] Cloning into '/workspace/builds/worker-0-tc1/source'...
[INFO] [stderr] done.
[INFO] validating manifest of git repo https://github.com/ziriuz84/adventofcode-rust-2023 on toolchain 1.83.0
[INFO] running `Command { std: CARGO_HOME="/workspace/cargo-home" RUSTUP_HOME="/workspace/rustup-home" "/workspace/cargo-home/bin/cargo" "+1.83.0" "metadata" "--manifest-path" "Cargo.toml" "--no-deps", kill_on_drop: false }`
[INFO] removed /workspace/builds/worker-0-tc1/source/.cargo/config.toml
[INFO] started tweaking git repo https://github.com/ziriuz84/adventofcode-rust-2023
[INFO] finished tweaking git repo https://github.com/ziriuz84/adventofcode-rust-2023
[INFO] tweaked toml for git repo https://github.com/ziriuz84/adventofcode-rust-2023 written to /workspace/builds/worker-0-tc1/source/Cargo.toml
[INFO] crate git repo https://github.com/ziriuz84/adventofcode-rust-2023 already has a lockfile, it will not be regenerated
[INFO] running `Command { std: CARGO_HOME="/workspace/cargo-home" RUSTUP_HOME="/workspace/rustup-home" "/workspace/cargo-home/bin/cargo" "+1.83.0" "fetch" "--manifest-path" "Cargo.toml", kill_on_drop: false }`
[INFO] [stderr]  Downloading crates ...
[INFO] [stderr]   Downloaded grid v0.13.0
[INFO] running `Command { std: "docker" "create" "-v" "/var/lib/crater-agent-workspace/builds/worker-0-tc1/target:/opt/rustwide/target:rw,Z" "-v" "/var/lib/crater-agent-workspace/builds/worker-0-tc1/source:/opt/rustwide/workdir:ro,Z" "-v" "/var/lib/crater-agent-workspace/cargo-home:/opt/rustwide/cargo-home:ro,Z" "-v" "/var/lib/crater-agent-workspace/rustup-home:/opt/rustwide/rustup-home:ro,Z" "-e" "SOURCE_DIR=/opt/rustwide/workdir" "-e" "CARGO_TARGET_DIR=/opt/rustwide/target" "-e" "CARGO_HOME=/opt/rustwide/cargo-home" "-e" "RUSTUP_HOME=/opt/rustwide/rustup-home" "-w" "/opt/rustwide/workdir" "-m" "1610612736" "--user" "0:0" "--network" "none" "ghcr.io/rust-lang/crates-build-env/linux@sha256:f3a9d4ad9d972b27faf3965f35b62e55ba32bbce8f20bc8fe909558a86702fde" "/opt/rustwide/cargo-home/bin/cargo" "+1.83.0" "metadata" "--no-deps" "--format-version=1", kill_on_drop: false }`
[INFO] [stdout] fa869026e749dfeb01e24caffe816866fa5ff38008e07d461dc9dc758df8c247
[INFO] running `Command { std: "docker" "start" "-a" "fa869026e749dfeb01e24caffe816866fa5ff38008e07d461dc9dc758df8c247", kill_on_drop: false }`
[INFO] running `Command { std: "docker" "inspect" "fa869026e749dfeb01e24caffe816866fa5ff38008e07d461dc9dc758df8c247", kill_on_drop: false }`
[INFO] running `Command { std: "docker" "rm" "-f" "fa869026e749dfeb01e24caffe816866fa5ff38008e07d461dc9dc758df8c247", kill_on_drop: false }`
[INFO] [stdout] fa869026e749dfeb01e24caffe816866fa5ff38008e07d461dc9dc758df8c247
[INFO] running `Command { std: "docker" "create" "-v" "/var/lib/crater-agent-workspace/builds/worker-0-tc1/target:/opt/rustwide/target:rw,Z" "-v" "/var/lib/crater-agent-workspace/builds/worker-0-tc1/source:/opt/rustwide/workdir:ro,Z" "-v" "/var/lib/crater-agent-workspace/cargo-home:/opt/rustwide/cargo-home:ro,Z" "-v" "/var/lib/crater-agent-workspace/rustup-home:/opt/rustwide/rustup-home:ro,Z" "-e" "SOURCE_DIR=/opt/rustwide/workdir" "-e" "CARGO_TARGET_DIR=/opt/rustwide/target" "-e" "CARGO_INCREMENTAL=0" "-e" "RUST_BACKTRACE=full" "-e" "RUSTFLAGS=--cap-lints=warn" "-e" "RUSTDOCFLAGS=--cap-lints=warn" "-e" "CARGO_HOME=/opt/rustwide/cargo-home" "-e" "RUSTUP_HOME=/opt/rustwide/rustup-home" "-w" "/opt/rustwide/workdir" "-m" "1610612736" "--user" "0:0" "--network" "none" "ghcr.io/rust-lang/crates-build-env/linux@sha256:f3a9d4ad9d972b27faf3965f35b62e55ba32bbce8f20bc8fe909558a86702fde" "/opt/rustwide/cargo-home/bin/cargo" "+1.83.0" "build" "--frozen" "--message-format=json", kill_on_drop: false }`
[INFO] [stdout] fe3b3093245940e93daa780e8882c6fe8765f78e18d01ace39fdbb276aab1621
[INFO] running `Command { std: "docker" "start" "-a" "fe3b3093245940e93daa780e8882c6fe8765f78e18d01ace39fdbb276aab1621", kill_on_drop: false }`
[INFO] [stderr]    Compiling autocfg v1.1.0
[INFO] [stderr]    Compiling memchr v2.7.1
[INFO] [stderr]    Compiling regex-syntax v0.8.2
[INFO] [stderr]    Compiling either v1.9.0
[INFO] [stderr]    Compiling strength_reduce v0.2.4
[INFO] [stderr]    Compiling pico-args v0.5.0
[INFO] [stderr]    Compiling lazy_static v1.4.0
[INFO] [stderr]    Compiling grid v0.13.0
[INFO] [stderr]    Compiling itertools v0.12.0
[INFO] [stderr]    Compiling num-traits v0.2.17
[INFO] [stderr]    Compiling num-integer v0.1.45
[INFO] [stderr]    Compiling aho-corasick v1.1.2
[INFO] [stderr]    Compiling transpose v0.2.2
[INFO] [stderr]    Compiling regex-automata v0.4.3
[INFO] [stderr]    Compiling regex v1.10.2
[INFO] [stderr]    Compiling advent_of_code v0.9.2 (/opt/rustwide/workdir)
[INFO] [stdout] warning: unused import: `std::borrow::BorrowMut`
[INFO] [stdout]  --> src/bin/02.rs:1:5
[INFO] [stdout]   |
[INFO] [stdout] 1 | use std::borrow::BorrowMut;
[INFO] [stdout]   |     ^^^^^^^^^^^^^^^^^^^^^^
[INFO] [stdout]   |
[INFO] [stdout]   = note: `#[warn(unused_imports)]` on by default
[INFO] [stdout] 
[INFO] [stdout] 
[INFO] [stdout] warning: unused import: `std::task::Wake`
[INFO] [stdout]  --> src/bin/06.rs:1:5
[INFO] [stdout]   |
[INFO] [stdout] 1 | use std::task::Wake;
[INFO] [stdout]   |     ^^^^^^^^^^^^^^^
[INFO] [stdout]   |
[INFO] [stdout]   = note: `#[warn(unused_imports)]` on by default
[INFO] [stdout] 
[INFO] [stdout] 
[INFO] [stdout] warning: unused variable: `input`
[INFO] [stdout]  --> src/bin/12.rs:3:17
[INFO] [stdout]   |
[INFO] [stdout] 3 | pub fn part_one(input: &str) -> Option<u32> {
[INFO] [stdout]   |                 ^^^^^ help: if this is intentional, prefix it with an underscore: `_input`
[INFO] [stdout]   |
[INFO] [stdout]   = note: `#[warn(unused_variables)]` on by default
[INFO] [stdout] 
[INFO] [stdout] 
[INFO] [stdout] warning: unused variable: `input`
[INFO] [stdout]  --> src/bin/12.rs:7:17
[INFO] [stdout]   |
[INFO] [stdout] 7 | pub fn part_two(input: &str) -> Option<u32> {
[INFO] [stdout]   |                 ^^^^^ help: if this is intentional, prefix it with an underscore: `_input`
[INFO] [stdout] 
[INFO] [stdout] 
[INFO] [stdout] warning: unused variable: `input`
[INFO] [stdout]    --> src/bin/05.rs:105:17
[INFO] [stdout]     |
[INFO] [stdout] 105 | pub fn part_two(input: &str) -> Option<u64> {
[INFO] [stdout]     |                 ^^^^^ help: if this is intentional, prefix it with an underscore: `_input`
[INFO] [stdout]     |
[INFO] [stdout]     = note: `#[warn(unused_variables)]` on by default
[INFO] [stdout] 
[INFO] [stdout] 
[INFO] [stdout] warning: unused variable: `input`
[INFO] [stdout]    --> src/bin/03.rs:125:17
[INFO] [stdout]     |
[INFO] [stdout] 125 | pub fn part_two(input: &str) -> Option<u32> {
[INFO] [stdout]     |                 ^^^^^ help: if this is intentional, prefix it with an underscore: `_input`
[INFO] [stdout]     |
[INFO] [stdout]     = note: `#[warn(unused_variables)]` on by default
[INFO] [stdout] 
[INFO] [stdout] 
[INFO] [stdout] warning: value assigned to `new_temp` is never read
[INFO] [stdout]  --> src/bin/09.rs:9:13
[INFO] [stdout]   |
[INFO] [stdout] 9 |     let mut new_temp: Vec<i32> = Vec::new();
[INFO] [stdout]   |             ^^^^^^^^
[INFO] [stdout]   |
[INFO] [stdout]   = help: maybe it is overwritten before being read?
[INFO] [stdout]   = note: `#[warn(unused_assignments)]` on by default
[INFO] [stdout] 
[INFO] [stdout] 
[INFO] [stdout] warning: field `id` is never read
[INFO] [stdout]   --> src/bin/02.rs:15:5
[INFO] [stdout]    |
[INFO] [stdout] 13 | struct Game {
[INFO] [stdout]    |        ---- field in this struct
[INFO] [stdout] 14 |     // TODO
[INFO] [stdout] 15 |     id: u32,
[INFO] [stdout]    |     ^^
[INFO] [stdout]    |
[INFO] [stdout]    = note: `Game` has a derived impl for the trait `Debug`, but this is intentionally ignored during dead code analysis
[INFO] [stdout]    = note: `#[warn(dead_code)]` on by default
[INFO] [stdout] 
[INFO] [stdout] 
[INFO] [stdout] warning: unused variable: `i`
[INFO] [stdout]   --> src/bin/11.rs:29:17
[INFO] [stdout]    |
[INFO] [stdout] 29 |             for i in 0..n_rows {
[INFO] [stdout]    |                 ^ help: if this is intentional, prefix it with an underscore: `_i`
[INFO] [stdout]    |
[INFO] [stdout]    = note: `#[warn(unused_variables)]` on by default
[INFO] [stdout] 
[INFO] [stdout] 
[INFO] [stdout] warning: unused variable: `number_rows`
[INFO] [stdout]   --> src/bin/11.rs:58:9
[INFO] [stdout]    |
[INFO] [stdout] 58 |     let number_rows = temp_grid.len();
[INFO] [stdout]    |         ^^^^^^^^^^^ help: if this is intentional, prefix it with an underscore: `_number_rows`
[INFO] [stdout] 
[INFO] [stdout] 
[INFO] [stdout] warning: unused variable: `number_cols`
[INFO] [stdout]   --> src/bin/11.rs:59:9
[INFO] [stdout]    |
[INFO] [stdout] 59 |     let number_cols = temp_grid[0].len();
[INFO] [stdout]    |         ^^^^^^^^^^^ help: if this is intentional, prefix it with an underscore: `_number_cols`
[INFO] [stdout] 
[INFO] [stdout] 
[INFO] [stdout] warning: unused variable: `i`
[INFO] [stdout]   --> src/bin/11.rs:64:17
[INFO] [stdout]    |
[INFO] [stdout] 64 |             for i in 0..n_rows {
[INFO] [stdout]    |                 ^ help: if this is intentional, prefix it with an underscore: `_i`
[INFO] [stdout] 
[INFO] [stdout] 
[INFO] [stdout] warning: field `time` is never read
[INFO] [stdout]  --> src/bin/06.rs:7:5
[INFO] [stdout]   |
[INFO] [stdout] 6 | pub struct Runs {
[INFO] [stdout]   |            ---- field in this struct
[INFO] [stdout] 7 |     time: u32,
[INFO] [stdout]   |     ^^^^
[INFO] [stdout]   |
[INFO] [stdout]   = note: `Runs` has a derived impl for the trait `Debug`, but this is intentionally ignored during dead code analysis
[INFO] [stdout]   = note: `#[warn(dead_code)]` on by default
[INFO] [stdout] 
[INFO] [stdout] 
[INFO] [stdout] warning: function `double_rows_without_char` is never used
[INFO] [stdout]   --> src/bin/11.rs:24:4
[INFO] [stdout]    |
[INFO] [stdout] 24 | fn double_rows_without_char(grid: Vec<Vec<char>>, ch: char, n_rows: u64) -> Vec<Vec<char>> {
[INFO] [stdout]    |    ^^^^^^^^^^^^^^^^^^^^^^^^
[INFO] [stdout]    |
[INFO] [stdout]    = note: `#[warn(dead_code)]` on by default
[INFO] [stdout] 
[INFO] [stdout] 
[INFO] [stdout] warning: function `rotate_grid` is never used
[INFO] [stdout]   --> src/bin/11.rs:40:4
[INFO] [stdout]    |
[INFO] [stdout] 40 | fn rotate_grid(grid: Vec<Vec<char>>) -> Vec<Vec<char>> {
[INFO] [stdout]    |    ^^^^^^^^^^^
[INFO] [stdout] 
[INFO] [stdout] 
[INFO] [stdout] warning: function `double_columns_without_char` is never used
[INFO] [stdout]   --> src/bin/11.rs:55:4
[INFO] [stdout]    |
[INFO] [stdout] 55 | fn double_columns_without_char(grid: Vec<Vec<char>>, ch: char, n_rows: u64) -> Vec<Vec<char>> {
[INFO] [stdout]    |    ^^^^^^^^^^^^^^^^^^^^^^^^^^^
[INFO] [stdout] 
[INFO] [stdout] 
[INFO] [stdout] warning: unused variable: `path`
[INFO] [stdout]    --> src/bin/10.rs:104:9
[INFO] [stdout]     |
[INFO] [stdout] 104 |     let path: HashSet<Vect2D> = collect_path(&map);
[INFO] [stdout]     |         ^^^^ help: if this is intentional, prefix it with an underscore: `_path`
[INFO] [stdout]     |
[INFO] [stdout]     = note: `#[warn(unused_variables)]` on by default
[INFO] [stdout] 
[INFO] [stdout] 
[INFO] [stdout] warning: unused variable: `input`
[INFO] [stdout]    --> src/bin/07.rs:132:17
[INFO] [stdout]     |
[INFO] [stdout] 132 | pub fn part_two(input: &str) -> Option<u64> {
[INFO] [stdout]     |                 ^^^^^ help: if this is intentional, prefix it with an underscore: `_input`
[INFO] [stdout]     |
[INFO] [stdout]     = note: `#[warn(unused_variables)]` on by default
[INFO] [stdout] 
[INFO] [stdout] 
[INFO] [stdout] warning: variable does not need to be mutable
[INFO] [stdout]  --> src/bin/01.rs:5:9
[INFO] [stdout]   |
[INFO] [stdout] 5 |     let mut sum = 0;
[INFO] [stdout]   |         ----^^^
[INFO] [stdout]   |         |
[INFO] [stdout]   |         help: remove this `mut`
[INFO] [stdout]   |
[INFO] [stdout]   = note: `#[warn(unused_mut)]` on by default
[INFO] [stdout] 
[INFO] [stdout] 
[INFO] [stdout] warning: unused variable: `digits`
[INFO] [stdout]   --> src/bin/01.rs:42:13
[INFO] [stdout]    |
[INFO] [stdout] 42 |         let digits = ["0", "1", "2", "3", "4", "5", "6", "7", "8", "9"];
[INFO] [stdout]    |             ^^^^^^ help: if this is intentional, prefix it with an underscore: `_digits`
[INFO] [stdout]    |
[INFO] [stdout]    = note: `#[warn(unused_variables)]` on by default
[INFO] [stdout] 
[INFO] [stdout] 
[INFO] [stdout] warning: unused variable: `i`
[INFO] [stdout]   --> src/bin/04.rs:46:13
[INFO] [stdout]    |
[INFO] [stdout] 46 |         for i in 1..counter {
[INFO] [stdout]    |             ^ help: if this is intentional, prefix it with an underscore: `_i`
[INFO] [stdout]    |
[INFO] [stdout]    = note: `#[warn(unused_variables)]` on by default
[INFO] [stdout] 
[INFO] [stdout] 
[INFO] [stdout] warning: field `id` is never read
[INFO] [stdout]  --> src/bin/04.rs:5:5
[INFO] [stdout]   |
[INFO] [stdout] 4 | pub struct Card {
[INFO] [stdout]   |            ---- field in this struct
[INFO] [stdout] 5 |     id: u32,
[INFO] [stdout]   |     ^^
[INFO] [stdout]   |
[INFO] [stdout]   = note: `Card` has derived impls for the traits `Clone` and `Debug`, but these are intentionally ignored during dead code analysis
[INFO] [stdout]   = note: `#[warn(dead_code)]` on by default
[INFO] [stdout] 
[INFO] [stdout] 
[INFO] [stdout] warning: unused borrow that must be used
[INFO] [stdout]   --> src/bin/04.rs:94:9
[INFO] [stdout]    |
[INFO] [stdout] 94 |         &total_cards.push(temp_card);
[INFO] [stdout]    |         ^^^^^^^^^^^^^^^^^^^^^^^^^^^^ the borrow produces a value
[INFO] [stdout]    |
[INFO] [stdout]    = note: `#[warn(unused_must_use)]` on by default
[INFO] [stdout] help: use `let _ = ...` to ignore the resulting value
[INFO] [stdout]    |
[INFO] [stdout] 94 |         let _ = &total_cards.push(temp_card);
[INFO] [stdout]    |         +++++++
[INFO] [stdout] 
[INFO] [stdout] 
[INFO] [stdout] warning: value assigned to `current_node_key` is never read
[INFO] [stdout]   --> src/bin/08.rs:23:13
[INFO] [stdout]    |
[INFO] [stdout] 23 |     let mut current_node_key: String = String::from("");
[INFO] [stdout]    |             ^^^^^^^^^^^^^^^^
[INFO] [stdout]    |
[INFO] [stdout]    = help: maybe it is overwritten before being read?
[INFO] [stdout]    = note: `#[warn(unused_assignments)]` on by default
[INFO] [stdout] 
[INFO] [stdout] 
[INFO] [stdout] warning: unused variable: `new_node`
[INFO] [stdout]   --> src/bin/08.rs:24:13
[INFO] [stdout]    |
[INFO] [stdout] 24 |     let mut new_node: String = String::from("");
[INFO] [stdout]    |             ^^^^^^^^ help: if this is intentional, prefix it with an underscore: `_new_node`
[INFO] [stdout]    |
[INFO] [stdout]    = note: `#[warn(unused_variables)]` on by default
[INFO] [stdout] 
[INFO] [stdout] 
[INFO] [stdout] warning: value assigned to `direction` is never read
[INFO] [stdout]   --> src/bin/08.rs:27:17
[INFO] [stdout]    |
[INFO] [stdout] 27 |         let mut direction: u32 = 0;
[INFO] [stdout]    |                 ^^^^^^^^^
[INFO] [stdout]    |
[INFO] [stdout]    = help: maybe it is overwritten before being read?
[INFO] [stdout] 
[INFO] [stdout] 
[INFO] [stdout] warning: variable does not need to be mutable
[INFO] [stdout]   --> src/bin/08.rs:24:9
[INFO] [stdout]    |
[INFO] [stdout] 24 |     let mut new_node: String = String::from("");
[INFO] [stdout]    |         ----^^^^^^^^
[INFO] [stdout]    |         |
[INFO] [stdout]    |         help: remove this `mut`
[INFO] [stdout]    |
[INFO] [stdout]    = note: `#[warn(unused_mut)]` on by default
[INFO] [stdout] 
[INFO] [stdout] 
[INFO] [stdout] warning: unused variable: `input`
[INFO] [stdout]   --> src/bin/08.rs:45:17
[INFO] [stdout]    |
[INFO] [stdout] 45 | pub fn part_two(input: &str) -> Option<u32> {
[INFO] [stdout]    |                 ^^^^^ help: if this is intentional, prefix it with an underscore: `_input`
[INFO] [stdout] 
[INFO] [stdout] 
[INFO] [stderr]     Finished `dev` profile [unoptimized + debuginfo] target(s) in 27.21s
[INFO] running `Command { std: "docker" "inspect" "fe3b3093245940e93daa780e8882c6fe8765f78e18d01ace39fdbb276aab1621", kill_on_drop: false }`
[INFO] running `Command { std: "docker" "rm" "-f" "fe3b3093245940e93daa780e8882c6fe8765f78e18d01ace39fdbb276aab1621", kill_on_drop: false }`
[INFO] [stdout] fe3b3093245940e93daa780e8882c6fe8765f78e18d01ace39fdbb276aab1621
[INFO] running `Command { std: "docker" "create" "-v" "/var/lib/crater-agent-workspace/builds/worker-0-tc1/target:/opt/rustwide/target:rw,Z" "-v" "/var/lib/crater-agent-workspace/builds/worker-0-tc1/source:/opt/rustwide/workdir:ro,Z" "-v" "/var/lib/crater-agent-workspace/cargo-home:/opt/rustwide/cargo-home:ro,Z" "-v" "/var/lib/crater-agent-workspace/rustup-home:/opt/rustwide/rustup-home:ro,Z" "-e" "SOURCE_DIR=/opt/rustwide/workdir" "-e" "CARGO_TARGET_DIR=/opt/rustwide/target" "-e" "CARGO_INCREMENTAL=0" "-e" "RUST_BACKTRACE=full" "-e" "RUSTFLAGS=--cap-lints=warn" "-e" "RUSTDOCFLAGS=--cap-lints=warn" "-e" "CARGO_HOME=/opt/rustwide/cargo-home" "-e" "RUSTUP_HOME=/opt/rustwide/rustup-home" "-w" "/opt/rustwide/workdir" "-m" "1610612736" "--user" "0:0" "--network" "none" "ghcr.io/rust-lang/crates-build-env/linux@sha256:f3a9d4ad9d972b27faf3965f35b62e55ba32bbce8f20bc8fe909558a86702fde" "/opt/rustwide/cargo-home/bin/cargo" "+1.83.0" "test" "--frozen" "--no-run" "--message-format=json", kill_on_drop: false }`
[INFO] [stdout] 2cd426b71ca4c7a5f8abbda0e7029570fc14e65597539218aade3f2a83b2b1ab
[INFO] running `Command { std: "docker" "start" "-a" "2cd426b71ca4c7a5f8abbda0e7029570fc14e65597539218aade3f2a83b2b1ab", kill_on_drop: false }`
[INFO] [stderr]    Compiling advent_of_code v0.9.2 (/opt/rustwide/workdir)
[INFO] [stdout] warning: unused import: `std::borrow::BorrowMut`
[INFO] [stdout]  --> src/bin/02.rs:1:5
[INFO] [stdout]   |
[INFO] [stdout] 1 | use std::borrow::BorrowMut;
[INFO] [stdout]   |     ^^^^^^^^^^^^^^^^^^^^^^
[INFO] [stdout]   |
[INFO] [stdout]   = note: `#[warn(unused_imports)]` on by default
[INFO] [stdout] 
[INFO] [stdout] 
[INFO] [stdout] warning: unused variable: `input`
[INFO] [stdout]    --> src/bin/07.rs:132:17
[INFO] [stdout]     |
[INFO] [stdout] 132 | pub fn part_two(input: &str) -> Option<u64> {
[INFO] [stdout]     |                 ^^^^^ help: if this is intentional, prefix it with an underscore: `_input`
[INFO] [stdout]     |
[INFO] [stdout]     = note: `#[warn(unused_variables)]` on by default
[INFO] [stdout] 
[INFO] [stdout] 
[INFO] [stdout] warning: field `id` is never read
[INFO] [stdout]   --> src/bin/02.rs:15:5
[INFO] [stdout]    |
[INFO] [stdout] 13 | struct Game {
[INFO] [stdout]    |        ---- field in this struct
[INFO] [stdout] 14 |     // TODO
[INFO] [stdout] 15 |     id: u32,
[INFO] [stdout]    |     ^^
[INFO] [stdout]    |
[INFO] [stdout]    = note: `Game` has a derived impl for the trait `Debug`, but this is intentionally ignored during dead code analysis
[INFO] [stdout]    = note: `#[warn(dead_code)]` on by default
[INFO] [stdout] 
[INFO] [stdout] 
[INFO] [stdout] warning: unused import: `std::task::Wake`
[INFO] [stdout]  --> src/bin/06.rs:1:5
[INFO] [stdout]   |
[INFO] [stdout] 1 | use std::task::Wake;
[INFO] [stdout]   |     ^^^^^^^^^^^^^^^
[INFO] [stdout]   |
[INFO] [stdout]   = note: `#[warn(unused_imports)]` on by default
[INFO] [stdout] 
[INFO] [stdout] 
[INFO] [stdout] warning: unused variable: `i`
[INFO] [stdout]   --> src/bin/04.rs:46:13
[INFO] [stdout]    |
[INFO] [stdout] 46 |         for i in 1..counter {
[INFO] [stdout]    |             ^ help: if this is intentional, prefix it with an underscore: `_i`
[INFO] [stdout]    |
[INFO] [stdout]    = note: `#[warn(unused_variables)]` on by default
[INFO] [stdout] 
[INFO] [stdout] 
[INFO] [stdout] warning: unused variable: `i`
[INFO] [stdout]   --> src/bin/11.rs:29:17
[INFO] [stdout]    |
[INFO] [stdout] 29 |             for i in 0..n_rows {
[INFO] [stdout]    |                 ^ help: if this is intentional, prefix it with an underscore: `_i`
[INFO] [stdout]    |
[INFO] [stdout]    = note: `#[warn(unused_variables)]` on by default
[INFO] [stdout] 
[INFO] [stdout] 
[INFO] [stdout] warning: unused variable: `input`
[INFO] [stdout]    --> src/bin/05.rs:105:17
[INFO] [stdout]     |
[INFO] [stdout] 105 | pub fn part_two(input: &str) -> Option<u64> {
[INFO] [stdout]     |                 ^^^^^ help: if this is intentional, prefix it with an underscore: `_input`
[INFO] [stdout]     |
[INFO] [stdout]     = note: `#[warn(unused_variables)]` on by default
[INFO] [stdout] 
[INFO] [stdout] 
[INFO] [stdout] warning: unused variable: `number_rows`
[INFO] [stdout]   --> src/bin/11.rs:58:9
[INFO] [stdout]    |
[INFO] [stdout] 58 |     let number_rows = temp_grid.len();
[INFO] [stdout]    |         ^^^^^^^^^^^ help: if this is intentional, prefix it with an underscore: `_number_rows`
[INFO] [stdout] 
[INFO] [stdout] 
[INFO] [stdout] warning: unused variable: `number_cols`
[INFO] [stdout]   --> src/bin/11.rs:59:9
[INFO] [stdout]    |
[INFO] [stdout] 59 |     let number_cols = temp_grid[0].len();
[INFO] [stdout]    |         ^^^^^^^^^^^ help: if this is intentional, prefix it with an underscore: `_number_cols`
[INFO] [stdout] 
[INFO] [stdout] 
[INFO] [stdout] warning: unused variable: `i`
[INFO] [stdout]   --> src/bin/11.rs:64:17
[INFO] [stdout]    |
[INFO] [stdout] 64 |             for i in 0..n_rows {
[INFO] [stdout]    |                 ^ help: if this is intentional, prefix it with an underscore: `_i`
[INFO] [stdout] 
[INFO] [stdout] 
[INFO] [stdout] warning: field `id` is never read
[INFO] [stdout]  --> src/bin/04.rs:5:5
[INFO] [stdout]   |
[INFO] [stdout] 4 | pub struct Card {
[INFO] [stdout]   |            ---- field in this struct
[INFO] [stdout] 5 |     id: u32,
[INFO] [stdout]   |     ^^
[INFO] [stdout]   |
[INFO] [stdout]   = note: `Card` has derived impls for the traits `Clone` and `Debug`, but these are intentionally ignored during dead code analysis
[INFO] [stdout]   = note: `#[warn(dead_code)]` on by default
[INFO] [stdout] 
[INFO] [stdout] 
[INFO] [stdout] warning: unused borrow that must be used
[INFO] [stdout]   --> src/bin/04.rs:94:9
[INFO] [stdout]    |
[INFO] [stdout] 94 |         &total_cards.push(temp_card);
[INFO] [stdout]    |         ^^^^^^^^^^^^^^^^^^^^^^^^^^^^ the borrow produces a value
[INFO] [stdout]    |
[INFO] [stdout]    = note: `#[warn(unused_must_use)]` on by default
[INFO] [stdout] help: use `let _ = ...` to ignore the resulting value
[INFO] [stdout]    |
[INFO] [stdout] 94 |         let _ = &total_cards.push(temp_card);
[INFO] [stdout]    |         +++++++
[INFO] [stdout] 
[INFO] [stdout] 
[INFO] [stdout] warning: function `double_rows_without_char` is never used
[INFO] [stdout]   --> src/bin/11.rs:24:4
[INFO] [stdout]    |
[INFO] [stdout] 24 | fn double_rows_without_char(grid: Vec<Vec<char>>, ch: char, n_rows: u64) -> Vec<Vec<char>> {
[INFO] [stdout]    |    ^^^^^^^^^^^^^^^^^^^^^^^^
[INFO] [stdout]    |
[INFO] [stdout]    = note: `#[warn(dead_code)]` on by default
[INFO] [stdout] 
[INFO] [stdout] 
[INFO] [stdout] warning: function `rotate_grid` is never used
[INFO] [stdout]   --> src/bin/11.rs:40:4
[INFO] [stdout]    |
[INFO] [stdout] 40 | fn rotate_grid(grid: Vec<Vec<char>>) -> Vec<Vec<char>> {
[INFO] [stdout]    |    ^^^^^^^^^^^
[INFO] [stdout] 
[INFO] [stdout] 
[INFO] [stdout] warning: function `double_columns_without_char` is never used
[INFO] [stdout]   --> src/bin/11.rs:55:4
[INFO] [stdout]    |
[INFO] [stdout] 55 | fn double_columns_without_char(grid: Vec<Vec<char>>, ch: char, n_rows: u64) -> Vec<Vec<char>> {
[INFO] [stdout]    |    ^^^^^^^^^^^^^^^^^^^^^^^^^^^
[INFO] [stdout] 
[INFO] [stdout] 
[INFO] [stdout] warning: field `time` is never read
[INFO] [stdout]  --> src/bin/06.rs:7:5
[INFO] [stdout]   |
[INFO] [stdout] 6 | pub struct Runs {
[INFO] [stdout]   |            ---- field in this struct
[INFO] [stdout] 7 |     time: u32,
[INFO] [stdout]   |     ^^^^
[INFO] [stdout]   |
[INFO] [stdout]   = note: `Runs` has a derived impl for the trait `Debug`, but this is intentionally ignored during dead code analysis
[INFO] [stdout]   = note: `#[warn(dead_code)]` on by default
[INFO] [stdout] 
[INFO] [stdout] 
[INFO] [stdout] warning: unused variable: `path`
[INFO] [stdout]    --> src/bin/10.rs:104:9
[INFO] [stdout]     |
[INFO] [stdout] 104 |     let path: HashSet<Vect2D> = collect_path(&map);
[INFO] [stdout]     |         ^^^^ help: if this is intentional, prefix it with an underscore: `_path`
[INFO] [stdout]     |
[INFO] [stdout]     = note: `#[warn(unused_variables)]` on by default
[INFO] [stdout] 
[INFO] [stdout] 
[INFO] [stdout] warning: value assigned to `new_temp` is never read
[INFO] [stdout]  --> src/bin/09.rs:9:13
[INFO] [stdout]   |
[INFO] [stdout] 9 |     let mut new_temp: Vec<i32> = Vec::new();
[INFO] [stdout]   |             ^^^^^^^^
[INFO] [stdout]   |
[INFO] [stdout]   = help: maybe it is overwritten before being read?
[INFO] [stdout]   = note: `#[warn(unused_assignments)]` on by default
[INFO] [stdout] 
[INFO] [stdout] 
[INFO] [stdout] warning: value assigned to `current_node_key` is never read
[INFO] [stdout]   --> src/bin/08.rs:23:13
[INFO] [stdout]    |
[INFO] [stdout] 23 |     let mut current_node_key: String = String::from("");
[INFO] [stdout]    |             ^^^^^^^^^^^^^^^^
[INFO] [stdout]    |
[INFO] [stdout]    = help: maybe it is overwritten before being read?
[INFO] [stdout]    = note: `#[warn(unused_assignments)]` on by default
[INFO] [stdout] 
[INFO] [stdout] 
[INFO] [stdout] warning: unused variable: `new_node`
[INFO] [stdout]   --> src/bin/08.rs:24:13
[INFO] [stdout]    |
[INFO] [stdout] 24 |     let mut new_node: String = String::from("");
[INFO] [stdout]    |             ^^^^^^^^ help: if this is intentional, prefix it with an underscore: `_new_node`
[INFO] [stdout]    |
[INFO] [stdout]    = note: `#[warn(unused_variables)]` on by default
[INFO] [stdout] 
[INFO] [stdout] 
[INFO] [stdout] warning: value assigned to `direction` is never read
[INFO] [stdout]   --> src/bin/08.rs:27:17
[INFO] [stdout]    |
[INFO] [stdout] 27 |         let mut direction: u32 = 0;
[INFO] [stdout]    |                 ^^^^^^^^^
[INFO] [stdout]    |
[INFO] [stdout]    = help: maybe it is overwritten before being read?
[INFO] [stdout] 
[INFO] [stdout] 
[INFO] [stdout] warning: variable does not need to be mutable
[INFO] [stdout]   --> src/bin/08.rs:24:9
[INFO] [stdout]    |
[INFO] [stdout] 24 |     let mut new_node: String = String::from("");
[INFO] [stdout]    |         ----^^^^^^^^
[INFO] [stdout]    |         |
[INFO] [stdout]    |         help: remove this `mut`
[INFO] [stdout]    |
[INFO] [stdout]    = note: `#[warn(unused_mut)]` on by default
[INFO] [stdout] 
[INFO] [stdout] 
[INFO] [stdout] warning: unused variable: `input`
[INFO] [stdout]   --> src/bin/08.rs:45:17
[INFO] [stdout]    |
[INFO] [stdout] 45 | pub fn part_two(input: &str) -> Option<u32> {
[INFO] [stdout]    |                 ^^^^^ help: if this is intentional, prefix it with an underscore: `_input`
[INFO] [stdout] 
[INFO] [stdout] 
[INFO] [stdout] warning: unused variable: `input`
[INFO] [stdout]  --> src/bin/12.rs:3:17
[INFO] [stdout]   |
[INFO] [stdout] 3 | pub fn part_one(input: &str) -> Option<u32> {
[INFO] [stdout]   |                 ^^^^^ help: if this is intentional, prefix it with an underscore: `_input`
[INFO] [stdout]   |
[INFO] [stdout]   = note: `#[warn(unused_variables)]` on by default
[INFO] [stdout] 
[INFO] [stdout] 
[INFO] [stdout] warning: unused variable: `input`
[INFO] [stdout]  --> src/bin/12.rs:7:17
[INFO] [stdout]   |
[INFO] [stdout] 7 | pub fn part_two(input: &str) -> Option<u32> {
[INFO] [stdout]   |                 ^^^^^ help: if this is intentional, prefix it with an underscore: `_input`
[INFO] [stdout] 
[INFO] [stdout] 
[INFO] [stdout] warning: unused variable: `input`
[INFO] [stdout]    --> src/bin/03.rs:125:17
[INFO] [stdout]     |
[INFO] [stdout] 125 | pub fn part_two(input: &str) -> Option<u32> {
[INFO] [stdout]     |                 ^^^^^ help: if this is intentional, prefix it with an underscore: `_input`
[INFO] [stdout]     |
[INFO] [stdout]     = note: `#[warn(unused_variables)]` on by default
[INFO] [stdout] 
[INFO] [stdout] 
[INFO] [stdout] warning: unused variable: `input_unused`
[INFO] [stdout]    --> src/bin/03.rs:151:13
[INFO] [stdout]     |
[INFO] [stdout] 151 |         let input_unused="
[INFO] [stdout]     |             ^^^^^^^^^^^^ help: if this is intentional, prefix it with an underscore: `_input_unused`
[INFO] [stdout] 
[INFO] [stdout] 
[INFO] [stdout] warning: variable does not need to be mutable
[INFO] [stdout]  --> src/bin/01.rs:5:9
[INFO] [stdout]   |
[INFO] [stdout] 5 |     let mut sum = 0;
[INFO] [stdout]   |         ----^^^
[INFO] [stdout]   |         |
[INFO] [stdout]   |         help: remove this `mut`
[INFO] [stdout]   |
[INFO] [stdout]   = note: `#[warn(unused_mut)]` on by default
[INFO] [stdout] 
[INFO] [stdout] 
[INFO] [stdout] warning: unused variable: `digits`
[INFO] [stdout]   --> src/bin/01.rs:42:13
[INFO] [stdout]    |
[INFO] [stdout] 42 |         let digits = ["0", "1", "2", "3", "4", "5", "6", "7", "8", "9"];
[INFO] [stdout]    |             ^^^^^^ help: if this is intentional, prefix it with an underscore: `_digits`
[INFO] [stdout]    |
[INFO] [stdout]    = note: `#[warn(unused_variables)]` on by default
[INFO] [stdout] 
[INFO] [stdout] 
[INFO] [stderr]     Finished `test` profile [unoptimized + debuginfo] target(s) in 6.87s
[INFO] running `Command { std: "docker" "inspect" "2cd426b71ca4c7a5f8abbda0e7029570fc14e65597539218aade3f2a83b2b1ab", kill_on_drop: false }`
[INFO] running `Command { std: "docker" "rm" "-f" "2cd426b71ca4c7a5f8abbda0e7029570fc14e65597539218aade3f2a83b2b1ab", kill_on_drop: false }`
[INFO] [stdout] 2cd426b71ca4c7a5f8abbda0e7029570fc14e65597539218aade3f2a83b2b1ab
[INFO] running `Command { std: "docker" "create" "-v" "/var/lib/crater-agent-workspace/builds/worker-0-tc1/target:/opt/rustwide/target:rw,Z" "-v" "/var/lib/crater-agent-workspace/builds/worker-0-tc1/source:/opt/rustwide/workdir:ro,Z" "-v" "/var/lib/crater-agent-workspace/cargo-home:/opt/rustwide/cargo-home:ro,Z" "-v" "/var/lib/crater-agent-workspace/rustup-home:/opt/rustwide/rustup-home:ro,Z" "-e" "SOURCE_DIR=/opt/rustwide/workdir" "-e" "CARGO_TARGET_DIR=/opt/rustwide/target" "-e" "CARGO_INCREMENTAL=0" "-e" "RUST_BACKTRACE=full" "-e" "RUSTFLAGS=--cap-lints=warn" "-e" "RUSTDOCFLAGS=--cap-lints=warn" "-e" "CARGO_HOME=/opt/rustwide/cargo-home" "-e" "RUSTUP_HOME=/opt/rustwide/rustup-home" "-w" "/opt/rustwide/workdir" "-m" "1610612736" "--user" "0:0" "--network" "none" "ghcr.io/rust-lang/crates-build-env/linux@sha256:f3a9d4ad9d972b27faf3965f35b62e55ba32bbce8f20bc8fe909558a86702fde" "/opt/rustwide/cargo-home/bin/cargo" "+1.83.0" "test" "--frozen", kill_on_drop: false }`
[INFO] [stdout] 437772ee1099ab55fae88564aa93e8f0cc71795fee8128684f5e7c84d93ebaad
[INFO] running `Command { std: "docker" "start" "-a" "437772ee1099ab55fae88564aa93e8f0cc71795fee8128684f5e7c84d93ebaad", kill_on_drop: false }`
[INFO] [stderr] warning: unused import: `std::borrow::BorrowMut`
[INFO] [stderr]  --> src/bin/02.rs:1:5
[INFO] [stderr]   |
[INFO] [stderr] 1 | use std::borrow::BorrowMut;
[INFO] [stderr]   |     ^^^^^^^^^^^^^^^^^^^^^^
[INFO] [stderr]   |
[INFO] [stderr]   = note: `#[warn(unused_imports)]` on by default
[INFO] [stderr] 
[INFO] [stderr] warning: field `id` is never read
[INFO] [stderr]   --> src/bin/02.rs:15:5
[INFO] [stderr]    |
[INFO] [stderr] 13 | struct Game {
[INFO] [stderr]    |        ---- field in this struct
[INFO] [stderr] 14 |     // TODO
[INFO] [stderr] 15 |     id: u32,
[INFO] [stderr]    |     ^^
[INFO] [stderr]    |
[INFO] [stderr]    = note: `Game` has a derived impl for the trait `Debug`, but this is intentionally ignored during dead code analysis
[INFO] [stderr]    = note: `#[warn(dead_code)]` on by default
[INFO] [stderr] 
[INFO] [stderr] warning: `advent_of_code` (bin "02" test) generated 2 warnings (run `cargo fix --bin "02" --tests` to apply 1 suggestion)
[INFO] [stderr] warning: variable does not need to be mutable
[INFO] [stderr]  --> src/bin/01.rs:5:9
[INFO] [stderr]   |
[INFO] [stderr] 5 |     let mut sum = 0;
[INFO] [stderr]   |         ----^^^
[INFO] [stderr]   |         |
[INFO] [stderr]   |         help: remove this `mut`
[INFO] [stderr]   |
[INFO] [stderr]   = note: `#[warn(unused_mut)]` on by default
[INFO] [stderr] 
[INFO] [stderr] warning: unused variable: `digits`
[INFO] [stderr]   --> src/bin/01.rs:42:13
[INFO] [stderr]    |
[INFO] [stderr] 42 |         let digits = ["0", "1", "2", "3", "4", "5", "6", "7", "8", "9"];
[INFO] [stderr]    |             ^^^^^^ help: if this is intentional, prefix it with an underscore: `_digits`
[INFO] [stderr]    |
[INFO] [stderr]    = note: `#[warn(unused_variables)]` on by default
[INFO] [stderr] 
[INFO] [stderr] warning: unused variable: `input`
[INFO] [stderr]    --> src/bin/05.rs:105:17
[INFO] [stderr]     |
[INFO] [stderr] 105 | pub fn part_two(input: &str) -> Option<u64> {
[INFO] [stderr]     |                 ^^^^^ help: if this is intentional, prefix it with an underscore: `_input`
[INFO] [stderr]     |
[INFO] [stderr]     = note: `#[warn(unused_variables)]` on by default
[INFO] [stderr] 
[INFO] [stderr] warning: unused variable: `input`
[INFO] [stderr]    --> src/bin/07.rs:132:17
[INFO] [stderr]     |
[INFO] [stderr] 132 | pub fn part_two(input: &str) -> Option<u64> {
[INFO] [stderr]     |                 ^^^^^ help: if this is intentional, prefix it with an underscore: `_input`
[INFO] [stderr]     |
[INFO] [stderr]     = note: `#[warn(unused_variables)]` on by default
[INFO] [stderr] 
[INFO] [stderr] warning: value assigned to `new_temp` is never read
[INFO] [stderr]  --> src/bin/09.rs:9:13
[INFO] [stderr]   |
[INFO] [stderr] 9 |     let mut new_temp: Vec<i32> = Vec::new();
[INFO] [stderr]   |             ^^^^^^^^
[INFO] [stderr]   |
[INFO] [stderr]   = help: maybe it is overwritten before being read?
[INFO] [stderr]   = note: `#[warn(unused_assignments)]` on by default
[INFO] [stderr] 
[INFO] [stderr] warning: unused variable: `input`
[INFO] [stderr]    --> src/bin/03.rs:125:17
[INFO] [stderr]     |
[INFO] [stderr] 125 | pub fn part_two(input: &str) -> Option<u32> {
[INFO] [stderr]     |                 ^^^^^ help: if this is intentional, prefix it with an underscore: `_input`
[INFO] [stderr]     |
[INFO] [stderr]     = note: `#[warn(unused_variables)]` on by default
[INFO] [stderr] 
[INFO] [stderr] warning: unused variable: `input_unused`
[INFO] [stderr]    --> src/bin/03.rs:151:13
[INFO] [stderr]     |
[INFO] [stderr] 151 |         let input_unused="
[INFO] [stderr]     |             ^^^^^^^^^^^^ help: if this is intentional, prefix it with an underscore: `_input_unused`
[INFO] [stderr] 
[INFO] [stderr] warning: unused import: `std::task::Wake`
[INFO] [stderr]  --> src/bin/06.rs:1:5
[INFO] [stderr]   |
[INFO] [stderr] 1 | use std::task::Wake;
[INFO] [stderr]   |     ^^^^^^^^^^^^^^^
[INFO] [stderr]   |
[INFO] [stderr]   = note: `#[warn(unused_imports)]` on by default
[INFO] [stderr] 
[INFO] [stderr] warning: field `time` is never read
[INFO] [stderr]  --> src/bin/06.rs:7:5
[INFO] [stderr]   |
[INFO] [stderr] 6 | pub struct Runs {
[INFO] [stderr]   |            ---- field in this struct
[INFO] [stderr] 7 |     time: u32,
[INFO] [stderr]   |     ^^^^
[INFO] [stderr]   |
[INFO] [stderr]   = note: `Runs` has a derived impl for the trait `Debug`, but this is intentionally ignored during dead code analysis
[INFO] [stderr]   = note: `#[warn(dead_code)]` on by default
[INFO] [stderr] 
[INFO] [stderr] warning: value assigned to `current_node_key` is never read
[INFO] [stderr]   --> src/bin/08.rs:23:13
[INFO] [stderr]    |
[INFO] [stderr] 23 |     let mut current_node_key: String = String::from("");
[INFO] [stderr]    |             ^^^^^^^^^^^^^^^^
[INFO] [stderr]    |
[INFO] [stderr]    = help: maybe it is overwritten before being read?
[INFO] [stderr]    = note: `#[warn(unused_assignments)]` on by default
[INFO] [stderr] 
[INFO] [stderr] warning: unused variable: `new_node`
[INFO] [stderr]   --> src/bin/08.rs:24:13
[INFO] [stderr]    |
[INFO] [stderr] 24 |     let mut new_node: String = String::from("");
[INFO] [stderr]    |             ^^^^^^^^ help: if this is intentional, prefix it with an underscore: `_new_node`
[INFO] [stderr]    |
[INFO] [stderr]    = note: `#[warn(unused_variables)]` on by default
[INFO] [stderr] 
[INFO] [stderr] warning: value assigned to `direction` is never read
[INFO] [stderr]   --> src/bin/08.rs:27:17
[INFO] [stderr]    |
[INFO] [stderr] 27 |         let mut direction: u32 = 0;
[INFO] [stderr]    |                 ^^^^^^^^^
[INFO] [stderr]    |
[INFO] [stderr]    = help: maybe it is overwritten before being read?
[INFO] [stderr] 
[INFO] [stderr] warning: variable does not need to be mutable
[INFO] [stderr]   --> src/bin/08.rs:24:9
[INFO] [stderr]    |
[INFO] [stderr] 24 |     let mut new_node: String = String::from("");
[INFO] [stderr]    |         ----^^^^^^^^
[INFO] [stderr]    |         |
[INFO] [stderr]    |         help: remove this `mut`
[INFO] [stderr]    |
[INFO] [stderr]    = note: `#[warn(unused_mut)]` on by default
[INFO] [stderr] 
[INFO] [stderr] warning: unused variable: `input`
[INFO] [stderr]   --> src/bin/08.rs:45:17
[INFO] [stderr]    |
[INFO] [stderr] 45 | pub fn part_two(input: &str) -> Option<u32> {
[INFO] [stderr]    |                 ^^^^^ help: if this is intentional, prefix it with an underscore: `_input`
[INFO] [stderr] 
[INFO] [stderr] warning: unused variable: `path`
[INFO] [stderr]    --> src/bin/10.rs:104:9
[INFO] [stderr]     |
[INFO] [stderr] 104 |     let path: HashSet<Vect2D> = collect_path(&map);
[INFO] [stderr]     |         ^^^^ help: if this is intentional, prefix it with an underscore: `_path`
[INFO] [stderr]     |
[INFO] [stderr]     = note: `#[warn(unused_variables)]` on by default
[INFO] [stderr] 
[INFO] [stderr] warning: `advent_of_code` (bin "01" test) generated 2 warnings (run `cargo fix --bin "01" --tests` to apply 1 suggestion)
[INFO] [stderr] warning: `advent_of_code` (bin "05" test) generated 1 warning
[INFO] [stderr] warning: `advent_of_code` (bin "07" test) generated 1 warning
[INFO] [stderr] warning: `advent_of_code` (bin "09" test) generated 1 warning
[INFO] [stderr] warning: `advent_of_code` (bin "03" test) generated 2 warnings
[INFO] [stderr] warning: `advent_of_code` (bin "06" test) generated 2 warnings (run `cargo fix --bin "06" --tests` to apply 1 suggestion)
[INFO] [stderr] warning: `advent_of_code` (bin "08" test) generated 5 warnings (run `cargo fix --bin "08" --tests` to apply 1 suggestion)
[INFO] [stderr] warning: `advent_of_code` (bin "10" test) generated 1 warning
[INFO] [stderr] warning: unused variable: `i`
[INFO] [stderr]   --> src/bin/04.rs:46:13
[INFO] [stderr]    |
[INFO] [stderr] 46 |         for i in 1..counter {
[INFO] [stderr]    |             ^ help: if this is intentional, prefix it with an underscore: `_i`
[INFO] [stderr]    |
[INFO] [stderr]    = note: `#[warn(unused_variables)]` on by default
[INFO] [stderr] 
[INFO] [stderr] warning: field `id` is never read
[INFO] [stderr]  --> src/bin/04.rs:5:5
[INFO] [stderr]   |
[INFO] [stderr] 4 | pub struct Card {
[INFO] [stderr]   |            ---- field in this struct
[INFO] [stderr] 5 |     id: u32,
[INFO] [stderr]   |     ^^
[INFO] [stderr]   |
[INFO] [stderr]   = note: `Card` has derived impls for the traits `Clone` and `Debug`, but these are intentionally ignored during dead code analysis
[INFO] [stderr]   = note: `#[warn(dead_code)]` on by default
[INFO] [stderr] 
[INFO] [stderr] warning: unused borrow that must be used
[INFO] [stderr]   --> src/bin/04.rs:94:9
[INFO] [stderr]    |
[INFO] [stderr] 94 |         &total_cards.push(temp_card);
[INFO] [stderr]    |         ^^^^^^^^^^^^^^^^^^^^^^^^^^^^ the borrow produces a value
[INFO] [stderr]    |
[INFO] [stderr]    = note: `#[warn(unused_must_use)]` on by default
[INFO] [stderr] help: use `let _ = ...` to ignore the resulting value
[INFO] [stderr]    |
[INFO] [stderr] 94 |         let _ = &total_cards.push(temp_card);
[INFO] [stderr]    |         +++++++
[INFO] [stderr] 
[INFO] [stderr] warning: unused variable: `input`
[INFO] [stderr]  --> src/bin/12.rs:3:17
[INFO] [stderr]   |
[INFO] [stderr] 3 | pub fn part_one(input: &str) -> Option<u32> {
[INFO] [stderr]   |                 ^^^^^ help: if this is intentional, prefix it with an underscore: `_input`
[INFO] [stderr]   |
[INFO] [stderr]   = note: `#[warn(unused_variables)]` on by default
[INFO] [stderr] 
[INFO] [stderr] warning: unused variable: `input`
[INFO] [stderr]  --> src/bin/12.rs:7:17
[INFO] [stderr]   |
[INFO] [stderr] 7 | pub fn part_two(input: &str) -> Option<u32> {
[INFO] [stderr]   |                 ^^^^^ help: if this is intentional, prefix it with an underscore: `_input`
[INFO] [stderr] 
[INFO] [stderr] warning: unused variable: `i`
[INFO] [stderr]   --> src/bin/11.rs:29:17
[INFO] [stderr]    |
[INFO] [stderr] 29 |             for i in 0..n_rows {
[INFO] [stderr]    |                 ^ help: if this is intentional, prefix it with an underscore: `_i`
[INFO] [stderr]    |
[INFO] [stderr]    = note: `#[warn(unused_variables)]` on by default
[INFO] [stderr] 
[INFO] [stderr] warning: unused variable: `number_rows`
[INFO] [stderr]   --> src/bin/11.rs:58:9
[INFO] [stderr]    |
[INFO] [stderr] 58 |     let number_rows = temp_grid.len();
[INFO] [stderr]    |         ^^^^^^^^^^^ help: if this is intentional, prefix it with an underscore: `_number_rows`
[INFO] [stderr] 
[INFO] [stderr] warning: unused variable: `number_cols`
[INFO] [stderr]   --> src/bin/11.rs:59:9
[INFO] [stderr]    |
[INFO] [stderr] 59 |     let number_cols = temp_grid[0].len();
[INFO] [stderr]    |         ^^^^^^^^^^^ help: if this is intentional, prefix it with an underscore: `_number_cols`
[INFO] [stderr] 
[INFO] [stderr] warning: unused variable: `i`
[INFO] [stderr]   --> src/bin/11.rs:64:17
[INFO] [stderr]    |
[INFO] [stderr] 64 |             for i in 0..n_rows {
[INFO] [stderr]    |                 ^ help: if this is intentional, prefix it with an underscore: `_i`
[INFO] [stderr] 
[INFO] [stderr] warning: function `double_rows_without_char` is never used
[INFO] [stderr]   --> src/bin/11.rs:24:4
[INFO] [stderr]    |
[INFO] [stderr] 24 | fn double_rows_without_char(grid: Vec<Vec<char>>, ch: char, n_rows: u64) -> Vec<Vec<char>> {
[INFO] [stderr]    |    ^^^^^^^^^^^^^^^^^^^^^^^^
[INFO] [stderr]    |
[INFO] [stderr]    = note: `#[warn(dead_code)]` on by default
[INFO] [stderr] 
[INFO] [stderr] warning: function `rotate_grid` is never used
[INFO] [stderr]   --> src/bin/11.rs:40:4
[INFO] [stderr]    |
[INFO] [stderr] 40 | fn rotate_grid(grid: Vec<Vec<char>>) -> Vec<Vec<char>> {
[INFO] [stderr]    |    ^^^^^^^^^^^
[INFO] [stderr] 
[INFO] [stderr] warning: function `double_columns_without_char` is never used
[INFO] [stderr]   --> src/bin/11.rs:55:4
[INFO] [stderr]    |
[INFO] [stderr] 55 | fn double_columns_without_char(grid: Vec<Vec<char>>, ch: char, n_rows: u64) -> Vec<Vec<char>> {
[INFO] [stderr]    |    ^^^^^^^^^^^^^^^^^^^^^^^^^^^
[INFO] [stderr] 
[INFO] [stderr] warning: `advent_of_code` (bin "04" test) generated 3 warnings
[INFO] [stderr] warning: `advent_of_code` (bin "12" test) generated 2 warnings
[INFO] [stderr] warning: `advent_of_code` (bin "11" test) generated 7 warnings
[INFO] [stderr]     Finished `test` profile [unoptimized + debuginfo] target(s) in 0.04s
[INFO] [stdout] 
[INFO] [stdout] running 0 tests
[INFO] [stdout] 
[INFO] [stdout] test result: ok. 0 passed; 0 failed; 0 ignored; 0 measured; 0 filtered out; finished in 0.00s
[INFO] [stdout] 
[INFO] [stderr]      Running unittests src/lib.rs (/opt/rustwide/target/debug/deps/advent_of_code-2576aab7ad7d8995)
[INFO] [stderr]      Running unittests src/bin/01.rs (/opt/rustwide/target/debug/deps/01-7d70cee58a854355)
[INFO] [stdout] 
[INFO] [stdout] running 5 tests
[INFO] [stdout] test tests::test_part_one_example ... ok
[INFO] [stdout] test tests::test_part_two_singlw ... ok
[INFO] [stdout] test tests::test_part_two ... FAILED
[INFO] [stdout] test tests::test_part_one ... FAILED
[INFO] [stdout] test tests::test_part_two_example ... FAILED
[INFO] [stdout] 
[INFO] [stdout] failures:
[INFO] [stdout] 
[INFO] [stdout] ---- tests::test_part_two stdout ----
[INFO] [stdout] thread 'tests::test_part_two' panicked at src/template/mod.rs:19:7:
[INFO] [stdout] could not open input file: Os { code: 2, kind: NotFound, message: "No such file or directory" }
[INFO] [stdout] stack backtrace:
[INFO] [stdout]    0:     0x5b81d21817aa - std::backtrace_rs::backtrace::libunwind::trace::h5a5b8284f2d0c266
[INFO] [stdout]                                at /rustc/90b35a6239c3d8bdabc530a6a0816f7ff89a0aaf/library/std/src/../../backtrace/src/backtrace/libunwind.rs:116:5
[INFO] [stdout]    1:     0x5b81d21817aa - std::backtrace_rs::backtrace::trace_unsynchronized::h76d4f1c9b0b875e3
[INFO] [stdout]                                at /rustc/90b35a6239c3d8bdabc530a6a0816f7ff89a0aaf/library/std/src/../../backtrace/src/backtrace/mod.rs:66:5
[INFO] [stdout]    2:     0x5b81d21817aa - std::sys::backtrace::_print_fmt::hc4546b8364a537c6
[INFO] [stdout]                                at /rustc/90b35a6239c3d8bdabc530a6a0816f7ff89a0aaf/library/std/src/sys/backtrace.rs:66:9
[INFO] [stdout]    3:     0x5b81d21817aa - <std::sys::backtrace::BacktraceLock::print::DisplayBacktrace as core::fmt::Display>::fmt::h5b6bd5631a6d1f6b
[INFO] [stdout]                                at /rustc/90b35a6239c3d8bdabc530a6a0816f7ff89a0aaf/library/std/src/sys/backtrace.rs:39:26
[INFO] [stdout]    4:     0x5b81d21a6c93 - core::fmt::rt::Argument::fmt::h270f6602a2b96f62
[INFO] [stdout]                                at /rustc/90b35a6239c3d8bdabc530a6a0816f7ff89a0aaf/library/core/src/fmt/rt.rs:177:76
[INFO] [stdout]    5:     0x5b81d21a6c93 - core::fmt::write::h7550c97b06c86515
[INFO] [stdout]                                at /rustc/90b35a6239c3d8bdabc530a6a0816f7ff89a0aaf/library/core/src/fmt/mod.rs:1186:21
[INFO] [stdout]    6:     0x5b81d217e7d3 - std::io::Write::write_fmt::h509ff860e5956e5e
[INFO] [stdout]                                at /rustc/90b35a6239c3d8bdabc530a6a0816f7ff89a0aaf/library/std/src/io/mod.rs:1839:15
[INFO] [stdout]    7:     0x5b81d21815f2 - std::sys::backtrace::BacktraceLock::print::h2395ccd2c84ba3aa
[INFO] [stdout]                                at /rustc/90b35a6239c3d8bdabc530a6a0816f7ff89a0aaf/library/std/src/sys/backtrace.rs:42:9
[INFO] [stdout]    8:     0x5b81d2182c0a - std::panicking::default_hook::{{closure}}::he19d4c7230e07961
[INFO] [stdout]                                at /rustc/90b35a6239c3d8bdabc530a6a0816f7ff89a0aaf/library/std/src/panicking.rs:268:22
[INFO] [stdout]    9:     0x5b81d2182a14 - std::panicking::default_hook::hf614597d3c67bbdb
[INFO] [stdout]                                at /rustc/90b35a6239c3d8bdabc530a6a0816f7ff89a0aaf/library/std/src/panicking.rs:292:9
[INFO] [stdout]   10:     0x5b81d2148d59 - <alloc::boxed::Box<F,A> as core::ops::function::Fn<Args>>::call::h39b51ce4599c23d1
[INFO] [stdout]                                at /rustc/90b35a6239c3d8bdabc530a6a0816f7ff89a0aaf/library/alloc/src/boxed.rs:2468:9
[INFO] [stdout]   11:     0x5b81d2148d59 - test::test_main::{{closure}}::he977ae839a582784
[INFO] [stdout]                                at /rustc/90b35a6239c3d8bdabc530a6a0816f7ff89a0aaf/library/test/src/lib.rs:133:21
[INFO] [stdout]   12:     0x5b81d21832a8 - <alloc::boxed::Box<F,A> as core::ops::function::Fn<Args>>::call::h9455091b6b06f9fb
[INFO] [stdout]                                at /rustc/90b35a6239c3d8bdabc530a6a0816f7ff89a0aaf/library/alloc/src/boxed.rs:2468:9
[INFO] [stdout]   13:     0x5b81d21832a8 - std::panicking::rust_panic_with_hook::h8942133a8b252070
[INFO] [stdout]                                at /rustc/90b35a6239c3d8bdabc530a6a0816f7ff89a0aaf/library/std/src/panicking.rs:809:13
[INFO] [stdout]   14:     0x5b81d218306a - std::panicking::begin_panic_handler::{{closure}}::hb5f5963570096b29
[INFO] [stdout]                                at /rustc/90b35a6239c3d8bdabc530a6a0816f7ff89a0aaf/library/std/src/panicking.rs:674:13
[INFO] [stdout]   15:     0x5b81d2181c89 - std::sys::backtrace::__rust_end_short_backtrace::h6208cedc1922feda
[INFO] [stdout]                                at /rustc/90b35a6239c3d8bdabc530a6a0816f7ff89a0aaf/library/std/src/sys/backtrace.rs:170:18
[INFO] [stdout]   16:     0x5b81d2182cfc - rust_begin_unwind
[INFO] [stdout]                                at /rustc/90b35a6239c3d8bdabc530a6a0816f7ff89a0aaf/library/std/src/panicking.rs:665:5
[INFO] [stdout]   17:     0x5b81d2109a60 - core::panicking::panic_fmt::h0c3082644d1bf418
[INFO] [stdout]                                at /rustc/90b35a6239c3d8bdabc530a6a0816f7ff89a0aaf/library/core/src/panicking.rs:74:14
[INFO] [stdout]   18:     0x5b81d2109e06 - core::result::unwrap_failed::hd20b4aa073bda1e2
[INFO] [stdout]                                at /rustc/90b35a6239c3d8bdabc530a6a0816f7ff89a0aaf/library/core/src/result.rs:1700:5
[INFO] [stdout]   19:     0x5b81d21561f4 - core::result::Result<T,E>::expect::hda4d60762ba74cb4
[INFO] [stdout]                                at /rustc/90b35a6239c3d8bdabc530a6a0816f7ff89a0aaf/library/core/src/result.rs:1061:23
[INFO] [stdout]   20:     0x5b81d21554ca - advent_of_code::template::read_file::hc2f79139a0dd51b7
[INFO] [stdout]                                at /opt/rustwide/workdir/src/template/mod.rs:19:5
[INFO] [stdout]   21:     0x5b81d211095b - _01::tests::test_part_two::h553b60da53604883
[INFO] [stdout]                                at /opt/rustwide/workdir/src/bin/01.rs:142:32
[INFO] [stdout]   22:     0x5b81d2110917 - _01::tests::test_part_two::{{closure}}::h530bab02adcd3b8a
[INFO] [stdout]                                at /opt/rustwide/workdir/src/bin/01.rs:141:23
[INFO] [stdout]   23:     0x5b81d210d506 - core::ops::function::FnOnce::call_once::hc8579a7c8dfe060f
[INFO] [stdout]                                at /rustc/90b35a6239c3d8bdabc530a6a0816f7ff89a0aaf/library/core/src/ops/function.rs:250:5
[INFO] [stdout]   24:     0x5b81d214d71b - core::ops::function::FnOnce::call_once::h109cf8051a59b34e
[INFO] [stdout]                                at /rustc/90b35a6239c3d8bdabc530a6a0816f7ff89a0aaf/library/core/src/ops/function.rs:250:5
[INFO] [stdout]   25:     0x5b81d214d71b - test::__rust_begin_short_backtrace::hf4fff89d377446ba
[INFO] [stdout]                                at /rustc/90b35a6239c3d8bdabc530a6a0816f7ff89a0aaf/library/test/src/lib.rs:621:18
[INFO] [stdout]   26:     0x5b81d214cf57 - test::run_test_in_process::{{closure}}::h0e39181dd7ee5a43
[INFO] [stdout]                                at /rustc/90b35a6239c3d8bdabc530a6a0816f7ff89a0aaf/library/test/src/lib.rs:644:60
[INFO] [stdout]   27:     0x5b81d214cf57 - <core::panic::unwind_safe::AssertUnwindSafe<F> as core::ops::function::FnOnce<()>>::call_once::hc5a66a30f0bdfd1f
[INFO] [stdout]                                at /rustc/90b35a6239c3d8bdabc530a6a0816f7ff89a0aaf/library/core/src/panic/unwind_safe.rs:272:9
[INFO] [stdout]   28:     0x5b81d214cf57 - std::panicking::try::do_call::h873b7cf639554a5e
[INFO] [stdout]                                at /rustc/90b35a6239c3d8bdabc530a6a0816f7ff89a0aaf/library/std/src/panicking.rs:557:40
[INFO] [stdout]   29:     0x5b81d214cf57 - std::panicking::try::hdb19862fad9c8bd1
[INFO] [stdout]                                at /rustc/90b35a6239c3d8bdabc530a6a0816f7ff89a0aaf/library/std/src/panicking.rs:520:19
[INFO] [stdout]   30:     0x5b81d214cf57 - std::panic::catch_unwind::h281fe732d236d260
[INFO] [stdout]                                at /rustc/90b35a6239c3d8bdabc530a6a0816f7ff89a0aaf/library/std/src/panic.rs:358:14
[INFO] [stdout]   31:     0x5b81d214cf57 - test::run_test_in_process::h949b6df8457ed338
[INFO] [stdout]                                at /rustc/90b35a6239c3d8bdabc530a6a0816f7ff89a0aaf/library/test/src/lib.rs:644:27
[INFO] [stdout]   32:     0x5b81d214cf57 - test::run_test::{{closure}}::h52c556a6d4740e10
[INFO] [stdout]                                at /rustc/90b35a6239c3d8bdabc530a6a0816f7ff89a0aaf/library/test/src/lib.rs:565:43
[INFO] [stdout]   33:     0x5b81d2112234 - test::run_test::{{closure}}::h4237f6381c45ccb9
[INFO] [stdout]                                at /rustc/90b35a6239c3d8bdabc530a6a0816f7ff89a0aaf/library/test/src/lib.rs:595:41
[INFO] [stdout]   34:     0x5b81d2112234 - std::sys::backtrace::__rust_begin_short_backtrace::h505c97a579eca628
[INFO] [stdout]                                at /rustc/90b35a6239c3d8bdabc530a6a0816f7ff89a0aaf/library/std/src/sys/backtrace.rs:154:18
[INFO] [stdout]   35:     0x5b81d21158fe - std::thread::Builder::spawn_unchecked_::{{closure}}::{{closure}}::h9e86b2e2bc107ea3
[INFO] [stdout]                                at /rustc/90b35a6239c3d8bdabc530a6a0816f7ff89a0aaf/library/std/src/thread/mod.rs:538:17
[INFO] [stdout]   36:     0x5b81d21158fe - <core::panic::unwind_safe::AssertUnwindSafe<F> as core::ops::function::FnOnce<()>>::call_once::h8b06ddb275ff4a25
[INFO] [stdout]                                at /rustc/90b35a6239c3d8bdabc530a6a0816f7ff89a0aaf/library/core/src/panic/unwind_safe.rs:272:9
[INFO] [stdout]   37:     0x5b81d21158fe - std::panicking::try::do_call::hb26ecd7cd9a9355d
[INFO] [stdout]                                at /rustc/90b35a6239c3d8bdabc530a6a0816f7ff89a0aaf/library/std/src/panicking.rs:557:40
[INFO] [stdout]   38:     0x5b81d21158fe - std::panicking::try::h8ddeca9d705f9069
[INFO] [stdout]                                at /rustc/90b35a6239c3d8bdabc530a6a0816f7ff89a0aaf/library/std/src/panicking.rs:520:19
[INFO] [stdout]   39:     0x5b81d21158fe - std::panic::catch_unwind::h49e1c33078844c46
[INFO] [stdout]                                at /rustc/90b35a6239c3d8bdabc530a6a0816f7ff89a0aaf/library/std/src/panic.rs:358:14
[INFO] [stdout]   40:     0x5b81d21158fe - std::thread::Builder::spawn_unchecked_::{{closure}}::h6073db6ff56ad35d
[INFO] [stdout]                                at /rustc/90b35a6239c3d8bdabc530a6a0816f7ff89a0aaf/library/std/src/thread/mod.rs:537:30
[INFO] [stdout]   41:     0x5b81d21158fe - core::ops::function::FnOnce::call_once{{vtable.shim}}::h2c5a5f3779c774f1
[INFO] [stdout]                                at /rustc/90b35a6239c3d8bdabc530a6a0816f7ff89a0aaf/library/core/src/ops/function.rs:250:5
[INFO] [stdout]   42:     0x5b81d2186ffb - <alloc::boxed::Box<F,A> as core::ops::function::FnOnce<Args>>::call_once::hf75717d9f28faebf
[INFO] [stdout]                                at /rustc/90b35a6239c3d8bdabc530a6a0816f7ff89a0aaf/library/alloc/src/boxed.rs:2454:9
[INFO] [stdout]   43:     0x5b81d2186ffb - <alloc::boxed::Box<F,A> as core::ops::function::FnOnce<Args>>::call_once::h7bd883a5f3c5f3c1
[INFO] [stdout]                                at /rustc/90b35a6239c3d8bdabc530a6a0816f7ff89a0aaf/library/alloc/src/boxed.rs:2454:9
[INFO] [stdout]   44:     0x5b81d2186ffb - std::sys::pal::unix::thread::Thread::new::thread_start::hcc78f3943333fa94
[INFO] [stdout]                                at /rustc/90b35a6239c3d8bdabc530a6a0816f7ff89a0aaf/library/std/src/sys/pal/unix/thread.rs:105:17
[INFO] [stdout]   45:     0x79b86a72eac3 - <unknown>
[INFO] [stdout]   46:     0x79b86a7bfa04 - clone
[INFO] [stdout]   47:                0x0 - <unknown>
[INFO] [stdout] 
[INFO] [stdout] ---- tests::test_part_one stdout ----
[INFO] [stdout] thread 'tests::test_part_one' panicked at src/template/mod.rs:19:7:
[INFO] [stdout] could not open input file: Os { code: 2, kind: NotFound, message: "No such file or directory" }
[INFO] [stdout] stack backtrace:
[INFO] [stdout]    0:     0x5b81d21817aa - std::backtrace_rs::backtrace::libunwind::trace::h5a5b8284f2d0c266
[INFO] [stdout]                                at /rustc/90b35a6239c3d8bdabc530a6a0816f7ff89a0aaf/library/std/src/../../backtrace/src/backtrace/libunwind.rs:116:5
[INFO] [stdout]    1:     0x5b81d21817aa - std::backtrace_rs::backtrace::trace_unsynchronized::h76d4f1c9b0b875e3
[INFO] [stdout]                                at /rustc/90b35a6239c3d8bdabc530a6a0816f7ff89a0aaf/library/std/src/../../backtrace/src/backtrace/mod.rs:66:5
[INFO] [stdout]    2:     0x5b81d21817aa - std::sys::backtrace::_print_fmt::hc4546b8364a537c6
[INFO] [stdout]                                at /rustc/90b35a6239c3d8bdabc530a6a0816f7ff89a0aaf/library/std/src/sys/backtrace.rs:66:9
[INFO] [stdout]    3:     0x5b81d21817aa - <std::sys::backtrace::BacktraceLock::print::DisplayBacktrace as core::fmt::Display>::fmt::h5b6bd5631a6d1f6b
[INFO] [stdout]                                at /rustc/90b35a6239c3d8bdabc530a6a0816f7ff89a0aaf/library/std/src/sys/backtrace.rs:39:26
[INFO] [stdout]    4:     0x5b81d21a6c93 - core::fmt::rt::Argument::fmt::h270f6602a2b96f62
[INFO] [stdout]                                at /rustc/90b35a6239c3d8bdabc530a6a0816f7ff89a0aaf/library/core/src/fmt/rt.rs:177:76
[INFO] [stdout]    5:     0x5b81d21a6c93 - core::fmt::write::h7550c97b06c86515
[INFO] [stdout]                                at /rustc/90b35a6239c3d8bdabc530a6a0816f7ff89a0aaf/library/core/src/fmt/mod.rs:1186:21
[INFO] [stdout]    6:     0x5b81d217e7d3 - std::io::Write::write_fmt::h509ff860e5956e5e
[INFO] [stdout]                                at /rustc/90b35a6239c3d8bdabc530a6a0816f7ff89a0aaf/library/std/src/io/mod.rs:1839:15
[INFO] [stdout]    7:     0x5b81d21815f2 - std::sys::backtrace::BacktraceLock::print::h2395ccd2c84ba3aa
[INFO] [stdout]                                at /rustc/90b35a6239c3d8bdabc530a6a0816f7ff89a0aaf/library/std/src/sys/backtrace.rs:42:9
[INFO] [stdout]    8:     0x5b81d2182c0a - std::panicking::default_hook::{{closure}}::he19d4c7230e07961
[INFO] [stdout]                                at /rustc/90b35a6239c3d8bdabc530a6a0816f7ff89a0aaf/library/std/src/panicking.rs:268:22
[INFO] [stdout]    9:     0x5b81d2182a14 - std::panicking::default_hook::hf614597d3c67bbdb
[INFO] [stdout]                                at /rustc/90b35a6239c3d8bdabc530a6a0816f7ff89a0aaf/library/std/src/panicking.rs:292:9
[INFO] [stdout]   10:     0x5b81d2148d59 - <alloc::boxed::Box<F,A> as core::ops::function::Fn<Args>>::call::h39b51ce4599c23d1
[INFO] [stdout]                                at /rustc/90b35a6239c3d8bdabc530a6a0816f7ff89a0aaf/library/alloc/src/boxed.rs:2468:9
[INFO] [stdout]   11:     0x5b81d2148d59 - test::test_main::{{closure}}::he977ae839a582784
[INFO] [stdout]                                at /rustc/90b35a6239c3d8bdabc530a6a0816f7ff89a0aaf/library/test/src/lib.rs:133:21
[INFO] [stdout]   12:     0x5b81d21832a8 - <alloc::boxed::Box<F,A> as core::ops::function::Fn<Args>>::call::h9455091b6b06f9fb
[INFO] [stdout]                                at /rustc/90b35a6239c3d8bdabc530a6a0816f7ff89a0aaf/library/alloc/src/boxed.rs:2468:9
[INFO] [stdout]   13:     0x5b81d21832a8 - std::panicking::rust_panic_with_hook::h8942133a8b252070
[INFO] [stdout]                                at /rustc/90b35a6239c3d8bdabc530a6a0816f7ff89a0aaf/library/std/src/panicking.rs:809:13
[INFO] [stdout]   14:     0x5b81d218306a - std::panicking::begin_panic_handler::{{closure}}::hb5f5963570096b29
[INFO] [stdout]                                at /rustc/90b35a6239c3d8bdabc530a6a0816f7ff89a0aaf/library/std/src/panicking.rs:674:13
[INFO] [stdout]   15:     0x5b81d2181c89 - std::sys::backtrace::__rust_end_short_backtrace::h6208cedc1922feda
[INFO] [stdout]                                at /rustc/90b35a6239c3d8bdabc530a6a0816f7ff89a0aaf/library/std/src/sys/backtrace.rs:170:18
[INFO] [stdout]   16:     0x5b81d2182cfc - rust_begin_unwind
[INFO] [stdout]                                at /rustc/90b35a6239c3d8bdabc530a6a0816f7ff89a0aaf/library/std/src/panicking.rs:665:5
[INFO] [stdout]   17:     0x5b81d2109a60 - core::panicking::panic_fmt::h0c3082644d1bf418
[INFO] [stdout]                                at /rustc/90b35a6239c3d8bdabc530a6a0816f7ff89a0aaf/library/core/src/panicking.rs:74:14
[INFO] [stdout]   18:     0x5b81d2109e06 - core::result::unwrap_failed::hd20b4aa073bda1e2
[INFO] [stdout]                                at /rustc/90b35a6239c3d8bdabc530a6a0816f7ff89a0aaf/library/core/src/result.rs:1700:5
[INFO] [stdout]   19:     0x5b81d21561f4 - core::result::Result<T,E>::expect::hda4d60762ba74cb4
[INFO] [stdout]                                at /rustc/90b35a6239c3d8bdabc530a6a0816f7ff89a0aaf/library/core/src/result.rs:1061:23
[INFO] [stdout]   20:     0x5b81d21554ca - advent_of_code::template::read_file::hc2f79139a0dd51b7
[INFO] [stdout]                                at /opt/rustwide/workdir/src/template/mod.rs:19:5
[INFO] [stdout]   21:     0x5b81d211080b - _01::tests::test_part_one::h4e0820965c559b12
[INFO] [stdout]                                at /opt/rustwide/workdir/src/bin/01.rs:136:32
[INFO] [stdout]   22:     0x5b81d21107c7 - _01::tests::test_part_one::{{closure}}::h2d400dfb8215d671
[INFO] [stdout]                                at /opt/rustwide/workdir/src/bin/01.rs:135:23
[INFO] [stdout]   23:     0x5b81d210d4c6 - core::ops::function::FnOnce::call_once::h3c49b083c7f7c45c
[INFO] [stdout]                                at /rustc/90b35a6239c3d8bdabc530a6a0816f7ff89a0aaf/library/core/src/ops/function.rs:250:5
[INFO] [stdout]   24:     0x5b81d214d71b - core::ops::function::FnOnce::call_once::h109cf8051a59b34e
[INFO] [stdout]                                at /rustc/90b35a6239c3d8bdabc530a6a0816f7ff89a0aaf/library/core/src/ops/function.rs:250:5
[INFO] [stdout]   25:     0x5b81d214d71b - test::__rust_begin_short_backtrace::hf4fff89d377446ba
[INFO] [stdout]                                at /rustc/90b35a6239c3d8bdabc530a6a0816f7ff89a0aaf/library/test/src/lib.rs:621:18
[INFO] [stdout]   26:     0x5b81d214cf57 - test::run_test_in_process::{{closure}}::h0e39181dd7ee5a43
[INFO] [stdout]                                at /rustc/90b35a6239c3d8bdabc530a6a0816f7ff89a0aaf/library/test/src/lib.rs:644:60
[INFO] [stdout]   27:     0x5b81d214cf57 - <core::panic::unwind_safe::AssertUnwindSafe<F> as core::ops::function::FnOnce<()>>::call_once::hc5a66a30f0bdfd1f
[INFO] [stdout]                                at /rustc/90b35a6239c3d8bdabc530a6a0816f7ff89a0aaf/library/core/src/panic/unwind_safe.rs:272:9
[INFO] [stdout]   28:     0x5b81d214cf57 - std::panicking::try::do_call::h873b7cf639554a5e
[INFO] [stdout]                                at /rustc/90b35a6239c3d8bdabc530a6a0816f7ff89a0aaf/library/std/src/panicking.rs:557:40
[INFO] [stdout]   29:     0x5b81d214cf57 - std::panicking::try::hdb19862fad9c8bd1
[INFO] [stdout]                                at /rustc/90b35a6239c3d8bdabc530a6a0816f7ff89a0aaf/library/std/src/panicking.rs:520:19
[INFO] [stdout]   30:     0x5b81d214cf57 - std::panic::catch_unwind::h281fe732d236d260
[INFO] [stdout]                                at /rustc/90b35a6239c3d8bdabc530a6a0816f7ff89a0aaf/library/std/src/panic.rs:358:14
[INFO] [stdout]   31:     0x5b81d214cf57 - test::run_test_in_process::h949b6df8457ed338
[INFO] [stdout]                                at /rustc/90b35a6239c3d8bdabc530a6a0816f7ff89a0aaf/library/test/src/lib.rs:644:27
[INFO] [stdout]   32:     0x5b81d214cf57 - test::run_test::{{closure}}::h52c556a6d4740e10
[INFO] [stdout]                                at /rustc/90b35a6239c3d8bdabc530a6a0816f7ff89a0aaf/library/test/src/lib.rs:565:43
[INFO] [stdout]   33:     0x5b81d2112234 - test::run_test::{{closure}}::h4237f6381c45ccb9
[INFO] [stdout]                                at /rustc/90b35a6239c3d8bdabc530a6a0816f7ff89a0aaf/library/test/src/lib.rs:595:41
[INFO] [stdout]   34:     0x5b81d2112234 - std::sys::backtrace::__rust_begin_short_backtrace::h505c97a579eca628
[INFO] [stdout]                                at /rustc/90b35a6239c3d8bdabc530a6a0816f7ff89a0aaf/library/std/src/sys/backtrace.rs:154:18
[INFO] [stdout]   35:     0x5b81d21158fe - std::thread::Builder::spawn_unchecked_::{{closure}}::{{closure}}::h9e86b2e2bc107ea3
[INFO] [stdout]                                at /rustc/90b35a6239c3d8bdabc530a6a0816f7ff89a0aaf/library/std/src/thread/mod.rs:538:17
[INFO] [stdout]   36:     0x5b81d21158fe - <core::panic::unwind_safe::AssertUnwindSafe<F> as core::ops::function::FnOnce<()>>::call_once::h8b06ddb275ff4a25
[INFO] [stdout]                                at /rustc/90b35a6239c3d8bdabc530a6a0816f7ff89a0aaf/library/core/src/panic/unwind_safe.rs:272:9
[INFO] [stdout]   37:     0x5b81d21158fe - std::panicking::try::do_call::hb26ecd7cd9a9355d
[INFO] [stdout]                                at /rustc/90b35a6239c3d8bdabc530a6a0816f7ff89a0aaf/library/std/src/panicking.rs:557:40
[INFO] [stdout]   38:     0x5b81d21158fe - std::panicking::try::h8ddeca9d705f9069
[INFO] [stdout]                                at /rustc/90b35a6239c3d8bdabc530a6a0816f7ff89a0aaf/library/std/src/panicking.rs:520:19
[INFO] [stdout]   39:     0x5b81d21158fe - std::panic::catch_unwind::h49e1c33078844c46
[INFO] [stdout]                                at /rustc/90b35a6239c3d8bdabc530a6a0816f7ff89a0aaf/library/std/src/panic.rs:358:14
[INFO] [stdout]   40:     0x5b81d21158fe - std::thread::Builder::spawn_unchecked_::{{closure}}::h6073db6ff56ad35d
[INFO] [stdout]                                at /rustc/90b35a6239c3d8bdabc530a6a0816f7ff89a0aaf/library/std/src/thread/mod.rs:537:30
[INFO] [stdout]   41:     0x5b81d21158fe - core::ops::function::FnOnce::call_once{{vtable.shim}}::h2c5a5f3779c774f1
[INFO] [stdout]                                at /rustc/90b35a6239c3d8bdabc530a6a0816f7ff89a0aaf/library/core/src/ops/function.rs:250:5
[INFO] [stdout]   42:     0x5b81d2186ffb - <alloc::boxed::Box<F,A> as core::ops::function::FnOnce<Args>>::call_once::hf75717d9f28faebf
[INFO] [stdout]                                at /rustc/90b35a6239c3d8bdabc530a6a0816f7ff89a0aaf/library/alloc/src/boxed.rs:2454:9
[INFO] [stdout]   43:     0x5b81d2186ffb - <alloc::boxed::Box<F,A> as core::ops::function::FnOnce<Args>>::call_once::h7bd883a5f3c5f3c1
[INFO] [stdout]                                at /rustc/90b35a6239c3d8bdabc530a6a0816f7ff89a0aaf/library/alloc/src/boxed.rs:2454:9
[INFO] [stdout]   44:     0x5b81d2186ffb - std::sys::pal::unix::thread::Thread::new::thread_start::hcc78f3943333fa94
[INFO] [stdout]                                at /rustc/90b35a6239c3d8bdabc530a6a0816f7ff89a0aaf/library/std/src/sys/pal/unix/thread.rs:105:17
[INFO] [stdout]   45:     0x79b86a72eac3 - <unknown>
[INFO] [stdout]   46:     0x79b86a7bfa04 - clone
[INFO] [stdout]   47:                0x0 - <unknown>
[INFO] [stdout] 
[INFO] [stdout] ---- tests::test_part_two_example stdout ----
[INFO] [stdout] 46threevqs8114
[INFO] [stdout] 46three3threevqs8114
[INFO] [stdout] [4, 6, 3, 8, 1, 1, 4] [0, 1, 7, 16, 17, 18, 19]
[INFO] [stdout] 44
[INFO] [stdout] threetwoonez1gtrd
[INFO] [stdout] three3threetwo2twoone1onez1gtrd
[INFO] [stdout] [3, 2, 1, 1] [5, 14, 21, 26]
[INFO] [stdout] 31
[INFO] [stdout] 6ffxbtff
[INFO] [stdout] 6ffxbtff
[INFO] [stdout] [6] [0]
[INFO] [stdout] 6
[INFO] [stdout] 769twotwo6rv9
[INFO] [stdout] 769two2twotwo2two6rv9
[INFO] [stdout] [7, 6, 9, 2, 2, 6, 9] [0, 1, 2, 6, 13, 17, 20]
[INFO] [stdout] 79
[INFO] [stdout] gjrcjrkvghthreegqqrg82qbct
[INFO] [stdout] gjrcjrkvghthree3threegqqrg82qbct
[INFO] [stdout] [3, 8, 2] [15, 26, 27]
[INFO] [stdout] 32
[INFO] [stdout] zkxjhgprtrlcfeight795five8
[INFO] [stdout] zkxjhgprtrlcfeight8eight795five5five8
[INFO] [stdout] [8, 7, 9, 5, 5, 8] [18, 24, 25, 26, 31, 36]
[INFO] [stdout] 88
[INFO] [stdout] 99seven3vdcgvmvxtjtwodc5
[INFO] [stdout] 99seven7seven3vdcgvmvxtjtwo2twodc5
[INFO] [stdout] [9, 9, 7, 3, 2, 5] [0, 1, 7, 13, 27, 33]
[INFO] [stdout] 95
[INFO] [stdout] three5eightthree3four3vtkkqrgxs
[INFO] [stdout] three3three5eight8eightthree3three3four4four3vtkkqrgxs
[INFO] [stdout] [3, 5, 8, 3, 3, 4, 3] [5, 11, 17, 28, 34, 39, 44]
[INFO] [stdout] 33
[INFO] [stdout] four863mrrnrsxrkone
[INFO] [stdout] four4four863mrrnrsxrkone1one
[INFO] [stdout] [4, 8, 6, 3, 1] [4, 9, 10, 11, 24]
[INFO] [stdout] 41
[INFO] [stdout] sevenntgvnrrqfvxh2ttnkgffour8fiveone
[INFO] [stdout] seven7sevenntgvnrrqfvxh2ttnkgffour4four8five5fiveone1one
[INFO] [stdout] [7, 2, 4, 8, 5, 1] [5, 23, 34, 39, 44, 52]
[INFO] [stdout] 71
[INFO] [stdout] 49fbsfb
[INFO] [stdout] 49fbsfb
[INFO] [stdout] [4, 9] [0, 1]
[INFO] [stdout] 49
[INFO] [stdout] 3rbmlsksg
[INFO] [stdout] 3rbmlsksg
[INFO] [stdout] [3] [0]
[INFO] [stdout] 3
[INFO] [stdout] ztgszqjjsrtmgqx6572
[INFO] [stdout] ztgszqjjsrtmgqx6572
[INFO] [stdout] [6, 5, 7, 2] [15, 16, 17, 18]
[INFO] [stdout] 62
[INFO] [stdout] 3bqnfxkdbonesixseven
[INFO] [stdout] 3bqnfxkdbone1onesix6sixseven7seven
[INFO] [stdout] [3, 1, 6, 7] [0, 12, 19, 28]
[INFO] [stdout] 37
[INFO] [stdout] mfgx32ftpbhgngm7
[INFO] [stdout] mfgx32ftpbhgngm7
[INFO] [stdout] [3, 2, 7] [4, 5, 15]
[INFO] [stdout] 37
[INFO] [stdout] fzrpfhbfvj6dbxbtfs7twofksfbshrzkdeightwoqg
[INFO] [stdout] fzrpfhbfvj6dbxbtfs7two2twofksfbshrzkdeight8eightwo2twoqg
[INFO] [stdout] [6, 7, 2, 8, 2] [10, 18, 22, 42, 50]
[INFO] [stdout] 62
[INFO] [stdout] 2xcftwo
[INFO] [stdout] 2xcftwo2two
[INFO] [stdout] [2, 2] [0, 7]
[INFO] [stdout] 22
[INFO] [stdout] cshmmltsml4fiveeightdn
[INFO] [stdout] cshmmltsml4five5fiveeight8eightdn
[INFO] [stdout] [4, 5, 8] [10, 15, 25]
[INFO] [stdout] 48
[INFO] [stdout] eightthsix1
[INFO] [stdout] eight8eightthsix6six1
[INFO] [stdout] [8, 6, 1] [5, 16, 20]
[INFO] [stdout] 81
[INFO] [stdout] two1gvfxcqnrfnbeightthreexznhbmmk
[INFO] [stdout] two2two1gvfxcqnrfnbeight8eightthree3threexznhbmmk
[INFO] [stdout] [2, 1, 8, 3] [3, 7, 24, 35]
[INFO] [stdout] 23
[INFO] [stdout] 3917sevenvxqxntcgxskh
[INFO] [stdout] 3917seven7sevenvxqxntcgxskh
[INFO] [stdout] [3, 9, 1, 7, 7] [0, 1, 2, 3, 9]
[INFO] [stdout] 37
[INFO] [stdout] ksctcnfxdsk96drlbjkthreesfqlvnpvfbcbmg
[INFO] [stdout] ksctcnfxdsk96drlbjkthree3threesfqlvnpvfbcbmg
[INFO] [stdout] [9, 6, 3] [11, 12, 24]
[INFO] [stdout] 93
[INFO] [stdout] 8nvrmzfs46
[INFO] [stdout] 8nvrmzfs46
[INFO] [stdout] [8, 4, 6] [0, 8, 9]
[INFO] [stdout] 86
[INFO] [stdout] 5dbgltmgg1xvtqfkdxsrxzltwo1pgqlqndlc
[INFO] [stdout] 5dbgltmgg1xvtqfkdxsrxzltwo2two1pgqlqndlc
[INFO] [stdout] [5, 1, 2, 1] [0, 9, 26, 30]
[INFO] [stdout] 51
[INFO] [stdout] eight7four6rpbtmjzj5
[INFO] [stdout] eight8eight7four4four6rpbtmjzj5
[INFO] [stdout] [8, 7, 4, 6, 5] [5, 11, 16, 21, 30]
[INFO] [stdout] 85
[INFO] [stdout] 41seven
[INFO] [stdout] 41seven7seven
[INFO] [stdout] [4, 1, 7] [0, 1, 7]
[INFO] [stdout] 47
[INFO] [stdout] gpmfhninexxgqr6
[INFO] [stderr] error: test failed, to rerun pass `--bin 01`
[INFO] [stdout] gpmfhnine9ninexxgqr6
[INFO] [stdout] [9, 6] [9, 19]
[INFO] [stdout] 96
[INFO] [stdout] 15sixdrhxzcmqf
[INFO] [stdout] 15six6sixdrhxzcmqf
[INFO] [stdout] [1, 5, 6] [0, 1, 5]
[INFO] [stdout] 16
[INFO] [stdout] 8fivettgmcslxptwofivelckzvfkl
[INFO] [stdout] 8five5fivettgmcslxptwo2twofive5fivelckzvfkl
[INFO] [stdout] [8, 5, 2, 5] [0, 5, 22, 30]
[INFO] [stdout] 85
[INFO] [stdout] 67ninetjngsrvcpxb8eighteightwofh
[INFO] [stdout] 67nine9ninetjngsrvcpxb8eight8eighteight8eightwo2twofh
[INFO] [stdout] [6, 7, 9, 8, 8, 8, 2] [0, 1, 6, 22, 28, 39, 47]
[INFO] [stdout] 62
[INFO] [stdout] 4nine7oneighthm
[INFO] [stdout] 4nine9nine7one1oneight8eighthm
[INFO] [stdout] [4, 9, 7, 1, 8] [0, 5, 10, 14, 22]
[INFO] [stdout] 48
[INFO] [stdout] njtwonefvhjplkjgvsevenbjg77
[INFO] [stdout] njtwo2twone1onefvhjplkjgvseven7sevenbjg77
[INFO] [stdout] [2, 1, 7, 7, 7] [5, 11, 30, 39, 40]
[INFO] [stdout] 27
[INFO] [stdout] eighthrspkszngkpdtzdpcsmjnvlnhcm9pqmpkxqmbtmbv
[INFO] [stdout] eight8eighthrspkszngkpdtzdpcsmjnvlnhcm9pqmpkxqmbtmbv
[INFO] [stdout] [8, 9] [5, 38]
[INFO] [stdout] 89
[INFO] [stdout] ninehthhgbfsrrbpn2qpcflhgdvh9twotpzkvzmmsj
[INFO] [stdout] nine9ninehthhgbfsrrbpn2qpcflhgdvh9two2twotpzkvzmmsj
[INFO] [stdout] [9, 2, 9, 2] [4, 22, 33, 37]
[INFO] [stdout] 92
[INFO] [stdout] 6fourzpjthmkrkvqkvvp
[INFO] [stdout] 6four4fourzpjthmkrkvqkvvp
[INFO] [stdout] [6, 4] [0, 5]
[INFO] [stdout] 64
[INFO] [stdout] vnrnkfp6
[INFO] [stdout] vnrnkfp6
[INFO] [stdout] [6] [7]
[INFO] [stdout] 6
[INFO] [stdout] pfouronefour6
[INFO] [stdout] pfour4fourone1onefour4four6
[INFO] [stdout] [4, 1, 4, 6] [5, 13, 21, 26]
[INFO] [stdout] 46
[INFO] [stdout] 87fourmznhvmt7
[INFO] [stdout] 87four4fourmznhvmt7
[INFO] [stdout] [8, 7, 4, 7] [0, 1, 6, 18]
[INFO] [stdout] 87
[INFO] [stdout] nxbssjc1sevenvrcjlczct6ninekclbffs
[INFO] [stdout] nxbssjc1seven7sevenvrcjlczct6nine9ninekclbffs
[INFO] [stdout] [1, 7, 6, 9] [7, 13, 28, 33]
[INFO] [stdout] 19
[INFO] [stdout] eightrpzsdggsixthree9dhrnqtjcbxthree9
[INFO] [stdout] eight8eightrpzsdggsix6sixthree3three9dhrnqtjcbxthree3three9
[INFO] [stdout] [8, 6, 3, 9, 3, 9] [5, 21, 30, 36, 52, 58]
[INFO] [stdout] 89
[INFO] [stdout] thread 'tests::test_part_two_example' panicked at src/bin/01.rs:124:9:
[INFO] [stdout] assertion `left == right` failed
[INFO] [stdout]   left: Some(2169)
[INFO] [stdout]  right: Some(2142)
[INFO] [stdout] stack backtrace:
[INFO] [stdout]    0:     0x5b81d21817aa - std::backtrace_rs::backtrace::libunwind::trace::h5a5b8284f2d0c266
[INFO] [stdout]                                at /rustc/90b35a6239c3d8bdabc530a6a0816f7ff89a0aaf/library/std/src/../../backtrace/src/backtrace/libunwind.rs:116:5
[INFO] [stdout]    1:     0x5b81d21817aa - std::backtrace_rs::backtrace::trace_unsynchronized::h76d4f1c9b0b875e3
[INFO] [stdout]                                at /rustc/90b35a6239c3d8bdabc530a6a0816f7ff89a0aaf/library/std/src/../../backtrace/src/backtrace/mod.rs:66:5
[INFO] [stdout]    2:     0x5b81d21817aa - std::sys::backtrace::_print_fmt::hc4546b8364a537c6
[INFO] [stdout]                                at /rustc/90b35a6239c3d8bdabc530a6a0816f7ff89a0aaf/library/std/src/sys/backtrace.rs:66:9
[INFO] [stdout]    3:     0x5b81d21817aa - <std::sys::backtrace::BacktraceLock::print::DisplayBacktrace as core::fmt::Display>::fmt::h5b6bd5631a6d1f6b
[INFO] [stdout]                                at /rustc/90b35a6239c3d8bdabc530a6a0816f7ff89a0aaf/library/std/src/sys/backtrace.rs:39:26
[INFO] [stdout]    4:     0x5b81d21a6c93 - core::fmt::rt::Argument::fmt::h270f6602a2b96f62
[INFO] [stdout]                                at /rustc/90b35a6239c3d8bdabc530a6a0816f7ff89a0aaf/library/core/src/fmt/rt.rs:177:76
[INFO] [stdout]    5:     0x5b81d21a6c93 - core::fmt::write::h7550c97b06c86515
[INFO] [stdout]                                at /rustc/90b35a6239c3d8bdabc530a6a0816f7ff89a0aaf/library/core/src/fmt/mod.rs:1186:21
[INFO] [stdout]    6:     0x5b81d217e7d3 - std::io::Write::write_fmt::h509ff860e5956e5e
[INFO] [stdout]                                at /rustc/90b35a6239c3d8bdabc530a6a0816f7ff89a0aaf/library/std/src/io/mod.rs:1839:15
[INFO] [stdout]    7:     0x5b81d21815f2 - std::sys::backtrace::BacktraceLock::print::h2395ccd2c84ba3aa
[INFO] [stdout]                                at /rustc/90b35a6239c3d8bdabc530a6a0816f7ff89a0aaf/library/std/src/sys/backtrace.rs:42:9
[INFO] [stdout]    8:     0x5b81d2182c0a - std::panicking::default_hook::{{closure}}::he19d4c7230e07961
[INFO] [stdout]                                at /rustc/90b35a6239c3d8bdabc530a6a0816f7ff89a0aaf/library/std/src/panicking.rs:268:22
[INFO] [stdout]    9:     0x5b81d2182a14 - std::panicking::default_hook::hf614597d3c67bbdb
[INFO] [stdout]                                at /rustc/90b35a6239c3d8bdabc530a6a0816f7ff89a0aaf/library/std/src/panicking.rs:292:9
[INFO] [stdout]   10:     0x5b81d2148d59 - <alloc::boxed::Box<F,A> as core::ops::function::Fn<Args>>::call::h39b51ce4599c23d1
[INFO] [stdout]                                at /rustc/90b35a6239c3d8bdabc530a6a0816f7ff89a0aaf/library/alloc/src/boxed.rs:2468:9
[INFO] [stdout]   11:     0x5b81d2148d59 - test::test_main::{{closure}}::he977ae839a582784
[INFO] [stdout]                                at /rustc/90b35a6239c3d8bdabc530a6a0816f7ff89a0aaf/library/test/src/lib.rs:133:21
[INFO] [stdout]   12:     0x5b81d21832a8 - <alloc::boxed::Box<F,A> as core::ops::function::Fn<Args>>::call::h9455091b6b06f9fb
[INFO] [stdout]                                at /rustc/90b35a6239c3d8bdabc530a6a0816f7ff89a0aaf/library/alloc/src/boxed.rs:2468:9
[INFO] [stdout]   13:     0x5b81d21832a8 - std::panicking::rust_panic_with_hook::h8942133a8b252070
[INFO] [stdout]                                at /rustc/90b35a6239c3d8bdabc530a6a0816f7ff89a0aaf/library/std/src/panicking.rs:809:13
[INFO] [stdout]   14:     0x5b81d218306a - std::panicking::begin_panic_handler::{{closure}}::hb5f5963570096b29
[INFO] [stdout]                                at /rustc/90b35a6239c3d8bdabc530a6a0816f7ff89a0aaf/library/std/src/panicking.rs:674:13
[INFO] [stdout]   15:     0x5b81d2181c89 - std::sys::backtrace::__rust_end_short_backtrace::h6208cedc1922feda
[INFO] [stdout]                                at /rustc/90b35a6239c3d8bdabc530a6a0816f7ff89a0aaf/library/std/src/sys/backtrace.rs:170:18
[INFO] [stdout]   16:     0x5b81d2182cfc - rust_begin_unwind
[INFO] [stdout]                                at /rustc/90b35a6239c3d8bdabc530a6a0816f7ff89a0aaf/library/std/src/panicking.rs:665:5
[INFO] [stdout]   17:     0x5b81d2109a60 - core::panicking::panic_fmt::h0c3082644d1bf418
[INFO] [stdout]                                at /rustc/90b35a6239c3d8bdabc530a6a0816f7ff89a0aaf/library/core/src/panicking.rs:74:14
[INFO] [stdout]   18:     0x5b81d2109d8b - core::panicking::assert_failed_inner::h2ddf1fcc067fa858
[INFO] [stdout]   19:     0x5b81d210e296 - core::panicking::assert_failed::ha8e9b33754350354
[INFO] [stdout]                                at /rustc/90b35a6239c3d8bdabc530a6a0816f7ff89a0aaf/library/core/src/panicking.rs:367:5
[INFO] [stdout]   20:     0x5b81d21106eb - _01::tests::test_part_two_example::he7fce4cf7c99324c
[INFO] [stdout]                                at /opt/rustwide/workdir/src/bin/01.rs:124:9
[INFO] [stdout]   21:     0x5b81d2110647 - _01::tests::test_part_two_example::{{closure}}::h3653725d1d5857b1
[INFO] [stdout]                                at /opt/rustwide/workdir/src/bin/01.rs:82:31
[INFO] [stdout]   22:     0x5b81d210d3f6 - core::ops::function::FnOnce::call_once::h07ff5ffe405fb9f7
[INFO] [stdout]                                at /rustc/90b35a6239c3d8bdabc530a6a0816f7ff89a0aaf/library/core/src/ops/function.rs:250:5
[INFO] [stdout]   23:     0x5b81d214d71b - core::ops::function::FnOnce::call_once::h109cf8051a59b34e
[INFO] [stdout]                                at /rustc/90b35a6239c3d8bdabc530a6a0816f7ff89a0aaf/library/core/src/ops/function.rs:250:5
[INFO] [stdout]   24:     0x5b81d214d71b - test::__rust_begin_short_backtrace::hf4fff89d377446ba
[INFO] [stdout]                                at /rustc/90b35a6239c3d8bdabc530a6a0816f7ff89a0aaf/library/test/src/lib.rs:621:18
[INFO] [stdout]   25:     0x5b81d214cf57 - test::run_test_in_process::{{closure}}::h0e39181dd7ee5a43
[INFO] [stdout]                                at /rustc/90b35a6239c3d8bdabc530a6a0816f7ff89a0aaf/library/test/src/lib.rs:644:60
[INFO] [stdout]   26:     0x5b81d214cf57 - <core::panic::unwind_safe::AssertUnwindSafe<F> as core::ops::function::FnOnce<()>>::call_once::hc5a66a30f0bdfd1f
[INFO] [stdout]                                at /rustc/90b35a6239c3d8bdabc530a6a0816f7ff89a0aaf/library/core/src/panic/unwind_safe.rs:272:9
[INFO] [stdout]   27:     0x5b81d214cf57 - std::panicking::try::do_call::h873b7cf639554a5e
[INFO] [stdout]                                at /rustc/90b35a6239c3d8bdabc530a6a0816f7ff89a0aaf/library/std/src/panicking.rs:557:40
[INFO] [stdout]   28:     0x5b81d214cf57 - std::panicking::try::hdb19862fad9c8bd1
[INFO] [stdout]                                at /rustc/90b35a6239c3d8bdabc530a6a0816f7ff89a0aaf/library/std/src/panicking.rs:520:19
[INFO] [stdout]   29:     0x5b81d214cf57 - std::panic::catch_unwind::h281fe732d236d260
[INFO] [stdout]                                at /rustc/90b35a6239c3d8bdabc530a6a0816f7ff89a0aaf/library/std/src/panic.rs:358:14
[INFO] [stdout]   30:     0x5b81d214cf57 - test::run_test_in_process::h949b6df8457ed338
[INFO] [stdout]                                at /rustc/90b35a6239c3d8bdabc530a6a0816f7ff89a0aaf/library/test/src/lib.rs:644:27
[INFO] [stdout]   31:     0x5b81d214cf57 - test::run_test::{{closure}}::h52c556a6d4740e10
[INFO] [stdout]                                at /rustc/90b35a6239c3d8bdabc530a6a0816f7ff89a0aaf/library/test/src/lib.rs:565:43
[INFO] [stdout]   32:     0x5b81d2112234 - test::run_test::{{closure}}::h4237f6381c45ccb9
[INFO] [stdout]                                at /rustc/90b35a6239c3d8bdabc530a6a0816f7ff89a0aaf/library/test/src/lib.rs:595:41
[INFO] [stdout]   33:     0x5b81d2112234 - std::sys::backtrace::__rust_begin_short_backtrace::h505c97a579eca628
[INFO] [stdout]                                at /rustc/90b35a6239c3d8bdabc530a6a0816f7ff89a0aaf/library/std/src/sys/backtrace.rs:154:18
[INFO] [stdout]   34:     0x5b81d21158fe - std::thread::Builder::spawn_unchecked_::{{closure}}::{{closure}}::h9e86b2e2bc107ea3
[INFO] [stdout]                                at /rustc/90b35a6239c3d8bdabc530a6a0816f7ff89a0aaf/library/std/src/thread/mod.rs:538:17
[INFO] [stdout]   35:     0x5b81d21158fe - <core::panic::unwind_safe::AssertUnwindSafe<F> as core::ops::function::FnOnce<()>>::call_once::h8b06ddb275ff4a25
[INFO] [stdout]                                at /rustc/90b35a6239c3d8bdabc530a6a0816f7ff89a0aaf/library/core/src/panic/unwind_safe.rs:272:9
[INFO] [stdout]   36:     0x5b81d21158fe - std::panicking::try::do_call::hb26ecd7cd9a9355d
[INFO] [stdout]                                at /rustc/90b35a6239c3d8bdabc530a6a0816f7ff89a0aaf/library/std/src/panicking.rs:557:40
[INFO] [stdout]   37:     0x5b81d21158fe - std::panicking::try::h8ddeca9d705f9069
[INFO] [stdout]                                at /rustc/90b35a6239c3d8bdabc530a6a0816f7ff89a0aaf/library/std/src/panicking.rs:520:19
[INFO] [stdout]   38:     0x5b81d21158fe - std::panic::catch_unwind::h49e1c33078844c46
[INFO] [stdout]                                at /rustc/90b35a6239c3d8bdabc530a6a0816f7ff89a0aaf/library/std/src/panic.rs:358:14
[INFO] [stdout]   39:     0x5b81d21158fe - std::thread::Builder::spawn_unchecked_::{{closure}}::h6073db6ff56ad35d
[INFO] [stdout]                                at /rustc/90b35a6239c3d8bdabc530a6a0816f7ff89a0aaf/library/std/src/thread/mod.rs:537:30
[INFO] [stdout]   40:     0x5b81d21158fe - core::ops::function::FnOnce::call_once{{vtable.shim}}::h2c5a5f3779c774f1
[INFO] [stdout]                                at /rustc/90b35a6239c3d8bdabc530a6a0816f7ff89a0aaf/library/core/src/ops/function.rs:250:5
[INFO] [stdout]   41:     0x5b81d2186ffb - <alloc::boxed::Box<F,A> as core::ops::function::FnOnce<Args>>::call_once::hf75717d9f28faebf
[INFO] [stdout]                                at /rustc/90b35a6239c3d8bdabc530a6a0816f7ff89a0aaf/library/alloc/src/boxed.rs:2454:9
[INFO] [stdout]   42:     0x5b81d2186ffb - <alloc::boxed::Box<F,A> as core::ops::function::FnOnce<Args>>::call_once::h7bd883a5f3c5f3c1
[INFO] [stdout]                                at /rustc/90b35a6239c3d8bdabc530a6a0816f7ff89a0aaf/library/alloc/src/boxed.rs:2454:9
[INFO] [stdout]   43:     0x5b81d2186ffb - std::sys::pal::unix::thread::Thread::new::thread_start::hcc78f3943333fa94
[INFO] [stdout]                                at /rustc/90b35a6239c3d8bdabc530a6a0816f7ff89a0aaf/library/std/src/sys/pal/unix/thread.rs:105:17
[INFO] [stdout]   44:     0x79b86a72eac3 - <unknown>
[INFO] [stdout]   45:     0x79b86a7bfa04 - clone
[INFO] [stdout]   46:                0x0 - <unknown>
[INFO] [stdout] 
[INFO] [stdout] 
[INFO] [stdout] failures:
[INFO] [stdout]     tests::test_part_one
[INFO] [stdout]     tests::test_part_two
[INFO] [stdout]     tests::test_part_two_example
[INFO] [stdout] 
[INFO] [stdout] test result: FAILED. 2 passed; 3 failed; 0 ignored; 0 measured; 0 filtered out; finished in 0.04s
[INFO] [stdout] 
[INFO] running `Command { std: "docker" "inspect" "437772ee1099ab55fae88564aa93e8f0cc71795fee8128684f5e7c84d93ebaad", kill_on_drop: false }`
[INFO] running `Command { std: "docker" "rm" "-f" "437772ee1099ab55fae88564aa93e8f0cc71795fee8128684f5e7c84d93ebaad", kill_on_drop: false }`
[INFO] [stdout] 437772ee1099ab55fae88564aa93e8f0cc71795fee8128684f5e7c84d93ebaad
