[INFO] cloning repository https://github.com/ziggornif/recursive-web-loader-rs
[INFO] running `Command { std: "git" "-c" "credential.helper=" "-c" "credential.helper=/workspace/cargo-home/bin/git-credential-null" "clone" "--bare" "https://github.com/ziggornif/recursive-web-loader-rs" "/workspace/cache/git-repos/https%3A%2F%2Fgithub.com%2Fziggornif%2Frecursive-web-loader-rs", kill_on_drop: false }`
[INFO] [stderr] Cloning into bare repository '/workspace/cache/git-repos/https%3A%2F%2Fgithub.com%2Fziggornif%2Frecursive-web-loader-rs'...
[INFO] running `Command { std: "git" "rev-parse" "HEAD", kill_on_drop: false }`
[INFO] [stdout] 24730149958158449de62b83e9133f0342c250bd
[INFO] testing ziggornif/recursive-web-loader-rs against beta-2024-12-08 for beta-1.84.0-4-retry
[INFO] running `Command { std: "git" "clone" "/workspace/cache/git-repos/https%3A%2F%2Fgithub.com%2Fziggornif%2Frecursive-web-loader-rs" "/workspace/builds/worker-4-tc2/source", kill_on_drop: false }`
[INFO] [stderr] Cloning into '/workspace/builds/worker-4-tc2/source'...
[INFO] [stderr] done.
[INFO] validating manifest of git repo https://github.com/ziggornif/recursive-web-loader-rs on toolchain beta-2024-12-08
[INFO] running `Command { std: CARGO_HOME="/workspace/cargo-home" RUSTUP_HOME="/workspace/rustup-home" "/workspace/cargo-home/bin/cargo" "+beta-2024-12-08" "metadata" "--manifest-path" "Cargo.toml" "--no-deps", kill_on_drop: false }`
[INFO] started tweaking git repo https://github.com/ziggornif/recursive-web-loader-rs
[INFO] finished tweaking git repo https://github.com/ziggornif/recursive-web-loader-rs
[INFO] tweaked toml for git repo https://github.com/ziggornif/recursive-web-loader-rs written to /workspace/builds/worker-4-tc2/source/Cargo.toml
[INFO] crate git repo https://github.com/ziggornif/recursive-web-loader-rs already has a lockfile, it will not be regenerated
[INFO] running `Command { std: CARGO_HOME="/workspace/cargo-home" RUSTUP_HOME="/workspace/rustup-home" "/workspace/cargo-home/bin/cargo" "+beta-2024-12-08" "fetch" "--manifest-path" "Cargo.toml", kill_on_drop: false }`
[INFO] running `Command { std: "docker" "create" "-v" "/var/lib/crater-agent-workspace/builds/worker-4-tc2/target:/opt/rustwide/target:rw,Z" "-v" "/var/lib/crater-agent-workspace/builds/worker-4-tc2/source:/opt/rustwide/workdir:ro,Z" "-v" "/var/lib/crater-agent-workspace/cargo-home:/opt/rustwide/cargo-home:ro,Z" "-v" "/var/lib/crater-agent-workspace/rustup-home:/opt/rustwide/rustup-home:ro,Z" "-e" "SOURCE_DIR=/opt/rustwide/workdir" "-e" "CARGO_TARGET_DIR=/opt/rustwide/target" "-e" "CARGO_HOME=/opt/rustwide/cargo-home" "-e" "RUSTUP_HOME=/opt/rustwide/rustup-home" "-w" "/opt/rustwide/workdir" "-m" "1610612736" "--user" "0:0" "--network" "none" "ghcr.io/rust-lang/crates-build-env/linux@sha256:f3a9d4ad9d972b27faf3965f35b62e55ba32bbce8f20bc8fe909558a86702fde" "/opt/rustwide/cargo-home/bin/cargo" "+beta-2024-12-08" "metadata" "--no-deps" "--format-version=1", kill_on_drop: false }`
[INFO] [stdout] d92a02c2ba9044578b573689afadc0cbbd41e76311b8268ef0acb9b930dc9742
[INFO] running `Command { std: "docker" "start" "-a" "d92a02c2ba9044578b573689afadc0cbbd41e76311b8268ef0acb9b930dc9742", kill_on_drop: false }`
[INFO] running `Command { std: "docker" "inspect" "d92a02c2ba9044578b573689afadc0cbbd41e76311b8268ef0acb9b930dc9742", kill_on_drop: false }`
[INFO] running `Command { std: "docker" "rm" "-f" "d92a02c2ba9044578b573689afadc0cbbd41e76311b8268ef0acb9b930dc9742", kill_on_drop: false }`
[INFO] [stdout] d92a02c2ba9044578b573689afadc0cbbd41e76311b8268ef0acb9b930dc9742
[INFO] running `Command { std: "docker" "create" "-v" "/var/lib/crater-agent-workspace/builds/worker-4-tc2/target:/opt/rustwide/target:rw,Z" "-v" "/var/lib/crater-agent-workspace/builds/worker-4-tc2/source:/opt/rustwide/workdir:ro,Z" "-v" "/var/lib/crater-agent-workspace/cargo-home:/opt/rustwide/cargo-home:ro,Z" "-v" "/var/lib/crater-agent-workspace/rustup-home:/opt/rustwide/rustup-home:ro,Z" "-e" "SOURCE_DIR=/opt/rustwide/workdir" "-e" "CARGO_TARGET_DIR=/opt/rustwide/target" "-e" "CARGO_INCREMENTAL=0" "-e" "RUST_BACKTRACE=full" "-e" "RUSTFLAGS=--cap-lints=warn" "-e" "RUSTDOCFLAGS=--cap-lints=warn" "-e" "CARGO_HOME=/opt/rustwide/cargo-home" "-e" "RUSTUP_HOME=/opt/rustwide/rustup-home" "-w" "/opt/rustwide/workdir" "-m" "1610612736" "--user" "0:0" "--network" "none" "ghcr.io/rust-lang/crates-build-env/linux@sha256:f3a9d4ad9d972b27faf3965f35b62e55ba32bbce8f20bc8fe909558a86702fde" "/opt/rustwide/cargo-home/bin/cargo" "+beta-2024-12-08" "build" "--frozen" "--message-format=json", kill_on_drop: false }`
[INFO] [stdout] 5d9a0fb00a234b0e73309afbac699bc720b6858bcbba8816925b51bdfc071838
[INFO] running `Command { std: "docker" "start" "-a" "5d9a0fb00a234b0e73309afbac699bc720b6858bcbba8816925b51bdfc071838", kill_on_drop: false }`
[INFO] [stderr]    Compiling proc-macro2 v1.0.83
[INFO] [stderr]    Compiling unicode-ident v1.0.12
[INFO] [stderr]    Compiling libc v0.2.155
[INFO] [stderr]    Compiling autocfg v1.3.0
[INFO] [stderr]    Compiling siphasher v0.3.11
[INFO] [stderr]    Compiling smallvec v1.13.2
[INFO] [stderr]    Compiling itoa v1.0.11
[INFO] [stderr]    Compiling once_cell v1.19.0
[INFO] [stderr]    Compiling parking_lot_core v0.9.10
[INFO] [stderr]    Compiling scopeguard v1.2.0
[INFO] [stderr]    Compiling bytes v1.6.0
[INFO] [stderr]    Compiling pin-project-lite v0.2.14
[INFO] [stderr]    Compiling log v0.4.21
[INFO] [stderr]    Compiling futures-core v0.3.30
[INFO] [stderr]    Compiling serde v1.0.202
[INFO] [stderr]    Compiling cc v1.0.98
[INFO] [stderr]    Compiling pkg-config v0.3.30
[INFO] [stderr]    Compiling vcpkg v0.2.15
[INFO] [stderr]    Compiling equivalent v1.0.1
[INFO] [stderr]    Compiling hashbrown v0.14.5
[INFO] [stderr]    Compiling futures-sink v0.3.30
[INFO] [stderr]    Compiling phf_shared v0.10.0
[INFO] [stderr]    Compiling tracing-core v0.1.32
[INFO] [stderr]    Compiling futures-task v0.3.30
[INFO] [stderr]    Compiling syn v1.0.109
[INFO] [stderr]    Compiling try-lock v0.2.5
[INFO] [stderr]    Compiling bitflags v2.5.0
[INFO] [stderr]    Compiling new_debug_unreachable v1.0.6
[INFO] [stderr]    Compiling want v0.3.1
[INFO] [stderr]    Compiling lock_api v0.4.12
[INFO] [stderr]    Compiling slab v0.4.9
[INFO] [stderr]    Compiling phf_shared v0.11.2
[INFO] [stderr]    Compiling futures-util v0.3.30
[INFO] [stderr]    Compiling http v1.1.0
[INFO] [stderr]    Compiling quote v1.0.36
[INFO] [stderr]    Compiling futures-channel v0.3.30
[INFO] [stderr]    Compiling openssl v0.10.64
[INFO] [stderr]    Compiling indexmap v2.2.6
[INFO] [stderr]    Compiling syn v2.0.65
[INFO] [stderr]    Compiling signal-hook-registry v1.4.2
[INFO] [stderr]    Compiling socket2 v0.5.7
[INFO] [stderr]    Compiling mio v0.8.11
[INFO] [stderr]    Compiling num_cpus v1.16.0
[INFO] [stderr]    Compiling getrandom v0.2.15
[INFO] [stderr]    Compiling ryu v1.0.18
[INFO] [stderr]    Compiling parking_lot v0.12.2
[INFO] [stderr]    Compiling tracing v0.1.40
[INFO] [stderr]    Compiling precomputed-hash v0.1.1
[INFO] [stderr]    Compiling percent-encoding v2.3.1
[INFO] [stderr]    Compiling mac v0.1.1
[INFO] [stderr]    Compiling atomic-waker v1.1.2
[INFO] [stderr]    Compiling tinyvec_macros v0.1.1
[INFO] [stderr]    Compiling form_urlencoded v1.2.1
[INFO] [stderr]    Compiling futf v0.1.5
[INFO] [stderr]    Compiling tinyvec v1.6.0
[INFO] [stderr]    Compiling http v0.2.12
[INFO] [stderr]    Compiling phf v0.10.1
[INFO] [stderr]    Compiling rand_core v0.6.4
[INFO] [stderr]    Compiling dtoa v1.0.9
[INFO] [stderr]    Compiling utf-8 v0.7.6
[INFO] [stderr]    Compiling memchr v2.7.2
[INFO] [stderr]    Compiling tower-layer v0.3.2
[INFO] [stderr]    Compiling serde_json v1.0.117
[INFO] [stderr]    Compiling rand_chacha v0.3.1
[INFO] [stderr]    Compiling tendril v0.4.3
[INFO] [stderr]    Compiling dtoa-short v0.3.4
[INFO] [stderr]    Compiling ahash v0.8.11
[INFO] [stderr]    Compiling unicode-bidi v0.3.15
[INFO] [stderr]    Compiling byteorder v1.5.0
[INFO] [stderr]    Compiling http-body v1.0.0
[INFO] [stderr]    Compiling rand v0.8.5
[INFO] [stderr]    Compiling openssl-sys v0.9.102
[INFO] [stderr]    Compiling aho-corasick v1.1.3
[INFO] [stderr]    Compiling regex-syntax v0.8.3
[INFO] [stderr]    Compiling servo_arc v0.3.0
[INFO] [stderr]    Compiling http-body-util v0.1.1
[INFO] [stderr]    Compiling http-body v0.4.6
[INFO] [stderr]    Compiling fxhash v0.2.1
[INFO] [stderr]    Compiling zerocopy v0.7.34
[INFO] [stderr]    Compiling rustls-pki-types v1.7.0
[INFO] [stderr]    Compiling unicode-width v0.1.12
[INFO] [stderr]    Compiling unicode-normalization v0.1.23
[INFO] [stderr]    Compiling httpdate v1.0.3
[INFO] [stderr]    Compiling base64 v0.22.1
[INFO] [stderr]    Compiling phf_generator v0.10.0
[INFO] [stderr]    Compiling phf_generator v0.11.2
[INFO] [stderr]    Compiling native-tls v0.2.11
[INFO] [stderr]    Compiling phf_codegen v0.10.0
[INFO] [stderr]    Compiling string_cache_codegen v0.5.2
[INFO] [stderr]    Compiling getopts v0.2.21
[INFO] [stderr]    Compiling string_cache v0.8.7
[INFO] [stderr]    Compiling selectors v0.25.0
[INFO] [stderr]    Compiling serde_urlencoded v0.7.1
[INFO] [stderr]    Compiling rustls-pemfile v2.1.2
[INFO] [stderr]    Compiling colored v2.1.0
[INFO] [stderr]    Compiling encoding_rs v0.8.34
[INFO] [stderr]    Compiling idna v0.5.0
[INFO] [stderr]    Compiling ipnet v2.9.0
[INFO] [stderr]    Compiling sync_wrapper v0.1.2
[INFO] [stderr]    Compiling similar v2.5.0
[INFO] [stderr]    Compiling mime v0.3.17
[INFO] [stderr]    Compiling markup5ever v0.11.0
[INFO] [stderr]    Compiling ego-tree v0.6.2
[INFO] [stderr]    Compiling assert-json-diff v2.0.2
[INFO] [stderr]    Compiling url v2.5.0
[INFO] [stderr]    Compiling regex-automata v0.4.6
[INFO] [stderr]    Compiling html5ever v0.26.0
[INFO] [stderr]    Compiling derive_more v0.99.17
[INFO] [stderr]    Compiling tokio-macros v2.2.0
[INFO] [stderr]    Compiling openssl-macros v0.1.1
[INFO] [stderr]    Compiling pin-project-internal v1.1.5
[INFO] [stderr]    Compiling phf_macros v0.11.2
[INFO] [stderr]    Compiling cssparser-macros v0.6.1
[INFO] [stderr]    Compiling tokio v1.37.0
[INFO] [stderr]    Compiling phf v0.11.2
[INFO] [stderr]    Compiling cssparser v0.31.2
[INFO] [stderr]    Compiling pin-project v1.1.5
[INFO] [stderr]    Compiling regex v1.10.4
[INFO] [stderr]    Compiling scraper v0.19.0
[INFO] [stderr]    Compiling tokio-util v0.7.11
[INFO] [stderr]    Compiling tower v0.4.13
[INFO] [stderr]    Compiling tokio-native-tls v0.3.1
[INFO] [stderr]    Compiling h2 v0.4.5
[INFO] [stderr]    Compiling h2 v0.3.26
[INFO] [stderr]    Compiling hyper v0.14.28
[INFO] [stderr]    Compiling hyper v1.3.1
[INFO] [stderr]    Compiling hyper-util v0.1.3
[INFO] [stderr]    Compiling hyper-tls v0.6.0
[INFO] [stderr]    Compiling reqwest v0.12.4
[INFO] [stderr]    Compiling mockito v1.4.0
[INFO] [stderr]    Compiling recursive-web-loader v0.1.0 (/opt/rustwide/workdir)
[INFO] [stdout] warning: fields `url`, `exclude_dirs`, `max_depth`, `timeout`, `prevent_outside`, and `client` are never read
[INFO] [stdout]   --> src/lib.rs:37:5
[INFO] [stdout]    |
[INFO] [stdout] 36 | pub struct RecursiveWebLoader {
[INFO] [stdout]    |            ------------------ fields in this struct
[INFO] [stdout] 37 |     url: String,
[INFO] [stdout]    |     ^^^
[INFO] [stdout] 38 |     exclude_dirs: Vec<String>,
[INFO] [stdout]    |     ^^^^^^^^^^^^
[INFO] [stdout] 39 |     max_depth: usize,
[INFO] [stdout]    |     ^^^^^^^^^
[INFO] [stdout] 40 |     timeout: u64,
[INFO] [stdout]    |     ^^^^^^^
[INFO] [stdout] 41 |     prevent_outside: bool,
[INFO] [stdout]    |     ^^^^^^^^^^^^^^^
[INFO] [stdout] 42 |     client: Client,
[INFO] [stdout]    |     ^^^^^^
[INFO] [stdout]    |
[INFO] [stdout]    = note: `#[warn(dead_code)]` on by default
[INFO] [stdout] 
[INFO] [stdout] 
[INFO] [stdout] warning: function `collect_text_not_in_script` is never used
[INFO] [stdout]   --> src/lib.rs:45:4
[INFO] [stdout]    |
[INFO] [stdout] 45 | fn collect_text_not_in_script(element: &ElementRef, text: &mut Vec<String>) {
[INFO] [stdout]    |    ^^^^^^^^^^^^^^^^^^^^^^^^^^
[INFO] [stdout] 
[INFO] [stdout] 
[INFO] [stdout] warning: multiple methods are never used
[INFO] [stdout]    --> src/lib.rs:71:14
[INFO] [stdout]     |
[INFO] [stdout] 59  | impl RecursiveWebLoader {
[INFO] [stdout]     | ----------------------- methods in this implementation
[INFO] [stdout] ...
[INFO] [stdout] 71  |     async fn fetch_url(&self, url: &str) -> Result<String, Box<dyn Error>> {
[INFO] [stdout]     |              ^^^^^^^^^
[INFO] [stdout] ...
[INFO] [stdout] 82  |     fn extract_metadata(&self, raw_html: &str, url: &str) -> HashMap<String, String> {
[INFO] [stdout]     |        ^^^^^^^^^^^^^^^^
[INFO] [stdout] ...
[INFO] [stdout] 109 |     fn extractor(&self, raw_html: &str) -> String {
[INFO] [stdout]     |        ^^^^^^^^^
[INFO] [stdout] ...
[INFO] [stdout] 124 |     async fn get_url_as_doc(&self, url: &str) -> Option<Document> {
[INFO] [stdout]     |              ^^^^^^^^^^^^^^
[INFO] [stdout] ...
[INFO] [stdout] 138 |     fn get_child_links(&self, html: &str, base_url: &str) -> Vec<String> {
[INFO] [stdout]     |        ^^^^^^^^^^^^^^^
[INFO] [stdout] ...
[INFO] [stdout] 175 |     fn get_child_urls_recursive<'a>(
[INFO] [stdout]     |        ^^^^^^^^^^^^^^^^^^^^^^^^
[INFO] [stdout] ...
[INFO] [stdout] 229 |     async fn load(&self) -> Vec<Document> {
[INFO] [stdout]     |              ^^^^
[INFO] [stdout] 
[INFO] [stdout] 
[INFO] [stderr]     Finished `dev` profile [unoptimized + debuginfo] target(s) in 29.86s
[INFO] running `Command { std: "docker" "inspect" "5d9a0fb00a234b0e73309afbac699bc720b6858bcbba8816925b51bdfc071838", kill_on_drop: false }`
[INFO] running `Command { std: "docker" "rm" "-f" "5d9a0fb00a234b0e73309afbac699bc720b6858bcbba8816925b51bdfc071838", kill_on_drop: false }`
[INFO] [stdout] 5d9a0fb00a234b0e73309afbac699bc720b6858bcbba8816925b51bdfc071838
[INFO] running `Command { std: "docker" "create" "-v" "/var/lib/crater-agent-workspace/builds/worker-4-tc2/target:/opt/rustwide/target:rw,Z" "-v" "/var/lib/crater-agent-workspace/builds/worker-4-tc2/source:/opt/rustwide/workdir:ro,Z" "-v" "/var/lib/crater-agent-workspace/cargo-home:/opt/rustwide/cargo-home:ro,Z" "-v" "/var/lib/crater-agent-workspace/rustup-home:/opt/rustwide/rustup-home:ro,Z" "-e" "SOURCE_DIR=/opt/rustwide/workdir" "-e" "CARGO_TARGET_DIR=/opt/rustwide/target" "-e" "CARGO_INCREMENTAL=0" "-e" "RUST_BACKTRACE=full" "-e" "RUSTFLAGS=--cap-lints=warn" "-e" "RUSTDOCFLAGS=--cap-lints=warn" "-e" "CARGO_HOME=/opt/rustwide/cargo-home" "-e" "RUSTUP_HOME=/opt/rustwide/rustup-home" "-w" "/opt/rustwide/workdir" "-m" "1610612736" "--user" "0:0" "--network" "none" "ghcr.io/rust-lang/crates-build-env/linux@sha256:f3a9d4ad9d972b27faf3965f35b62e55ba32bbce8f20bc8fe909558a86702fde" "/opt/rustwide/cargo-home/bin/cargo" "+beta-2024-12-08" "test" "--frozen" "--no-run" "--message-format=json", kill_on_drop: false }`
[INFO] [stdout] 0e17646acc8cd3c8e6c1f7a18aaa63de5bc49c3cc264b728385c0c32e1b0cb16
[INFO] running `Command { std: "docker" "start" "-a" "0e17646acc8cd3c8e6c1f7a18aaa63de5bc49c3cc264b728385c0c32e1b0cb16", kill_on_drop: false }`
[INFO] [stdout] warning: fields `url`, `exclude_dirs`, `max_depth`, `timeout`, `prevent_outside`, and `client` are never read
[INFO] [stdout]   --> src/lib.rs:37:5
[INFO] [stdout]    |
[INFO] [stdout] 36 | pub struct RecursiveWebLoader {
[INFO] [stdout]    |            ------------------ fields in this struct
[INFO] [stdout] 37 |     url: String,
[INFO] [stdout]    |     ^^^
[INFO] [stdout] 38 |     exclude_dirs: Vec<String>,
[INFO] [stdout]    |     ^^^^^^^^^^^^
[INFO] [stdout] 39 |     max_depth: usize,
[INFO] [stdout]    |     ^^^^^^^^^
[INFO] [stdout] 40 |     timeout: u64,
[INFO] [stdout]    |     ^^^^^^^
[INFO] [stdout] 41 |     prevent_outside: bool,
[INFO] [stdout]    |     ^^^^^^^^^^^^^^^
[INFO] [stdout] 42 |     client: Client,
[INFO] [stdout]    |     ^^^^^^
[INFO] [stdout]    |
[INFO] [stdout]    = note: `#[warn(dead_code)]` on by default
[INFO] [stdout] 
[INFO] [stdout] 
[INFO] [stderr]    Compiling recursive-web-loader v0.1.0 (/opt/rustwide/workdir)
[INFO] [stdout] warning: function `collect_text_not_in_script` is never used
[INFO] [stdout]   --> src/lib.rs:45:4
[INFO] [stdout]    |
[INFO] [stdout] 45 | fn collect_text_not_in_script(element: &ElementRef, text: &mut Vec<String>) {
[INFO] [stdout]    |    ^^^^^^^^^^^^^^^^^^^^^^^^^^
[INFO] [stdout] 
[INFO] [stdout] 
[INFO] [stdout] warning: multiple methods are never used
[INFO] [stdout]    --> src/lib.rs:71:14
[INFO] [stdout]     |
[INFO] [stdout] 59  | impl RecursiveWebLoader {
[INFO] [stdout]     | ----------------------- methods in this implementation
[INFO] [stdout] ...
[INFO] [stdout] 71  |     async fn fetch_url(&self, url: &str) -> Result<String, Box<dyn Error>> {
[INFO] [stdout]     |              ^^^^^^^^^
[INFO] [stdout] ...
[INFO] [stdout] 82  |     fn extract_metadata(&self, raw_html: &str, url: &str) -> HashMap<String, String> {
[INFO] [stdout]     |        ^^^^^^^^^^^^^^^^
[INFO] [stdout] ...
[INFO] [stdout] 109 |     fn extractor(&self, raw_html: &str) -> String {
[INFO] [stdout]     |        ^^^^^^^^^
[INFO] [stdout] ...
[INFO] [stdout] 124 |     async fn get_url_as_doc(&self, url: &str) -> Option<Document> {
[INFO] [stdout]     |              ^^^^^^^^^^^^^^
[INFO] [stdout] ...
[INFO] [stdout] 138 |     fn get_child_links(&self, html: &str, base_url: &str) -> Vec<String> {
[INFO] [stdout]     |        ^^^^^^^^^^^^^^^
[INFO] [stdout] ...
[INFO] [stdout] 175 |     fn get_child_urls_recursive<'a>(
[INFO] [stdout]     |        ^^^^^^^^^^^^^^^^^^^^^^^^
[INFO] [stdout] ...
[INFO] [stdout] 229 |     async fn load(&self) -> Vec<Document> {
[INFO] [stdout]     |              ^^^^
[INFO] [stdout] 
[INFO] [stdout] 
[INFO] [stdout] warning: variable `mockRoot` should have a snake case name
[INFO] [stdout]    --> src/lib.rs:266:13
[INFO] [stdout]     |
[INFO] [stdout] 266 |         let mockRoot = server
[INFO] [stdout]     |             ^^^^^^^^ help: convert the identifier to snake case: `mock_root`
[INFO] [stdout]     |
[INFO] [stdout]     = note: `#[warn(non_snake_case)]` on by default
[INFO] [stdout] 
[INFO] [stdout] 
[INFO] [stdout] warning: variable `mockSubPath` should have a snake case name
[INFO] [stdout]    --> src/lib.rs:273:13
[INFO] [stdout]     |
[INFO] [stdout] 273 |         let mockSubPath = server
[INFO] [stdout]     |             ^^^^^^^^^^^ help: convert the identifier to snake case: `mock_sub_path`
[INFO] [stdout] 
[INFO] [stdout] 
[INFO] [stderr]     Finished `test` profile [unoptimized + debuginfo] target(s) in 5.99s
[INFO] running `Command { std: "docker" "inspect" "0e17646acc8cd3c8e6c1f7a18aaa63de5bc49c3cc264b728385c0c32e1b0cb16", kill_on_drop: false }`
[INFO] running `Command { std: "docker" "rm" "-f" "0e17646acc8cd3c8e6c1f7a18aaa63de5bc49c3cc264b728385c0c32e1b0cb16", kill_on_drop: false }`
[INFO] [stdout] 0e17646acc8cd3c8e6c1f7a18aaa63de5bc49c3cc264b728385c0c32e1b0cb16
[INFO] running `Command { std: "docker" "create" "-v" "/var/lib/crater-agent-workspace/builds/worker-4-tc2/target:/opt/rustwide/target:rw,Z" "-v" "/var/lib/crater-agent-workspace/builds/worker-4-tc2/source:/opt/rustwide/workdir:ro,Z" "-v" "/var/lib/crater-agent-workspace/cargo-home:/opt/rustwide/cargo-home:ro,Z" "-v" "/var/lib/crater-agent-workspace/rustup-home:/opt/rustwide/rustup-home:ro,Z" "-e" "SOURCE_DIR=/opt/rustwide/workdir" "-e" "CARGO_TARGET_DIR=/opt/rustwide/target" "-e" "CARGO_INCREMENTAL=0" "-e" "RUST_BACKTRACE=full" "-e" "RUSTFLAGS=--cap-lints=warn" "-e" "RUSTDOCFLAGS=--cap-lints=warn" "-e" "CARGO_HOME=/opt/rustwide/cargo-home" "-e" "RUSTUP_HOME=/opt/rustwide/rustup-home" "-w" "/opt/rustwide/workdir" "-m" "1610612736" "--user" "0:0" "--network" "none" "ghcr.io/rust-lang/crates-build-env/linux@sha256:f3a9d4ad9d972b27faf3965f35b62e55ba32bbce8f20bc8fe909558a86702fde" "/opt/rustwide/cargo-home/bin/cargo" "+beta-2024-12-08" "test" "--frozen", kill_on_drop: false }`
[INFO] [stdout] 7bed946aacb010bc709608491377d14661f59f7bde981d48f6193df13b09be74
[INFO] running `Command { std: "docker" "start" "-a" "7bed946aacb010bc709608491377d14661f59f7bde981d48f6193df13b09be74", kill_on_drop: false }`
[INFO] [stderr] warning: fields `url`, `exclude_dirs`, `max_depth`, `timeout`, `prevent_outside`, and `client` are never read
[INFO] [stderr]   --> src/lib.rs:37:5
[INFO] [stderr]    |
[INFO] [stderr] 36 | pub struct RecursiveWebLoader {
[INFO] [stderr]    |            ------------------ fields in this struct
[INFO] [stderr] 37 |     url: String,
[INFO] [stderr]    |     ^^^
[INFO] [stderr] 38 |     exclude_dirs: Vec<String>,
[INFO] [stderr]    |     ^^^^^^^^^^^^
[INFO] [stderr] 39 |     max_depth: usize,
[INFO] [stderr]    |     ^^^^^^^^^
[INFO] [stderr] 40 |     timeout: u64,
[INFO] [stderr]    |     ^^^^^^^
[INFO] [stderr] 41 |     prevent_outside: bool,
[INFO] [stderr]    |     ^^^^^^^^^^^^^^^
[INFO] [stderr] 42 |     client: Client,
[INFO] [stderr]    |     ^^^^^^
[INFO] [stderr]    |
[INFO] [stderr]    = note: `#[warn(dead_code)]` on by default
[INFO] [stderr] 
[INFO] [stderr] warning: function `collect_text_not_in_script` is never used
[INFO] [stderr]   --> src/lib.rs:45:4
[INFO] [stderr]    |
[INFO] [stderr] 45 | fn collect_text_not_in_script(element: &ElementRef, text: &mut Vec<String>) {
[INFO] [stderr]    |    ^^^^^^^^^^^^^^^^^^^^^^^^^^
[INFO] [stderr] 
[INFO] [stderr] warning: multiple methods are never used
[INFO] [stderr]    --> src/lib.rs:71:14
[INFO] [stderr]     |
[INFO] [stderr] 59  | impl RecursiveWebLoader {
[INFO] [stderr]     | ----------------------- methods in this implementation
[INFO] [stderr] ...
[INFO] [stderr] 71  |     async fn fetch_url(&self, url: &str) -> Result<String, Box<dyn Error>> {
[INFO] [stderr]     |              ^^^^^^^^^
[INFO] [stderr] ...
[INFO] [stderr] 82  |     fn extract_metadata(&self, raw_html: &str, url: &str) -> HashMap<String, String> {
[INFO] [stderr]     |        ^^^^^^^^^^^^^^^^
[INFO] [stderr] ...
[INFO] [stderr] 109 |     fn extractor(&self, raw_html: &str) -> String {
[INFO] [stderr]     |        ^^^^^^^^^
[INFO] [stderr] ...
[INFO] [stderr] 124 |     async fn get_url_as_doc(&self, url: &str) -> Option<Document> {
[INFO] [stderr]     |              ^^^^^^^^^^^^^^
[INFO] [stderr] ...
[INFO] [stderr] 138 |     fn get_child_links(&self, html: &str, base_url: &str) -> Vec<String> {
[INFO] [stderr]     |        ^^^^^^^^^^^^^^^
[INFO] [stderr] ...
[INFO] [stderr] 175 |     fn get_child_urls_recursive<'a>(
[INFO] [stderr]     |        ^^^^^^^^^^^^^^^^^^^^^^^^
[INFO] [stderr] ...
[INFO] [stderr] 229 |     async fn load(&self) -> Vec<Document> {
[INFO] [stderr]     |              ^^^^
[INFO] [stderr] 
[INFO] [stderr] warning: variable `mockRoot` should have a snake case name
[INFO] [stderr]    --> src/lib.rs:266:13
[INFO] [stderr]     |
[INFO] [stderr] 266 |         let mockRoot = server
[INFO] [stderr]     |             ^^^^^^^^ help: convert the identifier to snake case: `mock_root`
[INFO] [stderr]     |
[INFO] [stderr]     = note: `#[warn(non_snake_case)]` on by default
[INFO] [stderr] 
[INFO] [stderr] warning: variable `mockSubPath` should have a snake case name
[INFO] [stderr]    --> src/lib.rs:273:13
[INFO] [stderr]     |
[INFO] [stderr] 273 |         let mockSubPath = server
[INFO] [stderr]     |             ^^^^^^^^^^^ help: convert the identifier to snake case: `mock_sub_path`
[INFO] [stderr] 
[INFO] [stderr] warning: `recursive-web-loader` (lib) generated 3 warnings
[INFO] [stderr] warning: `recursive-web-loader` (lib test) generated 2 warnings
[INFO] [stderr]     Finished `test` profile [unoptimized + debuginfo] target(s) in 0.39s
[INFO] [stderr]      Running unittests src/lib.rs (/opt/rustwide/target/debug/deps/recursive_web_loader-393a3070bfbaaf1e)
[INFO] [stdout] 
[INFO] [stdout] running 2 tests
[INFO] [stdout] test tests::it_works ... ok
[INFO] [stdout] test tests::new_recursive_web_loader ... FAILED
[INFO] [stdout] 
[INFO] [stdout] failures:
[INFO] [stdout] 
[INFO] [stdout] ---- tests::new_recursive_web_loader stdout ----
[INFO] [stdout] [Document { page_content: "Hello World foobarbaz", metadata: {"source": "http://127.0.0.1:41009"} }, Document { page_content: "Hi from sub path", metadata: {"source": "http://127.0.0.1:41009/sub"} }]
[INFO] [stdout] thread 'tests::new_recursive_web_loader' panicked at src/lib.rs:286:18:
[INFO] [stdout] 
[INFO] [stdout] > Expected 1 request(s) to:
[INFO] [stdout] 
[INFO] [stdout] GET /
[INFO] [stdout] 
[INFO] [stdout] ...but received 2
[INFO] [stdout] 
[INFO] [stdout] 
[INFO] [stdout] stack backtrace:
[INFO] [stdout]    0:     0x64c5568f73fa - std::backtrace_rs::backtrace::libunwind::trace::h8810477743020387
[INFO] [stdout]                                at /rustc/202008a1b8de96d2e5b6bc02d379db03a877d34d/library/std/src/../../backtrace/src/backtrace/libunwind.rs:116:5
[INFO] [stdout]    1:     0x64c5568f73fa - std::backtrace_rs::backtrace::trace_unsynchronized::h3aa55355dd6c54a6
[INFO] [stdout]                                at /rustc/202008a1b8de96d2e5b6bc02d379db03a877d34d/library/std/src/../../backtrace/src/backtrace/mod.rs:66:5
[INFO] [stdout]    2:     0x64c5568f73fa - std::sys::backtrace::_print_fmt::h8588b0f62410823f
[INFO] [stdout]                                at /rustc/202008a1b8de96d2e5b6bc02d379db03a877d34d/library/std/src/sys/backtrace.rs:66:9
[INFO] [stdout]    3:     0x64c5568f73fa - <std::sys::backtrace::BacktraceLock::print::DisplayBacktrace as core::fmt::Display>::fmt::h98c26ac25ffe89bb
[INFO] [stdout]                                at /rustc/202008a1b8de96d2e5b6bc02d379db03a877d34d/library/std/src/sys/backtrace.rs:39:26
[INFO] [stdout]    4:     0x64c556921c83 - core::fmt::rt::Argument::fmt::hf95377f4aebd453b
[INFO] [stdout]                                at /rustc/202008a1b8de96d2e5b6bc02d379db03a877d34d/library/core/src/fmt/rt.rs:177:76
[INFO] [stdout]    5:     0x64c556921c83 - core::fmt::write::h0dd5f6e2238c7982
[INFO] [stdout]                                at /rustc/202008a1b8de96d2e5b6bc02d379db03a877d34d/library/core/src/fmt/mod.rs:1189:21
[INFO] [stdout]    6:     0x64c5568f39e3 - std::io::Write::write_fmt::h03bb0ca26e6faf8c
[INFO] [stdout]                                at /rustc/202008a1b8de96d2e5b6bc02d379db03a877d34d/library/std/src/io/mod.rs:1884:15
[INFO] [stdout]    7:     0x64c5568f7242 - std::sys::backtrace::BacktraceLock::print::h5c19c1c038ee186d
[INFO] [stdout]                                at /rustc/202008a1b8de96d2e5b6bc02d379db03a877d34d/library/std/src/sys/backtrace.rs:42:9
[INFO] [stdout]    8:     0x64c5568f887d - std::panicking::default_hook::{{closure}}::h77172f079a1fcb13
[INFO] [stdout]                                at /rustc/202008a1b8de96d2e5b6bc02d379db03a877d34d/library/std/src/panicking.rs:268:22
[INFO] [stdout]    9:     0x64c5568f8687 - std::panicking::default_hook::he5f8e3b203ccddba
[INFO] [stdout]                                at /rustc/202008a1b8de96d2e5b6bc02d379db03a877d34d/library/std/src/panicking.rs:292:9
[INFO] [stdout]   10:     0x64c556104fb7 - <alloc::boxed::Box<F,A> as core::ops::function::Fn<Args>>::call::h7a3c7b4a1ae77f2f
[INFO] [stdout]                                at /rustc/202008a1b8de96d2e5b6bc02d379db03a877d34d/library/alloc/src/boxed.rs:1986:9
[INFO] [stdout]   11:     0x64c556104fb7 - test::test_main::{{closure}}::hf0d3b69ae9b353d1
[INFO] [stdout]                                at /rustc/202008a1b8de96d2e5b6bc02d379db03a877d34d/library/test/src/lib.rs:134:21
[INFO] [stdout]   12:     0x64c5568f8f28 - <alloc::boxed::Box<F,A> as core::ops::function::Fn<Args>>::call::h6332e82e7b189abd
[INFO] [stdout]                                at /rustc/202008a1b8de96d2e5b6bc02d379db03a877d34d/library/alloc/src/boxed.rs:1986:9
[INFO] [stdout]   13:     0x64c5568f8f28 - std::panicking::rust_panic_with_hook::h53863d4e9018df39
[INFO] [stdout]                                at /rustc/202008a1b8de96d2e5b6bc02d379db03a877d34d/library/std/src/panicking.rs:809:13
[INFO] [stdout]   14:     0x64c5568f8cea - std::panicking::begin_panic_handler::{{closure}}::h67280e6fa0757873
[INFO] [stdout]                                at /rustc/202008a1b8de96d2e5b6bc02d379db03a877d34d/library/std/src/panicking.rs:674:13
[INFO] [stdout]   15:     0x64c5568f78d9 - std::sys::backtrace::__rust_end_short_backtrace::h1dac3f54d6fbbeb2
[INFO] [stdout]                                at /rustc/202008a1b8de96d2e5b6bc02d379db03a877d34d/library/std/src/sys/backtrace.rs:170:18
[INFO] [stdout]   16:     0x64c5568f897c - rust_begin_unwind
[INFO] [stdout]                                at /rustc/202008a1b8de96d2e5b6bc02d379db03a877d34d/library/std/src/panicking.rs:665:5
[INFO] [stdout]   17:     0x64c555d65360 - core::panicking::panic_fmt::h6792bd1b2bf01041
[INFO] [stdout]                                at /rustc/202008a1b8de96d2e5b6bc02d379db03a877d34d/library/core/src/panicking.rs:76:14
[INFO] [stdout]   18:     0x64c555e5a1f3 - core::panicking::panic_display::h036595fce71b49c8
[INFO] [stdout]                                at /rustc/202008a1b8de96d2e5b6bc02d379db03a877d34d/library/core/src/panicking.rs:269:5
[INFO] [stdout]   19:     0x64c555db0d4e - mockito::mock::Mock::assert::panic_cold_display::he226e7d29d63c143
[INFO] [stdout]                                at /rustc/202008a1b8de96d2e5b6bc02d379db03a877d34d/library/core/src/panic.rs:100:13
[INFO] [stdout]   20:     0x64c555daf2fc - mockito::mock::Mock::assert::h514169689fbe43a8
[INFO] [stdout]                                at /opt/rustwide/cargo-home/registry/src/index.crates.io-6f17d22bba15001f/mockito-1.4.0/src/mock.rs:510:13
[INFO] [stdout]   21:     0x64c555d748f7 - recursive_web_loader::tests::new_recursive_web_loader::{{closure}}::he4402c7dd9f7b5ff
[INFO] [stdout]                                at /opt/rustwide/workdir/src/lib.rs:286:9
[INFO] [stdout]   22:     0x64c555d80ea2 - <core::pin::Pin<P> as core::future::future::Future>::poll::h2f7072055779d2ca
[INFO] [stdout]                                at /rustc/202008a1b8de96d2e5b6bc02d379db03a877d34d/library/core/src/future/future.rs:124:9
[INFO] [stdout]   23:     0x64c555d80edd - <core::pin::Pin<P> as core::future::future::Future>::poll::h7398cd6fd025977d
[INFO] [stdout]                                at /rustc/202008a1b8de96d2e5b6bc02d379db03a877d34d/library/core/src/future/future.rs:124:9
[INFO] [stdout]   24:     0x64c555d7ae8f - tokio::runtime::scheduler::current_thread::CoreGuard::block_on::{{closure}}::{{closure}}::{{closure}}::h5c252fb2257f79a7
[INFO] [stdout]                                at /opt/rustwide/cargo-home/registry/src/index.crates.io-6f17d22bba15001f/tokio-1.37.0/src/runtime/scheduler/current_thread/mod.rs:659:57
[INFO] [stdout]   25:     0x64c555d7add5 - tokio::runtime::coop::with_budget::he6156f4fb81ea9ec
[INFO] [stdout]                                at /opt/rustwide/cargo-home/registry/src/index.crates.io-6f17d22bba15001f/tokio-1.37.0/src/runtime/coop.rs:107:5
[INFO] [stdout]   26:     0x64c555d7add5 - tokio::runtime::coop::budget::h56a80e41a5c19116
[INFO] [stdout]                                at /opt/rustwide/cargo-home/registry/src/index.crates.io-6f17d22bba15001f/tokio-1.37.0/src/runtime/coop.rs:73:5
[INFO] [stdout]   27:     0x64c555d7add5 - tokio::runtime::scheduler::current_thread::CoreGuard::block_on::{{closure}}::{{closure}}::heb63c6d5b90ee971
[INFO] [stdout]                                at /opt/rustwide/cargo-home/registry/src/index.crates.io-6f17d22bba15001f/tokio-1.37.0/src/runtime/scheduler/current_thread/mod.rs:659:25
[INFO] [stdout]   28:     0x64c555d79b70 - tokio::runtime::scheduler::current_thread::Context::enter::h0e86954106130928
[INFO] [stdout]                                at /opt/rustwide/cargo-home/registry/src/index.crates.io-6f17d22bba15001f/tokio-1.37.0/src/runtime/scheduler/current_thread/mod.rs:404:19
[INFO] [stdout]   29:     0x64c555d7a62e - tokio::runtime::scheduler::current_thread::CoreGuard::block_on::{{closure}}::h53741e271baf8cc8
[INFO] [stdout]                                at /opt/rustwide/cargo-home/registry/src/index.crates.io-6f17d22bba15001f/tokio-1.37.0/src/runtime/scheduler/current_thread/mod.rs:658:36
[INFO] [stdout]   30:     0x64c555d7a3a4 - tokio::runtime::scheduler::current_thread::CoreGuard::enter::{{closure}}::h17edda8fcb4e402c
[INFO] [stdout]                                at /opt/rustwide/cargo-home/registry/src/index.crates.io-6f17d22bba15001f/tokio-1.37.0/src/runtime/scheduler/current_thread/mod.rs:737:68
[INFO] [stdout]   31:     0x64c555d801bb - tokio::runtime::context::scoped::Scoped<T>::set::h068d13ef747ba982
[INFO] [stdout]                                at /opt/rustwide/cargo-home/registry/src/index.crates.io-6f17d22bba15001f/tokio-1.37.0/src/runtime/context/scoped.rs:40:9
[INFO] [stdout]   32:     0x64c555d725f9 - tokio::runtime::context::set_scheduler::{{closure}}::he7dcb13c073850c0
[INFO] [stdout]                                at /opt/rustwide/cargo-home/registry/src/index.crates.io-6f17d22bba15001f/tokio-1.37.0/src/runtime/context.rs:176:26
[INFO] [stdout]   33:     0x64c555d76add - std::thread::local::LocalKey<T>::try_with::hb7627bd9d6499388
[INFO] [stdout]                                at /rustc/202008a1b8de96d2e5b6bc02d379db03a877d34d/library/std/src/thread/local.rs:283:12
[INFO] [stdout]   34:     0x64c555d7658a - std::thread::local::LocalKey<T>::with::ha93542202c5e3233
[INFO] [stdout]                                at /rustc/202008a1b8de96d2e5b6bc02d379db03a877d34d/library/std/src/thread/local.rs:260:9
[INFO] [stdout]   35:     0x64c555d725ad - tokio::runtime::context::set_scheduler::h435891f9d2c26f15
[INFO] [stdout]                                at /opt/rustwide/cargo-home/registry/src/index.crates.io-6f17d22bba15001f/tokio-1.37.0/src/runtime/context.rs:176:9
[INFO] [stdout]   36:     0x64c555d7a150 - tokio::runtime::scheduler::current_thread::CoreGuard::enter::h1aa3980d3de11599
[INFO] [stdout]                                at /opt/rustwide/cargo-home/registry/src/index.crates.io-6f17d22bba15001f/tokio-1.37.0/src/runtime/scheduler/current_thread/mod.rs:737:27
[INFO] [stdout]   37:     0x64c555d7a3c3 - tokio::runtime::scheduler::current_thread::CoreGuard::block_on::hcebb9fe59948502e
[INFO] [stdout]                                at /opt/rustwide/cargo-home/registry/src/index.crates.io-6f17d22bba15001f/tokio-1.37.0/src/runtime/scheduler/current_thread/mod.rs:646:19
[INFO] [stdout]   38:     0x64c555d793bd - tokio::runtime::scheduler::current_thread::CurrentThread::block_on::{{closure}}::haca2743e38557360
[INFO] [stdout]                                at /opt/rustwide/cargo-home/registry/src/index.crates.io-6f17d22bba15001f/tokio-1.37.0/src/runtime/scheduler/current_thread/mod.rs:175:28
[INFO] [stdout]   39:     0x64c555d80336 - tokio::runtime::context::runtime::enter_runtime::h8e77f09a4455b626
[INFO] [stdout]                                at /opt/rustwide/cargo-home/registry/src/index.crates.io-6f17d22bba15001f/tokio-1.37.0/src/runtime/context/runtime.rs:65:16
[INFO] [stdout]   40:     0x64c555d792d1 - tokio::runtime::scheduler::current_thread::CurrentThread::block_on::hd6d7b70bdc8b92e3
[INFO] [stdout]                                at /opt/rustwide/cargo-home/registry/src/index.crates.io-6f17d22bba15001f/tokio-1.37.0/src/runtime/scheduler/current_thread/mod.rs:167:9
[INFO] [stdout]   41:     0x64c555d80a0d - tokio::runtime::runtime::Runtime::block_on::h4a922a58db3726c0
[INFO] [stdout]                                at /opt/rustwide/cargo-home/registry/src/index.crates.io-6f17d22bba15001f/tokio-1.37.0/src/runtime/runtime.rs:349:47
[INFO] [stdout]   42:     0x64c555d740b1 - recursive_web_loader::tests::new_recursive_web_loader::hdb931983c506dd3a
[INFO] [stdout]                                at /opt/rustwide/workdir/src/lib.rs:287:9
[INFO] [stdout]   43:     0x64c555d73f47 - recursive_web_loader::tests::new_recursive_web_loader::{{closure}}::h8e9f783e0739d2b2
[INFO] [stdout]                                at /opt/rustwide/workdir/src/lib.rs:261:40
[INFO] [stdout]   44:     0x64c555d664a6 - core::ops::function::FnOnce::call_once::hff35081c31215e95
[INFO] [stdout]                                at /rustc/202008a1b8de96d2e5b6bc02d379db03a877d34d/library/core/src/ops/function.rs:250:5
[INFO] [stdout]   45:     0x64c556109adb - core::ops::function::FnOnce::call_once::h871bf86719ec9aa4
[INFO] [stdout]                                at /rustc/202008a1b8de96d2e5b6bc02d379db03a877d34d/library/core/src/ops/function.rs:250:5
[INFO] [stdout]   46:     0x64c556109adb - test::__rust_begin_short_backtrace::h2167df1e2b7d76fd
[INFO] [stdout]                                at /rustc/202008a1b8de96d2e5b6bc02d379db03a877d34d/library/test/src/lib.rs:632:18
[INFO] [stdout]   47:     0x64c5561094c8 - test::run_test_in_process::{{closure}}::h15d92f75a3adfb79
[INFO] [stdout]                                at /rustc/202008a1b8de96d2e5b6bc02d379db03a877d34d/library/test/src/lib.rs:655:60
[INFO] [stdout]   48:     0x64c5561094c8 - <core::panic::unwind_safe::AssertUnwindSafe<F> as core::ops::function::FnOnce<()>>::call_once::hb6c8955835a8dbbb
[INFO] [stdout]                                at /rustc/202008a1b8de96d2e5b6bc02d379db03a877d34d/library/core/src/panic/unwind_safe.rs:272:9
[INFO] [stdout]   49:     0x64c5561094c8 - std::panicking::try::do_call::hc79d0fc888a0bd30
[INFO] [stdout]                                at /rustc/202008a1b8de96d2e5b6bc02d379db03a877d34d/library/std/src/panicking.rs:557:40
[INFO] [stdout]   50:     0x64c5561094c8 - std::panicking::try::hb8a7878e3a8589d6
[INFO] [stdout]                                at /rustc/202008a1b8de96d2e5b6bc02d379db03a877d34d/library/std/src/panicking.rs:520:19
[INFO] [stdout]   51:     0x64c5561094c8 - std::panic::catch_unwind::hb8e4600ff0ff5cfa
[INFO] [stdout]                                at /rustc/202008a1b8de96d2e5b6bc02d379db03a877d34d/library/std/src/panic.rs:358:14
[INFO] [stdout]   52:     0x64c5561094c8 - test::run_test_in_process::hc2900b0b18688dd6
[INFO] [stdout]                                at /rustc/202008a1b8de96d2e5b6bc02d379db03a877d34d/library/test/src/lib.rs:655:27
[INFO] [stdout]   53:     0x64c5561094c8 - test::run_test::{{closure}}::hac2a9cb07be3d48d
[INFO] [stdout]                                at /rustc/202008a1b8de96d2e5b6bc02d379db03a877d34d/library/test/src/lib.rs:576:43
[INFO] [stdout]   54:     0x64c5560ccf6a - test::run_test::{{closure}}::h4a5b729e66a38cd8
[INFO] [stdout]                                at /rustc/202008a1b8de96d2e5b6bc02d379db03a877d34d/library/test/src/lib.rs:606:41
[INFO] [stdout]   55:     0x64c5560ccf6a - std::sys::backtrace::__rust_begin_short_backtrace::h0496fb742492f573
[INFO] [stdout]                                at /rustc/202008a1b8de96d2e5b6bc02d379db03a877d34d/library/std/src/sys/backtrace.rs:154:18
[INFO] [stdout]   56:     0x64c5560d08e4 - std::thread::Builder::spawn_unchecked_::{{closure}}::{{closure}}::hbb6d257c550a54bd
[INFO] [stdout]                                at /rustc/202008a1b8de96d2e5b6bc02d379db03a877d34d/library/std/src/thread/mod.rs:561:17
[INFO] [stdout]   57:     0x64c5560d08e4 - <core::panic::unwind_safe::AssertUnwindSafe<F> as core::ops::function::FnOnce<()>>::call_once::h46696fe4a6832328
[INFO] [stdout]                                at /rustc/202008a1b8de96d2e5b6bc02d379db03a877d34d/library/core/src/panic/unwind_safe.rs:272:9
[INFO] [stdout]   58:     0x64c5560d08e4 - std::panicking::try::do_call::h2625a51b667bfb64
[INFO] [stdout]                                at /rustc/202008a1b8de96d2e5b6bc02d379db03a877d34d/library/std/src/panicking.rs:557:40
[INFO] [stdout]   59:     0x64c5560d08e4 - std::panicking::try::hb956a59a1973aa4c
[INFO] [stdout]                                at /rustc/202008a1b8de96d2e5b6bc02d379db03a877d34d/library/std/src/panicking.rs:520:19
[INFO] [stdout]   60:     0x64c5560d08e4 - std::panic::catch_unwind::h64f3b9d1067ef6a0
[INFO] [stdout]                                at /rustc/202008a1b8de96d2e5b6bc02d379db03a877d34d/library/std/src/panic.rs:358:14
[INFO] [stdout]   61:     0x64c5560d08e4 - std::thread::Builder::spawn_unchecked_::{{closure}}::h42b2841295b6c0b2
[INFO] [stdout]                                at /rustc/202008a1b8de96d2e5b6bc02d379db03a877d34d/library/std/src/thread/mod.rs:559:30
[INFO] [stdout]   62:     0x64c5560d08e4 - core::ops::function::FnOnce::call_once{{vtable.shim}}::h6127de71b8124639
[INFO] [stdout]                                at /rustc/202008a1b8de96d2e5b6bc02d379db03a877d34d/library/core/src/ops/function.rs:250:5
[INFO] [stdout]   63:     0x64c5568fd3db - <alloc::boxed::Box<F,A> as core::ops::function::FnOnce<Args>>::call_once::h42f0ba71002a1b2c
[INFO] [stdout]                                at /rustc/202008a1b8de96d2e5b6bc02d379db03a877d34d/library/alloc/src/boxed.rs:1972:9
[INFO] [stdout]   64:     0x64c5568fd3db - <alloc::boxed::Box<F,A> as core::ops::function::FnOnce<Args>>::call_once::had9e47d7a3dcecb8
[INFO] [stdout]                                at /rustc/202008a1b8de96d2e5b6bc02d379db03a877d34d/library/alloc/src/boxed.rs:1972:9
[INFO] [stdout]   65:     0x64c5568fd3db - std::sys::pal::unix::thread::Thread::new::thread_start::h48cf765408f6f5f2
[INFO] [stdout]                                at /rustc/202008a1b8de96d2e5b6bc02d379db03a877d34d/library/std/src/sys/pal/unix/thread.rs:105:17
[INFO] [stdout]   66:     0x7d3e4f818ac3 - <unknown>
[INFO] [stdout]   67:     0x7d3e4f8a9a04 - clone
[INFO] [stdout]   68:                0x0 - <unknown>
[INFO] [stdout] 
[INFO] [stdout] 
[INFO] [stdout] failures:
[INFO] [stdout]     tests::new_recursive_web_loader
[INFO] [stdout] 
[INFO] [stdout] test result: FAILED. 1 passed; 1 failed; 0 ignored; 0 measured; 0 filtered out; finished in 0.18s
[INFO] [stdout] 
[INFO] [stderr] error: test failed, to rerun pass `--lib`
[INFO] running `Command { std: "docker" "inspect" "7bed946aacb010bc709608491377d14661f59f7bde981d48f6193df13b09be74", kill_on_drop: false }`
[INFO] running `Command { std: "docker" "rm" "-f" "7bed946aacb010bc709608491377d14661f59f7bde981d48f6193df13b09be74", kill_on_drop: false }`
[INFO] [stdout] 7bed946aacb010bc709608491377d14661f59f7bde981d48f6193df13b09be74
