[INFO] cloning repository https://github.com/zhang722/sbars
[INFO] running `Command { std: "git" "-c" "credential.helper=" "-c" "credential.helper=/workspace/cargo-home/bin/git-credential-null" "clone" "--bare" "https://github.com/zhang722/sbars" "/workspace/cache/git-repos/https%3A%2F%2Fgithub.com%2Fzhang722%2Fsbars", kill_on_drop: false }`
[INFO] [stderr] Cloning into bare repository '/workspace/cache/git-repos/https%3A%2F%2Fgithub.com%2Fzhang722%2Fsbars'...
[INFO] running `Command { std: "git" "rev-parse" "HEAD", kill_on_drop: false }`
[INFO] [stdout] 3ba766615e748a5491f0c8dae95a54ced13440af
[INFO] testing zhang722/sbars against 1.83.0 for beta-1.84.0-4-retry
[INFO] running `Command { std: "git" "clone" "/workspace/cache/git-repos/https%3A%2F%2Fgithub.com%2Fzhang722%2Fsbars" "/workspace/builds/worker-7-tc1/source", kill_on_drop: false }`
[INFO] [stderr] Cloning into '/workspace/builds/worker-7-tc1/source'...
[INFO] [stderr] done.
[INFO] validating manifest of git repo https://github.com/zhang722/sbars on toolchain 1.83.0
[INFO] running `Command { std: CARGO_HOME="/workspace/cargo-home" RUSTUP_HOME="/workspace/rustup-home" "/workspace/cargo-home/bin/cargo" "+1.83.0" "metadata" "--manifest-path" "Cargo.toml" "--no-deps", kill_on_drop: false }`
[INFO] started tweaking git repo https://github.com/zhang722/sbars
[INFO] finished tweaking git repo https://github.com/zhang722/sbars
[INFO] tweaked toml for git repo https://github.com/zhang722/sbars written to /workspace/builds/worker-7-tc1/source/Cargo.toml
[INFO] crate git repo https://github.com/zhang722/sbars already has a lockfile, it will not be regenerated
[INFO] running `Command { std: CARGO_HOME="/workspace/cargo-home" RUSTUP_HOME="/workspace/rustup-home" "/workspace/cargo-home/bin/cargo" "+1.83.0" "fetch" "--manifest-path" "Cargo.toml", kill_on_drop: false }`
[INFO] running `Command { std: "docker" "create" "-v" "/var/lib/crater-agent-workspace/builds/worker-7-tc1/target:/opt/rustwide/target:rw,Z" "-v" "/var/lib/crater-agent-workspace/builds/worker-7-tc1/source:/opt/rustwide/workdir:ro,Z" "-v" "/var/lib/crater-agent-workspace/cargo-home:/opt/rustwide/cargo-home:ro,Z" "-v" "/var/lib/crater-agent-workspace/rustup-home:/opt/rustwide/rustup-home:ro,Z" "-e" "SOURCE_DIR=/opt/rustwide/workdir" "-e" "CARGO_TARGET_DIR=/opt/rustwide/target" "-e" "CARGO_HOME=/opt/rustwide/cargo-home" "-e" "RUSTUP_HOME=/opt/rustwide/rustup-home" "-w" "/opt/rustwide/workdir" "-m" "1610612736" "--user" "0:0" "--network" "none" "ghcr.io/rust-lang/crates-build-env/linux@sha256:f3a9d4ad9d972b27faf3965f35b62e55ba32bbce8f20bc8fe909558a86702fde" "/opt/rustwide/cargo-home/bin/cargo" "+1.83.0" "metadata" "--no-deps" "--format-version=1", kill_on_drop: false }`
[INFO] [stdout] 6d4319224c9da44dd8a3db1bd6faf5b1de75c529d563c74ce2db4ecd69f06db8
[INFO] running `Command { std: "docker" "start" "-a" "6d4319224c9da44dd8a3db1bd6faf5b1de75c529d563c74ce2db4ecd69f06db8", kill_on_drop: false }`
[INFO] running `Command { std: "docker" "inspect" "6d4319224c9da44dd8a3db1bd6faf5b1de75c529d563c74ce2db4ecd69f06db8", kill_on_drop: false }`
[INFO] running `Command { std: "docker" "rm" "-f" "6d4319224c9da44dd8a3db1bd6faf5b1de75c529d563c74ce2db4ecd69f06db8", kill_on_drop: false }`
[INFO] [stdout] 6d4319224c9da44dd8a3db1bd6faf5b1de75c529d563c74ce2db4ecd69f06db8
[INFO] running `Command { std: "docker" "create" "-v" "/var/lib/crater-agent-workspace/builds/worker-7-tc1/target:/opt/rustwide/target:rw,Z" "-v" "/var/lib/crater-agent-workspace/builds/worker-7-tc1/source:/opt/rustwide/workdir:ro,Z" "-v" "/var/lib/crater-agent-workspace/cargo-home:/opt/rustwide/cargo-home:ro,Z" "-v" "/var/lib/crater-agent-workspace/rustup-home:/opt/rustwide/rustup-home:ro,Z" "-e" "SOURCE_DIR=/opt/rustwide/workdir" "-e" "CARGO_TARGET_DIR=/opt/rustwide/target" "-e" "CARGO_INCREMENTAL=0" "-e" "RUST_BACKTRACE=full" "-e" "RUSTFLAGS=--cap-lints=warn" "-e" "RUSTDOCFLAGS=--cap-lints=warn" "-e" "CARGO_HOME=/opt/rustwide/cargo-home" "-e" "RUSTUP_HOME=/opt/rustwide/rustup-home" "-w" "/opt/rustwide/workdir" "-m" "1610612736" "--user" "0:0" "--network" "none" "ghcr.io/rust-lang/crates-build-env/linux@sha256:f3a9d4ad9d972b27faf3965f35b62e55ba32bbce8f20bc8fe909558a86702fde" "/opt/rustwide/cargo-home/bin/cargo" "+1.83.0" "build" "--frozen" "--message-format=json", kill_on_drop: false }`
[INFO] [stdout] 3646d98de13795e6b3dfd8b69c347640b75fd3b2ddea086e75cc48565afa38b0
[INFO] running `Command { std: "docker" "start" "-a" "3646d98de13795e6b3dfd8b69c347640b75fd3b2ddea086e75cc48565afa38b0", kill_on_drop: false }`
[INFO] [stderr]    Compiling autocfg v1.1.0
[INFO] [stderr]    Compiling proc-macro2 v1.0.59
[INFO] [stderr]    Compiling quote v1.0.28
[INFO] [stderr]    Compiling unicode-ident v1.0.9
[INFO] [stderr]    Compiling serde v1.0.163
[INFO] [stderr]    Compiling version_check v0.9.4
[INFO] [stderr]    Compiling cfg-if v1.0.0
[INFO] [stderr]    Compiling libc v0.2.146
[INFO] [stderr]    Compiling io-lifetimes v1.0.11
[INFO] [stderr]    Compiling itoa v1.0.6
[INFO] [stderr]    Compiling semver v1.0.17
[INFO] [stderr]    Compiling ryu v1.0.13
[INFO] [stderr]    Compiling bitflags v1.3.2
[INFO] [stderr]    Compiling rustix v0.37.20
[INFO] [stderr]    Compiling serde_json v1.0.96
[INFO] [stderr]    Compiling memchr v2.5.0
[INFO] [stderr]    Compiling camino v1.1.4
[INFO] [stderr]    Compiling pulldown-cmark v0.9.3
[INFO] [stderr]    Compiling linux-raw-sys v0.3.8
[INFO] [stderr]    Compiling fastrand v1.9.0
[INFO] [stderr]    Compiling unicase v2.6.0
[INFO] [stderr]    Compiling error-chain v0.12.4
[INFO] [stderr]    Compiling same-file v1.0.6
[INFO] [stderr]    Compiling bytemuck v1.13.1
[INFO] [stderr]    Compiling bytecount v0.6.3
[INFO] [stderr]    Compiling glob v0.3.1
[INFO] [stderr]    Compiling paste v1.0.12
[INFO] [stderr]    Compiling walkdir v2.3.3
[INFO] [stderr]    Compiling syn v1.0.109
[INFO] [stderr]    Compiling num-traits v0.2.15
[INFO] [stderr]    Compiling tempfile v3.6.0
[INFO] [stderr]    Compiling num-integer v0.1.45
[INFO] [stderr]    Compiling safe_arch v0.6.0
[INFO] [stderr]    Compiling matrixmultiply v0.3.7
[INFO] [stderr]    Compiling num-rational v0.4.1
[INFO] [stderr]    Compiling peg-runtime v0.6.3
[INFO] [stderr]    Compiling typenum v1.16.0
[INFO] [stderr]    Compiling wide v0.7.9
[INFO] [stderr]    Compiling ppv-lite86 v0.2.17
[INFO] [stderr]    Compiling rawpointer v0.2.1
[INFO] [stderr]    Compiling byteorder v1.4.3
[INFO] [stderr]    Compiling syn v2.0.18
[INFO] [stderr]    Compiling getrandom v0.2.10
[INFO] [stderr]    Compiling linked-hash-map v0.5.6
[INFO] [stderr]    Compiling peg-macros v0.6.3
[INFO] [stderr]    Compiling rand_core v0.6.4
[INFO] [stderr]    Compiling approx v0.5.1
[INFO] [stderr]    Compiling num-complex v0.4.3
[INFO] [stderr]    Compiling rand_chacha v0.3.1
[INFO] [stderr]    Compiling rand v0.8.5
[INFO] [stderr]    Compiling simba v0.8.1
[INFO] [stderr]    Compiling peg v0.6.3
[INFO] [stderr]    Compiling serde_derive v1.0.163
[INFO] [stderr]    Compiling nalgebra-macros v0.2.0
[INFO] [stderr]    Compiling nalgebra v0.32.2
[INFO] [stderr]    Compiling cargo-platform v0.1.2
[INFO] [stderr]    Compiling cargo_metadata v0.14.2
[INFO] [stderr]    Compiling skeptic v0.13.7
[INFO] [stderr]    Compiling ply-rs v0.1.3
[INFO] [stderr]    Compiling sbars v0.1.0 (/opt/rustwide/workdir)
[INFO] [stdout] warning: unused import: `crate::linear_solver::*`
[INFO] [stdout]  --> src/load.rs:6:5
[INFO] [stdout]   |
[INFO] [stdout] 6 | use crate::linear_solver::*;
[INFO] [stdout]   |     ^^^^^^^^^^^^^^^^^^^^^^^
[INFO] [stdout]   |
[INFO] [stdout]   = note: `#[warn(unused_imports)]` on by default
[INFO] [stdout] 
[INFO] [stdout] 
[INFO] [stdout] warning: unused import: `self`
[INFO] [stdout]  --> src/ba_problem.rs:2:15
[INFO] [stdout]   |
[INFO] [stdout] 2 | use std::io::{self, prelude::*, BufReader};
[INFO] [stdout]   |               ^^^^
[INFO] [stdout] 
[INFO] [stdout] 
[INFO] [stdout] warning: unused import: `std::io::prelude::*`
[INFO] [stdout]    --> src/ba_problem.rs:391:5
[INFO] [stdout]     |
[INFO] [stdout] 391 | use std::io::prelude::*;
[INFO] [stdout]     |     ^^^^^^^^^^^^^^^^^^^
[INFO] [stdout] 
[INFO] [stdout] 
[INFO] [stdout] warning: unused variable: `rng2`
[INFO] [stdout]    --> src/ba_problem.rs:140:17
[INFO] [stdout]     |
[INFO] [stdout] 140 |         let mut rng2 = rand::thread_rng();
[INFO] [stdout]     |                 ^^^^ help: if this is intentional, prefix it with an underscore: `_rng2`
[INFO] [stdout]     |
[INFO] [stdout]     = note: `#[warn(unused_variables)]` on by default
[INFO] [stdout] 
[INFO] [stdout] 
[INFO] [stdout] warning: variable does not need to be mutable
[INFO] [stdout]    --> src/ba_problem.rs:140:13
[INFO] [stdout]     |
[INFO] [stdout] 140 |         let mut rng2 = rand::thread_rng();
[INFO] [stdout]     |             ----^^^^
[INFO] [stdout]     |             |
[INFO] [stdout]     |             help: remove this `mut`
[INFO] [stdout]     |
[INFO] [stdout]     = note: `#[warn(unused_mut)]` on by default
[INFO] [stdout] 
[INFO] [stdout] 
[INFO] [stdout] warning: unused variable: `written`
[INFO] [stdout]    --> src/ba_problem.rs:441:9
[INFO] [stdout]     |
[INFO] [stdout] 441 |     let written = w.write_ply(&mut file_result, &mut ply).unwrap();
[INFO] [stdout]     |         ^^^^^^^ help: if this is intentional, prefix it with an underscore: `_written`
[INFO] [stdout] 
[INFO] [stdout] 
[INFO] [stdout] warning: methods `solve`, `jacobian`, and `residual` are never used
[INFO] [stdout]   --> src/bundle_adjustment.rs:11:8
[INFO] [stdout]    |
[INFO] [stdout] 10 | pub trait LMProblem {
[INFO] [stdout]    |           --------- methods in this trait
[INFO] [stdout] 11 |     fn solve(&self, a_star: SolveCoeff, b: Param) -> Param;
[INFO] [stdout]    |        ^^^^^
[INFO] [stdout] 12 |     fn jacobian(&self, p: &Param) -> Jacobian;
[INFO] [stdout]    |        ^^^^^^^^
[INFO] [stdout] 13 |     fn residual(&self, p: &Param) -> Residual;
[INFO] [stdout]    |        ^^^^^^^^
[INFO] [stdout]    |
[INFO] [stdout]    = note: `#[warn(dead_code)]` on by default
[INFO] [stdout] 
[INFO] [stdout] 
[INFO] [stdout] warning: function `lm` is never used
[INFO] [stdout]   --> src/bundle_adjustment.rs:19:8
[INFO] [stdout]    |
[INFO] [stdout] 19 | pub fn lm<P: LMProblem>(p: P, x0: Param, eps1: f64, eps2: f64, tau: f64, k_max: usize) -> Param {
[INFO] [stdout]    |        ^^
[INFO] [stdout] 
[INFO] [stdout] 
[INFO] [stdout] warning: struct `TestProblem` is never constructed
[INFO] [stdout]   --> src/bundle_adjustment.rs:80:12
[INFO] [stdout]    |
[INFO] [stdout] 80 |     struct TestProblem {
[INFO] [stdout]    |            ^^^^^^^^^^^
[INFO] [stdout] 
[INFO] [stdout] 
[INFO] [stdout] warning: type alias `Matrix2x8` is never used
[INFO] [stdout]  --> src/load.rs:9:6
[INFO] [stdout]   |
[INFO] [stdout] 9 | type Matrix2x8<T> = na::Matrix<T, na::U2, na::U8, na::ArrayStorage<T, 2, 8>>;
[INFO] [stdout]   |      ^^^^^^^^^
[INFO] [stdout] 
[INFO] [stdout] 
[INFO] [stdout] warning: function `log_map` is never used
[INFO] [stdout]   --> src/load.rs:64:4
[INFO] [stdout]    |
[INFO] [stdout] 64 | fn log_map(input: &na::Isometry3<f64>) -> na::Vector6<f64> {
[INFO] [stdout]    |    ^^^^^^^
[INFO] [stdout] 
[INFO] [stdout] 
[INFO] [stdout] warning: field `initial_param` is never read
[INFO] [stdout]    --> src/load.rs:196:5
[INFO] [stdout]     |
[INFO] [stdout] 195 | pub struct TwoViewBAModel {
[INFO] [stdout]     |            -------------- field in this struct
[INFO] [stdout] 196 |     initial_param: na::DVector<f64>,
[INFO] [stdout]     |     ^^^^^^^^^^^^^
[INFO] [stdout]     |
[INFO] [stdout]     = note: `TwoViewBAModel` has a derived impl for the trait `Debug`, but this is intentionally ignored during dead code analysis
[INFO] [stdout] 
[INFO] [stdout] 
[INFO] [stdout] warning: function `load` is never used
[INFO] [stdout]    --> src/load.rs:268:8
[INFO] [stdout]     |
[INFO] [stdout] 268 | pub fn load(path: &str) -> Result<TwoViewBAModel, Box<dyn Error>>  {
[INFO] [stdout]     |        ^^^^
[INFO] [stdout] 
[INFO] [stdout] 
[INFO] [stdout] warning: fields `x_std` and `y_std` are never read
[INFO] [stdout]   --> src/ba_problem.rs:17:5
[INFO] [stdout]    |
[INFO] [stdout] 12 | pub struct Observation {
[INFO] [stdout]    |            ----------- fields in this struct
[INFO] [stdout] ...
[INFO] [stdout] 17 |     x_std: f64,
[INFO] [stdout]    |     ^^^^^
[INFO] [stdout] 18 |     y_std: f64,
[INFO] [stdout]    |     ^^^^^
[INFO] [stdout]    |
[INFO] [stdout]    = note: `Observation` has a derived impl for the trait `Debug`, but this is intentionally ignored during dead code analysis
[INFO] [stdout] 
[INFO] [stdout] 
[INFO] [stdout] warning: associated functions `new` and `generate` are never used
[INFO] [stdout]    --> src/ba_problem.rs:28:12
[INFO] [stdout]     |
[INFO] [stdout] 27  | impl BaProblem {
[INFO] [stdout]     | -------------- associated functions in this implementation
[INFO] [stdout] 28  |     pub fn new(filename: &str, max_num_cameras: usize, max_num_points: usize) -> Self {
[INFO] [stdout]     |            ^^^
[INFO] [stdout] ...
[INFO] [stdout] 120 |     fn generate() -> Self {
[INFO] [stdout]     |        ^^^^^^^^
[INFO] [stdout] 
[INFO] [stdout] 
[INFO] [stdout] warning: function `log_map` is never used
[INFO] [stdout]    --> src/ba_problem.rs:240:4
[INFO] [stdout]     |
[INFO] [stdout] 240 | fn log_map(input: &na::Isometry3<f64>) -> na::Vector6<f64> {
[INFO] [stdout]     |    ^^^^^^^
[INFO] [stdout] 
[INFO] [stdout] 
[INFO] [stdout] warning: function `savePly` is never used
[INFO] [stdout]    --> src/ba_problem.rs:394:4
[INFO] [stdout]     |
[INFO] [stdout] 394 | fn savePly(filename: &str, vertices: &[f64]) {
[INFO] [stdout]     |    ^^^^^^^
[INFO] [stdout] 
[INFO] [stdout] 
[INFO] [stdout] warning: type alias `Param` is never used
[INFO] [stdout]  --> src/lm.rs:4:10
[INFO] [stdout]   |
[INFO] [stdout] 4 | pub type Param = na::DVector<f64>;
[INFO] [stdout]   |          ^^^^^
[INFO] [stdout] 
[INFO] [stdout] 
[INFO] [stdout] warning: type alias `Residual` is never used
[INFO] [stdout]  --> src/lm.rs:6:10
[INFO] [stdout]   |
[INFO] [stdout] 6 | pub type Residual = na::DVector<f64>;
[INFO] [stdout]   |          ^^^^^^^^
[INFO] [stdout] 
[INFO] [stdout] 
[INFO] [stdout] warning: type alias `Jacobian` is never used
[INFO] [stdout]  --> src/lm.rs:7:10
[INFO] [stdout]   |
[INFO] [stdout] 7 | pub type Jacobian = na::DMatrix<f64>;
[INFO] [stdout]   |          ^^^^^^^^
[INFO] [stdout] 
[INFO] [stdout] 
[INFO] [stdout] warning: methods `solve`, `residual`, and `jacobian` are never used
[INFO] [stdout]   --> src/lm.rs:11:8
[INFO] [stdout]    |
[INFO] [stdout] 10 | pub trait LMProblem {
[INFO] [stdout]    |           --------- methods in this trait
[INFO] [stdout] 11 |     fn solve(&self, x: &na::DMatrix<f64>, y: &na::DVector<f64>) -> na::DVector<f64>;
[INFO] [stdout]    |        ^^^^^
[INFO] [stdout] 12 |     fn residual(&self, x: &na::DVector<f64>) -> na::DVector<f64>; 
[INFO] [stdout]    |        ^^^^^^^^
[INFO] [stdout] 13 |     fn jacobian(&self, x: &na::DVector<f64>) -> na::DMatrix<f64>;
[INFO] [stdout]    |        ^^^^^^^^
[INFO] [stdout] 
[INFO] [stdout] 
[INFO] [stdout] warning: struct `LM` is never constructed
[INFO] [stdout]   --> src/lm.rs:16:12
[INFO] [stdout]    |
[INFO] [stdout] 16 | pub struct LM {
[INFO] [stdout]    |            ^^
[INFO] [stdout] 
[INFO] [stdout] 
[INFO] [stdout] warning: associated items `new`, `default`, `with_max_iter`, and `optimize` are never used
[INFO] [stdout]   --> src/lm.rs:27:12
[INFO] [stdout]    |
[INFO] [stdout] 26 | impl LM {
[INFO] [stdout]    | ------- associated items in this implementation
[INFO] [stdout] 27 |     pub fn new(
[INFO] [stdout]    |            ^^^
[INFO] [stdout] ...
[INFO] [stdout] 47 |     pub fn default(problem: Box<dyn LMProblem>) -> Self {
[INFO] [stdout]    |            ^^^^^^^
[INFO] [stdout] ...
[INFO] [stdout] 51 |     pub fn with_max_iter(mut self, max_iter: usize) -> Self {
[INFO] [stdout]    |            ^^^^^^^^^^^^^
[INFO] [stdout] ...
[INFO] [stdout] 56 |     pub fn optimize(&self, x0: &na::DVector<f64>) -> na::DVector<f64> {
[INFO] [stdout]    |            ^^^^^^^^
[INFO] [stdout] 
[INFO] [stdout] 
[INFO] [stdout] warning: function `jacobian_ps_wrt_Tsw` should have a snake case name
[INFO] [stdout]    --> src/ba_problem.rs:264:4
[INFO] [stdout]     |
[INFO] [stdout] 264 | fn jacobian_ps_wrt_Tsw(
[INFO] [stdout]     |    ^^^^^^^^^^^^^^^^^^^ help: convert the identifier to snake case: `jacobian_ps_wrt_tsw`
[INFO] [stdout]     |
[INFO] [stdout]     = note: `#[warn(non_snake_case)]` on by default
[INFO] [stdout] 
[INFO] [stdout] 
[INFO] [stdout] warning: variable `Rsw` should have a snake case name
[INFO] [stdout]    --> src/ba_problem.rs:279:5
[INFO] [stdout]     |
[INFO] [stdout] 279 |     Rsw: &na::Rotation3<f64>,
[INFO] [stdout]     |     ^^^ help: convert the identifier to snake case: `rsw`
[INFO] [stdout] 
[INFO] [stdout] 
[INFO] [stdout] warning: variable `jacobian_r_wrt_Tsw` should have a snake case name
[INFO] [stdout]    --> src/ba_problem.rs:339:17
[INFO] [stdout]     |
[INFO] [stdout] 339 |             let jacobian_r_wrt_Tsw = jacobian_pp_wrt_pn(&pn, &intrinsics) 
[INFO] [stdout]     |                 ^^^^^^^^^^^^^^^^^^ help: convert the identifier to snake case: `jacobian_r_wrt_tsw`
[INFO] [stdout] 
[INFO] [stdout] 
[INFO] [stdout] warning: function `savePly` should have a snake case name
[INFO] [stdout]    --> src/ba_problem.rs:394:4
[INFO] [stdout]     |
[INFO] [stdout] 394 | fn savePly(filename: &str, vertices: &[f64]) {
[INFO] [stdout]     |    ^^^^^^^ help: convert the identifier to snake case: `save_ply`
[INFO] [stdout] 
[INFO] [stdout] 
[INFO] [stderr]     Finished `dev` profile [unoptimized + debuginfo] target(s) in 25.81s
[INFO] running `Command { std: "docker" "inspect" "3646d98de13795e6b3dfd8b69c347640b75fd3b2ddea086e75cc48565afa38b0", kill_on_drop: false }`
[INFO] running `Command { std: "docker" "rm" "-f" "3646d98de13795e6b3dfd8b69c347640b75fd3b2ddea086e75cc48565afa38b0", kill_on_drop: false }`
[INFO] [stdout] 3646d98de13795e6b3dfd8b69c347640b75fd3b2ddea086e75cc48565afa38b0
[INFO] running `Command { std: "docker" "create" "-v" "/var/lib/crater-agent-workspace/builds/worker-7-tc1/target:/opt/rustwide/target:rw,Z" "-v" "/var/lib/crater-agent-workspace/builds/worker-7-tc1/source:/opt/rustwide/workdir:ro,Z" "-v" "/var/lib/crater-agent-workspace/cargo-home:/opt/rustwide/cargo-home:ro,Z" "-v" "/var/lib/crater-agent-workspace/rustup-home:/opt/rustwide/rustup-home:ro,Z" "-e" "SOURCE_DIR=/opt/rustwide/workdir" "-e" "CARGO_TARGET_DIR=/opt/rustwide/target" "-e" "CARGO_INCREMENTAL=0" "-e" "RUST_BACKTRACE=full" "-e" "RUSTFLAGS=--cap-lints=warn" "-e" "RUSTDOCFLAGS=--cap-lints=warn" "-e" "CARGO_HOME=/opt/rustwide/cargo-home" "-e" "RUSTUP_HOME=/opt/rustwide/rustup-home" "-w" "/opt/rustwide/workdir" "-m" "1610612736" "--user" "0:0" "--network" "none" "ghcr.io/rust-lang/crates-build-env/linux@sha256:f3a9d4ad9d972b27faf3965f35b62e55ba32bbce8f20bc8fe909558a86702fde" "/opt/rustwide/cargo-home/bin/cargo" "+1.83.0" "test" "--frozen" "--no-run" "--message-format=json", kill_on_drop: false }`
[INFO] [stdout] f71ab80a77ece740a5d8f79b3b6d5dd9d1418a8453cf1dfee2604d3c74b2a385
[INFO] running `Command { std: "docker" "start" "-a" "f71ab80a77ece740a5d8f79b3b6d5dd9d1418a8453cf1dfee2604d3c74b2a385", kill_on_drop: false }`
[INFO] [stderr]    Compiling sbars v0.1.0 (/opt/rustwide/workdir)
[INFO] [stdout] warning: unused import: `crate::linear_solver::*`
[INFO] [stdout]  --> src/load.rs:6:5
[INFO] [stdout]   |
[INFO] [stdout] 6 | use crate::linear_solver::*;
[INFO] [stdout]   |     ^^^^^^^^^^^^^^^^^^^^^^^
[INFO] [stdout]   |
[INFO] [stdout]   = note: `#[warn(unused_imports)]` on by default
[INFO] [stdout] 
[INFO] [stdout] 
[INFO] [stdout] warning: unused import: `self`
[INFO] [stdout]  --> src/ba_problem.rs:2:15
[INFO] [stdout]   |
[INFO] [stdout] 2 | use std::io::{self, prelude::*, BufReader};
[INFO] [stdout]   |               ^^^^
[INFO] [stdout] 
[INFO] [stdout] 
[INFO] [stdout] warning: unused import: `std::io::prelude::*`
[INFO] [stdout]    --> src/ba_problem.rs:391:5
[INFO] [stdout]     |
[INFO] [stdout] 391 | use std::io::prelude::*;
[INFO] [stdout]     |     ^^^^^^^^^^^^^^^^^^^
[INFO] [stdout] 
[INFO] [stdout] 
[INFO] [stdout] warning: unused variable: `rng2`
[INFO] [stdout]    --> src/ba_problem.rs:140:17
[INFO] [stdout]     |
[INFO] [stdout] 140 |         let mut rng2 = rand::thread_rng();
[INFO] [stdout]     |                 ^^^^ help: if this is intentional, prefix it with an underscore: `_rng2`
[INFO] [stdout]     |
[INFO] [stdout]     = note: `#[warn(unused_variables)]` on by default
[INFO] [stdout] 
[INFO] [stdout] 
[INFO] [stdout] warning: variable does not need to be mutable
[INFO] [stdout]    --> src/ba_problem.rs:140:13
[INFO] [stdout]     |
[INFO] [stdout] 140 |         let mut rng2 = rand::thread_rng();
[INFO] [stdout]     |             ----^^^^
[INFO] [stdout]     |             |
[INFO] [stdout]     |             help: remove this `mut`
[INFO] [stdout]     |
[INFO] [stdout]     = note: `#[warn(unused_mut)]` on by default
[INFO] [stdout] 
[INFO] [stdout] 
[INFO] [stdout] warning: unused variable: `written`
[INFO] [stdout]    --> src/ba_problem.rs:441:9
[INFO] [stdout]     |
[INFO] [stdout] 441 |     let written = w.write_ply(&mut file_result, &mut ply).unwrap();
[INFO] [stdout]     |         ^^^^^^^ help: if this is intentional, prefix it with an underscore: `_written`
[INFO] [stdout] 
[INFO] [stdout] 
[INFO] [stdout] warning: unused variable: `prime`
[INFO] [stdout]    --> src/ba_problem.rs:453:9
[INFO] [stdout]     |
[INFO] [stdout] 453 |     let prime = problem.parameters.clone();
[INFO] [stdout]     |         ^^^^^ help: if this is intentional, prefix it with an underscore: `_prime`
[INFO] [stdout] 
[INFO] [stdout] 
[INFO] [stdout] warning: type alias `Matrix2x8` is never used
[INFO] [stdout]  --> src/load.rs:9:6
[INFO] [stdout]   |
[INFO] [stdout] 9 | type Matrix2x8<T> = na::Matrix<T, na::U2, na::U8, na::ArrayStorage<T, 2, 8>>;
[INFO] [stdout]   |      ^^^^^^^^^
[INFO] [stdout]   |
[INFO] [stdout]   = note: `#[warn(dead_code)]` on by default
[INFO] [stdout] 
[INFO] [stdout] 
[INFO] [stdout] warning: fields `x_std` and `y_std` are never read
[INFO] [stdout]   --> src/ba_problem.rs:17:5
[INFO] [stdout]    |
[INFO] [stdout] 12 | pub struct Observation {
[INFO] [stdout]    |            ----------- fields in this struct
[INFO] [stdout] ...
[INFO] [stdout] 17 |     x_std: f64,
[INFO] [stdout]    |     ^^^^^
[INFO] [stdout] 18 |     y_std: f64,
[INFO] [stdout]    |     ^^^^^
[INFO] [stdout]    |
[INFO] [stdout]    = note: `Observation` has a derived impl for the trait `Debug`, but this is intentionally ignored during dead code analysis
[INFO] [stdout] 
[INFO] [stdout] 
[INFO] [stdout] warning: associated function `generate` is never used
[INFO] [stdout]    --> src/ba_problem.rs:120:8
[INFO] [stdout]     |
[INFO] [stdout] 27  | impl BaProblem {
[INFO] [stdout]     | -------------- associated function in this implementation
[INFO] [stdout] ...
[INFO] [stdout] 120 |     fn generate() -> Self {
[INFO] [stdout]     |        ^^^^^^^^
[INFO] [stdout] 
[INFO] [stdout] 
[INFO] [stdout] warning: function `log_map` is never used
[INFO] [stdout]    --> src/ba_problem.rs:240:4
[INFO] [stdout]     |
[INFO] [stdout] 240 | fn log_map(input: &na::Isometry3<f64>) -> na::Vector6<f64> {
[INFO] [stdout]     |    ^^^^^^^
[INFO] [stdout] 
[INFO] [stdout] 
[INFO] [stdout] warning: type alias `Param` is never used
[INFO] [stdout]  --> src/lm.rs:4:10
[INFO] [stdout]   |
[INFO] [stdout] 4 | pub type Param = na::DVector<f64>;
[INFO] [stdout]   |          ^^^^^
[INFO] [stdout] 
[INFO] [stdout] 
[INFO] [stdout] warning: type alias `Residual` is never used
[INFO] [stdout]  --> src/lm.rs:6:10
[INFO] [stdout]   |
[INFO] [stdout] 6 | pub type Residual = na::DVector<f64>;
[INFO] [stdout]   |          ^^^^^^^^
[INFO] [stdout] 
[INFO] [stdout] 
[INFO] [stdout] warning: type alias `Jacobian` is never used
[INFO] [stdout]  --> src/lm.rs:7:10
[INFO] [stdout]   |
[INFO] [stdout] 7 | pub type Jacobian = na::DMatrix<f64>;
[INFO] [stdout]   |          ^^^^^^^^
[INFO] [stdout] 
[INFO] [stdout] 
[INFO] [stdout] warning: function `jacobian_ps_wrt_Tsw` should have a snake case name
[INFO] [stdout]    --> src/ba_problem.rs:264:4
[INFO] [stdout]     |
[INFO] [stdout] 264 | fn jacobian_ps_wrt_Tsw(
[INFO] [stdout]     |    ^^^^^^^^^^^^^^^^^^^ help: convert the identifier to snake case: `jacobian_ps_wrt_tsw`
[INFO] [stdout]     |
[INFO] [stdout]     = note: `#[warn(non_snake_case)]` on by default
[INFO] [stdout] 
[INFO] [stdout] 
[INFO] [stdout] warning: variable `Rsw` should have a snake case name
[INFO] [stdout]    --> src/ba_problem.rs:279:5
[INFO] [stdout]     |
[INFO] [stdout] 279 |     Rsw: &na::Rotation3<f64>,
[INFO] [stdout]     |     ^^^ help: convert the identifier to snake case: `rsw`
[INFO] [stdout] 
[INFO] [stdout] 
[INFO] [stdout] warning: variable `jacobian_r_wrt_Tsw` should have a snake case name
[INFO] [stdout]    --> src/ba_problem.rs:339:17
[INFO] [stdout]     |
[INFO] [stdout] 339 |             let jacobian_r_wrt_Tsw = jacobian_pp_wrt_pn(&pn, &intrinsics) 
[INFO] [stdout]     |                 ^^^^^^^^^^^^^^^^^^ help: convert the identifier to snake case: `jacobian_r_wrt_tsw`
[INFO] [stdout] 
[INFO] [stdout] 
[INFO] [stdout] warning: function `savePly` should have a snake case name
[INFO] [stdout]    --> src/ba_problem.rs:394:4
[INFO] [stdout]     |
[INFO] [stdout] 394 | fn savePly(filename: &str, vertices: &[f64]) {
[INFO] [stdout]     |    ^^^^^^^ help: convert the identifier to snake case: `save_ply`
[INFO] [stdout] 
[INFO] [stdout] 
[INFO] [stderr]     Finished `test` profile [unoptimized + debuginfo] target(s) in 2.22s
[INFO] running `Command { std: "docker" "inspect" "f71ab80a77ece740a5d8f79b3b6d5dd9d1418a8453cf1dfee2604d3c74b2a385", kill_on_drop: false }`
[INFO] running `Command { std: "docker" "rm" "-f" "f71ab80a77ece740a5d8f79b3b6d5dd9d1418a8453cf1dfee2604d3c74b2a385", kill_on_drop: false }`
[INFO] [stdout] f71ab80a77ece740a5d8f79b3b6d5dd9d1418a8453cf1dfee2604d3c74b2a385
[INFO] running `Command { std: "docker" "create" "-v" "/var/lib/crater-agent-workspace/builds/worker-7-tc1/target:/opt/rustwide/target:rw,Z" "-v" "/var/lib/crater-agent-workspace/builds/worker-7-tc1/source:/opt/rustwide/workdir:ro,Z" "-v" "/var/lib/crater-agent-workspace/cargo-home:/opt/rustwide/cargo-home:ro,Z" "-v" "/var/lib/crater-agent-workspace/rustup-home:/opt/rustwide/rustup-home:ro,Z" "-e" "SOURCE_DIR=/opt/rustwide/workdir" "-e" "CARGO_TARGET_DIR=/opt/rustwide/target" "-e" "CARGO_INCREMENTAL=0" "-e" "RUST_BACKTRACE=full" "-e" "RUSTFLAGS=--cap-lints=warn" "-e" "RUSTDOCFLAGS=--cap-lints=warn" "-e" "CARGO_HOME=/opt/rustwide/cargo-home" "-e" "RUSTUP_HOME=/opt/rustwide/rustup-home" "-w" "/opt/rustwide/workdir" "-m" "1610612736" "--user" "0:0" "--network" "none" "ghcr.io/rust-lang/crates-build-env/linux@sha256:f3a9d4ad9d972b27faf3965f35b62e55ba32bbce8f20bc8fe909558a86702fde" "/opt/rustwide/cargo-home/bin/cargo" "+1.83.0" "test" "--frozen", kill_on_drop: false }`
[INFO] [stdout] 77c5c922644f9904525da6eb0621fc18711a2417711e933597afccdcf3b73452
[INFO] running `Command { std: "docker" "start" "-a" "77c5c922644f9904525da6eb0621fc18711a2417711e933597afccdcf3b73452", kill_on_drop: false }`
[INFO] [stderr] warning: unused import: `crate::linear_solver::*`
[INFO] [stderr]  --> src/load.rs:6:5
[INFO] [stderr]   |
[INFO] [stderr] 6 | use crate::linear_solver::*;
[INFO] [stderr]   |     ^^^^^^^^^^^^^^^^^^^^^^^
[INFO] [stderr]   |
[INFO] [stderr]   = note: `#[warn(unused_imports)]` on by default
[INFO] [stderr] 
[INFO] [stderr] warning: unused import: `self`
[INFO] [stderr]  --> src/ba_problem.rs:2:15
[INFO] [stderr]   |
[INFO] [stderr] 2 | use std::io::{self, prelude::*, BufReader};
[INFO] [stderr]   |               ^^^^
[INFO] [stderr] 
[INFO] [stderr] warning: unused import: `std::io::prelude::*`
[INFO] [stderr]    --> src/ba_problem.rs:391:5
[INFO] [stderr]     |
[INFO] [stderr] 391 | use std::io::prelude::*;
[INFO] [stderr]     |     ^^^^^^^^^^^^^^^^^^^
[INFO] [stderr] 
[INFO] [stderr] warning: unused variable: `rng2`
[INFO] [stderr]    --> src/ba_problem.rs:140:17
[INFO] [stderr]     |
[INFO] [stderr] 140 |         let mut rng2 = rand::thread_rng();
[INFO] [stderr]     |                 ^^^^ help: if this is intentional, prefix it with an underscore: `_rng2`
[INFO] [stderr]     |
[INFO] [stderr]     = note: `#[warn(unused_variables)]` on by default
[INFO] [stderr] 
[INFO] [stderr] warning: variable does not need to be mutable
[INFO] [stderr]    --> src/ba_problem.rs:140:13
[INFO] [stderr]     |
[INFO] [stderr] 140 |         let mut rng2 = rand::thread_rng();
[INFO] [stderr]     |             ----^^^^
[INFO] [stderr]     |             |
[INFO] [stderr]     |             help: remove this `mut`
[INFO] [stderr]     |
[INFO] [stderr]     = note: `#[warn(unused_mut)]` on by default
[INFO] [stderr] 
[INFO] [stderr] warning: unused variable: `written`
[INFO] [stderr]    --> src/ba_problem.rs:441:9
[INFO] [stderr]     |
[INFO] [stderr] 441 |     let written = w.write_ply(&mut file_result, &mut ply).unwrap();
[INFO] [stderr]     |         ^^^^^^^ help: if this is intentional, prefix it with an underscore: `_written`
[INFO] [stderr] 
[INFO] [stderr] warning: unused variable: `prime`
[INFO] [stderr]    --> src/ba_problem.rs:453:9
[INFO] [stderr]     |
[INFO] [stderr] 453 |     let prime = problem.parameters.clone();
[INFO] [stderr]     |         ^^^^^ help: if this is intentional, prefix it with an underscore: `_prime`
[INFO] [stderr] 
[INFO] [stderr] warning: type alias `Matrix2x8` is never used
[INFO] [stderr]  --> src/load.rs:9:6
[INFO] [stderr]   |
[INFO] [stderr] 9 | type Matrix2x8<T> = na::Matrix<T, na::U2, na::U8, na::ArrayStorage<T, 2, 8>>;
[INFO] [stderr]   |      ^^^^^^^^^
[INFO] [stderr]   |
[INFO] [stderr]   = note: `#[warn(dead_code)]` on by default
[INFO] [stderr] 
[INFO] [stderr] warning: fields `x_std` and `y_std` are never read
[INFO] [stderr]   --> src/ba_problem.rs:17:5
[INFO] [stderr]    |
[INFO] [stderr] 12 | pub struct Observation {
[INFO] [stderr]    |            ----------- fields in this struct
[INFO] [stderr] ...
[INFO] [stderr] 17 |     x_std: f64,
[INFO] [stderr]    |     ^^^^^
[INFO] [stderr] 18 |     y_std: f64,
[INFO] [stderr]    |     ^^^^^
[INFO] [stderr]    |
[INFO] [stderr]    = note: `Observation` has a derived impl for the trait `Debug`, but this is intentionally ignored during dead code analysis
[INFO] [stderr] 
[INFO] [stderr] warning: associated function `generate` is never used
[INFO] [stderr]    --> src/ba_problem.rs:120:8
[INFO] [stderr]     |
[INFO] [stderr] 27  | impl BaProblem {
[INFO] [stderr]     | -------------- associated function in this implementation
[INFO] [stderr] ...
[INFO] [stderr] 120 |     fn generate() -> Self {
[INFO] [stderr]     |        ^^^^^^^^
[INFO] [stderr] 
[INFO] [stderr] warning: function `log_map` is never used
[INFO] [stderr]    --> src/ba_problem.rs:240:4
[INFO] [stderr]     |
[INFO] [stderr] 240 | fn log_map(input: &na::Isometry3<f64>) -> na::Vector6<f64> {
[INFO] [stderr]     |    ^^^^^^^
[INFO] [stderr] 
[INFO] [stderr] warning: type alias `Param` is never used
[INFO] [stderr]  --> src/lm.rs:4:10
[INFO] [stderr]   |
[INFO] [stderr] 4 | pub type Param = na::DVector<f64>;
[INFO] [stderr]   |          ^^^^^
[INFO] [stderr] 
[INFO] [stderr] warning: type alias `Residual` is never used
[INFO] [stderr]  --> src/lm.rs:6:10
[INFO] [stderr]   |
[INFO] [stderr] 6 | pub type Residual = na::DVector<f64>;
[INFO] [stderr]   |          ^^^^^^^^
[INFO] [stderr] 
[INFO] [stderr] warning: type alias `Jacobian` is never used
[INFO] [stderr]  --> src/lm.rs:7:10
[INFO] [stderr]   |
[INFO] [stderr] 7 | pub type Jacobian = na::DMatrix<f64>;
[INFO] [stderr]   |          ^^^^^^^^
[INFO] [stderr] 
[INFO] [stderr] warning: function `jacobian_ps_wrt_Tsw` should have a snake case name
[INFO] [stderr]    --> src/ba_problem.rs:264:4
[INFO] [stderr]     |
[INFO] [stderr] 264 | fn jacobian_ps_wrt_Tsw(
[INFO] [stderr]     |    ^^^^^^^^^^^^^^^^^^^ help: convert the identifier to snake case: `jacobian_ps_wrt_tsw`
[INFO] [stderr]     |
[INFO] [stderr]     = note: `#[warn(non_snake_case)]` on by default
[INFO] [stderr] 
[INFO] [stderr] warning: variable `Rsw` should have a snake case name
[INFO] [stderr]    --> src/ba_problem.rs:279:5
[INFO] [stderr]     |
[INFO] [stderr] 279 |     Rsw: &na::Rotation3<f64>,
[INFO] [stderr]     |     ^^^ help: convert the identifier to snake case: `rsw`
[INFO] [stderr] 
[INFO] [stderr] warning: variable `jacobian_r_wrt_Tsw` should have a snake case name
[INFO] [stderr]    --> src/ba_problem.rs:339:17
[INFO] [stderr]     |
[INFO] [stderr] 339 |             let jacobian_r_wrt_Tsw = jacobian_pp_wrt_pn(&pn, &intrinsics) 
[INFO] [stderr]     |                 ^^^^^^^^^^^^^^^^^^ help: convert the identifier to snake case: `jacobian_r_wrt_tsw`
[INFO] [stderr] 
[INFO] [stderr] warning: function `savePly` should have a snake case name
[INFO] [stderr]    --> src/ba_problem.rs:394:4
[INFO] [stderr]     |
[INFO] [stderr] 394 | fn savePly(filename: &str, vertices: &[f64]) {
[INFO] [stderr]     |    ^^^^^^^ help: convert the identifier to snake case: `save_ply`
[INFO] [stderr] 
[INFO] [stderr] warning: `sbars` (bin "sbars" test) generated 18 warnings (run `cargo fix --bin "sbars" --tests` to apply 4 suggestions)
[INFO] [stderr]     Finished `test` profile [unoptimized + debuginfo] target(s) in 0.08s
[INFO] [stderr]      Running unittests src/main.rs (/opt/rustwide/target/debug/deps/sbars-5b08a7d4edd7091a)
[INFO] [stdout] 
[INFO] [stdout] running 4 tests
[INFO] [stdout] test bundle_adjustment::test::test_lm ... ok
[INFO] [stdout] test load::test_load ... ok
[INFO] [stdout] test ba_problem::test_ba_problem ... FAILED
[INFO] [stdout] test load::test_ba ... ok
[INFO] [stdout] 
[INFO] [stdout] failures:
[INFO] [stdout] 
[INFO] [stdout] ---- ba_problem::test_ba_problem stdout ----
[INFO] [stdout] num_observations: 5607
[INFO] [stdout] thread 'ba_problem::test_ba_problem' panicked at src/ba_problem.rs:437:25:
[INFO] [stdout] called `Result::unwrap()` on an `Err` value: Os { code: 30, kind: ReadOnlyFilesystem, message: "Read-only file system" }
[INFO] [stdout] stack backtrace:
[INFO] [stdout]    0:     0x5fcab4e6c67a - std::backtrace_rs::backtrace::libunwind::trace::h5a5b8284f2d0c266
[INFO] [stdout]                                at /rustc/90b35a6239c3d8bdabc530a6a0816f7ff89a0aaf/library/std/src/../../backtrace/src/backtrace/libunwind.rs:116:5
[INFO] [stdout]    1:     0x5fcab4e6c67a - std::backtrace_rs::backtrace::trace_unsynchronized::h76d4f1c9b0b875e3
[INFO] [stdout]                                at /rustc/90b35a6239c3d8bdabc530a6a0816f7ff89a0aaf/library/std/src/../../backtrace/src/backtrace/mod.rs:66:5
[INFO] [stdout]    2:     0x5fcab4e6c67a - std::sys::backtrace::_print_fmt::hc4546b8364a537c6
[INFO] [stdout]                                at /rustc/90b35a6239c3d8bdabc530a6a0816f7ff89a0aaf/library/std/src/sys/backtrace.rs:66:9
[INFO] [stdout]    3:     0x5fcab4e6c67a - <std::sys::backtrace::BacktraceLock::print::DisplayBacktrace as core::fmt::Display>::fmt::h5b6bd5631a6d1f6b
[INFO] [stdout]                                at /rustc/90b35a6239c3d8bdabc530a6a0816f7ff89a0aaf/library/std/src/sys/backtrace.rs:39:26
[INFO] [stdout]    4:     0x5fcab4e93dc3 - core::fmt::rt::Argument::fmt::h270f6602a2b96f62
[INFO] [stdout]                                at /rustc/90b35a6239c3d8bdabc530a6a0816f7ff89a0aaf/library/core/src/fmt/rt.rs:177:76
[INFO] [stdout]    5:     0x5fcab4e93dc3 - core::fmt::write::h7550c97b06c86515
[INFO] [stdout]                                at /rustc/90b35a6239c3d8bdabc530a6a0816f7ff89a0aaf/library/core/src/fmt/mod.rs:1186:21
[INFO] [stdout]    6:     0x5fcab4e69843 - std::io::Write::write_fmt::h509ff860e5956e5e
[INFO] [stdout]                                at /rustc/90b35a6239c3d8bdabc530a6a0816f7ff89a0aaf/library/std/src/io/mod.rs:1839:15
[INFO] [stdout]    7:     0x5fcab4e6c4c2 - std::sys::backtrace::BacktraceLock::print::h2395ccd2c84ba3aa
[INFO] [stdout]                                at /rustc/90b35a6239c3d8bdabc530a6a0816f7ff89a0aaf/library/std/src/sys/backtrace.rs:42:9
[INFO] [stdout]    8:     0x5fcab4e6dada - std::panicking::default_hook::{{closure}}::he19d4c7230e07961
[INFO] [stdout]                                at /rustc/90b35a6239c3d8bdabc530a6a0816f7ff89a0aaf/library/std/src/panicking.rs:268:22
[INFO] [stdout]    9:     0x5fcab4e6d8e4 - std::panicking::default_hook::hf614597d3c67bbdb
[INFO] [stdout]                                at /rustc/90b35a6239c3d8bdabc530a6a0816f7ff89a0aaf/library/std/src/panicking.rs:292:9
[INFO] [stdout]   10:     0x5fcab4df03e9 - <alloc::boxed::Box<F,A> as core::ops::function::Fn<Args>>::call::h39b51ce4599c23d1
[INFO] [stdout]                                at /rustc/90b35a6239c3d8bdabc530a6a0816f7ff89a0aaf/library/alloc/src/boxed.rs:2468:9
[INFO] [stdout]   11:     0x5fcab4df03e9 - test::test_main::{{closure}}::he977ae839a582784
[INFO] [stdout]                                at /rustc/90b35a6239c3d8bdabc530a6a0816f7ff89a0aaf/library/test/src/lib.rs:133:21
[INFO] [stdout]   12:     0x5fcab4e6e178 - <alloc::boxed::Box<F,A> as core::ops::function::Fn<Args>>::call::h9455091b6b06f9fb
[INFO] [stdout]                                at /rustc/90b35a6239c3d8bdabc530a6a0816f7ff89a0aaf/library/alloc/src/boxed.rs:2468:9
[INFO] [stdout]   13:     0x5fcab4e6e178 - std::panicking::rust_panic_with_hook::h8942133a8b252070
[INFO] [stdout]                                at /rustc/90b35a6239c3d8bdabc530a6a0816f7ff89a0aaf/library/std/src/panicking.rs:809:13
[INFO] [stdout]   14:     0x5fcab4e6df3a - std::panicking::begin_panic_handler::{{closure}}::hb5f5963570096b29
[INFO] [stdout]                                at /rustc/90b35a6239c3d8bdabc530a6a0816f7ff89a0aaf/library/std/src/panicking.rs:674:13
[INFO] [stdout]   15:     0x5fcab4e6cb59 - std::sys::backtrace::__rust_end_short_backtrace::h6208cedc1922feda
[INFO] [stdout]                                at /rustc/90b35a6239c3d8bdabc530a6a0816f7ff89a0aaf/library/std/src/sys/backtrace.rs:170:18
[INFO] [stdout]   16:     0x5fcab4e6dbcc - rust_begin_unwind
[INFO] [stdout]                                at /rustc/90b35a6239c3d8bdabc530a6a0816f7ff89a0aaf/library/std/src/panicking.rs:665:5
[INFO] [stdout]   17:     0x5fcab4cf3fd0 - core::panicking::panic_fmt::h0c3082644d1bf418
[INFO] [stdout]                                at /rustc/90b35a6239c3d8bdabc530a6a0816f7ff89a0aaf/library/core/src/panicking.rs:74:14
[INFO] [stdout]   18:     0x5fcab4cf4416 - core::result::unwrap_failed::hd20b4aa073bda1e2
[INFO] [stdout]                                at /rustc/90b35a6239c3d8bdabc530a6a0816f7ff89a0aaf/library/core/src/result.rs:1700:5
[INFO] [stdout]   19:     0x5fcab4d6eaee - core::result::Result<T,E>::unwrap::h63090cd6ba5221df
[INFO] [stdout]                                at /rustc/90b35a6239c3d8bdabc530a6a0816f7ff89a0aaf/library/core/src/result.rs:1104:23
[INFO] [stdout]   20:     0x5fcab4d6eaee - sbars::ba_problem::savePly::h95ad12582e0f7a5f
[INFO] [stdout]                                at /opt/rustwide/workdir/src/ba_problem.rs:433:27
[INFO] [stdout]   21:     0x5fcab4d70b72 - sbars::ba_problem::test_ba_problem::h97171d62badbbeac
[INFO] [stdout]                                at /opt/rustwide/workdir/src/ba_problem.rs:451:5
[INFO] [stdout]   22:     0x5fcab4d70967 - sbars::ba_problem::test_ba_problem::{{closure}}::h607acf84749eaf5f
[INFO] [stdout]                                at /opt/rustwide/workdir/src/ba_problem.rs:445:21
[INFO] [stdout]   23:     0x5fcab4d64866 - core::ops::function::FnOnce::call_once::h44acef9a7dd6674e
[INFO] [stdout]                                at /rustc/90b35a6239c3d8bdabc530a6a0816f7ff89a0aaf/library/core/src/ops/function.rs:250:5
[INFO] [stdout]   24:     0x5fcab4df4dab - core::ops::function::FnOnce::call_once::h109cf8051a59b34e
[INFO] [stdout]                                at /rustc/90b35a6239c3d8bdabc530a6a0816f7ff89a0aaf/library/core/src/ops/function.rs:250:5
[INFO] [stdout]   25:     0x5fcab4df4dab - test::__rust_begin_short_backtrace::hf4fff89d377446ba
[INFO] [stdout]                                at /rustc/90b35a6239c3d8bdabc530a6a0816f7ff89a0aaf/library/test/src/lib.rs:621:18
[INFO] [stdout]   26:     0x5fcab4df45e7 - test::run_test_in_process::{{closure}}::h0e39181dd7ee5a43
[INFO] [stdout]                                at /rustc/90b35a6239c3d8bdabc530a6a0816f7ff89a0aaf/library/test/src/lib.rs:644:60
[INFO] [stdout]   27:     0x5fcab4df45e7 - <core::panic::unwind_safe::AssertUnwindSafe<F> as core::ops::function::FnOnce<()>>::call_once::hc5a66a30f0bdfd1f
[INFO] [stdout]                                at /rustc/90b35a6239c3d8bdabc530a6a0816f7ff89a0aaf/library/core/src/panic/unwind_safe.rs:272:9
[INFO] [stdout]   28:     0x5fcab4df45e7 - std::panicking::try::do_call::h873b7cf639554a5e
[INFO] [stdout]                                at /rustc/90b35a6239c3d8bdabc530a6a0816f7ff89a0aaf/library/std/src/panicking.rs:557:40
[INFO] [stdout]   29:     0x5fcab4df45e7 - std::panicking::try::hdb19862fad9c8bd1
[INFO] [stdout]                                at /rustc/90b35a6239c3d8bdabc530a6a0816f7ff89a0aaf/library/std/src/panicking.rs:520:19
[INFO] [stdout]   30:     0x5fcab4df45e7 - std::panic::catch_unwind::h281fe732d236d260
[INFO] [stdout]                                at /rustc/90b35a6239c3d8bdabc530a6a0816f7ff89a0aaf/library/std/src/panic.rs:358:14
[INFO] [stdout]   31:     0x5fcab4df45e7 - test::run_test_in_process::h949b6df8457ed338
[INFO] [stdout]                                at /rustc/90b35a6239c3d8bdabc530a6a0816f7ff89a0aaf/library/test/src/lib.rs:644:27
[INFO] [stdout]   32:     0x5fcab4df45e7 - test::run_test::{{closure}}::h52c556a6d4740e10
[INFO] [stdout]                                at /rustc/90b35a6239c3d8bdabc530a6a0816f7ff89a0aaf/library/test/src/lib.rs:565:43
[INFO] [stdout]   33:     0x5fcab4db98c4 - test::run_test::{{closure}}::h4237f6381c45ccb9
[INFO] [stdout]                                at /rustc/90b35a6239c3d8bdabc530a6a0816f7ff89a0aaf/library/test/src/lib.rs:595:41
[INFO] [stdout]   34:     0x5fcab4db98c4 - std::sys::backtrace::__rust_begin_short_backtrace::h505c97a579eca628
[INFO] [stdout]                                at /rustc/90b35a6239c3d8bdabc530a6a0816f7ff89a0aaf/library/std/src/sys/backtrace.rs:154:18
[INFO] [stdout]   35:     0x5fcab4dbcf8e - std::thread::Builder::spawn_unchecked_::{{closure}}::{{closure}}::h9e86b2e2bc107ea3
[INFO] [stdout]                                at /rustc/90b35a6239c3d8bdabc530a6a0816f7ff89a0aaf/library/std/src/thread/mod.rs:538:17
[INFO] [stdout]   36:     0x5fcab4dbcf8e - <core::panic::unwind_safe::AssertUnwindSafe<F> as core::ops::function::FnOnce<()>>::call_once::h8b06ddb275ff4a25
[INFO] [stdout]                                at /rustc/90b35a6239c3d8bdabc530a6a0816f7ff89a0aaf/library/core/src/panic/unwind_safe.rs:272:9
[INFO] [stdout]   37:     0x5fcab4dbcf8e - std::panicking::try::do_call::hb26ecd7cd9a9355d
[INFO] [stdout]                                at /rustc/90b35a6239c3d8bdabc530a6a0816f7ff89a0aaf/library/std/src/panicking.rs:557:40
[INFO] [stdout]   38:     0x5fcab4dbcf8e - std::panicking::try::h8ddeca9d705f9069
[INFO] [stdout]                                at /rustc/90b35a6239c3d8bdabc530a6a0816f7ff89a0aaf/library/std/src/panicking.rs:520:19
[INFO] [stdout]   39:     0x5fcab4dbcf8e - std::panic::catch_unwind::h49e1c33078844c46
[INFO] [stdout]                                at /rustc/90b35a6239c3d8bdabc530a6a0816f7ff89a0aaf/library/std/src/panic.rs:358:14
[INFO] [stdout]   40:     0x5fcab4dbcf8e - std::thread::Builder::spawn_unchecked_::{{closure}}::h6073db6ff56ad35d
[INFO] [stdout]                                at /rustc/90b35a6239c3d8bdabc530a6a0816f7ff89a0aaf/library/std/src/thread/mod.rs:537:30
[INFO] [stdout]   41:     0x5fcab4dbcf8e - core::ops::function::FnOnce::call_once{{vtable.shim}}::h2c5a5f3779c774f1
[INFO] [stdout]                                at /rustc/90b35a6239c3d8bdabc530a6a0816f7ff89a0aaf/library/core/src/ops/function.rs:250:5
[INFO] [stdout]   42:     0x5fcab4e71edb - <alloc::boxed::Box<F,A> as core::ops::function::FnOnce<Args>>::call_once::hf75717d9f28faebf
[INFO] [stdout]                                at /rustc/90b35a6239c3d8bdabc530a6a0816f7ff89a0aaf/library/alloc/src/boxed.rs:2454:9
[INFO] [stdout]   43:     0x5fcab4e71edb - <alloc::boxed::Box<F,A> as core::ops::function::FnOnce<Args>>::call_once::h7bd883a5f3c5f3c1
[INFO] [stdout]                                at /rustc/90b35a6239c3d8bdabc530a6a0816f7ff89a0aaf/library/alloc/src/boxed.rs:2454:9
[INFO] [stdout]   44:     0x5fcab4e71edb - std::sys::pal::unix::thread::Thread::new::thread_start::hcc78f3943333fa94
[INFO] [stdout]                                at /rustc/90b35a6239c3d8bdabc530a6a0816f7ff89a0aaf/library/std/src/sys/pal/unix/thread.rs:105:17
[INFO] [stdout]   45:     0x70d03af26ac3 - <unknown>
[INFO] [stdout]   46:     0x70d03afb7a04 - clone
[INFO] [stdout]   47:                0x0 - <unknown>
[INFO] [stdout] 
[INFO] [stdout] 
[INFO] [stdout] failures:
[INFO] [stdout]     ba_problem::test_ba_problem
[INFO] [stdout] 
[INFO] [stdout] test result: FAILED. 3 passed; 1 failed; 0 ignored; 0 measured; 0 filtered out; finished in 42.08s
[INFO] [stdout] 
[INFO] [stderr] error: test failed, to rerun pass `--bin sbars`
[INFO] running `Command { std: "docker" "inspect" "77c5c922644f9904525da6eb0621fc18711a2417711e933597afccdcf3b73452", kill_on_drop: false }`
[INFO] running `Command { std: "docker" "rm" "-f" "77c5c922644f9904525da6eb0621fc18711a2417711e933597afccdcf3b73452", kill_on_drop: false }`
[INFO] [stdout] 77c5c922644f9904525da6eb0621fc18711a2417711e933597afccdcf3b73452
