[INFO] cloning repository https://github.com/zevaverbach/blargh
[INFO] running `Command { std: "git" "-c" "credential.helper=" "-c" "credential.helper=/workspace/cargo-home/bin/git-credential-null" "clone" "--bare" "https://github.com/zevaverbach/blargh" "/workspace/cache/git-repos/https%3A%2F%2Fgithub.com%2Fzevaverbach%2Fblargh", kill_on_drop: false }`
[INFO] [stderr] Cloning into bare repository '/workspace/cache/git-repos/https%3A%2F%2Fgithub.com%2Fzevaverbach%2Fblargh'...
[INFO] running `Command { std: "git" "rev-parse" "HEAD", kill_on_drop: false }`
[INFO] [stdout] 440929621556cc3e3f1e2beaf4938ae5c3210663
[INFO] testing zevaverbach/blargh against beta-2024-12-08 for beta-1.84.0-4-retry
[INFO] running `Command { std: "git" "clone" "/workspace/cache/git-repos/https%3A%2F%2Fgithub.com%2Fzevaverbach%2Fblargh" "/workspace/builds/worker-1-tc2/source", kill_on_drop: false }`
[INFO] [stderr] Cloning into '/workspace/builds/worker-1-tc2/source'...
[INFO] [stderr] done.
[INFO] validating manifest of git repo https://github.com/zevaverbach/blargh on toolchain beta-2024-12-08
[INFO] running `Command { std: CARGO_HOME="/workspace/cargo-home" RUSTUP_HOME="/workspace/rustup-home" "/workspace/cargo-home/bin/cargo" "+beta-2024-12-08" "metadata" "--manifest-path" "Cargo.toml" "--no-deps", kill_on_drop: false }`
[INFO] started tweaking git repo https://github.com/zevaverbach/blargh
[INFO] finished tweaking git repo https://github.com/zevaverbach/blargh
[INFO] tweaked toml for git repo https://github.com/zevaverbach/blargh written to /workspace/builds/worker-1-tc2/source/Cargo.toml
[INFO] crate git repo https://github.com/zevaverbach/blargh already has a lockfile, it will not be regenerated
[INFO] running `Command { std: CARGO_HOME="/workspace/cargo-home" RUSTUP_HOME="/workspace/rustup-home" "/workspace/cargo-home/bin/cargo" "+beta-2024-12-08" "fetch" "--manifest-path" "Cargo.toml", kill_on_drop: false }`
[INFO] running `Command { std: "docker" "create" "-v" "/var/lib/crater-agent-workspace/builds/worker-1-tc2/target:/opt/rustwide/target:rw,Z" "-v" "/var/lib/crater-agent-workspace/builds/worker-1-tc2/source:/opt/rustwide/workdir:ro,Z" "-v" "/var/lib/crater-agent-workspace/cargo-home:/opt/rustwide/cargo-home:ro,Z" "-v" "/var/lib/crater-agent-workspace/rustup-home:/opt/rustwide/rustup-home:ro,Z" "-e" "SOURCE_DIR=/opt/rustwide/workdir" "-e" "CARGO_TARGET_DIR=/opt/rustwide/target" "-e" "CARGO_HOME=/opt/rustwide/cargo-home" "-e" "RUSTUP_HOME=/opt/rustwide/rustup-home" "-w" "/opt/rustwide/workdir" "-m" "1610612736" "--user" "0:0" "--network" "none" "ghcr.io/rust-lang/crates-build-env/linux@sha256:f3a9d4ad9d972b27faf3965f35b62e55ba32bbce8f20bc8fe909558a86702fde" "/opt/rustwide/cargo-home/bin/cargo" "+beta-2024-12-08" "metadata" "--no-deps" "--format-version=1", kill_on_drop: false }`
[INFO] [stdout] 971db66cd3d243d40fca366a835bc1d5ec7a77e521aefffda704fb6617ce9298
[INFO] running `Command { std: "docker" "start" "-a" "971db66cd3d243d40fca366a835bc1d5ec7a77e521aefffda704fb6617ce9298", kill_on_drop: false }`
[INFO] running `Command { std: "docker" "inspect" "971db66cd3d243d40fca366a835bc1d5ec7a77e521aefffda704fb6617ce9298", kill_on_drop: false }`
[INFO] running `Command { std: "docker" "rm" "-f" "971db66cd3d243d40fca366a835bc1d5ec7a77e521aefffda704fb6617ce9298", kill_on_drop: false }`
[INFO] [stdout] 971db66cd3d243d40fca366a835bc1d5ec7a77e521aefffda704fb6617ce9298
[INFO] running `Command { std: "docker" "create" "-v" "/var/lib/crater-agent-workspace/builds/worker-1-tc2/target:/opt/rustwide/target:rw,Z" "-v" "/var/lib/crater-agent-workspace/builds/worker-1-tc2/source:/opt/rustwide/workdir:ro,Z" "-v" "/var/lib/crater-agent-workspace/cargo-home:/opt/rustwide/cargo-home:ro,Z" "-v" "/var/lib/crater-agent-workspace/rustup-home:/opt/rustwide/rustup-home:ro,Z" "-e" "SOURCE_DIR=/opt/rustwide/workdir" "-e" "CARGO_TARGET_DIR=/opt/rustwide/target" "-e" "CARGO_INCREMENTAL=0" "-e" "RUST_BACKTRACE=full" "-e" "RUSTFLAGS=--cap-lints=warn" "-e" "RUSTDOCFLAGS=--cap-lints=warn" "-e" "CARGO_HOME=/opt/rustwide/cargo-home" "-e" "RUSTUP_HOME=/opt/rustwide/rustup-home" "-w" "/opt/rustwide/workdir" "-m" "1610612736" "--user" "0:0" "--network" "none" "ghcr.io/rust-lang/crates-build-env/linux@sha256:f3a9d4ad9d972b27faf3965f35b62e55ba32bbce8f20bc8fe909558a86702fde" "/opt/rustwide/cargo-home/bin/cargo" "+beta-2024-12-08" "build" "--frozen" "--message-format=json", kill_on_drop: false }`
[INFO] [stdout] ed604f2c6b84c59f9a7bc2bdfe92040677f97c8c58f2f0f8777cc7640a692bfc
[INFO] running `Command { std: "docker" "start" "-a" "ed604f2c6b84c59f9a7bc2bdfe92040677f97c8c58f2f0f8777cc7640a692bfc", kill_on_drop: false }`
[INFO] [stderr]    Compiling memchr v2.5.0
[INFO] [stderr]    Compiling regex-syntax v0.7.2
[INFO] [stderr]    Compiling aho-corasick v1.0.1
[INFO] [stderr]    Compiling regex v1.8.3
[INFO] [stderr]    Compiling blargh v0.1.0 (/opt/rustwide/workdir)
[INFO] [stdout] warning: unused import: `Command`
[INFO] [stdout]  --> src/main.rs:5:26
[INFO] [stdout]   |
[INFO] [stdout] 5 | use std::process::{exit, Command};
[INFO] [stdout]   |                          ^^^^^^^
[INFO] [stdout]   |
[INFO] [stdout]   = note: `#[warn(unused_imports)]` on by default
[INFO] [stdout] 
[INFO] [stdout] 
[INFO] [stdout] warning: unused variable: `editor`
[INFO] [stdout]   --> src/main.rs:32:9
[INFO] [stdout]    |
[INFO] [stdout] 32 |     let editor: String = var("EDITOR").expect("Please set the EDITOR environment variable");
[INFO] [stdout]    |         ^^^^^^ help: if this is intentional, prefix it with an underscore: `_editor`
[INFO] [stdout]    |
[INFO] [stdout]    = note: `#[warn(unused_variables)]` on by default
[INFO] [stdout] 
[INFO] [stdout] 
[INFO] [stdout] warning: unused variable: `url`
[INFO] [stdout]   --> src/main.rs:30:44
[INFO] [stdout]    |
[INFO] [stdout] 30 | fn create_markdown_file_and_open_in_editor(url: String) {
[INFO] [stdout]    |                                            ^^^ help: if this is intentional, prefix it with an underscore: `_url`
[INFO] [stdout] 
[INFO] [stdout] 
[INFO] [stdout] warning: unused variable: `url`
[INFO] [stdout]   --> src/main.rs:36:15
[INFO] [stdout]    |
[INFO] [stdout] 36 | fn url_exists(url: &str) -> &str {
[INFO] [stdout]    |               ^^^ help: if this is intentional, prefix it with an underscore: `_url`
[INFO] [stdout] 
[INFO] [stdout] 
[INFO] [stdout] warning: unused variable: `markdown_filepath`
[INFO] [stdout]   --> src/main.rs:40:51
[INFO] [stdout]    |
[INFO] [stdout] 40 | fn convert_to_html_and_preview_and_push_to_bucket(markdown_filepath: String) {
[INFO] [stdout]    |                                                   ^^^^^^^^^^^^^^^^^ help: if this is intentional, prefix it with an underscore: `_markdown_filepath`
[INFO] [stdout] 
[INFO] [stdout] 
[INFO] [stderr]     Finished `dev` profile [unoptimized + debuginfo] target(s) in 7.65s
[INFO] running `Command { std: "docker" "inspect" "ed604f2c6b84c59f9a7bc2bdfe92040677f97c8c58f2f0f8777cc7640a692bfc", kill_on_drop: false }`
[INFO] running `Command { std: "docker" "rm" "-f" "ed604f2c6b84c59f9a7bc2bdfe92040677f97c8c58f2f0f8777cc7640a692bfc", kill_on_drop: false }`
[INFO] [stdout] ed604f2c6b84c59f9a7bc2bdfe92040677f97c8c58f2f0f8777cc7640a692bfc
[INFO] running `Command { std: "docker" "create" "-v" "/var/lib/crater-agent-workspace/builds/worker-1-tc2/target:/opt/rustwide/target:rw,Z" "-v" "/var/lib/crater-agent-workspace/builds/worker-1-tc2/source:/opt/rustwide/workdir:ro,Z" "-v" "/var/lib/crater-agent-workspace/cargo-home:/opt/rustwide/cargo-home:ro,Z" "-v" "/var/lib/crater-agent-workspace/rustup-home:/opt/rustwide/rustup-home:ro,Z" "-e" "SOURCE_DIR=/opt/rustwide/workdir" "-e" "CARGO_TARGET_DIR=/opt/rustwide/target" "-e" "CARGO_INCREMENTAL=0" "-e" "RUST_BACKTRACE=full" "-e" "RUSTFLAGS=--cap-lints=warn" "-e" "RUSTDOCFLAGS=--cap-lints=warn" "-e" "CARGO_HOME=/opt/rustwide/cargo-home" "-e" "RUSTUP_HOME=/opt/rustwide/rustup-home" "-w" "/opt/rustwide/workdir" "-m" "1610612736" "--user" "0:0" "--network" "none" "ghcr.io/rust-lang/crates-build-env/linux@sha256:f3a9d4ad9d972b27faf3965f35b62e55ba32bbce8f20bc8fe909558a86702fde" "/opt/rustwide/cargo-home/bin/cargo" "+beta-2024-12-08" "test" "--frozen" "--no-run" "--message-format=json", kill_on_drop: false }`
[INFO] [stdout] 24ad29fc7ea14976fd79c6df6b5b42eca0d254a2f19d87380bc593f8ebc3de36
[INFO] running `Command { std: "docker" "start" "-a" "24ad29fc7ea14976fd79c6df6b5b42eca0d254a2f19d87380bc593f8ebc3de36", kill_on_drop: false }`
[INFO] [stderr]    Compiling blargh v0.1.0 (/opt/rustwide/workdir)
[INFO] [stdout] warning: unused import: `Command`
[INFO] [stdout]  --> src/main.rs:5:26
[INFO] [stdout]   |
[INFO] [stdout] 5 | use std::process::{exit, Command};
[INFO] [stdout]   |                          ^^^^^^^
[INFO] [stdout]   |
[INFO] [stdout]   = note: `#[warn(unused_imports)]` on by default
[INFO] [stdout] 
[INFO] [stdout] 
[INFO] [stdout] warning: unused variable: `editor`
[INFO] [stdout]   --> src/main.rs:32:9
[INFO] [stdout]    |
[INFO] [stdout] 32 |     let editor: String = var("EDITOR").expect("Please set the EDITOR environment variable");
[INFO] [stdout]    |         ^^^^^^ help: if this is intentional, prefix it with an underscore: `_editor`
[INFO] [stdout]    |
[INFO] [stdout]    = note: `#[warn(unused_variables)]` on by default
[INFO] [stdout] 
[INFO] [stdout] 
[INFO] [stdout] warning: unused variable: `url`
[INFO] [stdout]   --> src/main.rs:30:44
[INFO] [stdout]    |
[INFO] [stdout] 30 | fn create_markdown_file_and_open_in_editor(url: String) {
[INFO] [stdout]    |                                            ^^^ help: if this is intentional, prefix it with an underscore: `_url`
[INFO] [stdout] 
[INFO] [stdout] 
[INFO] [stdout] warning: unused variable: `url`
[INFO] [stdout]   --> src/main.rs:36:15
[INFO] [stdout]    |
[INFO] [stdout] 36 | fn url_exists(url: &str) -> &str {
[INFO] [stdout]    |               ^^^ help: if this is intentional, prefix it with an underscore: `_url`
[INFO] [stdout] 
[INFO] [stdout] 
[INFO] [stdout] warning: unused variable: `markdown_filepath`
[INFO] [stdout]   --> src/main.rs:40:51
[INFO] [stdout]    |
[INFO] [stdout] 40 | fn convert_to_html_and_preview_and_push_to_bucket(markdown_filepath: String) {
[INFO] [stdout]    |                                                   ^^^^^^^^^^^^^^^^^ help: if this is intentional, prefix it with an underscore: `_markdown_filepath`
[INFO] [stdout] 
[INFO] [stdout] 
[INFO] [stderr]     Finished `test` profile [unoptimized + debuginfo] target(s) in 0.97s
[INFO] running `Command { std: "docker" "inspect" "24ad29fc7ea14976fd79c6df6b5b42eca0d254a2f19d87380bc593f8ebc3de36", kill_on_drop: false }`
[INFO] running `Command { std: "docker" "rm" "-f" "24ad29fc7ea14976fd79c6df6b5b42eca0d254a2f19d87380bc593f8ebc3de36", kill_on_drop: false }`
[INFO] [stdout] 24ad29fc7ea14976fd79c6df6b5b42eca0d254a2f19d87380bc593f8ebc3de36
[INFO] running `Command { std: "docker" "create" "-v" "/var/lib/crater-agent-workspace/builds/worker-1-tc2/target:/opt/rustwide/target:rw,Z" "-v" "/var/lib/crater-agent-workspace/builds/worker-1-tc2/source:/opt/rustwide/workdir:ro,Z" "-v" "/var/lib/crater-agent-workspace/cargo-home:/opt/rustwide/cargo-home:ro,Z" "-v" "/var/lib/crater-agent-workspace/rustup-home:/opt/rustwide/rustup-home:ro,Z" "-e" "SOURCE_DIR=/opt/rustwide/workdir" "-e" "CARGO_TARGET_DIR=/opt/rustwide/target" "-e" "CARGO_INCREMENTAL=0" "-e" "RUST_BACKTRACE=full" "-e" "RUSTFLAGS=--cap-lints=warn" "-e" "RUSTDOCFLAGS=--cap-lints=warn" "-e" "CARGO_HOME=/opt/rustwide/cargo-home" "-e" "RUSTUP_HOME=/opt/rustwide/rustup-home" "-w" "/opt/rustwide/workdir" "-m" "1610612736" "--user" "0:0" "--network" "none" "ghcr.io/rust-lang/crates-build-env/linux@sha256:f3a9d4ad9d972b27faf3965f35b62e55ba32bbce8f20bc8fe909558a86702fde" "/opt/rustwide/cargo-home/bin/cargo" "+beta-2024-12-08" "test" "--frozen", kill_on_drop: false }`
[INFO] [stdout] 86da5dcc612b0cb690af9ee5d4d1ca1a01f7981bc81fdc8dd8c7c4dd83d277e9
[INFO] running `Command { std: "docker" "start" "-a" "86da5dcc612b0cb690af9ee5d4d1ca1a01f7981bc81fdc8dd8c7c4dd83d277e9", kill_on_drop: false }`
[INFO] [stderr] warning: unused import: `Command`
[INFO] [stderr]  --> src/main.rs:5:26
[INFO] [stderr]   |
[INFO] [stderr] 5 | use std::process::{exit, Command};
[INFO] [stderr]   |                          ^^^^^^^
[INFO] [stderr]   |
[INFO] [stderr]   = note: `#[warn(unused_imports)]` on by default
[INFO] [stderr] 
[INFO] [stderr] warning: unused variable: `editor`
[INFO] [stderr]   --> src/main.rs:32:9
[INFO] [stderr]    |
[INFO] [stderr] 32 |     let editor: String = var("EDITOR").expect("Please set the EDITOR environment variable");
[INFO] [stderr]    |         ^^^^^^ help: if this is intentional, prefix it with an underscore: `_editor`
[INFO] [stderr]    |
[INFO] [stderr]    = note: `#[warn(unused_variables)]` on by default
[INFO] [stderr] 
[INFO] [stderr] warning: unused variable: `url`
[INFO] [stderr]   --> src/main.rs:30:44
[INFO] [stderr]    |
[INFO] [stderr] 30 | fn create_markdown_file_and_open_in_editor(url: String) {
[INFO] [stderr]    |                                            ^^^ help: if this is intentional, prefix it with an underscore: `_url`
[INFO] [stderr] 
[INFO] [stderr] warning: unused variable: `url`
[INFO] [stderr]   --> src/main.rs:36:15
[INFO] [stderr]    |
[INFO] [stderr] 36 | fn url_exists(url: &str) -> &str {
[INFO] [stderr]    |               ^^^ help: if this is intentional, prefix it with an underscore: `_url`
[INFO] [stderr] 
[INFO] [stderr] warning: unused variable: `markdown_filepath`
[INFO] [stderr]   --> src/main.rs:40:51
[INFO] [stderr]    |
[INFO] [stderr] 40 | fn convert_to_html_and_preview_and_push_to_bucket(markdown_filepath: String) {
[INFO] [stderr]    |                                                   ^^^^^^^^^^^^^^^^^ help: if this is intentional, prefix it with an underscore: `_markdown_filepath`
[INFO] [stderr] 
[INFO] [stderr] warning: `blargh` (bin "blargh" test) generated 5 warnings (run `cargo fix --bin "blargh" --tests` to apply 1 suggestion)
[INFO] [stderr]     Finished `test` profile [unoptimized + debuginfo] target(s) in 0.01s
[INFO] [stderr]      Running unittests src/main.rs (/opt/rustwide/target/debug/deps/blargh-1a2dbdebeee5ba61)
[INFO] [stdout] 
[INFO] [stdout] running 2 tests
[INFO] [stdout] test tests::validate_url_is_err ... ok
[INFO] [stdout] test tests::validate_url_ok ... FAILED
[INFO] [stdout] 
[INFO] [stdout] failures:
[INFO] [stdout] 
[INFO] [stdout] ---- tests::validate_url_ok stdout ----
[INFO] [stdout] thread 'tests::validate_url_ok' panicked at src/main.rs:138:9:
[INFO] [stdout] assertion failed: validate_url(&url).is_ok()
[INFO] [stdout] stack backtrace:
[INFO] [stdout]    0:     0x5cd274ae0dfa - std::backtrace_rs::backtrace::libunwind::trace::h8810477743020387
[INFO] [stdout]                                at /rustc/202008a1b8de96d2e5b6bc02d379db03a877d34d/library/std/src/../../backtrace/src/backtrace/libunwind.rs:116:5
[INFO] [stdout]    1:     0x5cd274ae0dfa - std::backtrace_rs::backtrace::trace_unsynchronized::h3aa55355dd6c54a6
[INFO] [stdout]                                at /rustc/202008a1b8de96d2e5b6bc02d379db03a877d34d/library/std/src/../../backtrace/src/backtrace/mod.rs:66:5
[INFO] [stdout]    2:     0x5cd274ae0dfa - std::sys::backtrace::_print_fmt::h8588b0f62410823f
[INFO] [stdout]                                at /rustc/202008a1b8de96d2e5b6bc02d379db03a877d34d/library/std/src/sys/backtrace.rs:66:9
[INFO] [stdout]    3:     0x5cd274ae0dfa - <std::sys::backtrace::BacktraceLock::print::DisplayBacktrace as core::fmt::Display>::fmt::h98c26ac25ffe89bb
[INFO] [stdout]                                at /rustc/202008a1b8de96d2e5b6bc02d379db03a877d34d/library/std/src/sys/backtrace.rs:39:26
[INFO] [stdout]    4:     0x5cd274b06a33 - core::fmt::rt::Argument::fmt::hf95377f4aebd453b
[INFO] [stdout]                                at /rustc/202008a1b8de96d2e5b6bc02d379db03a877d34d/library/core/src/fmt/rt.rs:177:76
[INFO] [stdout]    5:     0x5cd274b06a33 - core::fmt::write::h0dd5f6e2238c7982
[INFO] [stdout]                                at /rustc/202008a1b8de96d2e5b6bc02d379db03a877d34d/library/core/src/fmt/mod.rs:1189:21
[INFO] [stdout]    6:     0x5cd274addf93 - std::io::Write::write_fmt::h03bb0ca26e6faf8c
[INFO] [stdout]                                at /rustc/202008a1b8de96d2e5b6bc02d379db03a877d34d/library/std/src/io/mod.rs:1884:15
[INFO] [stdout]    7:     0x5cd274ae0c42 - std::sys::backtrace::BacktraceLock::print::h5c19c1c038ee186d
[INFO] [stdout]                                at /rustc/202008a1b8de96d2e5b6bc02d379db03a877d34d/library/std/src/sys/backtrace.rs:42:9
[INFO] [stdout]    8:     0x5cd274ae227d - std::panicking::default_hook::{{closure}}::h77172f079a1fcb13
[INFO] [stdout]                                at /rustc/202008a1b8de96d2e5b6bc02d379db03a877d34d/library/std/src/panicking.rs:268:22
[INFO] [stdout]    9:     0x5cd274ae2087 - std::panicking::default_hook::he5f8e3b203ccddba
[INFO] [stdout]                                at /rustc/202008a1b8de96d2e5b6bc02d379db03a877d34d/library/std/src/panicking.rs:292:9
[INFO] [stdout]   10:     0x5cd27491d1e7 - <alloc::boxed::Box<F,A> as core::ops::function::Fn<Args>>::call::h7a3c7b4a1ae77f2f
[INFO] [stdout]                                at /rustc/202008a1b8de96d2e5b6bc02d379db03a877d34d/library/alloc/src/boxed.rs:1986:9
[INFO] [stdout]   11:     0x5cd27491d1e7 - test::test_main::{{closure}}::hf0d3b69ae9b353d1
[INFO] [stdout]                                at /rustc/202008a1b8de96d2e5b6bc02d379db03a877d34d/library/test/src/lib.rs:134:21
[INFO] [stdout]   12:     0x5cd274ae2928 - <alloc::boxed::Box<F,A> as core::ops::function::Fn<Args>>::call::h6332e82e7b189abd
[INFO] [stdout]                                at /rustc/202008a1b8de96d2e5b6bc02d379db03a877d34d/library/alloc/src/boxed.rs:1986:9
[INFO] [stdout]   13:     0x5cd274ae2928 - std::panicking::rust_panic_with_hook::h53863d4e9018df39
[INFO] [stdout]                                at /rustc/202008a1b8de96d2e5b6bc02d379db03a877d34d/library/std/src/panicking.rs:809:13
[INFO] [stdout]   14:     0x5cd274ae26b6 - std::panicking::begin_panic_handler::{{closure}}::h67280e6fa0757873
[INFO] [stdout]                                at /rustc/202008a1b8de96d2e5b6bc02d379db03a877d34d/library/std/src/panicking.rs:667:13
[INFO] [stdout]   15:     0x5cd274ae12d9 - std::sys::backtrace::__rust_end_short_backtrace::h1dac3f54d6fbbeb2
[INFO] [stdout]                                at /rustc/202008a1b8de96d2e5b6bc02d379db03a877d34d/library/std/src/sys/backtrace.rs:170:18
[INFO] [stdout]   16:     0x5cd274ae237c - rust_begin_unwind
[INFO] [stdout]                                at /rustc/202008a1b8de96d2e5b6bc02d379db03a877d34d/library/std/src/panicking.rs:665:5
[INFO] [stdout]   17:     0x5cd2748e2180 - core::panicking::panic_fmt::h6792bd1b2bf01041
[INFO] [stdout]                                at /rustc/202008a1b8de96d2e5b6bc02d379db03a877d34d/library/core/src/panicking.rs:76:14
[INFO] [stdout]   18:     0x5cd2748e220c - core::panicking::panic::hbb5c236a846c507c
[INFO] [stdout]                                at /rustc/202008a1b8de96d2e5b6bc02d379db03a877d34d/library/core/src/panicking.rs:148:5
[INFO] [stdout]   19:     0x5cd2748e3696 - blargh::tests::validate_url_ok::hb5c7ccc4f4e1dd0b
[INFO] [stdout]                                at /opt/rustwide/workdir/src/main.rs:138:9
[INFO] [stdout]   20:     0x5cd2748e3397 - blargh::tests::validate_url_ok::{{closure}}::hffc4a038e822f199
[INFO] [stdout]                                at /opt/rustwide/workdir/src/main.rs:128:25
[INFO] [stdout]   21:     0x5cd2748e2cb6 - core::ops::function::FnOnce::call_once::hd5028de17bb1aaf6
[INFO] [stdout]                                at /rustc/202008a1b8de96d2e5b6bc02d379db03a877d34d/library/core/src/ops/function.rs:250:5
[INFO] [stdout]   22:     0x5cd274921d0b - core::ops::function::FnOnce::call_once::h871bf86719ec9aa4
[INFO] [stdout]                                at /rustc/202008a1b8de96d2e5b6bc02d379db03a877d34d/library/core/src/ops/function.rs:250:5
[INFO] [stdout]   23:     0x5cd274921d0b - test::__rust_begin_short_backtrace::h2167df1e2b7d76fd
[INFO] [stdout]                                at /rustc/202008a1b8de96d2e5b6bc02d379db03a877d34d/library/test/src/lib.rs:632:18
[INFO] [stdout]   24:     0x5cd2749216f8 - test::run_test_in_process::{{closure}}::h15d92f75a3adfb79
[INFO] [stdout]                                at /rustc/202008a1b8de96d2e5b6bc02d379db03a877d34d/library/test/src/lib.rs:655:60
[INFO] [stdout]   25:     0x5cd2749216f8 - <core::panic::unwind_safe::AssertUnwindSafe<F> as core::ops::function::FnOnce<()>>::call_once::hb6c8955835a8dbbb
[INFO] [stdout]                                at /rustc/202008a1b8de96d2e5b6bc02d379db03a877d34d/library/core/src/panic/unwind_safe.rs:272:9
[INFO] [stdout]   26:     0x5cd2749216f8 - std::panicking::try::do_call::hc79d0fc888a0bd30
[INFO] [stdout]                                at /rustc/202008a1b8de96d2e5b6bc02d379db03a877d34d/library/std/src/panicking.rs:557:40
[INFO] [stdout]   27:     0x5cd2749216f8 - std::panicking::try::hb8a7878e3a8589d6
[INFO] [stdout]                                at /rustc/202008a1b8de96d2e5b6bc02d379db03a877d34d/library/std/src/panicking.rs:520:19
[INFO] [stdout]   28:     0x5cd2749216f8 - std::panic::catch_unwind::hb8e4600ff0ff5cfa
[INFO] [stdout]                                at /rustc/202008a1b8de96d2e5b6bc02d379db03a877d34d/library/std/src/panic.rs:358:14
[INFO] [stdout]   29:     0x5cd2749216f8 - test::run_test_in_process::hc2900b0b18688dd6
[INFO] [stdout]                                at /rustc/202008a1b8de96d2e5b6bc02d379db03a877d34d/library/test/src/lib.rs:655:27
[INFO] [stdout]   30:     0x5cd2749216f8 - test::run_test::{{closure}}::hac2a9cb07be3d48d
[INFO] [stdout]                                at /rustc/202008a1b8de96d2e5b6bc02d379db03a877d34d/library/test/src/lib.rs:576:43
[INFO] [stdout]   31:     0x5cd2748e519a - test::run_test::{{closure}}::h4a5b729e66a38cd8
[INFO] [stdout]                                at /rustc/202008a1b8de96d2e5b6bc02d379db03a877d34d/library/test/src/lib.rs:606:41
[INFO] [stdout]   32:     0x5cd2748e519a - std::sys::backtrace::__rust_begin_short_backtrace::h0496fb742492f573
[INFO] [stdout]                                at /rustc/202008a1b8de96d2e5b6bc02d379db03a877d34d/library/std/src/sys/backtrace.rs:154:18
[INFO] [stdout]   33:     0x5cd2748e8b14 - std::thread::Builder::spawn_unchecked_::{{closure}}::{{closure}}::hbb6d257c550a54bd
[INFO] [stdout]                                at /rustc/202008a1b8de96d2e5b6bc02d379db03a877d34d/library/std/src/thread/mod.rs:561:17
[INFO] [stdout]   34:     0x5cd2748e8b14 - <core::panic::unwind_safe::AssertUnwindSafe<F> as core::ops::function::FnOnce<()>>::call_once::h46696fe4a6832328
[INFO] [stdout]                                at /rustc/202008a1b8de96d2e5b6bc02d379db03a877d34d/library/core/src/panic/unwind_safe.rs:272:9
[INFO] [stdout]   35:     0x5cd2748e8b14 - std::panicking::try::do_call::h2625a51b667bfb64
[INFO] [stdout]                                at /rustc/202008a1b8de96d2e5b6bc02d379db03a877d34d/library/std/src/panicking.rs:557:40
[INFO] [stdout]   36:     0x5cd2748e8b14 - std::panicking::try::hb956a59a1973aa4c
[INFO] [stdout]                                at /rustc/202008a1b8de96d2e5b6bc02d379db03a877d34d/library/std/src/panicking.rs:520:19
[INFO] [stdout]   37:     0x5cd2748e8b14 - std::panic::catch_unwind::h64f3b9d1067ef6a0
[INFO] [stdout]                                at /rustc/202008a1b8de96d2e5b6bc02d379db03a877d34d/library/std/src/panic.rs:358:14
[INFO] [stdout]   38:     0x5cd2748e8b14 - std::thread::Builder::spawn_unchecked_::{{closure}}::h42b2841295b6c0b2
[INFO] [stdout]                                at /rustc/202008a1b8de96d2e5b6bc02d379db03a877d34d/library/std/src/thread/mod.rs:559:30
[INFO] [stdout]   39:     0x5cd2748e8b14 - core::ops::function::FnOnce::call_once{{vtable.shim}}::h6127de71b8124639
[INFO] [stdout]                                at /rustc/202008a1b8de96d2e5b6bc02d379db03a877d34d/library/core/src/ops/function.rs:250:5
[INFO] [stdout]   40:     0x5cd274ae686b - <alloc::boxed::Box<F,A> as core::ops::function::FnOnce<Args>>::call_once::h42f0ba71002a1b2c
[INFO] [stdout]                                at /rustc/202008a1b8de96d2e5b6bc02d379db03a877d34d/library/alloc/src/boxed.rs:1972:9
[INFO] [stdout]   41:     0x5cd274ae686b - <alloc::boxed::Box<F,A> as core::ops::function::FnOnce<Args>>::call_once::had9e47d7a3dcecb8
[INFO] [stdout]                                at /rustc/202008a1b8de96d2e5b6bc02d379db03a877d34d/library/alloc/src/boxed.rs:1972:9
[INFO] [stdout]   42:     0x5cd274ae686b - std::sys::pal::unix::thread::Thread::new::thread_start::h48cf765408f6f5f2
[INFO] [stdout]                                at /rustc/202008a1b8de96d2e5b6bc02d379db03a877d34d/library/std/src/sys/pal/unix/thread.rs:105:17
[INFO] [stdout]   43:     0x784adffeeac3 - <unknown>
[INFO] [stdout]   44:     0x784ae007fa04 - clone
[INFO] [stdout]   45:                0x0 - <unknown>
[INFO] [stdout] 
[INFO] [stdout] 
[INFO] [stdout] failures:
[INFO] [stdout]     tests::validate_url_ok
[INFO] [stdout] 
[INFO] [stdout] test result: FAILED. 1 passed; 1 failed; 0 ignored; 0 measured; 0 filtered out; finished in 0.02s
[INFO] [stdout] 
[INFO] [stderr] error: test failed, to rerun pass `--bin blargh`
[INFO] running `Command { std: "docker" "inspect" "86da5dcc612b0cb690af9ee5d4d1ca1a01f7981bc81fdc8dd8c7c4dd83d277e9", kill_on_drop: false }`
[INFO] running `Command { std: "docker" "rm" "-f" "86da5dcc612b0cb690af9ee5d4d1ca1a01f7981bc81fdc8dd8c7c4dd83d277e9", kill_on_drop: false }`
[INFO] [stdout] 86da5dcc612b0cb690af9ee5d4d1ca1a01f7981bc81fdc8dd8c7c4dd83d277e9
