[INFO] cloning repository https://github.com/zeroqn/riscv-contract-examples
[INFO] running `Command { std: "git" "-c" "credential.helper=" "-c" "credential.helper=/workspace/cargo-home/bin/git-credential-null" "clone" "--bare" "https://github.com/zeroqn/riscv-contract-examples" "/workspace/cache/git-repos/https%3A%2F%2Fgithub.com%2Fzeroqn%2Friscv-contract-examples", kill_on_drop: false }`
[INFO] [stderr] Cloning into bare repository '/workspace/cache/git-repos/https%3A%2F%2Fgithub.com%2Fzeroqn%2Friscv-contract-examples'...
[INFO] running `Command { std: "git" "rev-parse" "HEAD", kill_on_drop: false }`
[INFO] [stdout] 08ab440d3f55989862491e8c014d734c0b6220c0
[INFO] testing zeroqn/riscv-contract-examples against 1.83.0 for beta-1.84.0-4-retry
[INFO] running `Command { std: "git" "clone" "/workspace/cache/git-repos/https%3A%2F%2Fgithub.com%2Fzeroqn%2Friscv-contract-examples" "/workspace/builds/worker-4-tc1/source", kill_on_drop: false }`
[INFO] [stderr] Cloning into '/workspace/builds/worker-4-tc1/source'...
[INFO] [stderr] done.
[INFO] validating manifest of git repo https://github.com/zeroqn/riscv-contract-examples on toolchain 1.83.0
[INFO] running `Command { std: CARGO_HOME="/workspace/cargo-home" RUSTUP_HOME="/workspace/rustup-home" "/workspace/cargo-home/bin/cargo" "+1.83.0" "metadata" "--manifest-path" "Cargo.toml" "--no-deps", kill_on_drop: false }`
[INFO] started tweaking git repo https://github.com/zeroqn/riscv-contract-examples
[INFO] finished tweaking git repo https://github.com/zeroqn/riscv-contract-examples
[INFO] tweaked toml for git repo https://github.com/zeroqn/riscv-contract-examples written to /workspace/builds/worker-4-tc1/source/Cargo.toml
[INFO] crate git repo https://github.com/zeroqn/riscv-contract-examples already has a lockfile, it will not be regenerated
[INFO] running `Command { std: CARGO_HOME="/workspace/cargo-home" RUSTUP_HOME="/workspace/rustup-home" "/workspace/cargo-home/bin/cargo" "+1.83.0" "fetch" "--manifest-path" "Cargo.toml", kill_on_drop: false }`
[INFO] [stderr]     Updating git repository `https://github.com/citahub/cita-vm`
[INFO] [stderr]     Updating crates.io index
[INFO] [stderr]     Updating git repository `https://github.com/nervosnetwork/ckb-vm`
[INFO] [stderr]  Downloading crates ...
[INFO] [stderr]   Downloaded cita_trie v2.0.0
[INFO] [stderr]   Downloaded scroll_derive v0.9.5
[INFO] [stderr]   Downloaded rlp v0.3.0
[INFO] [stderr]   Downloaded scroll v0.9.2
[INFO] [stderr]   Downloaded goblin v0.0.22
[INFO] [stderr]   Downloaded ripemd160 v0.8.0
[INFO] [stderr]   Downloaded hasher v0.1.2
[INFO] running `Command { std: "docker" "create" "-v" "/var/lib/crater-agent-workspace/builds/worker-4-tc1/target:/opt/rustwide/target:rw,Z" "-v" "/var/lib/crater-agent-workspace/builds/worker-4-tc1/source:/opt/rustwide/workdir:ro,Z" "-v" "/var/lib/crater-agent-workspace/cargo-home:/opt/rustwide/cargo-home:ro,Z" "-v" "/var/lib/crater-agent-workspace/rustup-home:/opt/rustwide/rustup-home:ro,Z" "-e" "SOURCE_DIR=/opt/rustwide/workdir" "-e" "CARGO_TARGET_DIR=/opt/rustwide/target" "-e" "CARGO_HOME=/opt/rustwide/cargo-home" "-e" "RUSTUP_HOME=/opt/rustwide/rustup-home" "-w" "/opt/rustwide/workdir" "-m" "1610612736" "--user" "0:0" "--network" "none" "ghcr.io/rust-lang/crates-build-env/linux@sha256:f3a9d4ad9d972b27faf3965f35b62e55ba32bbce8f20bc8fe909558a86702fde" "/opt/rustwide/cargo-home/bin/cargo" "+1.83.0" "metadata" "--no-deps" "--format-version=1", kill_on_drop: false }`
[INFO] [stdout] 93db8ffe157af8c443a2056af64bc7590bef6b8b0bfe772087a296e39ac69e69
[INFO] running `Command { std: "docker" "start" "-a" "93db8ffe157af8c443a2056af64bc7590bef6b8b0bfe772087a296e39ac69e69", kill_on_drop: false }`
[INFO] running `Command { std: "docker" "inspect" "93db8ffe157af8c443a2056af64bc7590bef6b8b0bfe772087a296e39ac69e69", kill_on_drop: false }`
[INFO] running `Command { std: "docker" "rm" "-f" "93db8ffe157af8c443a2056af64bc7590bef6b8b0bfe772087a296e39ac69e69", kill_on_drop: false }`
[INFO] [stdout] 93db8ffe157af8c443a2056af64bc7590bef6b8b0bfe772087a296e39ac69e69
[INFO] running `Command { std: "docker" "create" "-v" "/var/lib/crater-agent-workspace/builds/worker-4-tc1/target:/opt/rustwide/target:rw,Z" "-v" "/var/lib/crater-agent-workspace/builds/worker-4-tc1/source:/opt/rustwide/workdir:ro,Z" "-v" "/var/lib/crater-agent-workspace/cargo-home:/opt/rustwide/cargo-home:ro,Z" "-v" "/var/lib/crater-agent-workspace/rustup-home:/opt/rustwide/rustup-home:ro,Z" "-e" "SOURCE_DIR=/opt/rustwide/workdir" "-e" "CARGO_TARGET_DIR=/opt/rustwide/target" "-e" "CARGO_INCREMENTAL=0" "-e" "RUST_BACKTRACE=full" "-e" "RUSTFLAGS=--cap-lints=warn" "-e" "RUSTDOCFLAGS=--cap-lints=warn" "-e" "CARGO_HOME=/opt/rustwide/cargo-home" "-e" "RUSTUP_HOME=/opt/rustwide/rustup-home" "-w" "/opt/rustwide/workdir" "-m" "1610612736" "--user" "0:0" "--network" "none" "ghcr.io/rust-lang/crates-build-env/linux@sha256:f3a9d4ad9d972b27faf3965f35b62e55ba32bbce8f20bc8fe909558a86702fde" "/opt/rustwide/cargo-home/bin/cargo" "+1.83.0" "build" "--frozen" "--message-format=json", kill_on_drop: false }`
[INFO] [stdout] 767f26541ec50c48984e284241e1f50b9c9f3d2e61b580574d3892787464e051
[INFO] running `Command { std: "docker" "start" "-a" "767f26541ec50c48984e284241e1f50b9c9f3d2e61b580574d3892787464e051", kill_on_drop: false }`
[INFO] [stderr]    Compiling libc v0.2.60
[INFO] [stderr]    Compiling semver-parser v0.7.0
[INFO] [stderr]    Compiling typenum v1.10.0
[INFO] [stderr]    Compiling nodrop v0.1.13
[INFO] [stderr]    Compiling cfg-if v0.1.9
[INFO] [stderr]    Compiling rand_core v0.4.0
[INFO] [stderr]    Compiling byteorder v1.3.2
[INFO] [stderr]    Compiling autocfg v0.1.5
[INFO] [stderr]    Compiling lazy_static v1.3.0
[INFO] [stderr]    Compiling proc-macro2 v0.4.30
[INFO] [stderr]    Compiling serde v1.0.97
[INFO] [stderr]    Compiling crunchy v0.2.2
[INFO] [stderr]    Compiling unicode-xid v0.1.0
[INFO] [stderr]    Compiling scopeguard v1.0.0
[INFO] [stderr]    Compiling heapsize v0.4.2
[INFO] [stderr]    Compiling arrayvec v0.4.11
[INFO] [stderr]    Compiling crunchy v0.1.6
[INFO] [stderr]    Compiling syn v0.15.42
[INFO] [stderr]    Compiling rustc-hex v2.0.1
[INFO] [stderr]    Compiling crossbeam-utils v0.6.6
[INFO] [stderr]    Compiling byte-tools v0.3.1
[INFO] [stderr]    Compiling log v0.4.7
[INFO] [stderr]    Compiling semver v0.9.0
[INFO] [stderr]    Compiling rand_core v0.3.1
[INFO] [stderr]    Compiling memchr v2.2.1
[INFO] [stderr]    Compiling rayon-core v1.5.0
[INFO] [stderr]    Compiling tiny-keccak v1.5.0
[INFO] [stderr]    Compiling rand_chacha v0.1.1
[INFO] [stderr]    Compiling rand_pcg v0.1.2
[INFO] [stderr]    Compiling rand v0.6.5
[INFO] [stderr]    Compiling rustc_version v0.2.3
[INFO] [stderr]    Compiling crossbeam-queue v0.1.2
[INFO] [stderr]    Compiling rand_xorshift v0.1.1
[INFO] [stderr]    Compiling rand_isaac v0.1.1
[INFO] [stderr]    Compiling rand_hc v0.1.0
[INFO] [stderr]    Compiling rand_jitter v0.1.4
[INFO] [stderr]    Compiling block-padding v0.1.4
[INFO] [stderr]    Compiling constant_time_eq v0.1.3
[INFO] [stderr]    Compiling uint v0.4.1
[INFO] [stderr]    Compiling byte-tools v0.2.0
[INFO] [stderr]    Compiling fake-simd v0.1.2
[INFO] [stderr]    Compiling ucd-util v0.1.5
[INFO] [stderr]    Compiling opaque-debug v0.2.2
[INFO] [stderr]    Compiling cc v1.0.38
[INFO] [stderr]    Compiling smallvec v0.6.10
[INFO] [stderr]    Compiling memoffset v0.5.1
[INFO] [stderr]    Compiling parking_lot_core v0.5.0
[INFO] [stderr]    Compiling scroll v0.9.2
[INFO] [stderr]    Compiling parking_lot v0.8.0
[INFO] [stderr]    Compiling either v1.5.2
[INFO] [stderr]    Compiling ryu v1.0.0
[INFO] [stderr]    Compiling regex-syntax v0.6.10
[INFO] [stderr]    Compiling thread_local v0.3.6
[INFO] [stderr]    Compiling aho-corasick v0.7.4
[INFO] [stderr]    Compiling generic-array v0.8.3
[INFO] [stderr]    Compiling generic-array v0.12.3
[INFO] [stderr]    Compiling lock_api v0.2.0
[INFO] [stderr]    Compiling plain v0.2.3
[INFO] [stderr]    Compiling rand v0.4.6
[INFO] [stderr]    Compiling quote v0.6.13
[INFO] [stderr]    Compiling num_cpus v1.10.1
[INFO] [stderr]    Compiling crossbeam-epoch v0.7.2
[INFO] [stderr]    Compiling rand_os v0.1.3
[INFO] [stderr]    Compiling digest v0.6.2
[INFO] [stderr]    Compiling crypto-mac v0.4.0
[INFO] [stderr]    Compiling digest v0.8.1
[INFO] [stderr]    Compiling block-buffer v0.7.3
[INFO] [stderr]    Compiling hmac v0.4.2
[INFO] [stderr]    Compiling block-buffer v0.2.0
[INFO] [stderr]    Compiling iovec v0.1.2
[INFO] [stderr]    Compiling utf8-ranges v1.0.3
[INFO] [stderr]    Compiling quick-error v1.2.2
[INFO] [stderr]    Compiling hmac-drbg v0.1.2
[INFO] [stderr]    Compiling humantime v1.2.0
[INFO] [stderr]    Compiling bytes v0.4.12
[INFO] [stderr]    Compiling sha2 v0.6.0
[INFO] [stderr]    Compiling crossbeam-deque v0.6.3
[INFO] [stderr]    Compiling atty v0.2.13
[INFO] [stderr]    Compiling hasher v0.1.2
[INFO] [stderr]    Compiling keccak v0.1.0
[INFO] [stderr]    Compiling arrayref v0.3.5
[INFO] [stderr]    Compiling ckb-vm-definitions v0.12.0-pre (https://github.com/nervosnetwork/ckb-vm#53ddfecb)
[INFO] [stderr]    Compiling termcolor v1.0.5
[INFO] [stderr]    Compiling itoa v0.4.4
[INFO] [stderr]    Compiling sha2 v0.8.0
[INFO] [stderr]    Compiling ripemd160 v0.8.0
[INFO] [stderr]    Compiling sha3 v0.8.2
[INFO] [stderr]    Compiling hex v0.3.2
[INFO] [stderr]    Compiling ckb-vm v0.12.0-pre (https://github.com/nervosnetwork/ckb-vm#53ddfecb)
[INFO] [stderr]    Compiling hex v0.4.0
[INFO] [stderr]    Compiling fixed-hash v0.2.5
[INFO] [stderr]    Compiling rayon v1.1.0
[INFO] [stderr]    Compiling libsecp256k1 v0.2.2
[INFO] [stderr]    Compiling regex v1.2.0
[INFO] [stderr]    Compiling env_logger v0.6.2
[INFO] [stderr]    Compiling scroll_derive v0.9.5
[INFO] [stderr]    Compiling serde_derive v1.0.97
[INFO] [stderr]    Compiling hashbrown v0.3.1
[INFO] [stderr]    Compiling ethereum-types-serialize v0.2.2
[INFO] [stderr]    Compiling serde_json v1.0.40
[INFO] [stderr]    Compiling ethbloom v0.5.3
[INFO] [stderr]    Compiling ethereum-types v0.4.2
[INFO] [stderr]    Compiling goblin v0.0.22
[INFO] [stderr]    Compiling rlp v0.3.0
[INFO] [stderr]    Compiling cita_trie v2.0.0
[INFO] [stderr]    Compiling cita-vm v0.2.1 (https://github.com/citahub/cita-vm#017e0695)
[INFO] [stderr]    Compiling ballot v0.1.0 (/opt/rustwide/workdir)
[INFO] [stderr]     Finished `dev` profile [unoptimized + debuginfo] target(s) in 28.08s
[INFO] [stderr] warning: the following packages contain code that will be rejected by a future version of Rust: uint v0.4.1
[INFO] [stderr] note: to see what the problems were, use the option `--future-incompat-report`, or run `cargo report future-incompatibilities --id 1`
[INFO] running `Command { std: "docker" "inspect" "767f26541ec50c48984e284241e1f50b9c9f3d2e61b580574d3892787464e051", kill_on_drop: false }`
[INFO] running `Command { std: "docker" "rm" "-f" "767f26541ec50c48984e284241e1f50b9c9f3d2e61b580574d3892787464e051", kill_on_drop: false }`
[INFO] [stdout] 767f26541ec50c48984e284241e1f50b9c9f3d2e61b580574d3892787464e051
[INFO] running `Command { std: "docker" "create" "-v" "/var/lib/crater-agent-workspace/builds/worker-4-tc1/target:/opt/rustwide/target:rw,Z" "-v" "/var/lib/crater-agent-workspace/builds/worker-4-tc1/source:/opt/rustwide/workdir:ro,Z" "-v" "/var/lib/crater-agent-workspace/cargo-home:/opt/rustwide/cargo-home:ro,Z" "-v" "/var/lib/crater-agent-workspace/rustup-home:/opt/rustwide/rustup-home:ro,Z" "-e" "SOURCE_DIR=/opt/rustwide/workdir" "-e" "CARGO_TARGET_DIR=/opt/rustwide/target" "-e" "CARGO_INCREMENTAL=0" "-e" "RUST_BACKTRACE=full" "-e" "RUSTFLAGS=--cap-lints=warn" "-e" "RUSTDOCFLAGS=--cap-lints=warn" "-e" "CARGO_HOME=/opt/rustwide/cargo-home" "-e" "RUSTUP_HOME=/opt/rustwide/rustup-home" "-w" "/opt/rustwide/workdir" "-m" "1610612736" "--user" "0:0" "--network" "none" "ghcr.io/rust-lang/crates-build-env/linux@sha256:f3a9d4ad9d972b27faf3965f35b62e55ba32bbce8f20bc8fe909558a86702fde" "/opt/rustwide/cargo-home/bin/cargo" "+1.83.0" "test" "--frozen" "--no-run" "--message-format=json", kill_on_drop: false }`
[INFO] [stdout] 27af418ee6730e24053d51d291b3f307ac1ca2b5a79b2cc469ca7e0e48a3f909
[INFO] running `Command { std: "docker" "start" "-a" "27af418ee6730e24053d51d291b3f307ac1ca2b5a79b2cc469ca7e0e48a3f909", kill_on_drop: false }`
[INFO] [stderr]    Compiling ballot v0.1.0 (/opt/rustwide/workdir)
[INFO] [stdout] warning: use of deprecated associated function `ethereum_types::H160::from_slice`: unconventional API, replaced by `new_from_slice` in version 0.3
[INFO] [stdout]    --> src/lib.rs:100:22
[INFO] [stdout]     |
[INFO] [stdout] 100 |             Address::from_slice(&val)
[INFO] [stdout]     |                      ^^^^^^^^^^
[INFO] [stdout]     |
[INFO] [stdout]     = note: `#[warn(deprecated)]` on by default
[INFO] [stdout] 
[INFO] [stdout] 
[INFO] [stdout] warning: panic message is not a string literal
[INFO] [stdout]    --> src/lib.rs:185:29
[INFO] [stdout]     |
[INFO] [stdout] 185 |                 _ => panic!(name),
[INFO] [stdout]     |                             ^^^^
[INFO] [stdout]     |
[INFO] [stdout]     = note: this usage of `panic!()` is deprecated; it will be a hard error in Rust 2021
[INFO] [stdout]     = note: for more information, see <https://doc.rust-lang.org/nightly/edition-guide/rust-2021/panic-macro-consistency.html>
[INFO] [stdout]     = note: `#[warn(non_fmt_panics)]` on by default
[INFO] [stdout] help: add a "{}" format string to `Display` the message
[INFO] [stdout]     |
[INFO] [stdout] 185 |                 _ => panic!("{}", name),
[INFO] [stdout]     |                             +++++
[INFO] [stdout] 
[INFO] [stdout] 
[INFO] [stderr]     Finished `test` profile [unoptimized + debuginfo] target(s) in 1.86s
[INFO] [stderr] warning: the following packages contain code that will be rejected by a future version of Rust: uint v0.4.1
[INFO] [stderr] note: to see what the problems were, use the option `--future-incompat-report`, or run `cargo report future-incompatibilities --id 1`
[INFO] running `Command { std: "docker" "inspect" "27af418ee6730e24053d51d291b3f307ac1ca2b5a79b2cc469ca7e0e48a3f909", kill_on_drop: false }`
[INFO] running `Command { std: "docker" "rm" "-f" "27af418ee6730e24053d51d291b3f307ac1ca2b5a79b2cc469ca7e0e48a3f909", kill_on_drop: false }`
[INFO] [stdout] 27af418ee6730e24053d51d291b3f307ac1ca2b5a79b2cc469ca7e0e48a3f909
[INFO] running `Command { std: "docker" "create" "-v" "/var/lib/crater-agent-workspace/builds/worker-4-tc1/target:/opt/rustwide/target:rw,Z" "-v" "/var/lib/crater-agent-workspace/builds/worker-4-tc1/source:/opt/rustwide/workdir:ro,Z" "-v" "/var/lib/crater-agent-workspace/cargo-home:/opt/rustwide/cargo-home:ro,Z" "-v" "/var/lib/crater-agent-workspace/rustup-home:/opt/rustwide/rustup-home:ro,Z" "-e" "SOURCE_DIR=/opt/rustwide/workdir" "-e" "CARGO_TARGET_DIR=/opt/rustwide/target" "-e" "CARGO_INCREMENTAL=0" "-e" "RUST_BACKTRACE=full" "-e" "RUSTFLAGS=--cap-lints=warn" "-e" "RUSTDOCFLAGS=--cap-lints=warn" "-e" "CARGO_HOME=/opt/rustwide/cargo-home" "-e" "RUSTUP_HOME=/opt/rustwide/rustup-home" "-w" "/opt/rustwide/workdir" "-m" "1610612736" "--user" "0:0" "--network" "none" "ghcr.io/rust-lang/crates-build-env/linux@sha256:f3a9d4ad9d972b27faf3965f35b62e55ba32bbce8f20bc8fe909558a86702fde" "/opt/rustwide/cargo-home/bin/cargo" "+1.83.0" "test" "--frozen", kill_on_drop: false }`
[INFO] [stdout] 263da5a8e8223619a944f9d02000e08e7a3ade48ff2ea02c866ea0149fe91950
[INFO] running `Command { std: "docker" "start" "-a" "263da5a8e8223619a944f9d02000e08e7a3ade48ff2ea02c866ea0149fe91950", kill_on_drop: false }`
[INFO] [stderr] warning: use of deprecated associated function `ethereum_types::H160::from_slice`: unconventional API, replaced by `new_from_slice` in version 0.3
[INFO] [stderr]    --> src/lib.rs:100:22
[INFO] [stderr]     |
[INFO] [stderr] 100 |             Address::from_slice(&val)
[INFO] [stderr]     |                      ^^^^^^^^^^
[INFO] [stderr]     |
[INFO] [stderr]     = note: `#[warn(deprecated)]` on by default
[INFO] [stderr] 
[INFO] [stderr] warning: panic message is not a string literal
[INFO] [stderr]    --> src/lib.rs:185:29
[INFO] [stderr]     |
[INFO] [stderr] 185 |                 _ => panic!(name),
[INFO] [stderr]     |                             ^^^^
[INFO] [stderr]     |
[INFO] [stderr]     = note: this usage of `panic!()` is deprecated; it will be a hard error in Rust 2021
[INFO] [stderr]     = note: for more information, see <https://doc.rust-lang.org/nightly/edition-guide/rust-2021/panic-macro-consistency.html>
[INFO] [stderr]     = note: `#[warn(non_fmt_panics)]` on by default
[INFO] [stderr] help: add a "{}" format string to `Display` the message
[INFO] [stderr]     |
[INFO] [stderr] 185 |                 _ => panic!("{}", name),
[INFO] [stderr]     |                             +++++
[INFO] [stderr] 
[INFO] [stderr] warning: `ballot` (lib test) generated 2 warnings (run `cargo fix --lib -p ballot --tests` to apply 1 suggestion)
[INFO] [stderr]     Finished `test` profile [unoptimized + debuginfo] target(s) in 0.12s
[INFO] [stderr] warning: the following packages contain code that will be rejected by a future version of Rust: uint v0.4.1
[INFO] [stderr] note: to see what the problems were, use the option `--future-incompat-report`, or run `cargo report future-incompatibilities --id 1`
[INFO] [stderr]      Running unittests src/lib.rs (/opt/rustwide/target/debug/deps/ballot-b82c74cf142e8548)
[INFO] [stdout] 
[INFO] [stdout] running 1 test
[INFO] [stdout] test tests::test_ballot ... FAILED
[INFO] [stdout] 
[INFO] [stdout] failures:
[INFO] [stdout] 
[INFO] [stdout] ---- tests::test_ballot stdout ----
[INFO] [stdout] thread 'tests::test_ballot' panicked at src/lib.rs:81:53:
[INFO] [stdout] read contract: Os { code: 2, kind: NotFound, message: "No such file or directory" }
[INFO] [stdout] stack backtrace:
[INFO] [stdout]    0:     0x6076370e457a - std::backtrace_rs::backtrace::libunwind::trace::h5a5b8284f2d0c266
[INFO] [stdout]                                at /rustc/90b35a6239c3d8bdabc530a6a0816f7ff89a0aaf/library/std/src/../../backtrace/src/backtrace/libunwind.rs:116:5
[INFO] [stdout]    1:     0x6076370e457a - std::backtrace_rs::backtrace::trace_unsynchronized::h76d4f1c9b0b875e3
[INFO] [stdout]                                at /rustc/90b35a6239c3d8bdabc530a6a0816f7ff89a0aaf/library/std/src/../../backtrace/src/backtrace/mod.rs:66:5
[INFO] [stdout]    2:     0x6076370e457a - std::sys::backtrace::_print_fmt::hc4546b8364a537c6
[INFO] [stdout]                                at /rustc/90b35a6239c3d8bdabc530a6a0816f7ff89a0aaf/library/std/src/sys/backtrace.rs:66:9
[INFO] [stdout]    3:     0x6076370e457a - <std::sys::backtrace::BacktraceLock::print::DisplayBacktrace as core::fmt::Display>::fmt::h5b6bd5631a6d1f6b
[INFO] [stdout]                                at /rustc/90b35a6239c3d8bdabc530a6a0816f7ff89a0aaf/library/std/src/sys/backtrace.rs:39:26
[INFO] [stdout]    4:     0x607637109c43 - core::fmt::rt::Argument::fmt::h270f6602a2b96f62
[INFO] [stdout]                                at /rustc/90b35a6239c3d8bdabc530a6a0816f7ff89a0aaf/library/core/src/fmt/rt.rs:177:76
[INFO] [stdout]    5:     0x607637109c43 - core::fmt::write::h7550c97b06c86515
[INFO] [stdout]                                at /rustc/90b35a6239c3d8bdabc530a6a0816f7ff89a0aaf/library/core/src/fmt/mod.rs:1186:21
[INFO] [stdout]    6:     0x6076370e1703 - std::io::Write::write_fmt::h509ff860e5956e5e
[INFO] [stdout]                                at /rustc/90b35a6239c3d8bdabc530a6a0816f7ff89a0aaf/library/std/src/io/mod.rs:1839:15
[INFO] [stdout]    7:     0x6076370e43c2 - std::sys::backtrace::BacktraceLock::print::h2395ccd2c84ba3aa
[INFO] [stdout]                                at /rustc/90b35a6239c3d8bdabc530a6a0816f7ff89a0aaf/library/std/src/sys/backtrace.rs:42:9
[INFO] [stdout]    8:     0x6076370e59da - std::panicking::default_hook::{{closure}}::he19d4c7230e07961
[INFO] [stdout]                                at /rustc/90b35a6239c3d8bdabc530a6a0816f7ff89a0aaf/library/std/src/panicking.rs:268:22
[INFO] [stdout]    9:     0x6076370e57e4 - std::panicking::default_hook::hf614597d3c67bbdb
[INFO] [stdout]                                at /rustc/90b35a6239c3d8bdabc530a6a0816f7ff89a0aaf/library/std/src/panicking.rs:292:9
[INFO] [stdout]   10:     0x607636f05b09 - <alloc::boxed::Box<F,A> as core::ops::function::Fn<Args>>::call::h39b51ce4599c23d1
[INFO] [stdout]                                at /rustc/90b35a6239c3d8bdabc530a6a0816f7ff89a0aaf/library/alloc/src/boxed.rs:2468:9
[INFO] [stdout]   11:     0x607636f05b09 - test::test_main::{{closure}}::he977ae839a582784
[INFO] [stdout]                                at /rustc/90b35a6239c3d8bdabc530a6a0816f7ff89a0aaf/library/test/src/lib.rs:133:21
[INFO] [stdout]   12:     0x6076370e6078 - <alloc::boxed::Box<F,A> as core::ops::function::Fn<Args>>::call::h9455091b6b06f9fb
[INFO] [stdout]                                at /rustc/90b35a6239c3d8bdabc530a6a0816f7ff89a0aaf/library/alloc/src/boxed.rs:2468:9
[INFO] [stdout]   13:     0x6076370e6078 - std::panicking::rust_panic_with_hook::h8942133a8b252070
[INFO] [stdout]                                at /rustc/90b35a6239c3d8bdabc530a6a0816f7ff89a0aaf/library/std/src/panicking.rs:809:13
[INFO] [stdout]   14:     0x6076370e5e3a - std::panicking::begin_panic_handler::{{closure}}::hb5f5963570096b29
[INFO] [stdout]                                at /rustc/90b35a6239c3d8bdabc530a6a0816f7ff89a0aaf/library/std/src/panicking.rs:674:13
[INFO] [stdout]   15:     0x6076370e4a59 - std::sys::backtrace::__rust_end_short_backtrace::h6208cedc1922feda
[INFO] [stdout]                                at /rustc/90b35a6239c3d8bdabc530a6a0816f7ff89a0aaf/library/std/src/sys/backtrace.rs:170:18
[INFO] [stdout]   16:     0x6076370e5acc - rust_begin_unwind
[INFO] [stdout]                                at /rustc/90b35a6239c3d8bdabc530a6a0816f7ff89a0aaf/library/std/src/panicking.rs:665:5
[INFO] [stdout]   17:     0x607636e9eb20 - core::panicking::panic_fmt::h0c3082644d1bf418
[INFO] [stdout]                                at /rustc/90b35a6239c3d8bdabc530a6a0816f7ff89a0aaf/library/core/src/panicking.rs:74:14
[INFO] [stdout]   18:     0x607636e9efa6 - core::result::unwrap_failed::hd20b4aa073bda1e2
[INFO] [stdout]                                at /rustc/90b35a6239c3d8bdabc530a6a0816f7ff89a0aaf/library/core/src/result.rs:1700:5
[INFO] [stdout]   19:     0x607636ea2344 - core::result::Result<T,E>::expect::he6ca31e9a21dcff1
[INFO] [stdout]                                at /rustc/90b35a6239c3d8bdabc530a6a0816f7ff89a0aaf/library/core/src/result.rs:1061:23
[INFO] [stdout]   20:     0x607636ec43e0 - ballot::tests::Ballot::deploy::hf57f3649b95f1d51
[INFO] [stdout]                                at /opt/rustwide/workdir/src/lib.rs:81:24
[INFO] [stdout]   21:     0x607636ec60a2 - ballot::tests::test_ballot::h21c7c37fef02a49e
[INFO] [stdout]                                at /opt/rustwide/workdir/src/lib.rs:196:22
[INFO] [stdout]   22:     0x607636ec5f47 - ballot::tests::test_ballot::{{closure}}::h728c715c252b8a19
[INFO] [stdout]                                at /opt/rustwide/workdir/src/lib.rs:191:21
[INFO] [stdout]   23:     0x607636ea0a16 - core::ops::function::FnOnce::call_once::h871c1fa351df1fd2
[INFO] [stdout]                                at /rustc/90b35a6239c3d8bdabc530a6a0816f7ff89a0aaf/library/core/src/ops/function.rs:250:5
[INFO] [stdout]   24:     0x607636f0a4cb - core::ops::function::FnOnce::call_once::h109cf8051a59b34e
[INFO] [stdout]                                at /rustc/90b35a6239c3d8bdabc530a6a0816f7ff89a0aaf/library/core/src/ops/function.rs:250:5
[INFO] [stdout]   25:     0x607636f0a4cb - test::__rust_begin_short_backtrace::hf4fff89d377446ba
[INFO] [stdout]                                at /rustc/90b35a6239c3d8bdabc530a6a0816f7ff89a0aaf/library/test/src/lib.rs:621:18
[INFO] [stdout]   26:     0x607636f09d07 - test::run_test_in_process::{{closure}}::h0e39181dd7ee5a43
[INFO] [stdout]                                at /rustc/90b35a6239c3d8bdabc530a6a0816f7ff89a0aaf/library/test/src/lib.rs:644:60
[INFO] [stdout]   27:     0x607636f09d07 - <core::panic::unwind_safe::AssertUnwindSafe<F> as core::ops::function::FnOnce<()>>::call_once::hc5a66a30f0bdfd1f
[INFO] [stdout]                                at /rustc/90b35a6239c3d8bdabc530a6a0816f7ff89a0aaf/library/core/src/panic/unwind_safe.rs:272:9
[INFO] [stdout]   28:     0x607636f09d07 - std::panicking::try::do_call::h873b7cf639554a5e
[INFO] [stdout]                                at /rustc/90b35a6239c3d8bdabc530a6a0816f7ff89a0aaf/library/std/src/panicking.rs:557:40
[INFO] [stdout]   29:     0x607636f09d07 - std::panicking::try::hdb19862fad9c8bd1
[INFO] [stdout]                                at /rustc/90b35a6239c3d8bdabc530a6a0816f7ff89a0aaf/library/std/src/panicking.rs:520:19
[INFO] [stdout]   30:     0x607636f09d07 - std::panic::catch_unwind::h281fe732d236d260
[INFO] [stdout]                                at /rustc/90b35a6239c3d8bdabc530a6a0816f7ff89a0aaf/library/std/src/panic.rs:358:14
[INFO] [stdout]   31:     0x607636f09d07 - test::run_test_in_process::h949b6df8457ed338
[INFO] [stdout]                                at /rustc/90b35a6239c3d8bdabc530a6a0816f7ff89a0aaf/library/test/src/lib.rs:644:27
[INFO] [stdout]   32:     0x607636f09d07 - test::run_test::{{closure}}::h52c556a6d4740e10
[INFO] [stdout]                                at /rustc/90b35a6239c3d8bdabc530a6a0816f7ff89a0aaf/library/test/src/lib.rs:565:43
[INFO] [stdout]   33:     0x607636ecefe4 - test::run_test::{{closure}}::h4237f6381c45ccb9
[INFO] [stdout]                                at /rustc/90b35a6239c3d8bdabc530a6a0816f7ff89a0aaf/library/test/src/lib.rs:595:41
[INFO] [stdout]   34:     0x607636ecefe4 - std::sys::backtrace::__rust_begin_short_backtrace::h505c97a579eca628
[INFO] [stdout]                                at /rustc/90b35a6239c3d8bdabc530a6a0816f7ff89a0aaf/library/std/src/sys/backtrace.rs:154:18
[INFO] [stdout]   35:     0x607636ed26ae - std::thread::Builder::spawn_unchecked_::{{closure}}::{{closure}}::h9e86b2e2bc107ea3
[INFO] [stdout]                                at /rustc/90b35a6239c3d8bdabc530a6a0816f7ff89a0aaf/library/std/src/thread/mod.rs:538:17
[INFO] [stdout]   36:     0x607636ed26ae - <core::panic::unwind_safe::AssertUnwindSafe<F> as core::ops::function::FnOnce<()>>::call_once::h8b06ddb275ff4a25
[INFO] [stdout]                                at /rustc/90b35a6239c3d8bdabc530a6a0816f7ff89a0aaf/library/core/src/panic/unwind_safe.rs:272:9
[INFO] [stdout]   37:     0x607636ed26ae - std::panicking::try::do_call::hb26ecd7cd9a9355d
[INFO] [stdout]                                at /rustc/90b35a6239c3d8bdabc530a6a0816f7ff89a0aaf/library/std/src/panicking.rs:557:40
[INFO] [stdout]   38:     0x607636ed26ae - std::panicking::try::h8ddeca9d705f9069
[INFO] [stdout]                                at /rustc/90b35a6239c3d8bdabc530a6a0816f7ff89a0aaf/library/std/src/panicking.rs:520:19
[INFO] [stdout]   39:     0x607636ed26ae - std::panic::catch_unwind::h49e1c33078844c46
[INFO] [stdout]                                at /rustc/90b35a6239c3d8bdabc530a6a0816f7ff89a0aaf/library/std/src/panic.rs:358:14
[INFO] [stdout]   40:     0x607636ed26ae - std::thread::Builder::spawn_unchecked_::{{closure}}::h6073db6ff56ad35d
[INFO] [stdout]                                at /rustc/90b35a6239c3d8bdabc530a6a0816f7ff89a0aaf/library/std/src/thread/mod.rs:537:30
[INFO] [stdout]   41:     0x607636ed26ae - core::ops::function::FnOnce::call_once{{vtable.shim}}::h2c5a5f3779c774f1
[INFO] [stdout]                                at /rustc/90b35a6239c3d8bdabc530a6a0816f7ff89a0aaf/library/core/src/ops/function.rs:250:5
[INFO] [stdout]   42:     0x6076370e9edb - <alloc::boxed::Box<F,A> as core::ops::function::FnOnce<Args>>::call_once::hf75717d9f28faebf
[INFO] [stdout]                                at /rustc/90b35a6239c3d8bdabc530a6a0816f7ff89a0aaf/library/alloc/src/boxed.rs:2454:9
[INFO] [stdout]   43:     0x6076370e9edb - <alloc::boxed::Box<F,A> as core::ops::function::FnOnce<Args>>::call_once::h7bd883a5f3c5f3c1
[INFO] [stdout]                                at /rustc/90b35a6239c3d8bdabc530a6a0816f7ff89a0aaf/library/alloc/src/boxed.rs:2454:9
[INFO] [stdout]   44:     0x6076370e9edb - std::sys::pal::unix::thread::Thread::new::thread_start::hcc78f3943333fa94
[INFO] [stdout]                                at /rustc/90b35a6239c3d8bdabc530a6a0816f7ff89a0aaf/library/std/src/sys/pal/unix/thread.rs:105:17
[INFO] [stdout]   45:     0x76aa1a60bac3 - <unknown>
[INFO] [stdout]   46:     0x76aa1a69ca04 - clone
[INFO] [stdout]   47:                0x0 - <unknown>
[INFO] [stdout] 
[INFO] [stdout] 
[INFO] [stdout] failures:
[INFO] [stdout]     tests::test_ballot
[INFO] [stdout] 
[INFO] [stdout] test result: FAILED. 0 passed; 1 failed; 0 ignored; 0 measured; 0 filtered out; finished in 0.06s
[INFO] [stdout] 
[INFO] [stderr] error: test failed, to rerun pass `--lib`
[INFO] running `Command { std: "docker" "inspect" "263da5a8e8223619a944f9d02000e08e7a3ade48ff2ea02c866ea0149fe91950", kill_on_drop: false }`
[INFO] running `Command { std: "docker" "rm" "-f" "263da5a8e8223619a944f9d02000e08e7a3ade48ff2ea02c866ea0149fe91950", kill_on_drop: false }`
[INFO] [stdout] 263da5a8e8223619a944f9d02000e08e7a3ade48ff2ea02c866ea0149fe91950
