[INFO] cloning repository https://github.com/zayman2045/portfolio-website
[INFO] running `Command { std: "git" "-c" "credential.helper=" "-c" "credential.helper=/workspace/cargo-home/bin/git-credential-null" "clone" "--bare" "https://github.com/zayman2045/portfolio-website" "/workspace/cache/git-repos/https%3A%2F%2Fgithub.com%2Fzayman2045%2Fportfolio-website", kill_on_drop: false }`
[INFO] [stderr] Cloning into bare repository '/workspace/cache/git-repos/https%3A%2F%2Fgithub.com%2Fzayman2045%2Fportfolio-website'...
[INFO] running `Command { std: "git" "rev-parse" "HEAD", kill_on_drop: false }`
[INFO] [stdout] 9f9eb5bd0d55fb37a6fa2dc05578c338c598d571
[INFO] testing zayman2045/portfolio-website against beta-2024-12-08 for beta-1.84.0-4-retry
[INFO] running `Command { std: "git" "clone" "/workspace/cache/git-repos/https%3A%2F%2Fgithub.com%2Fzayman2045%2Fportfolio-website" "/workspace/builds/worker-6-tc2/source", kill_on_drop: false }`
[INFO] [stderr] Cloning into '/workspace/builds/worker-6-tc2/source'...
[INFO] [stderr] done.
[INFO] validating manifest of git repo https://github.com/zayman2045/portfolio-website on toolchain beta-2024-12-08
[INFO] running `Command { std: CARGO_HOME="/workspace/cargo-home" RUSTUP_HOME="/workspace/rustup-home" "/workspace/cargo-home/bin/cargo" "+beta-2024-12-08" "metadata" "--manifest-path" "Cargo.toml" "--no-deps", kill_on_drop: false }`
[INFO] started tweaking git repo https://github.com/zayman2045/portfolio-website
[INFO] finished tweaking git repo https://github.com/zayman2045/portfolio-website
[INFO] tweaked toml for git repo https://github.com/zayman2045/portfolio-website written to /workspace/builds/worker-6-tc2/source/Cargo.toml
[INFO] crate git repo https://github.com/zayman2045/portfolio-website already has a lockfile, it will not be regenerated
[INFO] running `Command { std: CARGO_HOME="/workspace/cargo-home" RUSTUP_HOME="/workspace/rustup-home" "/workspace/cargo-home/bin/cargo" "+beta-2024-12-08" "fetch" "--manifest-path" "Cargo.toml", kill_on_drop: false }`
[INFO] [stderr]     Blocking waiting for file lock on package cache
[INFO] running `Command { std: "docker" "create" "-v" "/var/lib/crater-agent-workspace/builds/worker-6-tc2/target:/opt/rustwide/target:rw,Z" "-v" "/var/lib/crater-agent-workspace/builds/worker-6-tc2/source:/opt/rustwide/workdir:ro,Z" "-v" "/var/lib/crater-agent-workspace/cargo-home:/opt/rustwide/cargo-home:ro,Z" "-v" "/var/lib/crater-agent-workspace/rustup-home:/opt/rustwide/rustup-home:ro,Z" "-e" "SOURCE_DIR=/opt/rustwide/workdir" "-e" "CARGO_TARGET_DIR=/opt/rustwide/target" "-e" "CARGO_HOME=/opt/rustwide/cargo-home" "-e" "RUSTUP_HOME=/opt/rustwide/rustup-home" "-w" "/opt/rustwide/workdir" "-m" "1610612736" "--user" "0:0" "--network" "none" "ghcr.io/rust-lang/crates-build-env/linux@sha256:f3a9d4ad9d972b27faf3965f35b62e55ba32bbce8f20bc8fe909558a86702fde" "/opt/rustwide/cargo-home/bin/cargo" "+beta-2024-12-08" "metadata" "--no-deps" "--format-version=1", kill_on_drop: false }`
[INFO] [stdout] 704a5b15cc6743f6dc948c017e9cdeaf9ace0a4cf08666c2b3b9e5a8a14eab70
[INFO] running `Command { std: "docker" "start" "-a" "704a5b15cc6743f6dc948c017e9cdeaf9ace0a4cf08666c2b3b9e5a8a14eab70", kill_on_drop: false }`
[INFO] running `Command { std: "docker" "inspect" "704a5b15cc6743f6dc948c017e9cdeaf9ace0a4cf08666c2b3b9e5a8a14eab70", kill_on_drop: false }`
[INFO] running `Command { std: "docker" "rm" "-f" "704a5b15cc6743f6dc948c017e9cdeaf9ace0a4cf08666c2b3b9e5a8a14eab70", kill_on_drop: false }`
[INFO] [stdout] 704a5b15cc6743f6dc948c017e9cdeaf9ace0a4cf08666c2b3b9e5a8a14eab70
[INFO] running `Command { std: "docker" "create" "-v" "/var/lib/crater-agent-workspace/builds/worker-6-tc2/target:/opt/rustwide/target:rw,Z" "-v" "/var/lib/crater-agent-workspace/builds/worker-6-tc2/source:/opt/rustwide/workdir:ro,Z" "-v" "/var/lib/crater-agent-workspace/cargo-home:/opt/rustwide/cargo-home:ro,Z" "-v" "/var/lib/crater-agent-workspace/rustup-home:/opt/rustwide/rustup-home:ro,Z" "-e" "SOURCE_DIR=/opt/rustwide/workdir" "-e" "CARGO_TARGET_DIR=/opt/rustwide/target" "-e" "CARGO_INCREMENTAL=0" "-e" "RUST_BACKTRACE=full" "-e" "RUSTFLAGS=--cap-lints=warn" "-e" "RUSTDOCFLAGS=--cap-lints=warn" "-e" "CARGO_HOME=/opt/rustwide/cargo-home" "-e" "RUSTUP_HOME=/opt/rustwide/rustup-home" "-w" "/opt/rustwide/workdir" "-m" "1610612736" "--user" "0:0" "--network" "none" "ghcr.io/rust-lang/crates-build-env/linux@sha256:f3a9d4ad9d972b27faf3965f35b62e55ba32bbce8f20bc8fe909558a86702fde" "/opt/rustwide/cargo-home/bin/cargo" "+beta-2024-12-08" "build" "--frozen" "--message-format=json", kill_on_drop: false }`
[INFO] [stdout] 52c75756ccdc20d78d9adf4a1a0612f5f142e5222a218a0e0bc8fb25e83624d3
[INFO] running `Command { std: "docker" "start" "-a" "52c75756ccdc20d78d9adf4a1a0612f5f142e5222a218a0e0bc8fb25e83624d3", kill_on_drop: false }`
[INFO] [stderr]    Compiling proc-macro2 v1.0.89
[INFO] [stderr]    Compiling cfg-if v1.0.0
[INFO] [stderr]    Compiling once_cell v1.20.2
[INFO] [stderr]    Compiling serde v1.0.214
[INFO] [stderr]    Compiling itoa v1.0.11
[INFO] [stderr]    Compiling memchr v2.7.4
[INFO] [stderr]    Compiling log v0.4.22
[INFO] [stderr]    Compiling serde_json v1.0.132
[INFO] [stderr]    Compiling ryu v1.0.18
[INFO] [stderr]    Compiling version_check v0.9.5
[INFO] [stderr]    Compiling wasm-bindgen-shared v0.2.95
[INFO] [stderr]    Compiling bumpalo v3.16.0
[INFO] [stderr]    Compiling libc v0.2.162
[INFO] [stderr]    Compiling wasm-bindgen v0.2.95
[INFO] [stderr]    Compiling futures-core v0.3.31
[INFO] [stderr]    Compiling thiserror v1.0.69
[INFO] [stderr]    Compiling futures-sink v0.3.31
[INFO] [stderr]    Compiling bytes v1.8.0
[INFO] [stderr]    Compiling futures-channel v0.3.31
[INFO] [stderr]    Compiling pin-project-lite v0.2.15
[INFO] [stderr]    Compiling smallvec v1.13.2
[INFO] [stderr]    Compiling slab v0.4.9
[INFO] [stderr]    Compiling fnv v1.0.7
[INFO] [stderr]    Compiling lock_api v0.4.12
[INFO] [stderr]    Compiling parking_lot_core v0.9.10
[INFO] [stderr]    Compiling futures-task v0.3.31
[INFO] [stderr]    Compiling futures-io v0.3.31
[INFO] [stderr]    Compiling pin-utils v0.1.0
[INFO] [stderr]    Compiling typenum v1.17.0
[INFO] [stderr]    Compiling scopeguard v1.2.0
[INFO] [stderr]    Compiling generic-array v0.14.7
[INFO] [stderr]    Compiling syn v1.0.109
[INFO] [stderr]    Compiling percent-encoding v2.3.1
[INFO] [stderr]    Compiling rustversion v1.0.18
[INFO] [stderr]    Compiling stable_deref_trait v1.2.0
[INFO] [stderr]    Compiling tracing-core v0.1.33
[INFO] [stderr]    Compiling num-traits v0.2.19
[INFO] [stderr]    Compiling http v0.2.12
[INFO] [stderr]    Compiling form_urlencoded v1.2.1
[INFO] [stderr]    Compiling hashbrown v0.15.1
[INFO] [stderr]    Compiling equivalent v1.0.1
[INFO] [stderr]    Compiling shlex v1.3.0
[INFO] [stderr]    Compiling proc-macro-error-attr v1.0.4
[INFO] [stderr]    Compiling subtle v2.6.1
[INFO] [stderr]    Compiling proc-macro-error v1.0.4
[INFO] [stderr]    Compiling cc v1.1.37
[INFO] [stderr]    Compiling writeable v0.5.5
[INFO] [stderr]    Compiling byteorder v1.5.0
[INFO] [stderr]    Compiling minimal-lexical v0.2.1
[INFO] [stderr]    Compiling litemap v0.7.3
[INFO] [stderr]    Compiling powerfmt v0.2.0
[INFO] [stderr]    Compiling indexmap v2.6.0
[INFO] [stderr]    Compiling pkg-config v0.3.31
[INFO] [stderr]    Compiling num-conv v0.1.0
[INFO] [stderr]    Compiling quote v1.0.37
[INFO] [stderr]    Compiling icu_locid_transform_data v1.5.0
[INFO] [stderr]    Compiling time-core v0.1.2
[INFO] [stderr]    Compiling vcpkg v0.2.15
[INFO] [stderr]    Compiling icu_properties_data v1.5.0
[INFO] [stderr]    Compiling time-macros v0.2.18
[INFO] [stderr]    Compiling nom v7.1.3
[INFO] [stderr]    Compiling write16 v1.0.0
[INFO] [stderr]    Compiling syn v2.0.87
[INFO] [stderr]    Compiling utf8_iter v1.0.4
[INFO] [stderr]    Compiling icu_normalizer_data v1.5.0
[INFO] [stderr]    Compiling cpufeatures v0.2.14
[INFO] [stderr]    Compiling utf16_iter v1.0.5
[INFO] [stderr]    Compiling ahash v0.8.11
[INFO] [stderr]    Compiling crossbeam-utils v0.8.20
[INFO] [stderr]    Compiling openssl v0.10.68
[INFO] [stderr]    Compiling foreign-types-shared v0.1.1
[INFO] [stderr]    Compiling signal-hook-registry v1.4.2
[INFO] [stderr]    Compiling socket2 v0.5.7
[INFO] [stderr]    Compiling mio v1.0.2
[INFO] [stderr]    Compiling getrandom v0.2.15
[INFO] [stderr]    Compiling parking_lot v0.12.3
[INFO] [stderr]    Compiling bitflags v2.6.0
[INFO] [stderr]    Compiling rust_decimal v1.36.0
[INFO] [stderr]    Compiling base64 v0.21.7
[INFO] [stderr]    Compiling heck v0.4.1
[INFO] [stderr]    Compiling num-integer v0.1.46
[INFO] [stderr]    Compiling foreign-types v0.3.2
[INFO] [stderr]    Compiling indexmap v1.9.3
[INFO] [stderr]    Compiling tinyvec_macros v0.1.1
[INFO] [stderr]    Compiling openssl-sys v0.9.104
[INFO] [stderr]    Compiling paste v1.0.15
[INFO] [stderr]    Compiling allocator-api2 v0.2.19
[INFO] [stderr]    Compiling native-tls v0.2.12
[INFO] [stderr]    Compiling arrayvec v0.7.6
[INFO] [stderr]    Compiling num-bigint v0.4.6
[INFO] [stderr]    Compiling iana-time-zone v0.1.61
[INFO] [stderr]    Compiling prettyplease v0.1.25
[INFO] [stderr]    Compiling tinyvec v1.8.0
[INFO] [stderr]    Compiling rand_core v0.6.4
[INFO] [stderr]    Compiling unicode_categories v0.1.1
[INFO] [stderr]    Compiling crc-catalog v2.4.0
[INFO] [stderr]    Compiling openssl-probe v0.1.5
[INFO] [stderr]    Compiling hashbrown v0.12.3
[INFO] [stderr]    Compiling anymap2 v0.13.0
[INFO] [stderr]    Compiling tower-service v0.3.3
[INFO] [stderr]    Compiling crypto-common v0.1.6
[INFO] [stderr]    Compiling block-buffer v0.10.4
[INFO] [stderr]    Compiling crc v3.2.1
[INFO] [stderr]    Compiling futures-intrusive v0.5.0
[INFO] [stderr]    Compiling digest v0.10.7
[INFO] [stderr]    Compiling atoi v2.0.0
[INFO] [stderr]    Compiling num_cpus v1.16.0
[INFO] [stderr]    Compiling http-body v0.4.6
[INFO] [stderr]    Compiling boolinator v2.4.0
[INFO] [stderr]    Compiling anyhow v1.0.93
[INFO] [stderr]    Compiling tower-layer v0.3.3
[INFO] [stderr]    Compiling sha2 v0.10.8
[INFO] [stderr]    Compiling sqlformat v0.2.6
[INFO] [stderr]    Compiling crossbeam-queue v0.3.11
[INFO] [stderr]    Compiling hmac v0.12.1
[INFO] [stderr]    Compiling event-listener v2.5.3
[INFO] [stderr]    Compiling ident_case v1.0.1
[INFO] [stderr]    Compiling httparse v1.9.5
[INFO] [stderr]    Compiling unicode-normalization v0.1.24
[INFO] [stderr]    Compiling winnow v0.5.40
[INFO] [stderr]    Compiling unicode-bidi v0.3.17
[INFO] [stderr]    Compiling unicode-properties v0.1.3
[INFO] [stderr]    Compiling hex v0.4.3
[INFO] [stderr]    Compiling strsim v0.11.1
[INFO] [stderr]    Compiling toml_datetime v0.6.8
[INFO] [stderr]    Compiling bigdecimal v0.3.1
[INFO] [stderr]    Compiling stringprep v0.1.5
[INFO] [stderr]    Compiling hkdf v0.12.4
[INFO] [stderr]    Compiling md-5 v0.10.6
[INFO] [stderr]    Compiling axum-core v0.3.4
[INFO] [stderr]    Compiling proc-macro-error-attr2 v2.0.0
[INFO] [stderr]    Compiling whoami v1.5.2
[INFO] [stderr]    Compiling mime v0.3.17
[INFO] [stderr]    Compiling try-lock v0.2.5
[INFO] [stderr]    Compiling httpdate v1.0.3
[INFO] [stderr]    Compiling dotenvy v0.15.7
[INFO] [stderr]    Compiling implicit-clone v0.3.9
[INFO] [stderr]    Compiling home v0.5.9
[INFO] [stderr]    Compiling want v0.3.1
[INFO] [stderr]    Compiling sha1 v0.10.6
[INFO] [stderr]    Compiling inout v0.1.3
[INFO] [stderr]    Compiling ring v0.16.20
[INFO] [stderr]    Compiling ordered-float v3.9.2
[INFO] [stderr]    Compiling axum v0.6.20
[INFO] [stderr]    Compiling headers-core v0.2.0
[INFO] [stderr]    Compiling cookie v0.18.1
[INFO] [stderr]    Compiling either v1.13.0
[INFO] [stderr]    Compiling headers v0.3.9
[INFO] [stderr]    Compiling cipher v0.4.4
[INFO] [stderr]    Compiling litrs v0.2.3
[INFO] [stderr]    Compiling bitflags v1.3.2
[INFO] [stderr]    Compiling itertools v0.10.5
[INFO] [stderr]    Compiling yansi v1.0.1
[INFO] [stderr]    Compiling spin v0.5.2
[INFO] [stderr]    Compiling untrusted v0.7.1
[INFO] [stderr]    Compiling matchit v0.7.3
[INFO] [stderr]    Compiling sync_wrapper v0.1.2
[INFO] [stderr]    Compiling aliasable v0.1.3
[INFO] [stderr]    Compiling lazy_static v1.5.0
[INFO] [stderr]    Compiling base64 v0.13.1
[INFO] [stderr]    Compiling diff v0.1.13
[INFO] [stderr]    Compiling static_assertions v1.1.0
[INFO] [stderr]    Compiling dotenv v0.15.0
[INFO] [stderr]    Compiling pretty_assertions v1.4.1
[INFO] [stderr]    Compiling blowfish v0.9.1
[INFO] [stderr]    Compiling instant v0.1.13
[INFO] [stderr]    Compiling auto-future v1.0.0
[INFO] [stderr]    Compiling zeroize v1.8.1
[INFO] [stderr]    Compiling pem v1.1.1
[INFO] [stderr]    Compiling strum v0.25.0
[INFO] [stderr]    Compiling scoped-tls v1.0.1
[INFO] [stderr]    Compiling anymap v1.0.0-beta.2
[INFO] [stderr]    Compiling http-range-header v0.3.1
[INFO] [stderr]    Compiling base64 v0.22.1
[INFO] [stderr]    Compiling route-recognizer v0.3.1
[INFO] [stderr]    Compiling fastrand v1.9.0
[INFO] [stderr]    Compiling bcrypt v0.15.1
[INFO] [stderr]    Compiling toml_edit v0.19.15
[INFO] [stderr]    Compiling yew-macro v0.20.0
[INFO] [stderr]    Compiling derivative v2.2.0
[INFO] [stderr]    Compiling yew-router-macro v0.17.0
[INFO] [stderr]    Compiling wasm-bindgen-backend v0.2.95
[INFO] [stderr]    Compiling synstructure v0.13.1
[INFO] [stderr]    Compiling darling_core v0.20.10
[INFO] [stderr]    Compiling proc-macro-error2 v2.0.1
[INFO] [stderr]    Compiling serde_derive v1.0.214
[INFO] [stderr]    Compiling thiserror-impl v1.0.69
[INFO] [stderr]    Compiling futures-macro v0.3.31
[INFO] [stderr]    Compiling tokio-macros v2.4.0
[INFO] [stderr]    Compiling zerofrom-derive v0.1.4
[INFO] [stderr]    Compiling yoke-derive v0.7.4
[INFO] [stderr]    Compiling pin-project-internal v1.1.7
[INFO] [stderr]    Compiling tracing-attributes v0.1.28
[INFO] [stderr]    Compiling wasm-bindgen-macro-support v0.2.95
[INFO] [stderr]    Compiling zerovec-derive v0.10.3
[INFO] [stderr]    Compiling displaydoc v0.2.5
[INFO] [stderr]    Compiling icu_provider_macros v1.5.0
[INFO] [stderr]    Compiling futures-util v0.3.31
[INFO] [stderr]    Compiling tokio v1.41.1
[INFO] [stderr]    Compiling zerocopy-derive v0.7.35
[INFO] [stderr]    Compiling async-trait v0.1.83
[INFO] [stderr]    Compiling openssl-macros v0.1.1
[INFO] [stderr]    Compiling wasm-bindgen-macro v0.2.95
[INFO] [stderr]    Compiling pin-project v1.1.7
[INFO] [stderr]    Compiling proc-macro-crate v1.3.1
[INFO] [stderr]    Compiling inherent v1.0.11
[INFO] [stderr]    Compiling async-stream-impl v0.3.6
[INFO] [stderr]    Compiling sea-bae v0.2.1
[INFO] [stderr]    Compiling darling_macro v0.20.10
[INFO] [stderr]    Compiling axum-macros v0.3.8
[INFO] [stderr]    Compiling zerofrom v0.1.4
[INFO] [stderr]    Compiling gloo-worker-macros v0.1.0
[INFO] [stderr]    Compiling yoke v0.7.4
[INFO] [stderr]    Compiling zerovec v0.10.4
[INFO] [stderr]    Compiling tracing v0.1.41
[INFO] [stderr]    Compiling ouroboros_macro v0.17.2
[INFO] [stderr]    Compiling sea-orm-macros v0.12.15
[INFO] [stderr]    Compiling async-stream v0.3.6
[INFO] [stderr]    Compiling reserve-port v2.0.1
[INFO] [stderr]    Compiling wasm-bindgen-test-macro v0.3.45
[INFO] [stderr]    Compiling zerocopy v0.7.35
[INFO] [stderr]    Compiling darling v0.20.10
[INFO] [stderr]    Compiling yewdux-macros v0.9.4
[INFO] [stderr]    Compiling ppv-lite86 v0.2.20
[INFO] [stderr]    Compiling hashbrown v0.14.5
[INFO] [stderr]    Compiling stylist-core v0.11.0
[INFO] [stderr]    Compiling rand_chacha v0.3.1
[INFO] [stderr]    Compiling rand v0.8.5
[INFO] [stderr]    Compiling tinystr v0.7.6
[INFO] [stderr]    Compiling icu_collections v1.5.0
[INFO] [stderr]    Compiling hashlink v0.8.4
[INFO] [stderr]    Compiling icu_locid v1.5.0
[INFO] [stderr]    Compiling futures v0.3.31
[INFO] [stderr]    Compiling tower-http v0.4.4
[INFO] [stderr]    Compiling pinned v0.1.0
[INFO] [stderr]    Compiling icu_provider v1.5.0
[INFO] [stderr]    Compiling ouroboros v0.17.2
[INFO] [stderr]    Compiling stylist-macros v0.11.0
[INFO] [stderr]    Compiling icu_locid_transform v1.5.0
[INFO] [stderr]    Compiling icu_properties v1.5.1
[INFO] [stderr]    Compiling tokio-stream v0.1.16
[INFO] [stderr]    Compiling tokio-util v0.7.12
[INFO] [stderr]    Compiling tower v0.4.13
[INFO] [stderr]    Compiling serde_urlencoded v0.7.1
[INFO] [stderr]    Compiling deranged v0.3.11
[INFO] [stderr]    Compiling bincode v1.3.3
[INFO] [stderr]    Compiling chrono v0.4.38
[INFO] [stderr]    Compiling uuid v1.11.0
[INFO] [stderr]    Compiling prokio v0.1.0
[INFO] [stderr]    Compiling serde_path_to_error v0.1.16
[INFO] [stderr]    Compiling h2 v0.3.26
[INFO] [stderr]    Compiling time v0.3.36
[INFO] [stderr]    Compiling icu_normalizer v1.5.0
[INFO] [stderr]    Compiling js-sys v0.3.72
[INFO] [stderr]    Compiling console_error_panic_hook v0.1.7
[INFO] [stderr]    Compiling idna_adapter v1.2.0
[INFO] [stderr]    Compiling idna v1.0.3
[INFO] [stderr]    Compiling url v2.5.3
[INFO] [stderr]    Compiling sea-query v0.30.7
[INFO] [stderr]    Compiling simple_asn1 v0.6.2
[INFO] [stderr]    Compiling jsonwebtoken v8.3.0
[INFO] [stderr]    Compiling sqlx-core v0.7.4
[INFO] [stderr]    Compiling hyper v0.14.31
[INFO] [stderr]    Compiling web-sys v0.3.72
[INFO] [stderr]    Compiling wasm-bindgen-futures v0.4.45
[INFO] [stderr]    Compiling serde-wasm-bindgen v0.5.0
[INFO] [stderr]    Compiling gloo-timers v0.2.6
[INFO] [stderr]    Compiling serde-wasm-bindgen v0.6.5
[INFO] [stderr]    Compiling gloo-timers v0.3.0
[INFO] [stderr]    Compiling wasm-bindgen-test v0.3.45
[INFO] [stderr]    Compiling sqlx-postgres v0.7.4
[INFO] [stderr]    Compiling sqlx v0.7.4
[INFO] [stderr]    Compiling sea-query-binder v0.5.0
[INFO] [stderr]    Compiling sea-orm v0.12.15
[INFO] [stderr]    Compiling axum-test v13.4.1
[INFO] [stderr]    Compiling gloo-utils v0.1.7
[INFO] [stderr]    Compiling gloo-utils v0.2.0
[INFO] [stderr]    Compiling gloo-events v0.1.2
[INFO] [stderr]    Compiling gloo-dialogs v0.1.1
[INFO] [stderr]    Compiling gloo-render v0.1.1
[INFO] [stderr]    Compiling gloo-events v0.2.0
[INFO] [stderr]    Compiling gloo-render v0.2.0
[INFO] [stderr]    Compiling gloo-dialogs v0.2.0
[INFO] [stderr]    Compiling gloo-console v0.2.3
[INFO] [stderr]    Compiling gloo-storage v0.2.2
[INFO] [stderr]    Compiling gloo-net v0.3.1
[INFO] [stderr]    Compiling gloo-file v0.3.0
[INFO] [stderr]    Compiling gloo-file v0.2.3
[INFO] [stderr]    Compiling gloo-history v0.1.5
[INFO] [stderr]    Compiling gloo-history v0.2.2
[INFO] [stderr]    Compiling gloo-console v0.3.0
[INFO] [stderr]    Compiling gloo-worker v0.2.1
[INFO] [stderr]    Compiling gloo-worker v0.5.0
[INFO] [stderr]    Compiling gloo-storage v0.3.0
[INFO] [stderr]    Compiling gloo-net v0.5.0
[INFO] [stderr]    Compiling gloo-net v0.1.0
[INFO] [stderr]    Compiling gloo-net v0.4.0
[INFO] [stderr]    Compiling gloo v0.8.1
[INFO] [stderr]    Compiling gloo v0.11.0
[INFO] [stderr]    Compiling reqwasm v0.5.0
[INFO] [stderr]    Compiling yew v0.20.0
[INFO] [stderr]    Compiling backend v0.1.0 (/opt/rustwide/workdir/backend)
[INFO] [stderr]    Compiling yew-router v0.17.0
[INFO] [stderr]    Compiling yewdux v0.9.3
[INFO] [stderr]    Compiling stylist v0.11.0
[INFO] [stderr]    Compiling frontend v0.1.0 (/opt/rustwide/workdir/frontend)
[INFO] [stderr]     Finished `dev` profile [unoptimized + debuginfo] target(s) in 1m 42s
[INFO] [stderr] warning: the following packages contain code that will be rejected by a future version of Rust: anymap v1.0.0-beta.2
[INFO] [stderr] note: to see what the problems were, use the option `--future-incompat-report`, or run `cargo report future-incompatibilities --id 1`
[INFO] running `Command { std: "docker" "inspect" "52c75756ccdc20d78d9adf4a1a0612f5f142e5222a218a0e0bc8fb25e83624d3", kill_on_drop: false }`
[INFO] running `Command { std: "docker" "rm" "-f" "52c75756ccdc20d78d9adf4a1a0612f5f142e5222a218a0e0bc8fb25e83624d3", kill_on_drop: false }`
[INFO] [stdout] 52c75756ccdc20d78d9adf4a1a0612f5f142e5222a218a0e0bc8fb25e83624d3
[INFO] running `Command { std: "docker" "create" "-v" "/var/lib/crater-agent-workspace/builds/worker-6-tc2/target:/opt/rustwide/target:rw,Z" "-v" "/var/lib/crater-agent-workspace/builds/worker-6-tc2/source:/opt/rustwide/workdir:ro,Z" "-v" "/var/lib/crater-agent-workspace/cargo-home:/opt/rustwide/cargo-home:ro,Z" "-v" "/var/lib/crater-agent-workspace/rustup-home:/opt/rustwide/rustup-home:ro,Z" "-e" "SOURCE_DIR=/opt/rustwide/workdir" "-e" "CARGO_TARGET_DIR=/opt/rustwide/target" "-e" "CARGO_INCREMENTAL=0" "-e" "RUST_BACKTRACE=full" "-e" "RUSTFLAGS=--cap-lints=warn" "-e" "RUSTDOCFLAGS=--cap-lints=warn" "-e" "CARGO_HOME=/opt/rustwide/cargo-home" "-e" "RUSTUP_HOME=/opt/rustwide/rustup-home" "-w" "/opt/rustwide/workdir" "-m" "1610612736" "--user" "0:0" "--network" "none" "ghcr.io/rust-lang/crates-build-env/linux@sha256:f3a9d4ad9d972b27faf3965f35b62e55ba32bbce8f20bc8fe909558a86702fde" "/opt/rustwide/cargo-home/bin/cargo" "+beta-2024-12-08" "test" "--frozen" "--no-run" "--message-format=json", kill_on_drop: false }`
[INFO] [stdout] 0a7de980a41e8abfeb97599a25a38da678ae0b8c2467128a3234e5060ef9955c
[INFO] running `Command { std: "docker" "start" "-a" "0a7de980a41e8abfeb97599a25a38da678ae0b8c2467128a3234e5060ef9955c", kill_on_drop: false }`
[INFO] [stderr]    Compiling backend v0.1.0 (/opt/rustwide/workdir/backend)
[INFO] [stderr]    Compiling frontend v0.1.0 (/opt/rustwide/workdir/frontend)
[INFO] [stderr]     Finished `test` profile [unoptimized + debuginfo] target(s) in 11.85s
[INFO] [stderr] warning: the following packages contain code that will be rejected by a future version of Rust: anymap v1.0.0-beta.2
[INFO] [stderr] note: to see what the problems were, use the option `--future-incompat-report`, or run `cargo report future-incompatibilities --id 1`
[INFO] running `Command { std: "docker" "inspect" "0a7de980a41e8abfeb97599a25a38da678ae0b8c2467128a3234e5060ef9955c", kill_on_drop: false }`
[INFO] running `Command { std: "docker" "rm" "-f" "0a7de980a41e8abfeb97599a25a38da678ae0b8c2467128a3234e5060ef9955c", kill_on_drop: false }`
[INFO] [stdout] 0a7de980a41e8abfeb97599a25a38da678ae0b8c2467128a3234e5060ef9955c
[INFO] running `Command { std: "docker" "create" "-v" "/var/lib/crater-agent-workspace/builds/worker-6-tc2/target:/opt/rustwide/target:rw,Z" "-v" "/var/lib/crater-agent-workspace/builds/worker-6-tc2/source:/opt/rustwide/workdir:ro,Z" "-v" "/var/lib/crater-agent-workspace/cargo-home:/opt/rustwide/cargo-home:ro,Z" "-v" "/var/lib/crater-agent-workspace/rustup-home:/opt/rustwide/rustup-home:ro,Z" "-e" "SOURCE_DIR=/opt/rustwide/workdir" "-e" "CARGO_TARGET_DIR=/opt/rustwide/target" "-e" "CARGO_INCREMENTAL=0" "-e" "RUST_BACKTRACE=full" "-e" "RUSTFLAGS=--cap-lints=warn" "-e" "RUSTDOCFLAGS=--cap-lints=warn" "-e" "CARGO_HOME=/opt/rustwide/cargo-home" "-e" "RUSTUP_HOME=/opt/rustwide/rustup-home" "-w" "/opt/rustwide/workdir" "-m" "1610612736" "--user" "0:0" "--network" "none" "ghcr.io/rust-lang/crates-build-env/linux@sha256:f3a9d4ad9d972b27faf3965f35b62e55ba32bbce8f20bc8fe909558a86702fde" "/opt/rustwide/cargo-home/bin/cargo" "+beta-2024-12-08" "test" "--frozen", kill_on_drop: false }`
[INFO] [stdout] 03b9e3a2eff51c7043c9c43a3664e8cd3d0a56cee290ac75d9756ccfcb32bdc4
[INFO] running `Command { std: "docker" "start" "-a" "03b9e3a2eff51c7043c9c43a3664e8cd3d0a56cee290ac75d9756ccfcb32bdc4", kill_on_drop: false }`
[INFO] [stderr]     Finished `test` profile [unoptimized + debuginfo] target(s) in 0.34s
[INFO] [stderr] warning: the following packages contain code that will be rejected by a future version of Rust: anymap v1.0.0-beta.2
[INFO] [stderr] note: to see what the problems were, use the option `--future-incompat-report`, or run `cargo report future-incompatibilities --id 1`
[INFO] [stderr]      Running unittests src/lib.rs (/opt/rustwide/target/debug/deps/backend-6a8c171fa9cc7ffd)
[INFO] [stdout] 
[INFO] [stdout] running 0 tests
[INFO] [stdout] 
[INFO] [stdout] test result: ok. 0 passed; 0 failed; 0 ignored; 0 measured; 0 filtered out; finished in 0.00s
[INFO] [stdout] 
[INFO] [stderr]      Running unittests src/main.rs (/opt/rustwide/target/debug/deps/backend-df49915b36106954)
[INFO] [stdout] 
[INFO] [stdout] running 0 tests
[INFO] [stdout] 
[INFO] [stdout] test result: ok. 0 passed; 0 failed; 0 ignored; 0 measured; 0 filtered out; finished in 0.00s
[INFO] [stdout] 
[INFO] [stderr]      Running tests/backend_test.rs (/opt/rustwide/target/debug/deps/backend_test-1fc527b61126c200)
[INFO] [stdout] 
[INFO] [stdout] running 8 tests
[INFO] [stdout] test tests::test_list_missions ... ok
[INFO] [stdout] test tests::test_get_mission ... ok
[INFO] [stdout] test tests::test_update_mission ... ok
[INFO] [stdout] test tests::test_delete_mission ... ok
[INFO] [stdout] test tests::test_create_mission ... ok
[INFO] [stdout] test tests::test_logout_user ... ok
[INFO] [stdout] test tests::test_create_user ... FAILED
[INFO] [stdout] test tests::test_login_user ... FAILED
[INFO] [stdout] 
[INFO] [stdout] failures:
[INFO] [stdout] 
[INFO] [stdout] ---- tests::test_create_user stdout ----
[INFO] [stdout] thread 'tests::test_create_user' panicked at backend/src/utils/jwt.rs:25:46:
[INFO] [stdout] JWT_SECRET must be set in environment: NotPresent
[INFO] [stdout] stack backtrace:
[INFO] [stdout]    0:     0x621b59e89d7a - std::backtrace_rs::backtrace::libunwind::trace::h8810477743020387
[INFO] [stdout]                                at /rustc/202008a1b8de96d2e5b6bc02d379db03a877d34d/library/std/src/../../backtrace/src/backtrace/libunwind.rs:116:5
[INFO] [stdout]    1:     0x621b59e89d7a - std::backtrace_rs::backtrace::trace_unsynchronized::h3aa55355dd6c54a6
[INFO] [stdout]                                at /rustc/202008a1b8de96d2e5b6bc02d379db03a877d34d/library/std/src/../../backtrace/src/backtrace/mod.rs:66:5
[INFO] [stdout]    2:     0x621b59e89d7a - std::sys::backtrace::_print_fmt::h8588b0f62410823f
[INFO] [stdout]                                at /rustc/202008a1b8de96d2e5b6bc02d379db03a877d34d/library/std/src/sys/backtrace.rs:66:9
[INFO] [stdout]    3:     0x621b59e89d7a - <std::sys::backtrace::BacktraceLock::print::DisplayBacktrace as core::fmt::Display>::fmt::h98c26ac25ffe89bb
[INFO] [stdout]                                at /rustc/202008a1b8de96d2e5b6bc02d379db03a877d34d/library/std/src/sys/backtrace.rs:39:26
[INFO] [stdout]    4:     0x621b59eb53a3 - core::fmt::rt::Argument::fmt::hf95377f4aebd453b
[INFO] [stdout]                                at /rustc/202008a1b8de96d2e5b6bc02d379db03a877d34d/library/core/src/fmt/rt.rs:177:76
[INFO] [stdout]    5:     0x621b59eb53a3 - core::fmt::write::h0dd5f6e2238c7982
[INFO] [stdout]                                at /rustc/202008a1b8de96d2e5b6bc02d379db03a877d34d/library/core/src/fmt/mod.rs:1189:21
[INFO] [stdout]    6:     0x621b59e85e13 - std::io::Write::write_fmt::h03bb0ca26e6faf8c
[INFO] [stdout]                                at /rustc/202008a1b8de96d2e5b6bc02d379db03a877d34d/library/std/src/io/mod.rs:1884:15
[INFO] [stdout]    7:     0x621b59e89bc2 - std::sys::backtrace::BacktraceLock::print::h5c19c1c038ee186d
[INFO] [stdout]                                at /rustc/202008a1b8de96d2e5b6bc02d379db03a877d34d/library/std/src/sys/backtrace.rs:42:9
[INFO] [stdout]    8:     0x621b59e8b1fd - std::panicking::default_hook::{{closure}}::h77172f079a1fcb13
[INFO] [stdout]                                at /rustc/202008a1b8de96d2e5b6bc02d379db03a877d34d/library/std/src/panicking.rs:268:22
[INFO] [stdout]    9:     0x621b59e8b007 - std::panicking::default_hook::he5f8e3b203ccddba
[INFO] [stdout]                                at /rustc/202008a1b8de96d2e5b6bc02d379db03a877d34d/library/std/src/panicking.rs:292:9
[INFO] [stdout]   10:     0x621b59450aa7 - <alloc::boxed::Box<F,A> as core::ops::function::Fn<Args>>::call::h7a3c7b4a1ae77f2f
[INFO] [stdout]                                at /rustc/202008a1b8de96d2e5b6bc02d379db03a877d34d/library/alloc/src/boxed.rs:1986:9
[INFO] [stdout]   11:     0x621b59450aa7 - test::test_main::{{closure}}::hf0d3b69ae9b353d1
[INFO] [stdout]                                at /rustc/202008a1b8de96d2e5b6bc02d379db03a877d34d/library/test/src/lib.rs:134:21
[INFO] [stdout]   12:     0x621b59e8b8a8 - <alloc::boxed::Box<F,A> as core::ops::function::Fn<Args>>::call::h6332e82e7b189abd
[INFO] [stdout]                                at /rustc/202008a1b8de96d2e5b6bc02d379db03a877d34d/library/alloc/src/boxed.rs:1986:9
[INFO] [stdout]   13:     0x621b59e8b8a8 - std::panicking::rust_panic_with_hook::h53863d4e9018df39
[INFO] [stdout]                                at /rustc/202008a1b8de96d2e5b6bc02d379db03a877d34d/library/std/src/panicking.rs:809:13
[INFO] [stdout]   14:     0x621b59e8b66a - std::panicking::begin_panic_handler::{{closure}}::h67280e6fa0757873
[INFO] [stdout]                                at /rustc/202008a1b8de96d2e5b6bc02d379db03a877d34d/library/std/src/panicking.rs:674:13
[INFO] [stdout]   15:     0x621b59e8a259 - std::sys::backtrace::__rust_end_short_backtrace::h1dac3f54d6fbbeb2
[INFO] [stdout]                                at /rustc/202008a1b8de96d2e5b6bc02d379db03a877d34d/library/std/src/sys/backtrace.rs:170:18
[INFO] [stdout]   16:     0x621b59e8b2fc - rust_begin_unwind
[INFO] [stdout]                                at /rustc/202008a1b8de96d2e5b6bc02d379db03a877d34d/library/std/src/panicking.rs:665:5
[INFO] [stdout]   17:     0x621b5936a3a0 - core::panicking::panic_fmt::h6792bd1b2bf01041
[INFO] [stdout]                                at /rustc/202008a1b8de96d2e5b6bc02d379db03a877d34d/library/core/src/panicking.rs:76:14
[INFO] [stdout]   18:     0x621b5936a886 - core::result::unwrap_failed::h05e0602ed34287c5
[INFO] [stdout]                                at /rustc/202008a1b8de96d2e5b6bc02d379db03a877d34d/library/core/src/result.rs:1699:5
[INFO] [stdout]   19:     0x621b594601b6 - core::result::Result<T,E>::expect::h02bd4c5e4fd701be
[INFO] [stdout]                                at /rustc/202008a1b8de96d2e5b6bc02d379db03a877d34d/library/core/src/result.rs:1061:23
[INFO] [stdout]   20:     0x621b59465e89 - backend::utils::jwt::new_jwt::h5e11bb15babb6d11
[INFO] [stdout]                                at /opt/rustwide/workdir/backend/src/utils/jwt.rs:25:18
[INFO] [stdout]   21:     0x621b59415174 - backend::routes::users::create_user::{{closure}}::ha036d7295b8e5280
[INFO] [stdout]                                at /opt/rustwide/workdir/backend/src/routes/users.rs:35:15
[INFO] [stdout]   22:     0x621b593a16d4 - <F as axum::handler::Handler<(M,T1,T2),S,B>>::call::{{closure}}::h391575ae46dc856a
[INFO] [stdout]                                at /opt/rustwide/cargo-home/registry/src/index.crates.io-6f17d22bba15001f/axum-0.6.20/src/handler/mod.rs:248:53
[INFO] [stdout]   23:     0x621b59401a60 - <core::pin::Pin<P> as core::future::future::Future>::poll::h5108a5e89476bcb1
[INFO] [stdout]                                at /rustc/202008a1b8de96d2e5b6bc02d379db03a877d34d/library/core/src/future/future.rs:124:9
[INFO] [stdout]   24:     0x621b5940c015 - <futures_util::future::future::map::Map<Fut,F> as core::future::future::Future>::poll::h45a028787bcbc185
[INFO] [stdout]                                at /opt/rustwide/cargo-home/registry/src/index.crates.io-6f17d22bba15001f/futures-util-0.3.31/src/future/future/map.rs:55:37
[INFO] [stdout]   25:     0x621b593cc2e1 - <futures_util::future::future::Map<Fut,F> as core::future::future::Future>::poll::hc02f0617b98670a0
[INFO] [stdout]                                at /opt/rustwide/cargo-home/registry/src/index.crates.io-6f17d22bba15001f/futures-util-0.3.31/src/lib.rs:86:13
[INFO] [stdout]   26:     0x621b593f6971 - <axum::handler::future::IntoServiceFuture<F> as core::future::future::Future>::poll::hb93a0c4dbf52b501
[INFO] [stdout]                                at /opt/rustwide/cargo-home/registry/src/index.crates.io-6f17d22bba15001f/axum-0.6.20/src/macros.rs:42:17
[INFO] [stdout]   27:     0x621b593f03ca - <F as futures_core::future::TryFuture>::try_poll::h7881ffd07f1669df
[INFO] [stdout]                                at /opt/rustwide/cargo-home/registry/src/index.crates.io-6f17d22bba15001f/futures-core-0.3.31/src/future.rs:92:9
[INFO] [stdout]   28:     0x621b593af2a1 - <futures_util::future::try_future::into_future::IntoFuture<Fut> as core::future::future::Future>::poll::hac14fa3e19ec1d14
[INFO] [stdout]                                at /opt/rustwide/cargo-home/registry/src/index.crates.io-6f17d22bba15001f/futures-util-0.3.31/src/future/try_future/into_future.rs:34:9
[INFO] [stdout]   29:     0x621b5940d1b5 - <futures_util::future::future::map::Map<Fut,F> as core::future::future::Future>::poll::hc1ea6bc24dc8e2d5
[INFO] [stdout]                                at /opt/rustwide/cargo-home/registry/src/index.crates.io-6f17d22bba15001f/futures-util-0.3.31/src/future/future/map.rs:55:37
[INFO] [stdout]   30:     0x621b593cc241 - <futures_util::future::future::Map<Fut,F> as core::future::future::Future>::poll::hac6392e3571af2c5
[INFO] [stdout]                                at /opt/rustwide/cargo-home/registry/src/index.crates.io-6f17d22bba15001f/futures-util-0.3.31/src/lib.rs:86:13
[INFO] [stdout]   31:     0x621b5940d861 - <futures_util::future::try_future::MapOk<Fut,F> as core::future::future::Future>::poll::h3563a5cc912ce19d
[INFO] [stdout]                                at /opt/rustwide/cargo-home/registry/src/index.crates.io-6f17d22bba15001f/futures-util-0.3.31/src/lib.rs:86:13
[INFO] [stdout]   32:     0x621b593ef171 - <tower::util::map_response::MapResponseFuture<F,N> as core::future::future::Future>::poll::h6bbb0b7fc799dc29
[INFO] [stdout]                                at /opt/rustwide/cargo-home/registry/src/index.crates.io-6f17d22bba15001f/tower-0.4.13/src/macros.rs:38:17
[INFO] [stdout]   33:     0x621b59b716c0 - <core::pin::Pin<P> as core::future::future::Future>::poll::haee920882ae0a19b
[INFO] [stdout]                                at /rustc/202008a1b8de96d2e5b6bc02d379db03a877d34d/library/core/src/future/future.rs:124:9
[INFO] [stdout]   34:     0x621b5998bbd6 - <tower::util::oneshot::Oneshot<S,Req> as core::future::future::Future>::poll::h886e74d752def286
[INFO] [stdout]                                at /opt/rustwide/cargo-home/registry/src/index.crates.io-6f17d22bba15001f/tower-0.4.13/src/util/oneshot.rs:97:38
[INFO] [stdout]   35:     0x621b59a2acb2 - <axum::routing::route::RouteFuture<B,E> as core::future::future::Future>::poll::h1a170d91cee0e022
[INFO] [stdout]                                at /opt/rustwide/cargo-home/registry/src/index.crates.io-6f17d22bba15001f/axum-0.6.20/src/routing/route.rs:161:61
[INFO] [stdout]   36:     0x621b59400e7b - <F as futures_core::future::TryFuture>::try_poll::hfbc83631934cb09a
[INFO] [stdout]                                at /opt/rustwide/cargo-home/registry/src/index.crates.io-6f17d22bba15001f/futures-core-0.3.31/src/future.rs:92:9
[INFO] [stdout]   37:     0x621b593af161 - <futures_util::future::try_future::into_future::IntoFuture<Fut> as core::future::future::Future>::poll::h5bba0175d823b0ad
[INFO] [stdout]                                at /opt/rustwide/cargo-home/registry/src/index.crates.io-6f17d22bba15001f/futures-util-0.3.31/src/future/try_future/into_future.rs:34:9
[INFO] [stdout]   38:     0x621b5940c735 - <futures_util::future::future::map::Map<Fut,F> as core::future::future::Future>::poll::hac1bfb19beed9d32
[INFO] [stdout]                                at /opt/rustwide/cargo-home/registry/src/index.crates.io-6f17d22bba15001f/futures-util-0.3.31/src/future/future/map.rs:55:37
[INFO] [stdout]   39:     0x621b593cc291 - <futures_util::future::future::Map<Fut,F> as core::future::future::Future>::poll::hbbc8f24280ca369c
[INFO] [stdout]                                at /opt/rustwide/cargo-home/registry/src/index.crates.io-6f17d22bba15001f/futures-util-0.3.31/src/lib.rs:86:13
[INFO] [stdout]   40:     0x621b5940d8b1 - <futures_util::future::try_future::MapOk<Fut,F> as core::future::future::Future>::poll::h5106b156e21713bc
[INFO] [stdout]                                at /opt/rustwide/cargo-home/registry/src/index.crates.io-6f17d22bba15001f/futures-util-0.3.31/src/lib.rs:86:13
[INFO] [stdout]   41:     0x621b593ef121 - <tower::util::map_response::MapResponseFuture<F,N> as core::future::future::Future>::poll::h2710a46dd8c38e6a
[INFO] [stdout]                                at /opt/rustwide/cargo-home/registry/src/index.crates.io-6f17d22bba15001f/tower-0.4.13/src/macros.rs:38:17
[INFO] [stdout]   42:     0x621b593f039a - <F as futures_core::future::TryFuture>::try_poll::h39587163381e2c86
[INFO] [stdout]                                at /opt/rustwide/cargo-home/registry/src/index.crates.io-6f17d22bba15001f/futures-core-0.3.31/src/future.rs:92:9
[INFO] [stdout]   43:     0x621b593af251 - <futures_util::future::try_future::into_future::IntoFuture<Fut> as core::future::future::Future>::poll::h8f524d6ce7964f4e
[INFO] [stdout]                                at /opt/rustwide/cargo-home/registry/src/index.crates.io-6f17d22bba15001f/futures-util-0.3.31/src/future/try_future/into_future.rs:34:9
[INFO] [stdout]   44:     0x621b5940ce35 - <futures_util::future::future::map::Map<Fut,F> as core::future::future::Future>::poll::hb7e1dc68d14f764a
[INFO] [stdout]                                at /opt/rustwide/cargo-home/registry/src/index.crates.io-6f17d22bba15001f/futures-util-0.3.31/src/future/future/map.rs:55:37
[INFO] [stdout]   45:     0x621b593cc331 - <futures_util::future::future::Map<Fut,F> as core::future::future::Future>::poll::hc1bf6ee9bd069732
[INFO] [stdout]                                at /opt/rustwide/cargo-home/registry/src/index.crates.io-6f17d22bba15001f/futures-util-0.3.31/src/lib.rs:86:13
[INFO] [stdout]   46:     0x621b5940da21 - <futures_util::future::try_future::MapErr<Fut,F> as core::future::future::Future>::poll::hfb2cf3c739f1cd82
[INFO] [stdout]                                at /opt/rustwide/cargo-home/registry/src/index.crates.io-6f17d22bba15001f/futures-util-0.3.31/src/lib.rs:86:13
[INFO] [stdout]   47:     0x621b59416ec1 - <tower::util::map_err::MapErrFuture<F,N> as core::future::future::Future>::poll::hb1688d0d5ada9ca5
[INFO] [stdout]                                at /opt/rustwide/cargo-home/registry/src/index.crates.io-6f17d22bba15001f/tower-0.4.13/src/macros.rs:38:17
[INFO] [stdout]   48:     0x621b59412cca - <F as futures_core::future::TryFuture>::try_poll::he6b6296dca30e5f1
[INFO] [stdout]                                at /opt/rustwide/cargo-home/registry/src/index.crates.io-6f17d22bba15001f/futures-core-0.3.31/src/future.rs:92:9
[INFO] [stdout]   49:     0x621b593af2f1 - <futures_util::future::try_future::into_future::IntoFuture<Fut> as core::future::future::Future>::poll::hcb2e4693719662f6
[INFO] [stdout]                                at /opt/rustwide/cargo-home/registry/src/index.crates.io-6f17d22bba15001f/futures-util-0.3.31/src/future/try_future/into_future.rs:34:9
[INFO] [stdout]   50:     0x621b5940c3b5 - <futures_util::future::future::map::Map<Fut,F> as core::future::future::Future>::poll::ha43ef89c8585bc51
[INFO] [stdout]                                at /opt/rustwide/cargo-home/registry/src/index.crates.io-6f17d22bba15001f/futures-util-0.3.31/src/future/future/map.rs:55:37
[INFO] [stdout]   51:     0x621b593cc381 - <futures_util::future::future::Map<Fut,F> as core::future::future::Future>::poll::hdecf80148c5839c8
[INFO] [stdout]                                at /opt/rustwide/cargo-home/registry/src/index.crates.io-6f17d22bba15001f/futures-util-0.3.31/src/lib.rs:86:13
[INFO] [stdout]   52:     0x621b5940d951 - <futures_util::future::try_future::MapOk<Fut,F> as core::future::future::Future>::poll::hdec378f89d1a82ae
[INFO] [stdout]                                at /opt/rustwide/cargo-home/registry/src/index.crates.io-6f17d22bba15001f/futures-util-0.3.31/src/lib.rs:86:13
[INFO] [stdout]   53:     0x621b593ef211 - <tower::util::map_response::MapResponseFuture<F,N> as core::future::future::Future>::poll::hcebda4fad979d221
[INFO] [stdout]                                at /opt/rustwide/cargo-home/registry/src/index.crates.io-6f17d22bba15001f/tower-0.4.13/src/macros.rs:38:17
[INFO] [stdout]   54:     0x621b59b716c0 - <core::pin::Pin<P> as core::future::future::Future>::poll::haee920882ae0a19b
[INFO] [stdout]                                at /rustc/202008a1b8de96d2e5b6bc02d379db03a877d34d/library/core/src/future/future.rs:124:9
[INFO] [stdout]   55:     0x621b5998bbd6 - <tower::util::oneshot::Oneshot<S,Req> as core::future::future::Future>::poll::h886e74d752def286
[INFO] [stdout]                                at /opt/rustwide/cargo-home/registry/src/index.crates.io-6f17d22bba15001f/tower-0.4.13/src/util/oneshot.rs:97:38
[INFO] [stdout]   56:     0x621b59a2acb2 - <axum::routing::route::RouteFuture<B,E> as core::future::future::Future>::poll::h1a170d91cee0e022
[INFO] [stdout]                                at /opt/rustwide/cargo-home/registry/src/index.crates.io-6f17d22bba15001f/axum-0.6.20/src/routing/route.rs:161:61
[INFO] [stdout]   57:     0x621b59400e7b - <F as futures_core::future::TryFuture>::try_poll::hfbc83631934cb09a
[INFO] [stdout]                                at /opt/rustwide/cargo-home/registry/src/index.crates.io-6f17d22bba15001f/futures-core-0.3.31/src/future.rs:92:9
[INFO] [stdout]   58:     0x621b593af161 - <futures_util::future::try_future::into_future::IntoFuture<Fut> as core::future::future::Future>::poll::h5bba0175d823b0ad
[INFO] [stdout]                                at /opt/rustwide/cargo-home/registry/src/index.crates.io-6f17d22bba15001f/futures-util-0.3.31/src/future/try_future/into_future.rs:34:9
[INFO] [stdout]   59:     0x621b5940c735 - <futures_util::future::future::map::Map<Fut,F> as core::future::future::Future>::poll::hac1bfb19beed9d32
[INFO] [stdout]                                at /opt/rustwide/cargo-home/registry/src/index.crates.io-6f17d22bba15001f/futures-util-0.3.31/src/future/future/map.rs:55:37
[INFO] [stdout]   60:     0x621b593cc291 - <futures_util::future::future::Map<Fut,F> as core::future::future::Future>::poll::hbbc8f24280ca369c
[INFO] [stdout]                                at /opt/rustwide/cargo-home/registry/src/index.crates.io-6f17d22bba15001f/futures-util-0.3.31/src/lib.rs:86:13
[INFO] [stdout]   61:     0x621b5940d8b1 - <futures_util::future::try_future::MapOk<Fut,F> as core::future::future::Future>::poll::h5106b156e21713bc
[INFO] [stdout]                                at /opt/rustwide/cargo-home/registry/src/index.crates.io-6f17d22bba15001f/futures-util-0.3.31/src/lib.rs:86:13
[INFO] [stdout]   62:     0x621b593ef121 - <tower::util::map_response::MapResponseFuture<F,N> as core::future::future::Future>::poll::h2710a46dd8c38e6a
[INFO] [stdout]                                at /opt/rustwide/cargo-home/registry/src/index.crates.io-6f17d22bba15001f/tower-0.4.13/src/macros.rs:38:17
[INFO] [stdout]   63:     0x621b593f039a - <F as futures_core::future::TryFuture>::try_poll::h39587163381e2c86
[INFO] [stdout]                                at /opt/rustwide/cargo-home/registry/src/index.crates.io-6f17d22bba15001f/futures-core-0.3.31/src/future.rs:92:9
[INFO] [stdout]   64:     0x621b593af251 - <futures_util::future::try_future::into_future::IntoFuture<Fut> as core::future::future::Future>::poll::h8f524d6ce7964f4e
[INFO] [stdout]                                at /opt/rustwide/cargo-home/registry/src/index.crates.io-6f17d22bba15001f/futures-util-0.3.31/src/future/try_future/into_future.rs:34:9
[INFO] [stdout]   65:     0x621b5940ce35 - <futures_util::future::future::map::Map<Fut,F> as core::future::future::Future>::poll::hb7e1dc68d14f764a
[INFO] [stdout]                                at /opt/rustwide/cargo-home/registry/src/index.crates.io-6f17d22bba15001f/futures-util-0.3.31/src/future/future/map.rs:55:37
[INFO] [stdout]   66:     0x621b593cc331 - <futures_util::future::future::Map<Fut,F> as core::future::future::Future>::poll::hc1bf6ee9bd069732
[INFO] [stdout]                                at /opt/rustwide/cargo-home/registry/src/index.crates.io-6f17d22bba15001f/futures-util-0.3.31/src/lib.rs:86:13
[INFO] [stdout]   67:     0x621b5940da21 - <futures_util::future::try_future::MapErr<Fut,F> as core::future::future::Future>::poll::hfb2cf3c739f1cd82
[INFO] [stdout]                                at /opt/rustwide/cargo-home/registry/src/index.crates.io-6f17d22bba15001f/futures-util-0.3.31/src/lib.rs:86:13
[INFO] [stdout]   68:     0x621b59416ec1 - <tower::util::map_err::MapErrFuture<F,N> as core::future::future::Future>::poll::hb1688d0d5ada9ca5
[INFO] [stdout]                                at /opt/rustwide/cargo-home/registry/src/index.crates.io-6f17d22bba15001f/tower-0.4.13/src/macros.rs:38:17
[INFO] [stdout]   69:     0x621b59412cca - <F as futures_core::future::TryFuture>::try_poll::he6b6296dca30e5f1
[INFO] [stdout]                                at /opt/rustwide/cargo-home/registry/src/index.crates.io-6f17d22bba15001f/futures-core-0.3.31/src/future.rs:92:9
[INFO] [stdout]   70:     0x621b593af2f1 - <futures_util::future::try_future::into_future::IntoFuture<Fut> as core::future::future::Future>::poll::hcb2e4693719662f6
[INFO] [stdout]                                at /opt/rustwide/cargo-home/registry/src/index.crates.io-6f17d22bba15001f/futures-util-0.3.31/src/future/try_future/into_future.rs:34:9
[INFO] [stdout]   71:     0x621b5940c3b5 - <futures_util::future::future::map::Map<Fut,F> as core::future::future::Future>::poll::ha43ef89c8585bc51
[INFO] [stdout]                                at /opt/rustwide/cargo-home/registry/src/index.crates.io-6f17d22bba15001f/futures-util-0.3.31/src/future/future/map.rs:55:37
[INFO] [stdout]   72:     0x621b593cc381 - <futures_util::future::future::Map<Fut,F> as core::future::future::Future>::poll::hdecf80148c5839c8
[INFO] [stdout]                                at /opt/rustwide/cargo-home/registry/src/index.crates.io-6f17d22bba15001f/futures-util-0.3.31/src/lib.rs:86:13
[INFO] [stdout]   73:     0x621b5940d951 - <futures_util::future::try_future::MapOk<Fut,F> as core::future::future::Future>::poll::hdec378f89d1a82ae
[INFO] [stdout]                                at /opt/rustwide/cargo-home/registry/src/index.crates.io-6f17d22bba15001f/futures-util-0.3.31/src/lib.rs:86:13
[INFO] [stdout]   74:     0x621b593ef211 - <tower::util::map_response::MapResponseFuture<F,N> as core::future::future::Future>::poll::hcebda4fad979d221
[INFO] [stdout]                                at /opt/rustwide/cargo-home/registry/src/index.crates.io-6f17d22bba15001f/tower-0.4.13/src/macros.rs:38:17
[INFO] [stdout]   75:     0x621b59b716c0 - <core::pin::Pin<P> as core::future::future::Future>::poll::haee920882ae0a19b
[INFO] [stdout]                                at /rustc/202008a1b8de96d2e5b6bc02d379db03a877d34d/library/core/src/future/future.rs:124:9
[INFO] [stdout]   76:     0x621b5998bbd6 - <tower::util::oneshot::Oneshot<S,Req> as core::future::future::Future>::poll::h886e74d752def286
[INFO] [stdout]                                at /opt/rustwide/cargo-home/registry/src/index.crates.io-6f17d22bba15001f/tower-0.4.13/src/util/oneshot.rs:97:38
[INFO] [stdout]   77:     0x621b59a2acb2 - <axum::routing::route::RouteFuture<B,E> as core::future::future::Future>::poll::h1a170d91cee0e022
[INFO] [stdout]                                at /opt/rustwide/cargo-home/registry/src/index.crates.io-6f17d22bba15001f/axum-0.6.20/src/routing/route.rs:161:61
[INFO] [stdout]   78:     0x621b5998c729 - <tower::util::oneshot::Oneshot<S,Req> as core::future::future::Future>::poll::hc6c749757a224334
[INFO] [stdout]                                at /opt/rustwide/cargo-home/registry/src/index.crates.io-6f17d22bba15001f/tower-0.4.13/src/util/oneshot.rs:97:38
[INFO] [stdout]   79:     0x621b5989737c - <axum_test::internals::transport_layer::mock_transport_layer::MockTransportLayer<S> as axum_test::transport_layer::transport_layer::TransportLayer>::send::{{closure}}::hfbad10be926335dc
[INFO] [stdout]                                at /opt/rustwide/cargo-home/registry/src/index.crates.io-6f17d22bba15001f/axum-test-13.4.1/src/internals/transport_layer/mock_transport_layer.rs:47:48
[INFO] [stdout]   80:     0x621b598b7ca0 - <core::pin::Pin<P> as core::future::future::Future>::poll::h21d8badbe389bba5
[INFO] [stdout]                                at /rustc/202008a1b8de96d2e5b6bc02d379db03a877d34d/library/core/src/future/future.rs:124:9
[INFO] [stdout]   81:     0x621b59968b13 - axum_test::test_request::TestRequest::send::{{closure}}::h09e4c30a6505e8d3
[INFO] [stdout]                                at /opt/rustwide/cargo-home/registry/src/index.crates.io-6f17d22bba15001f/axum-test-13.4.1/src/test_request.rs:421:44
[INFO] [stdout]   82:     0x621b5996aa23 - <axum_test::test_request::TestRequest as core::future::into_future::IntoFuture>::into_future::{{closure}}::h94241baec56ee035
[INFO] [stdout]                                at /opt/rustwide/cargo-home/registry/src/index.crates.io-6f17d22bba15001f/axum-test-13.4.1/src/test_request.rs:517:18
[INFO] [stdout]   83:     0x621b593ab340 - <auto_future::auto_future::AutoFuture<T> as core::future::future::Future>::poll::h73dd9ce902825f2f
[INFO] [stdout]                                at /opt/rustwide/cargo-home/registry/src/index.crates.io-6f17d22bba15001f/auto-future-1.0.0/src/auto_future.rs:34:26
[INFO] [stdout]   84:     0x621b5939905e - backend_test::tests::test_create_user::{{closure}}::h62e532e21244209a
[INFO] [stdout]                                at /opt/rustwide/workdir/backend/tests/backend_test.rs:69:66
[INFO] [stdout]   85:     0x621b59401902 - <core::pin::Pin<P> as core::future::future::Future>::poll::h11d534a5f2c7ce0c
[INFO] [stdout]                                at /rustc/202008a1b8de96d2e5b6bc02d379db03a877d34d/library/core/src/future/future.rs:124:9
[INFO] [stdout]   86:     0x621b59401e9d - <core::pin::Pin<P> as core::future::future::Future>::poll::hf2547e2c92870afd
[INFO] [stdout]                                at /rustc/202008a1b8de96d2e5b6bc02d379db03a877d34d/library/core/src/future/future.rs:124:9
[INFO] [stdout]   87:     0x621b593bdf7f - tokio::runtime::scheduler::current_thread::CoreGuard::block_on::{{closure}}::{{closure}}::{{closure}}::hb2050784d11972e0
[INFO] [stdout]                                at /opt/rustwide/cargo-home/registry/src/index.crates.io-6f17d22bba15001f/tokio-1.41.1/src/runtime/scheduler/current_thread/mod.rs:729:57
[INFO] [stdout]   88:     0x621b593bdcc5 - tokio::runtime::coop::with_budget::h400f7769c8826a94
[INFO] [stdout]                                at /opt/rustwide/cargo-home/registry/src/index.crates.io-6f17d22bba15001f/tokio-1.41.1/src/runtime/coop.rs:107:5
[INFO] [stdout]   89:     0x621b593bdcc5 - tokio::runtime::coop::budget::h48fe45c9710a08e8
[INFO] [stdout]                                at /opt/rustwide/cargo-home/registry/src/index.crates.io-6f17d22bba15001f/tokio-1.41.1/src/runtime/coop.rs:73:5
[INFO] [stdout]   90:     0x621b593bdcc5 - tokio::runtime::scheduler::current_thread::CoreGuard::block_on::{{closure}}::{{closure}}::h029571e7f554baf1
[INFO] [stdout]                                at /opt/rustwide/cargo-home/registry/src/index.crates.io-6f17d22bba15001f/tokio-1.41.1/src/runtime/scheduler/current_thread/mod.rs:729:25
[INFO] [stdout]   91:     0x621b593bb7d0 - tokio::runtime::scheduler::current_thread::Context::enter::hdc08928b7c71a749
[INFO] [stdout]                                at /opt/rustwide/cargo-home/registry/src/index.crates.io-6f17d22bba15001f/tokio-1.41.1/src/runtime/scheduler/current_thread/mod.rs:428:19
[INFO] [stdout]   92:     0x621b593bcc8e - tokio::runtime::scheduler::current_thread::CoreGuard::block_on::{{closure}}::h8af4ebd0b53e4b0b
[INFO] [stdout]                                at /opt/rustwide/cargo-home/registry/src/index.crates.io-6f17d22bba15001f/tokio-1.41.1/src/runtime/scheduler/current_thread/mod.rs:728:36
[INFO] [stdout]   93:     0x621b593bc984 - tokio::runtime::scheduler::current_thread::CoreGuard::enter::{{closure}}::h828ba21b0e1665b2
[INFO] [stdout]                                at /opt/rustwide/cargo-home/registry/src/index.crates.io-6f17d22bba15001f/tokio-1.41.1/src/runtime/scheduler/current_thread/mod.rs:807:68
[INFO] [stdout]   94:     0x621b593e535b - tokio::runtime::context::scoped::Scoped<T>::set::h621c3c710dbe30de
[INFO] [stdout]                                at /opt/rustwide/cargo-home/registry/src/index.crates.io-6f17d22bba15001f/tokio-1.41.1/src/runtime/context/scoped.rs:40:9
[INFO] [stdout]   95:     0x621b59388d79 - tokio::runtime::context::set_scheduler::{{closure}}::h24c18dab9ba42f7d
[INFO] [stdout]                                at /opt/rustwide/cargo-home/registry/src/index.crates.io-6f17d22bba15001f/tokio-1.41.1/src/runtime/context.rs:180:26
[INFO] [stdout]   96:     0x621b59412a6d - std::thread::local::LocalKey<T>::try_with::hdd45a0cf71b7c471
[INFO] [stdout]                                at /rustc/202008a1b8de96d2e5b6bc02d379db03a877d34d/library/std/src/thread/local.rs:283:12
[INFO] [stdout]   97:     0x621b59411aba - std::thread::local::LocalKey<T>::with::h39520eccf86b810c
[INFO] [stdout]                                at /rustc/202008a1b8de96d2e5b6bc02d379db03a877d34d/library/std/src/thread/local.rs:260:9
[INFO] [stdout]   98:     0x621b59388d2d - tokio::runtime::context::set_scheduler::he39942c6a9222599
[INFO] [stdout]                                at /opt/rustwide/cargo-home/registry/src/index.crates.io-6f17d22bba15001f/tokio-1.41.1/src/runtime/context.rs:180:9
[INFO] [stdout]   99:     0x621b593bc730 - tokio::runtime::scheduler::current_thread::CoreGuard::enter::hf0fa44a06a119c9b
[INFO] [stdout]                                at /opt/rustwide/cargo-home/registry/src/index.crates.io-6f17d22bba15001f/tokio-1.41.1/src/runtime/scheduler/current_thread/mod.rs:807:27
[INFO] [stdout]  100:     0x621b593bc9c3 - tokio::runtime::scheduler::current_thread::CoreGuard::block_on::h528801d17df5a416
[INFO] [stdout]                                at /opt/rustwide/cargo-home/registry/src/index.crates.io-6f17d22bba15001f/tokio-1.41.1/src/runtime/scheduler/current_thread/mod.rs:716:19
[INFO] [stdout]  101:     0x621b593bac2f - tokio::runtime::scheduler::current_thread::CurrentThread::block_on::{{closure}}::h55ae8e841a5c6643
[INFO] [stdout]                                at /opt/rustwide/cargo-home/registry/src/index.crates.io-6f17d22bba15001f/tokio-1.41.1/src/runtime/scheduler/current_thread/mod.rs:196:28
[INFO] [stdout]  102:     0x621b593f4996 - tokio::runtime::context::runtime::enter_runtime::habd348128640c691
[INFO] [stdout]                                at /opt/rustwide/cargo-home/registry/src/index.crates.io-6f17d22bba15001f/tokio-1.41.1/src/runtime/context/runtime.rs:65:16
[INFO] [stdout]  103:     0x621b593ba521 - tokio::runtime::scheduler::current_thread::CurrentThread::block_on::hb5d590f3cdc89c89
[INFO] [stdout]                                at /opt/rustwide/cargo-home/registry/src/index.crates.io-6f17d22bba15001f/tokio-1.41.1/src/runtime/scheduler/current_thread/mod.rs:184:9
[INFO] [stdout]  104:     0x621b593a0733 - tokio::runtime::runtime::Runtime::block_on_inner::h059a71274188526a
[INFO] [stdout]                                at /opt/rustwide/cargo-home/registry/src/index.crates.io-6f17d22bba15001f/tokio-1.41.1/src/runtime/runtime.rs:368:47
[INFO] [stdout]  105:     0x621b593a0a37 - tokio::runtime::runtime::Runtime::block_on::h67b00cb0ba840982
[INFO] [stdout]                                at /opt/rustwide/cargo-home/registry/src/index.crates.io-6f17d22bba15001f/tokio-1.41.1/src/runtime/runtime.rs:342:13
[INFO] [stdout]  106:     0x621b5939862f - backend_test::tests::test_create_user::hd74761be2efa59ea
[INFO] [stdout]                                at /opt/rustwide/workdir/backend/tests/backend_test.rs:76:9
[INFO] [stdout]  107:     0x621b593984e7 - backend_test::tests::test_create_user::{{closure}}::ha0691a77f582c705
[INFO] [stdout]                                at /opt/rustwide/workdir/backend/tests/backend_test.rs:47:32
[INFO] [stdout]  108:     0x621b5936bcf6 - core::ops::function::FnOnce::call_once::hbeb17b58098365cd
[INFO] [stdout]                                at /rustc/202008a1b8de96d2e5b6bc02d379db03a877d34d/library/core/src/ops/function.rs:250:5
[INFO] [stdout]  109:     0x621b594555cb - core::ops::function::FnOnce::call_once::h871bf86719ec9aa4
[INFO] [stdout]                                at /rustc/202008a1b8de96d2e5b6bc02d379db03a877d34d/library/core/src/ops/function.rs:250:5
[INFO] [stdout]  110:     0x621b594555cb - test::__rust_begin_short_backtrace::h2167df1e2b7d76fd
[INFO] [stdout]                                at /rustc/202008a1b8de96d2e5b6bc02d379db03a877d34d/library/test/src/lib.rs:632:18
[INFO] [stdout]  111:     0x621b59454fb8 - test::run_test_in_process::{{closure}}::h15d92f75a3adfb79
[INFO] [stdout]                                at /rustc/202008a1b8de96d2e5b6bc02d379db03a877d34d/library/test/src/lib.rs:655:60
[INFO] [stdout]  112:     0x621b59454fb8 - <core::panic::unwind_safe::AssertUnwindSafe<F> as core::ops::function::FnOnce<()>>::call_once::hb6c8955835a8dbbb
[INFO] [stdout]                                at /rustc/202008a1b8de96d2e5b6bc02d379db03a877d34d/library/core/src/panic/unwind_safe.rs:272:9
[INFO] [stdout]  113:     0x621b59454fb8 - std::panicking::try::do_call::hc79d0fc888a0bd30
[INFO] [stdout]                                at /rustc/202008a1b8de96d2e5b6bc02d379db03a877d34d/library/std/src/panicking.rs:557:40
[INFO] [stdout]  114:     0x621b59454fb8 - std::panicking::try::hb8a7878e3a8589d6
[INFO] [stdout]                                at /rustc/202008a1b8de96d2e5b6bc02d379db03a877d34d/library/std/src/panicking.rs:520:19
[INFO] [stdout]  115:     0x621b59454fb8 - std::panic::catch_unwind::hb8e4600ff0ff5cfa
[INFO] [stdout]                                at /rustc/202008a1b8de96d2e5b6bc02d379db03a877d34d/library/std/src/panic.rs:358:14
[INFO] [stdout]  116:     0x621b59454fb8 - test::run_test_in_process::hc2900b0b18688dd6
[INFO] [stdout]                                at /rustc/202008a1b8de96d2e5b6bc02d379db03a877d34d/library/test/src/lib.rs:655:27
[INFO] [stdout]  117:     0x621b59454fb8 - test::run_test::{{closure}}::hac2a9cb07be3d48d
[INFO] [stdout]                                at /rustc/202008a1b8de96d2e5b6bc02d379db03a877d34d/library/test/src/lib.rs:576:43
[INFO] [stdout]  118:     0x621b59418a5a - test::run_test::{{closure}}::h4a5b729e66a38cd8
[INFO] [stdout]                                at /rustc/202008a1b8de96d2e5b6bc02d379db03a877d34d/library/test/src/lib.rs:606:41
[INFO] [stdout]  119:     0x621b59418a5a - std::sys::backtrace::__rust_begin_short_backtrace::h0496fb742492f573
[INFO] [stdout]                                at /rustc/202008a1b8de96d2e5b6bc02d379db03a877d34d/library/std/src/sys/backtrace.rs:154:18
[INFO] [stdout]  120:     0x621b5941c3d4 - std::thread::Builder::spawn_unchecked_::{{closure}}::{{closure}}::hbb6d257c550a54bd
[INFO] [stdout]                                at /rustc/202008a1b8de96d2e5b6bc02d379db03a877d34d/library/std/src/thread/mod.rs:561:17
[INFO] [stdout]  121:     0x621b5941c3d4 - <core::panic::unwind_safe::AssertUnwindSafe<F> as core::ops::function::FnOnce<()>>::call_once::h46696fe4a6832328
[INFO] [stdout]                                at /rustc/202008a1b8de96d2e5b6bc02d379db03a877d34d/library/core/src/panic/unwind_safe.rs:272:9
[INFO] [stdout]  122:     0x621b5941c3d4 - std::panicking::try::do_call::h2625a51b667bfb64
[INFO] [stdout]                                at /rustc/202008a1b8de96d2e5b6bc02d379db03a877d34d/library/std/src/panicking.rs:557:40
[INFO] [stdout]  123:     0x621b5941c3d4 - std::panicking::try::hb956a59a1973aa4c
[INFO] [stdout]                                at /rustc/202008a1b8de96d2e5b6bc02d379db03a877d34d/library/std/src/panicking.rs:520:19
[INFO] [stdout]  124:     0x621b5941c3d4 - std::panic::catch_unwind::h64f3b9d1067ef6a0
[INFO] [stdout]                                at /rustc/202008a1b8de96d2e5b6bc02d379db03a877d34d/library/std/src/panic.rs:358:14
[INFO] [stdout]  125:     0x621b5941c3d4 - std::thread::Builder::spawn_unchecked_::{{closure}}::h42b2841295b6c0b2
[INFO] [stdout]                                at /rustc/202008a1b8de96d2e5b6bc02d379db03a877d34d/library/std/src/thread/mod.rs:559:30
[INFO] [stdout]  126:     0x621b5941c3d4 - core::ops::function::FnOnce::call_once{{vtable.shim}}::h6127de71b8124639
[INFO] [stdout]                                at /rustc/202008a1b8de96d2e5b6bc02d379db03a877d34d/library/core/src/ops/function.rs:250:5
[INFO] [stdout]  127:     0x621b59e8fd5b - <alloc::boxed::Box<F,A> as core::ops::function::FnOnce<Args>>::call_once::h42f0ba71002a1b2c
[INFO] [stdout]                                at /rustc/202008a1b8de96d2e5b6bc02d379db03a877d34d/library/alloc/src/boxed.rs:1972:9
[INFO] [stdout]  128:     0x621b59e8fd5b - <alloc::boxed::Box<F,A> as core::ops::function::FnOnce<Args>>::call_once::had9e47d7a3dcecb8
[INFO] [stdout]                                at /rustc/202008a1b8de96d2e5b6bc02d379db03a877d34d/library/alloc/src/boxed.rs:1972:9
[INFO] [stdout]  129:     0x621b59e8fd5b - std::sys::pal::unix::thread::Thread::new::thread_start::h48cf765408f6f5f2
[INFO] [stdout]                                at /rustc/202008a1b8de96d2e5b6bc02d379db03a877d34d/library/std/src/sys/pal/unix/thread.rs:105:17
[INFO] [stdout]  130:     0x7287dedb4ac3 - <unknown>
[INFO] [stdout]  131:     0x7287dee45a04 - clone
[INFO] [stdout]  132:                0x0 - <unknown>
[INFO] [stdout] 
[INFO] [stdout] ---- tests::test_login_user stdout ----
[INFO] [stdout] thread 'tests::test_login_user' panicked at backend/src/utils/jwt.rs:25:46:
[INFO] [stdout] JWT_SECRET must be set in environment: NotPresent
[INFO] [stdout] stack backtrace:
[INFO] [stdout]    0:     0x621b59e89d7a - std::backtrace_rs::backtrace::libunwind::trace::h8810477743020387
[INFO] [stdout]                                at /rustc/202008a1b8de96d2e5b6bc02d379db03a877d34d/library/std/src/../../backtrace/src/backtrace/libunwind.rs:116:5
[INFO] [stdout]    1:     0x621b59e89d7a - std::backtrace_rs::backtrace::trace_unsynchronized::h3aa55355dd6c54a6
[INFO] [stdout]                                at /rustc/202008a1b8de96d2e5b6bc02d379db03a877d34d/library/std/src/../../backtrace/src/backtrace/mod.rs:66:5
[INFO] [stdout]    2:     0x621b59e89d7a - std::sys::backtrace::_print_fmt::h8588b0f62410823f
[INFO] [stdout]                                at /rustc/202008a1b8de96d2e5b6bc02d379db03a877d34d/library/std/src/sys/backtrace.rs:66:9
[INFO] [stdout]    3:     0x621b59e89d7a - <std::sys::backtrace::BacktraceLock::print::DisplayBacktrace as core::fmt::Display>::fmt::h98c26ac25ffe89bb
[INFO] [stdout]                                at /rustc/202008a1b8de96d2e5b6bc02d379db03a877d34d/library/std/src/sys/backtrace.rs:39:26
[INFO] [stdout]    4:     0x621b59eb53a3 - core::fmt::rt::Argument::fmt::hf95377f4aebd453b
[INFO] [stdout]                                at /rustc/202008a1b8de96d2e5b6bc02d379db03a877d34d/library/core/src/fmt/rt.rs:177:76
[INFO] [stdout]    5:     0x621b59eb53a3 - core::fmt::write::h0dd5f6e2238c7982
[INFO] [stdout]                                at /rustc/202008a1b8de96d2e5b6bc02d379db03a877d34d/library/core/src/fmt/mod.rs:1189:21
[INFO] [stdout]    6:     0x621b59e85e13 - std::io::Write::write_fmt::h03bb0ca26e6faf8c
[INFO] [stdout]                                at /rustc/202008a1b8de96d2e5b6bc02d379db03a877d34d/library/std/src/io/mod.rs:1884:15
[INFO] [stdout]    7:     0x621b59e89bc2 - std::sys::backtrace::BacktraceLock::print::h5c19c1c038ee186d
[INFO] [stdout]                                at /rustc/202008a1b8de96d2e5b6bc02d379db03a877d34d/library/std/src/sys/backtrace.rs:42:9
[INFO] [stdout]    8:     0x621b59e8b1fd - std::panicking::default_hook::{{closure}}::h77172f079a1fcb13
[INFO] [stdout]                                at /rustc/202008a1b8de96d2e5b6bc02d379db03a877d34d/library/std/src/panicking.rs:268:22
[INFO] [stdout]    9:     0x621b59e8b007 - std::panicking::default_hook::he5f8e3b203ccddba
[INFO] [stdout]                                at /rustc/202008a1b8de96d2e5b6bc02d379db03a877d34d/library/std/src/panicking.rs:292:9
[INFO] [stdout]   10:     0x621b59450aa7 - <alloc::boxed::Box<F,A> as core::ops::function::Fn<Args>>::call::h7a3c7b4a1ae77f2f
[INFO] [stdout]                                at /rustc/202008a1b8de96d2e5b6bc02d379db03a877d34d/library/alloc/src/boxed.rs:1986:9
[INFO] [stdout]   11:     0x621b59450aa7 - test::test_main::{{closure}}::hf0d3b69ae9b353d1
[INFO] [stdout]                                at /rustc/202008a1b8de96d2e5b6bc02d379db03a877d34d/library/test/src/lib.rs:134:21
[INFO] [stdout]   12:     0x621b59e8b8a8 - <alloc::boxed::Box<F,A> as core::ops::function::Fn<Args>>::call::h6332e82e7b189abd
[INFO] [stdout]                                at /rustc/202008a1b8de96d2e5b6bc02d379db03a877d34d/library/alloc/src/boxed.rs:1986:9
[INFO] [stdout]   13:     0x621b59e8b8a8 - std::panicking::rust_panic_with_hook::h53863d4e9018df39
[INFO] [stdout]                                at /rustc/202008a1b8de96d2e5b6bc02d379db03a877d34d/library/std/src/panicking.rs:809:13
[INFO] [stdout]   14:     0x621b59e8b66a - std::panicking::begin_panic_handler::{{closure}}::h67280e6fa0757873
[INFO] [stdout]                                at /rustc/202008a1b8de96d2e5b6bc02d379db03a877d34d/library/std/src/panicking.rs:674:13
[INFO] [stdout]   15:     0x621b59e8a259 - std::sys::backtrace::__rust_end_short_backtrace::h1dac3f54d6fbbeb2
[INFO] [stdout]                                at /rustc/202008a1b8de96d2e5b6bc02d379db03a877d34d/library/std/src/sys/backtrace.rs:170:18
[INFO] [stdout]   16:     0x621b59e8b2fc - rust_begin_unwind
[INFO] [stdout]                                at /rustc/202008a1b8de96d2e5b6bc02d379db03a877d34d/library/std/src/panicking.rs:665:5
[INFO] [stdout]   17:     0x621b5936a3a0 - core::panicking::panic_fmt::h6792bd1b2bf01041
[INFO] [stdout]                                at /rustc/202008a1b8de96d2e5b6bc02d379db03a877d34d/library/core/src/panicking.rs:76:14
[INFO] [stdout]   18:     0x621b5936a886 - core::result::unwrap_failed::h05e0602ed34287c5
[INFO] [stdout]                                at /rustc/202008a1b8de96d2e5b6bc02d379db03a877d34d/library/core/src/result.rs:1699:5
[INFO] [stdout]   19:     0x621b594601b6 - core::result::Result<T,E>::expect::h02bd4c5e4fd701be
[INFO] [stdout]                                at /rustc/202008a1b8de96d2e5b6bc02d379db03a877d34d/library/core/src/result.rs:1061:23
[INFO] [stdout]   20:     0x621b59465e89 - backend::utils::jwt::new_jwt::h5e11bb15babb6d11
[INFO] [stdout]                                at /opt/rustwide/workdir/backend/src/utils/jwt.rs:25:18
[INFO] [stdout]   21:     0x621b594140a3 - backend::routes::users::login_user::{{closure}}::h87044c164e2a13d2
[INFO] [stdout]                                at /opt/rustwide/workdir/backend/src/routes/users.rs:77:19
[INFO] [stdout]   22:     0x621b593a2eb3 - <F as axum::handler::Handler<(M,T1,T2),S,B>>::call::{{closure}}::hbe14cf65c902114f
[INFO] [stdout]                                at /opt/rustwide/cargo-home/registry/src/index.crates.io-6f17d22bba15001f/axum-0.6.20/src/handler/mod.rs:248:53
[INFO] [stdout]   23:     0x621b59401a60 - <core::pin::Pin<P> as core::future::future::Future>::poll::h5108a5e89476bcb1
[INFO] [stdout]                                at /rustc/202008a1b8de96d2e5b6bc02d379db03a877d34d/library/core/src/future/future.rs:124:9
[INFO] [stdout]   24:     0x621b5940c015 - <futures_util::future::future::map::Map<Fut,F> as core::future::future::Future>::poll::h45a028787bcbc185
[INFO] [stdout]                                at /opt/rustwide/cargo-home/registry/src/index.crates.io-6f17d22bba15001f/futures-util-0.3.31/src/future/future/map.rs:55:37
[INFO] [stdout]   25:     0x621b593cc2e1 - <futures_util::future::future::Map<Fut,F> as core::future::future::Future>::poll::hc02f0617b98670a0
[INFO] [stdout]                                at /opt/rustwide/cargo-home/registry/src/index.crates.io-6f17d22bba15001f/futures-util-0.3.31/src/lib.rs:86:13
[INFO] [stdout]   26:     0x621b593f6971 - <axum::handler::future::IntoServiceFuture<F> as core::future::future::Future>::poll::hb93a0c4dbf52b501
[INFO] [stdout]                                at /opt/rustwide/cargo-home/registry/src/index.crates.io-6f17d22bba15001f/axum-0.6.20/src/macros.rs:42:17
[INFO] [stdout]   27:     0x621b593f03ca - <F as futures_core::future::TryFuture>::try_poll::h7881ffd07f1669df
[INFO] [stdout]                                at /opt/rustwide/cargo-home/registry/src/index.crates.io-6f17d22bba15001f/futures-core-0.3.31/src/future.rs:92:9
[INFO] [stdout]   28:     0x621b593af2a1 - <futures_util::future::try_future::into_future::IntoFuture<Fut> as core::future::future::Future>::poll::hac14fa3e19ec1d14
[INFO] [stdout]                                at /opt/rustwide/cargo-home/registry/src/index.crates.io-6f17d22bba15001f/futures-util-0.3.31/src/future/try_future/into_future.rs:34:9
[INFO] [stdout]   29:     0x621b5940d1b5 - <futures_util::future::future::map::Map<Fut,F> as core::future::future::Future>::poll::hc1ea6bc24dc8e2d5
[INFO] [stdout]                                at /opt/rustwide/cargo-home/registry/src/index.crates.io-6f17d22bba15001f/futures-util-0.3.31/src/future/future/map.rs:55:37
[INFO] [stdout]   30:     0x621b593cc241 - <futures_util::future::future::Map<Fut,F> as core::future::future::Future>::poll::hac6392e3571af2c5
[INFO] [stdout]                                at /opt/rustwide/cargo-home/registry/src/index.crates.io-6f17d22bba15001f/futures-util-0.3.31/src/lib.rs:86:13
[INFO] [stdout]   31:     0x621b5940d861 - <futures_util::future::try_future::MapOk<Fut,F> as core::future::future::Future>::poll::h3563a5cc912ce19d
[INFO] [stdout]                                at /opt/rustwide/cargo-home/registry/src/index.crates.io-6f17d22bba15001f/futures-util-0.3.31/src/lib.rs:86:13
[INFO] [stdout]   32:     0x621b593ef171 - <tower::util::map_response::MapResponseFuture<F,N> as core::future::future::Future>::poll::h6bbb0b7fc799dc29
[INFO] [stdout]                                at /opt/rustwide/cargo-home/registry/src/index.crates.io-6f17d22bba15001f/tower-0.4.13/src/macros.rs:38:17
[INFO] [stdout]   33:     0x621b59b716c0 - <core::pin::Pin<P> as core::future::future::Future>::poll::haee920882ae0a19b
[INFO] [stdout]                                at /rustc/202008a1b8de96d2e5b6bc02d379db03a877d34d/library/core/src/future/future.rs:124:9
[INFO] [stdout]   34:     0x621b5998bbd6 - <tower::util::oneshot::Oneshot<S,Req> as core::future::future::Future>::poll::h886e74d752def286
[INFO] [stdout]                                at /opt/rustwide/cargo-home/registry/src/index.crates.io-6f17d22bba15001f/tower-0.4.13/src/util/oneshot.rs:97:38
[INFO] [stdout]   35:     0x621b59a2acb2 - <axum::routing::route::RouteFuture<B,E> as core::future::future::Future>::poll::h1a170d91cee0e022
[INFO] [stdout]                                at /opt/rustwide/cargo-home/registry/src/index.crates.io-6f17d22bba15001f/axum-0.6.20/src/routing/route.rs:161:61
[INFO] [stdout]   36:     0x621b59400e7b - <F as futures_core::future::TryFuture>::try_poll::hfbc83631934cb09a
[INFO] [stdout]                                at /opt/rustwide/cargo-home/registry/src/index.crates.io-6f17d22bba15001f/futures-core-0.3.31/src/future.rs:92:9
[INFO] [stdout]   37:     0x621b593af161 - <futures_util::future::try_future::into_future::IntoFuture<Fut> as core::future::future::Future>::poll::h5bba0175d823b0ad
[INFO] [stdout]                                at /opt/rustwide/cargo-home/registry/src/index.crates.io-6f17d22bba15001f/futures-util-0.3.31/src/future/try_future/into_future.rs:34:9
[INFO] [stdout]   38:     0x621b5940c735 - <futures_util::future::future::map::Map<Fut,F> as core::future::future::Future>::poll::hac1bfb19beed9d32
[INFO] [stdout]                                at /opt/rustwide/cargo-home/registry/src/index.crates.io-6f17d22bba15001f/futures-util-0.3.31/src/future/future/map.rs:55:37
[INFO] [stdout]   39:     0x621b593cc291 - <futures_util::future::future::Map<Fut,F> as core::future::future::Future>::poll::hbbc8f24280ca369c
[INFO] [stdout]                                at /opt/rustwide/cargo-home/registry/src/index.crates.io-6f17d22bba15001f/futures-util-0.3.31/src/lib.rs:86:13
[INFO] [stdout]   40:     0x621b5940d8b1 - <futures_util::future::try_future::MapOk<Fut,F> as core::future::future::Future>::poll::h5106b156e21713bc
[INFO] [stdout]                                at /opt/rustwide/cargo-home/registry/src/index.crates.io-6f17d22bba15001f/futures-util-0.3.31/src/lib.rs:86:13
[INFO] [stdout]   41:     0x621b593ef121 - <tower::util::map_response::MapResponseFuture<F,N> as core::future::future::Future>::poll::h2710a46dd8c38e6a
[INFO] [stdout]                                at /opt/rustwide/cargo-home/registry/src/index.crates.io-6f17d22bba15001f/tower-0.4.13/src/macros.rs:38:17
[INFO] [stdout]   42:     0x621b593f039a - <F as futures_core::future::TryFuture>::try_poll::h39587163381e2c86
[INFO] [stdout]                                at /opt/rustwide/cargo-home/registry/src/index.crates.io-6f17d22bba15001f/futures-core-0.3.31/src/future.rs:92:9
[INFO] [stdout]   43:     0x621b593af251 - <futures_util::future::try_future::into_future::IntoFuture<Fut> as core::future::future::Future>::poll::h8f524d6ce7964f4e
[INFO] [stdout]                                at /opt/rustwide/cargo-home/registry/src/index.crates.io-6f17d22bba15001f/futures-util-0.3.31/src/future/try_future/into_future.rs:34:9
[INFO] [stdout]   44:     0x621b5940ce35 - <futures_util::future::future::map::Map<Fut,F> as core::future::future::Future>::poll::hb7e1dc68d14f764a
[INFO] [stdout]                                at /opt/rustwide/cargo-home/registry/src/index.crates.io-6f17d22bba15001f/futures-util-0.3.31/src/future/future/map.rs:55:37
[INFO] [stdout]   45:     0x621b593cc331 - <futures_util::future::future::Map<Fut,F> as core::future::future::Future>::poll::hc1bf6ee9bd069732
[INFO] [stdout]                                at /opt/rustwide/cargo-home/registry/src/index.crates.io-6f17d22bba15001f/futures-util-0.3.31/src/lib.rs:86:13
[INFO] [stdout]   46:     0x621b5940da21 - <futures_util::future::try_future::MapErr<Fut,F> as core::future::future::Future>::poll::hfb2cf3c739f1cd82
[INFO] [stdout]                                at /opt/rustwide/cargo-home/registry/src/index.crates.io-6f17d22bba15001f/futures-util-0.3.31/src/lib.rs:86:13
[INFO] [stdout]   47:     0x621b59416ec1 - <tower::util::map_err::MapErrFuture<F,N> as core::future::future::Future>::poll::hb1688d0d5ada9ca5
[INFO] [stdout]                                at /opt/rustwide/cargo-home/registry/src/index.crates.io-6f17d22bba15001f/tower-0.4.13/src/macros.rs:38:17
[INFO] [stdout]   48:     0x621b59412cca - <F as futures_core::future::TryFuture>::try_poll::he6b6296dca30e5f1
[INFO] [stdout]                                at /opt/rustwide/cargo-home/registry/src/index.crates.io-6f17d22bba15001f/futures-core-0.3.31/src/future.rs:92:9
[INFO] [stdout]   49:     0x621b593af2f1 - <futures_util::future::try_future::into_future::IntoFuture<Fut> as core::future::future::Future>::poll::hcb2e4693719662f6
[INFO] [stdout]                                at /opt/rustwide/cargo-home/registry/src/index.crates.io-6f17d22bba15001f/futures-util-0.3.31/src/future/try_future/into_future.rs:34:9
[INFO] [stdout]   50:     0x621b5940c3b5 - <futures_util::future::future::map::Map<Fut,F> as core::future::future::Future>::poll::ha43ef89c8585bc51
[INFO] [stdout]                                at /opt/rustwide/cargo-home/registry/src/index.crates.io-6f17d22bba15001f/futures-util-0.3.31/src/future/future/map.rs:55:37
[INFO] [stdout]   51:     0x621b593cc381 - <futures_util::future::future::Map<Fut,F> as core::future::future::Future>::poll::hdecf80148c5839c8
[INFO] [stdout]                                at /opt/rustwide/cargo-home/registry/src/index.crates.io-6f17d22bba15001f/futures-util-0.3.31/src/lib.rs:86:13
[INFO] [stdout]   52:     0x621b5940d951 - <futures_util::future::try_future::MapOk<Fut,F> as core::future::future::Future>::poll::hdec378f89d1a82ae
[INFO] [stdout]                                at /opt/rustwide/cargo-home/registry/src/index.crates.io-6f17d22bba15001f/futures-util-0.3.31/src/lib.rs:86:13
[INFO] [stdout]   53:     0x621b593ef211 - <tower::util::map_response::MapResponseFuture<F,N> as core::future::future::Future>::poll::hcebda4fad979d221
[INFO] [stdout]                                at /opt/rustwide/cargo-home/registry/src/index.crates.io-6f17d22bba15001f/tower-0.4.13/src/macros.rs:38:17
[INFO] [stdout]   54:     0x621b59b716c0 - <core::pin::Pin<P> as core::future::future::Future>::poll::haee920882ae0a19b
[INFO] [stdout]                                at /rustc/202008a1b8de96d2e5b6bc02d379db03a877d34d/library/core/src/future/future.rs:124:9
[INFO] [stdout]   55:     0x621b5998bbd6 - <tower::util::oneshot::Oneshot<S,Req> as core::future::future::Future>::poll::h886e74d752def286
[INFO] [stdout]                                at /opt/rustwide/cargo-home/registry/src/index.crates.io-6f17d22bba15001f/tower-0.4.13/src/util/oneshot.rs:97:38
[INFO] [stdout]   56:     0x621b59a2acb2 - <axum::routing::route::RouteFuture<B,E> as core::future::future::Future>::poll::h1a170d91cee0e022
[INFO] [stdout]                                at /opt/rustwide/cargo-home/registry/src/index.crates.io-6f17d22bba15001f/axum-0.6.20/src/routing/route.rs:161:61
[INFO] [stdout]   57:     0x621b59400e7b - <F as futures_core::future::TryFuture>::try_poll::hfbc83631934cb09a
[INFO] [stdout]                                at /opt/rustwide/cargo-home/registry/src/index.crates.io-6f17d22bba15001f/futures-core-0.3.31/src/future.rs:92:9
[INFO] [stdout]   58:     0x621b593af161 - <futures_util::future::try_future::into_future::IntoFuture<Fut> as core::future::future::Future>::poll::h5bba0175d823b0ad
[INFO] [stdout]                                at /opt/rustwide/cargo-home/registry/src/index.crates.io-6f17d22bba15001f/futures-util-0.3.31/src/future/try_future/into_future.rs:34:9
[INFO] [stdout]   59:     0x621b5940c735 - <futures_util::future::future::map::Map<Fut,F> as core::future::future::Future>::poll::hac1bfb19beed9d32
[INFO] [stdout]                                at /opt/rustwide/cargo-home/registry/src/index.crates.io-6f17d22bba15001f/futures-util-0.3.31/src/future/future/map.rs:55:37
[INFO] [stdout]   60:     0x621b593cc291 - <futures_util::future::future::Map<Fut,F> as core::future::future::Future>::poll::hbbc8f24280ca369c
[INFO] [stdout]                                at /opt/rustwide/cargo-home/registry/src/index.crates.io-6f17d22bba15001f/futures-util-0.3.31/src/lib.rs:86:13
[INFO] [stdout]   61:     0x621b5940d8b1 - <futures_util::future::try_future::MapOk<Fut,F> as core::future::future::Future>::poll::h5106b156e21713bc
[INFO] [stdout]                                at /opt/rustwide/cargo-home/registry/src/index.crates.io-6f17d22bba15001f/futures-util-0.3.31/src/lib.rs:86:13
[INFO] [stdout]   62:     0x621b593ef121 - <tower::util::map_response::MapResponseFuture<F,N> as core::future::future::Future>::poll::h2710a46dd8c38e6a
[INFO] [stdout]                                at /opt/rustwide/cargo-home/registry/src/index.crates.io-6f17d22bba15001f/tower-0.4.13/src/macros.rs:38:17
[INFO] [stdout]   63:     0x621b593f039a - <F as futures_core::future::TryFuture>::try_poll::h39587163381e2c86
[INFO] [stdout]                                at /opt/rustwide/cargo-home/registry/src/index.crates.io-6f17d22bba15001f/futures-core-0.3.31/src/future.rs:92:9
[INFO] [stdout]   64:     0x621b593af251 - <futures_util::future::try_future::into_future::IntoFuture<Fut> as core::future::future::Future>::poll::h8f524d6ce7964f4e
[INFO] [stdout]                                at /opt/rustwide/cargo-home/registry/src/index.crates.io-6f17d22bba15001f/futures-util-0.3.31/src/future/try_future/into_future.rs:34:9
[INFO] [stdout]   65:     0x621b5940ce35 - <futures_util::future::future::map::Map<Fut,F> as core::future::future::Future>::poll::hb7e1dc68d14f764a
[INFO] [stdout]                                at /opt/rustwide/cargo-home/registry/src/index.crates.io-6f17d22bba15001f/futures-util-0.3.31/src/future/future/map.rs:55:37
[INFO] [stdout]   66:     0x621b593cc331 - <futures_util::future::future::Map<Fut,F> as core::future::future::Future>::poll::hc1bf6ee9bd069732
[INFO] [stdout]                                at /opt/rustwide/cargo-home/registry/src/index.crates.io-6f17d22bba15001f/futures-util-0.3.31/src/lib.rs:86:13
[INFO] [stdout]   67:     0x621b5940da21 - <futures_util::future::try_future::MapErr<Fut,F> as core::future::future::Future>::poll::hfb2cf3c739f1cd82
[INFO] [stdout]                                at /opt/rustwide/cargo-home/registry/src/index.crates.io-6f17d22bba15001f/futures-util-0.3.31/src/lib.rs:86:13
[INFO] [stdout]   68:     0x621b59416ec1 - <tower::util::map_err::MapErrFuture<F,N> as core::future::future::Future>::poll::hb1688d0d5ada9ca5
[INFO] [stdout]                                at /opt/rustwide/cargo-home/registry/src/index.crates.io-6f17d22bba15001f/tower-0.4.13/src/macros.rs:38:17
[INFO] [stdout]   69:     0x621b59412cca - <F as futures_core::future::TryFuture>::try_poll::he6b6296dca30e5f1
[INFO] [stdout]                                at /opt/rustwide/cargo-home/registry/src/index.crates.io-6f17d22bba15001f/futures-core-0.3.31/src/future.rs:92:9
[INFO] [stdout]   70:     0x621b593af2f1 - <futures_util::future::try_future::into_future::IntoFuture<Fut> as core::future::future::Future>::poll::hcb2e4693719662f6
[INFO] [stdout]                                at /opt/rustwide/cargo-home/registry/src/index.crates.io-6f17d22bba15001f/futures-util-0.3.31/src/future/try_future/into_future.rs:34:9
[INFO] [stdout]   71:     0x621b5940c3b5 - <futures_util::future::future::map::Map<Fut,F> as core::future::future::Future>::poll::ha43ef89c8585bc51
[INFO] [stdout]                                at /opt/rustwide/cargo-home/registry/src/index.crates.io-6f17d22bba15001f/futures-util-0.3.31/src/future/future/map.rs:55:37
[INFO] [stdout]   72:     0x621b593cc381 - <futures_util::future::future::Map<Fut,F> as core::future::future::Future>::poll::hdecf80148c5839c8
[INFO] [stdout]                                at /opt/rustwide/cargo-home/registry/src/index.crates.io-6f17d22bba15001f/futures-util-0.3.31/src/lib.rs:86:13
[INFO] [stdout]   73:     0x621b5940d951 - <futures_util::future::try_future::MapOk<Fut,F> as core::future::future::Future>::poll::hdec378f89d1a82ae
[INFO] [stdout]                                at /opt/rustwide/cargo-home/registry/src/index.crates.io-6f17d22bba15001f/futures-util-0.3.31/src/lib.rs:86:13
[INFO] [stdout]   74:     0x621b593ef211 - <tower::util::map_response::MapResponseFuture<F,N> as core::future::future::Future>::poll::hcebda4fad979d221
[INFO] [stdout]                                at /opt/rustwide/cargo-home/registry/src/index.crates.io-6f17d22bba15001f/tower-0.4.13/src/macros.rs:38:17
[INFO] [stdout]   75:     0x621b59b716c0 - <core::pin::Pin<P> as core::future::future::Future>::poll::haee920882ae0a19b
[INFO] [stdout]                                at /rustc/202008a1b8de96d2e5b6bc02d379db03a877d34d/library/core/src/future/future.rs:124:9
[INFO] [stdout]   76:     0x621b5998bbd6 - <tower::util::oneshot::Oneshot<S,Req> as core::future::future::Future>::poll::h886e74d752def286
[INFO] [stdout]                                at /opt/rustwide/cargo-home/registry/src/index.crates.io-6f17d22bba15001f/tower-0.4.13/src/util/oneshot.rs:97:38
[INFO] [stdout]   77:     0x621b59a2acb2 - <axum::routing::route::RouteFuture<B,E> as core::future::future::Future>::poll::h1a170d91cee0e022
[INFO] [stdout]                                at /opt/rustwide/cargo-home/registry/src/index.crates.io-6f17d22bba15001f/axum-0.6.20/src/routing/route.rs:161:61
[INFO] [stdout]   78:     0x621b5998c729 - <tower::util::oneshot::Oneshot<S,Req> as core::future::future::Future>::poll::hc6c749757a224334
[INFO] [stdout]                                at /opt/rustwide/cargo-home/registry/src/index.crates.io-6f17d22bba15001f/tower-0.4.13/src/util/oneshot.rs:97:38
[INFO] [stdout]   79:     0x621b5989737c - <axum_test::internals::transport_layer::mock_transport_layer::MockTransportLayer<S> as axum_test::transport_layer::transport_layer::TransportLayer>::send::{{closure}}::hfbad10be926335dc
[INFO] [stdout]                                at /opt/rustwide/cargo-home/registry/src/index.crates.io-6f17d22bba15001f/axum-test-13.4.1/src/internals/transport_layer/mock_transport_layer.rs:47:48
[INFO] [stdout]   80:     0x621b598b7ca0 - <core::pin::Pin<P> as core::future::future::Future>::poll::h21d8badbe389bba5
[INFO] [stdout]                                at /rustc/202008a1b8de96d2e5b6bc02d379db03a877d34d/library/core/src/future/future.rs:124:9
[INFO] [stdout]   81:     0x621b59968b13 - axum_test::test_request::TestRequest::send::{{closure}}::h09e4c30a6505e8d3
[INFO] [stdout]                                at /opt/rustwide/cargo-home/registry/src/index.crates.io-6f17d22bba15001f/axum-test-13.4.1/src/test_request.rs:421:44
[INFO] [stdout]   82:     0x621b5996aa23 - <axum_test::test_request::TestRequest as core::future::into_future::IntoFuture>::into_future::{{closure}}::h94241baec56ee035
[INFO] [stdout]                                at /opt/rustwide/cargo-home/registry/src/index.crates.io-6f17d22bba15001f/axum-test-13.4.1/src/test_request.rs:517:18
[INFO] [stdout]   83:     0x621b593ab340 - <auto_future::auto_future::AutoFuture<T> as core::future::future::Future>::poll::h73dd9ce902825f2f
[INFO] [stdout]                                at /opt/rustwide/cargo-home/registry/src/index.crates.io-6f17d22bba15001f/auto-future-1.0.0/src/auto_future.rs:34:26
[INFO] [stdout]   84:     0x621b5939a28c - backend_test::tests::test_login_user::{{closure}}::hea79ae1936e2caa1
[INFO] [stdout]                                at /opt/rustwide/workdir/backend/tests/backend_test.rs:111:66
[INFO] [stdout]   85:     0x621b59401902 - <core::pin::Pin<P> as core::future::future::Future>::poll::h11d534a5f2c7ce0c
[INFO] [stdout]                                at /rustc/202008a1b8de96d2e5b6bc02d379db03a877d34d/library/core/src/future/future.rs:124:9
[INFO] [stdout]   86:     0x621b59401e9d - <core::pin::Pin<P> as core::future::future::Future>::poll::hf2547e2c92870afd
[INFO] [stdout]                                at /rustc/202008a1b8de96d2e5b6bc02d379db03a877d34d/library/core/src/future/future.rs:124:9
[INFO] [stdout]   87:     0x621b593bdf7f - tokio::runtime::scheduler::current_thread::CoreGuard::block_on::{{closure}}::{{closure}}::{{closure}}::hb2050784d11972e0
[INFO] [stdout]                                at /opt/rustwide/cargo-home/registry/src/index.crates.io-6f17d22bba15001f/tokio-1.41.1/src/runtime/scheduler/current_thread/mod.rs:729:57
[INFO] [stdout]   88:     0x621b593bdcc5 - tokio::runtime::coop::with_budget::h400f7769c8826a94
[INFO] [stdout]                                at /opt/rustwide/cargo-home/registry/src/index.crates.io-6f17d22bba15001f/tokio-1.41.1/src/runtime/coop.rs:107:5
[INFO] [stdout]   89:     0x621b593bdcc5 - tokio::runtime::coop::budget::h48fe45c9710a08e8
[INFO] [stdout]                                at /opt/rustwide/cargo-home/registry/src/index.crates.io-6f17d22bba15001f/tokio-1.41.1/src/runtime/coop.rs:73:5
[INFO] [stdout]   90:     0x621b593bdcc5 - tokio::runtime::scheduler::current_thread::CoreGuard::block_on::{{closure}}::{{closure}}::h029571e7f554baf1
[INFO] [stdout]                                at /opt/rustwide/cargo-home/registry/src/index.crates.io-6f17d22bba15001f/tokio-1.41.1/src/runtime/scheduler/current_thread/mod.rs:729:25
[INFO] [stdout]   91:     0x621b593bb7d0 - tokio::runtime::scheduler::current_thread::Context::enter::hdc08928b7c71a749
[INFO] [stdout]                                at /opt/rustwide/cargo-home/registry/src/index.crates.io-6f17d22bba15001f/tokio-1.41.1/src/runtime/scheduler/current_thread/mod.rs:428:19
[INFO] [stdout]   92:     0x621b593bcc8e - tokio::runtime::scheduler::current_thread::CoreGuard::block_on::{{closure}}::h8af4ebd0b53e4b0b
[INFO] [stdout]                                at /opt/rustwide/cargo-home/registry/src/index.crates.io-6f17d22bba15001f/tokio-1.41.1/src/runtime/scheduler/current_thread/mod.rs:728:36
[INFO] [stdout]   93:     0x621b593bc984 - tokio::runtime::scheduler::current_thread::CoreGuard::enter::{{closure}}::h828ba21b0e1665b2
[INFO] [stdout]                                at /opt/rustwide/cargo-home/registry/src/index.crates.io-6f17d22bba15001f/tokio-1.41.1/src/runtime/scheduler/current_thread/mod.rs:807:68
[INFO] [stdout]   94:     0x621b593e535b - tokio::runtime::context::scoped::Scoped<T>::set::h621c3c710dbe30de
[INFO] [stdout]                                at /opt/rustwide/cargo-home/registry/src/index.crates.io-6f17d22bba15001f/tokio-1.41.1/src/runtime/context/scoped.rs:40:9
[INFO] [stdout]   95:     0x621b59388d79 - tokio::runtime::context::set_scheduler::{{closure}}::h24c18dab9ba42f7d
[INFO] [stdout]                                at /opt/rustwide/cargo-home/registry/src/index.crates.io-6f17d22bba15001f/tokio-1.41.1/src/runtime/context.rs:180:26
[INFO] [stdout]   96:     0x621b59412a6d - std::thread::local::LocalKey<T>::try_with::hdd45a0cf71b7c471
[INFO] [stdout]                                at /rustc/202008a1b8de96d2e5b6bc02d379db03a877d34d/library/std/src/thread/local.rs:283:12
[INFO] [stdout]   97:     0x621b59411aba - std::thread::local::LocalKey<T>::with::h39520eccf86b810c
[INFO] [stdout]                                at /rustc/202008a1b8de96d2e5b6bc02d379db03a877d34d/library/std/src/thread/local.rs:260:9
[INFO] [stdout]   98:     0x621b59388d2d - tokio::runtime::context::set_scheduler::he39942c6a9222599
[INFO] [stdout]                                at /opt/rustwide/cargo-home/registry/src/index.crates.io-6f17d22bba15001f/tokio-1.41.1/src/runtime/context.rs:180:9
[INFO] [stdout]   99:     0x621b593bc730 - tokio::runtime::scheduler::current_thread::CoreGuard::enter::hf0fa44a06a119c9b
[INFO] [stdout]                                at /opt/rustwide/cargo-home/registry/src/index.crates.io-6f17d22bba15001f/tokio-1.41.1/src/runtime/scheduler/current_thread/mod.rs:807:27
[INFO] [stdout]  100:     0x621b593bc9c3 - tokio::runtime::scheduler::current_thread::CoreGuard::block_on::h528801d17df5a416
[INFO] [stdout]                                at /opt/rustwide/cargo-home/registry/src/index.crates.io-6f17d22bba15001f/tokio-1.41.1/src/runtime/scheduler/current_thread/mod.rs:716:19
[INFO] [stdout]  101:     0x621b593bac2f - tokio::runtime::scheduler::current_thread::CurrentThread::block_on::{{closure}}::h55ae8e841a5c6643
[INFO] [stdout]                                at /opt/rustwide/cargo-home/registry/src/index.crates.io-6f17d22bba15001f/tokio-1.41.1/src/runtime/scheduler/current_thread/mod.rs:196:28
[INFO] [stdout]  102:     0x621b593f4996 - tokio::runtime::context::runtime::enter_runtime::habd348128640c691
[INFO] [stdout]                                at /opt/rustwide/cargo-home/registry/src/index.crates.io-6f17d22bba15001f/tokio-1.41.1/src/runtime/context/runtime.rs:65:16
[INFO] [stdout]  103:     0x621b593ba521 - tokio::runtime::scheduler::current_thread::CurrentThread::block_on::hb5d590f3cdc89c89
[INFO] [stdout]                                at /opt/rustwide/cargo-home/registry/src/index.crates.io-6f17d22bba15001f/tokio-1.41.1/src/runtime/scheduler/current_thread/mod.rs:184:9
[INFO] [stdout]  104:     0x621b593a0733 - tokio::runtime::runtime::Runtime::block_on_inner::h059a71274188526a
[INFO] [stdout]                                at /opt/rustwide/cargo-home/registry/src/index.crates.io-6f17d22bba15001f/tokio-1.41.1/src/runtime/runtime.rs:368:47
[INFO] [stdout]  105:     0x621b593a0a37 - tokio::runtime::runtime::Runtime::block_on::h67b00cb0ba840982
[INFO] [stdout]                                at /opt/rustwide/cargo-home/registry/src/index.crates.io-6f17d22bba15001f/tokio-1.41.1/src/runtime/runtime.rs:342:13
[INFO] [stdout]  106:     0x621b5939949f - backend_test::tests::test_login_user::hb83bd5346ba3fd53
[INFO] [stdout]                                at /opt/rustwide/workdir/backend/tests/backend_test.rs:118:9
[INFO] [stdout]  107:     0x621b59399357 - backend_test::tests::test_login_user::{{closure}}::h5d29bd2500947d97
[INFO] [stdout]                                at /opt/rustwide/workdir/backend/tests/backend_test.rs:81:31
[INFO] [stdout]  108:     0x621b5936be96 - core::ops::function::FnOnce::call_once::hec746ad0a529f369
[INFO] [stdout]                                at /rustc/202008a1b8de96d2e5b6bc02d379db03a877d34d/library/core/src/ops/function.rs:250:5
[INFO] [stdout]  109:     0x621b594555cb - core::ops::function::FnOnce::call_once::h871bf86719ec9aa4
[INFO] [stdout]                                at /rustc/202008a1b8de96d2e5b6bc02d379db03a877d34d/library/core/src/ops/function.rs:250:5
[INFO] [stdout]  110:     0x621b594555cb - test::__rust_begin_short_backtrace::h2167df1e2b7d76fd
[INFO] [stdout]                                at /rustc/202008a1b8de96d2e5b6bc02d379db03a877d34d/library/test/src/lib.rs:632:18
[INFO] [stdout]  111:     0x621b59454fb8 - test::run_test_in_process::{{closure}}::h15d92f75a3adfb79
[INFO] [stdout]                                at /rustc/202008a1b8de96d2e5b6bc02d379db03a877d34d/library/test/src/lib.rs:655:60
[INFO] [stdout]  112:     0x621b59454fb8 - <core::panic::unwind_safe::AssertUnwindSafe<F> as core::ops::function::FnOnce<()>>::call_once::hb6c8955835a8dbbb
[INFO] [stdout]                                at /rustc/202008a1b8de96d2e5b6bc02d379db03a877d34d/library/core/src/panic/unwind_safe.rs:272:9
[INFO] [stdout]  113:     0x621b59454fb8 - std::panicking::try::do_call::hc79d0fc888a0bd30
[INFO] [stdout]                                at /rustc/202008a1b8de96d2e5b6bc02d379db03a877d34d/library/std/src/panicking.rs:557:40
[INFO] [stdout]  114:     0x621b59454fb8 - std::panicking::try::hb8a7878e3a8589d6
[INFO] [stdout]                                at /rustc/202008a1b8de96d2e5b6bc02d379db03a877d34d/library/std/src/panicking.rs:520:19
[INFO] [stdout]  115:     0x621b59454fb8 - std::panic::catch_unwind::hb8e4600ff0ff5cfa
[INFO] [stdout]                                at /rustc/202008a1b8de96d2e5b6bc02d379db03a877d34d/library/std/src/panic.rs:358:14
[INFO] [stdout]  116:     0x621b59454fb8 - test::run_test_in_process::hc2900b0b18688dd6
[INFO] [stdout]                                at /rustc/202008a1b8de96d2e5b6bc02d379db03a877d34d/library/test/src/lib.rs:655:27
[INFO] [stdout]  117:     0x621b59454fb8 - test::run_test::{{closure}}::hac2a9cb07be3d48d
[INFO] [stdout]                                at /rustc/202008a1b8de96d2e5b6bc02d379db03a877d34d/library/test/src/lib.rs:576:43
[INFO] [stdout]  118:     0x621b59418a5a - test::run_test::{{closure}}::h4a5b729e66a38cd8
[INFO] [stdout]                                at /rustc/202008a1b8de96d2e5b6bc02d379db03a877d34d/library/test/src/lib.rs:606:41
[INFO] [stdout]  119:     0x621b59418a5a - std::sys::backtrace::__rust_begin_short_backtrace::h0496fb742492f573
[INFO] [stdout]                                at /rustc/202008a1b8de96d2e5b6bc02d379db03a877d34d/library/std/src/sys/backtrace.rs:154:18
[INFO] [stdout]  120:     0x621b5941c3d4 - std::thread::Builder::spawn_unchecked_::{{closure}}::{{closure}}::hbb6d257c550a54bd
[INFO] [stdout]                                at /rustc/202008a1b8de96d2e5b6bc02d379db03a877d34d/library/std/src/thread/mod.rs:561:17
[INFO] [stdout]  121:     0x621b5941c3d4 - <core::panic::unwind_safe::AssertUnwindSafe<F> as core::ops::function::FnOnce<()>>::call_once::h46696fe4a6832328
[INFO] [stdout]                                at /rustc/202008a1b8de96d2e5b6bc02d379db03a877d34d/library/core/src/panic/unwind_safe.rs:272:9
[INFO] [stdout]  122:     0x621b5941c3d4 - std::panicking::try::do_call::h2625a51b667bfb64
[INFO] [stdout]                                at /rustc/202008a1b8de96d2e5b6bc02d379db03a877d34d/library/std/src/panicking.rs:557:40
[INFO] [stdout]  123:     0x621b5941c3d4 - std::panicking::try::hb956a59a1973aa4c
[INFO] [stdout]                                at /rustc/202008a1b8de96d2e5b6bc02d379db03a877d34d/library/std/src/panicking.rs:520:19
[INFO] [stdout]  124:     0x621b5941c3d4 - std::panic::catch_unwind::h64f3b9d1067ef6a0
[INFO] [stdout]                                at /rustc/202008a1b8de96d2e5b6bc02d379db03a877d34d/library/std/src/panic.rs:358:14
[INFO] [stdout]  125:     0x621b5941c3d4 - std::thread::Builder::spawn_unchecked_::{{closure}}::h42b2841295b6c0b2
[INFO] [stdout]                                at /rustc/202008a1b8de96d2e5b6bc02d379db03a877d34d/library/std/src/thread/mod.rs:559:30
[INFO] [stdout]  126:     0x621b5941c3d4 - core::ops::function::FnOnce::call_once{{vtable.shim}}::h6127de71b8124639
[INFO] [stdout]                                at /rustc/202008a1b8de96d2e5b6bc02d379db03a877d34d/library/core/src/ops/function.rs:250:5
[INFO] [stdout]  127:     0x621b59e8fd5b - <alloc::boxed::Box<F,A> as core::ops::function::FnOnce<Args>>::call_once::h42f0ba71002a1b2c
[INFO] [stdout]                                at /rustc/202008a1b8de96d2e5b6bc02d379db03a877d34d/library/alloc/src/boxed.rs:1972:9
[INFO] [stdout]  128:     0x621b59e8fd5b - <alloc::boxed::Box<F,A> as core::ops::function::FnOnce<Args>>::call_once::had9e47d7a3dcecb8
[INFO] [stdout]                                at /rustc/202008a1b8de96d2e5b6bc02d379db03a877d34d/library/alloc/src/boxed.rs:1972:9
[INFO] [stdout]  129:     0x621b59e8fd5b - std::sys::pal::unix::thread::Thread::new::thread_start::h48cf765408f6f5f2
[INFO] [stdout]                                at /rustc/202008a1b8de96d2e5b6bc02d379db03a877d34d/library/std/src/sys/pal/unix/thread.rs:105:17
[INFO] [stdout]  130:     0x7287dedb4ac3 - <unknown>
[INFO] [stdout]  131:     0x7287dee45a04 - clone
[INFO] [stdout]  132:                0x0 - <unknown>
[INFO] [stdout] 
[INFO] [stdout] 
[INFO] [stdout] failures:
[INFO] [stdout]     tests::test_create_user
[INFO] [stdout]     tests::test_login_user
[INFO] [stdout] 
[INFO] [stdout] test result: FAILED. 6 passed; 2 failed; 0 ignored; 0 measured; 0 filtered out; finished in 0.70s
[INFO] [stdout] 
[INFO] [stderr] error: test failed, to rerun pass `-p backend --test backend_test`
[INFO] running `Command { std: "docker" "inspect" "03b9e3a2eff51c7043c9c43a3664e8cd3d0a56cee290ac75d9756ccfcb32bdc4", kill_on_drop: false }`
[INFO] running `Command { std: "docker" "rm" "-f" "03b9e3a2eff51c7043c9c43a3664e8cd3d0a56cee290ac75d9756ccfcb32bdc4", kill_on_drop: false }`
[INFO] [stdout] 03b9e3a2eff51c7043c9c43a3664e8cd3d0a56cee290ac75d9756ccfcb32bdc4
