[INFO] cloning repository https://github.com/zandemax/mcp346x-rs
[INFO] running `Command { std: "git" "-c" "credential.helper=" "-c" "credential.helper=/workspace/cargo-home/bin/git-credential-null" "clone" "--bare" "https://github.com/zandemax/mcp346x-rs" "/workspace/cache/git-repos/https%3A%2F%2Fgithub.com%2Fzandemax%2Fmcp346x-rs", kill_on_drop: false }`
[INFO] [stderr] Cloning into bare repository '/workspace/cache/git-repos/https%3A%2F%2Fgithub.com%2Fzandemax%2Fmcp346x-rs'...
[INFO] running `Command { std: "git" "rev-parse" "HEAD", kill_on_drop: false }`
[INFO] [stdout] e36bf3de19f82259ba74398a83c14e71882a79e2
[INFO] testing zandemax/mcp346x-rs against 1.83.0 for beta-1.84.0-4-retry
[INFO] running `Command { std: "git" "clone" "/workspace/cache/git-repos/https%3A%2F%2Fgithub.com%2Fzandemax%2Fmcp346x-rs" "/workspace/builds/worker-0-tc1/source", kill_on_drop: false }`
[INFO] [stderr] Cloning into '/workspace/builds/worker-0-tc1/source'...
[INFO] [stderr] done.
[INFO] validating manifest of git repo https://github.com/zandemax/mcp346x-rs on toolchain 1.83.0
[INFO] running `Command { std: CARGO_HOME="/workspace/cargo-home" RUSTUP_HOME="/workspace/rustup-home" "/workspace/cargo-home/bin/cargo" "+1.83.0" "metadata" "--manifest-path" "Cargo.toml" "--no-deps", kill_on_drop: false }`
[INFO] started tweaking git repo https://github.com/zandemax/mcp346x-rs
[INFO] finished tweaking git repo https://github.com/zandemax/mcp346x-rs
[INFO] tweaked toml for git repo https://github.com/zandemax/mcp346x-rs written to /workspace/builds/worker-0-tc1/source/Cargo.toml
[INFO] crate git repo https://github.com/zandemax/mcp346x-rs already has a lockfile, it will not be regenerated
[INFO] running `Command { std: CARGO_HOME="/workspace/cargo-home" RUSTUP_HOME="/workspace/rustup-home" "/workspace/cargo-home/bin/cargo" "+1.83.0" "fetch" "--manifest-path" "Cargo.toml", kill_on_drop: false }`
[INFO] [stderr]     Updating crates.io index
[INFO] [stderr]  Downloading crates ...
[INFO] [stderr]   Downloaded measurements v0.11.0
[INFO] running `Command { std: "docker" "create" "-v" "/var/lib/crater-agent-workspace/builds/worker-0-tc1/target:/opt/rustwide/target:rw,Z" "-v" "/var/lib/crater-agent-workspace/builds/worker-0-tc1/source:/opt/rustwide/workdir:ro,Z" "-v" "/var/lib/crater-agent-workspace/cargo-home:/opt/rustwide/cargo-home:ro,Z" "-v" "/var/lib/crater-agent-workspace/rustup-home:/opt/rustwide/rustup-home:ro,Z" "-e" "SOURCE_DIR=/opt/rustwide/workdir" "-e" "CARGO_TARGET_DIR=/opt/rustwide/target" "-e" "CARGO_HOME=/opt/rustwide/cargo-home" "-e" "RUSTUP_HOME=/opt/rustwide/rustup-home" "-w" "/opt/rustwide/workdir" "-m" "1610612736" "--user" "0:0" "--network" "none" "ghcr.io/rust-lang/crates-build-env/linux@sha256:f3a9d4ad9d972b27faf3965f35b62e55ba32bbce8f20bc8fe909558a86702fde" "/opt/rustwide/cargo-home/bin/cargo" "+1.83.0" "metadata" "--no-deps" "--format-version=1", kill_on_drop: false }`
[INFO] [stdout] 01b3da17cb56702d8117e5837112c94e2160e6561c2ddbbc5bffa46a6c580377
[INFO] running `Command { std: "docker" "start" "-a" "01b3da17cb56702d8117e5837112c94e2160e6561c2ddbbc5bffa46a6c580377", kill_on_drop: false }`
[INFO] running `Command { std: "docker" "inspect" "01b3da17cb56702d8117e5837112c94e2160e6561c2ddbbc5bffa46a6c580377", kill_on_drop: false }`
[INFO] running `Command { std: "docker" "rm" "-f" "01b3da17cb56702d8117e5837112c94e2160e6561c2ddbbc5bffa46a6c580377", kill_on_drop: false }`
[INFO] [stdout] 01b3da17cb56702d8117e5837112c94e2160e6561c2ddbbc5bffa46a6c580377
[INFO] running `Command { std: "docker" "create" "-v" "/var/lib/crater-agent-workspace/builds/worker-0-tc1/target:/opt/rustwide/target:rw,Z" "-v" "/var/lib/crater-agent-workspace/builds/worker-0-tc1/source:/opt/rustwide/workdir:ro,Z" "-v" "/var/lib/crater-agent-workspace/cargo-home:/opt/rustwide/cargo-home:ro,Z" "-v" "/var/lib/crater-agent-workspace/rustup-home:/opt/rustwide/rustup-home:ro,Z" "-e" "SOURCE_DIR=/opt/rustwide/workdir" "-e" "CARGO_TARGET_DIR=/opt/rustwide/target" "-e" "CARGO_INCREMENTAL=0" "-e" "RUST_BACKTRACE=full" "-e" "RUSTFLAGS=--cap-lints=warn" "-e" "RUSTDOCFLAGS=--cap-lints=warn" "-e" "CARGO_HOME=/opt/rustwide/cargo-home" "-e" "RUSTUP_HOME=/opt/rustwide/rustup-home" "-w" "/opt/rustwide/workdir" "-m" "1610612736" "--user" "0:0" "--network" "none" "ghcr.io/rust-lang/crates-build-env/linux@sha256:f3a9d4ad9d972b27faf3965f35b62e55ba32bbce8f20bc8fe909558a86702fde" "/opt/rustwide/cargo-home/bin/cargo" "+1.83.0" "build" "--frozen" "--message-format=json", kill_on_drop: false }`
[INFO] [stdout] 9615539abae34b9604061c07a5399a8bc7c4a86d8bedf776dcfac2676e11d936
[INFO] running `Command { std: "docker" "start" "-a" "9615539abae34b9604061c07a5399a8bc7c4a86d8bedf776dcfac2676e11d936", kill_on_drop: false }`
[INFO] [stderr]    Compiling libm v0.2.6
[INFO] [stderr]    Compiling nb v1.0.0
[INFO] [stderr]    Compiling bitflags v1.3.2
[INFO] [stderr]    Compiling nb v0.1.3
[INFO] [stderr]    Compiling embedded-hal v0.2.7
[INFO] [stderr]    Compiling measurements v0.11.0
[INFO] [stderr]    Compiling mcp346x v0.1.0 (/opt/rustwide/workdir)
[INFO] [stderr]     Finished `dev` profile [unoptimized + debuginfo] target(s) in 1.54s
[INFO] running `Command { std: "docker" "inspect" "9615539abae34b9604061c07a5399a8bc7c4a86d8bedf776dcfac2676e11d936", kill_on_drop: false }`
[INFO] running `Command { std: "docker" "rm" "-f" "9615539abae34b9604061c07a5399a8bc7c4a86d8bedf776dcfac2676e11d936", kill_on_drop: false }`
[INFO] [stdout] 9615539abae34b9604061c07a5399a8bc7c4a86d8bedf776dcfac2676e11d936
[INFO] running `Command { std: "docker" "create" "-v" "/var/lib/crater-agent-workspace/builds/worker-0-tc1/target:/opt/rustwide/target:rw,Z" "-v" "/var/lib/crater-agent-workspace/builds/worker-0-tc1/source:/opt/rustwide/workdir:ro,Z" "-v" "/var/lib/crater-agent-workspace/cargo-home:/opt/rustwide/cargo-home:ro,Z" "-v" "/var/lib/crater-agent-workspace/rustup-home:/opt/rustwide/rustup-home:ro,Z" "-e" "SOURCE_DIR=/opt/rustwide/workdir" "-e" "CARGO_TARGET_DIR=/opt/rustwide/target" "-e" "CARGO_INCREMENTAL=0" "-e" "RUST_BACKTRACE=full" "-e" "RUSTFLAGS=--cap-lints=warn" "-e" "RUSTDOCFLAGS=--cap-lints=warn" "-e" "CARGO_HOME=/opt/rustwide/cargo-home" "-e" "RUSTUP_HOME=/opt/rustwide/rustup-home" "-w" "/opt/rustwide/workdir" "-m" "1610612736" "--user" "0:0" "--network" "none" "ghcr.io/rust-lang/crates-build-env/linux@sha256:f3a9d4ad9d972b27faf3965f35b62e55ba32bbce8f20bc8fe909558a86702fde" "/opt/rustwide/cargo-home/bin/cargo" "+1.83.0" "test" "--frozen" "--no-run" "--message-format=json", kill_on_drop: false }`
[INFO] [stdout] 5446253111ecc71b92008b421900522a752f5f95926d6ebaf3bcfbb0c0eb50b3
[INFO] running `Command { std: "docker" "start" "-a" "5446253111ecc71b92008b421900522a752f5f95926d6ebaf3bcfbb0c0eb50b3", kill_on_drop: false }`
[INFO] [stderr]    Compiling mcp346x v0.1.0 (/opt/rustwide/workdir)
[INFO] [stderr]     Finished `test` profile [unoptimized + debuginfo] target(s) in 0.40s
[INFO] running `Command { std: "docker" "inspect" "5446253111ecc71b92008b421900522a752f5f95926d6ebaf3bcfbb0c0eb50b3", kill_on_drop: false }`
[INFO] running `Command { std: "docker" "rm" "-f" "5446253111ecc71b92008b421900522a752f5f95926d6ebaf3bcfbb0c0eb50b3", kill_on_drop: false }`
[INFO] [stdout] 5446253111ecc71b92008b421900522a752f5f95926d6ebaf3bcfbb0c0eb50b3
[INFO] running `Command { std: "docker" "create" "-v" "/var/lib/crater-agent-workspace/builds/worker-0-tc1/target:/opt/rustwide/target:rw,Z" "-v" "/var/lib/crater-agent-workspace/builds/worker-0-tc1/source:/opt/rustwide/workdir:ro,Z" "-v" "/var/lib/crater-agent-workspace/cargo-home:/opt/rustwide/cargo-home:ro,Z" "-v" "/var/lib/crater-agent-workspace/rustup-home:/opt/rustwide/rustup-home:ro,Z" "-e" "SOURCE_DIR=/opt/rustwide/workdir" "-e" "CARGO_TARGET_DIR=/opt/rustwide/target" "-e" "CARGO_INCREMENTAL=0" "-e" "RUST_BACKTRACE=full" "-e" "RUSTFLAGS=--cap-lints=warn" "-e" "RUSTDOCFLAGS=--cap-lints=warn" "-e" "CARGO_HOME=/opt/rustwide/cargo-home" "-e" "RUSTUP_HOME=/opt/rustwide/rustup-home" "-w" "/opt/rustwide/workdir" "-m" "1610612736" "--user" "0:0" "--network" "none" "ghcr.io/rust-lang/crates-build-env/linux@sha256:f3a9d4ad9d972b27faf3965f35b62e55ba32bbce8f20bc8fe909558a86702fde" "/opt/rustwide/cargo-home/bin/cargo" "+1.83.0" "test" "--frozen", kill_on_drop: false }`
[INFO] [stdout] 038f6fafbf9312bd7b3a2b2e2fc5d95347fa23df81854115c8082a75a368f558
[INFO] running `Command { std: "docker" "start" "-a" "038f6fafbf9312bd7b3a2b2e2fc5d95347fa23df81854115c8082a75a368f558", kill_on_drop: false }`
[INFO] [stderr]     Finished `test` profile [unoptimized + debuginfo] target(s) in 0.01s
[INFO] [stderr]      Running unittests src/lib.rs (/opt/rustwide/target/debug/deps/mcp346x-2e1748a2cdb65fb5)
[INFO] [stdout] 
[INFO] [stdout] running 0 tests
[INFO] [stdout] 
[INFO] [stdout] test result: ok. 0 passed; 0 failed; 0 ignored; 0 measured; 0 filtered out; finished in 0.00s
[INFO] [stderr]    Doc-tests mcp346x
[INFO] [stdout] 
[INFO] [stdout] 
[INFO] [stdout] running 1 test
[INFO] [stdout] test src/lib.rs - (line 6) - compile ... FAILED
[INFO] [stdout] 
[INFO] [stdout] failures:
[INFO] [stdout] 
[INFO] [stdout] ---- src/lib.rs - (line 6) stdout ----
[INFO] [stdout] error[E0432]: unresolved import `stm32f3_discovery`
[INFO] [stdout]  --> src/lib.rs:9:5
[INFO] [stdout]   |
[INFO] [stdout] 5 | use stm32f3_discovery::stm32f3xx_hal as hal;
[INFO] [stdout]   |     ^^^^^^^^^^^^^^^^^ use of undeclared crate or module `stm32f3_discovery`
[INFO] [stdout] 
[INFO] [stdout] error[E0405]: cannot find trait `Error` in this scope
[INFO] [stdout]  --> src/lib.rs:13:33
[INFO] [stdout]   |
[INFO] [stdout] 9 | fn main() -> Result<(), Box<dyn Error>> {
[INFO] [stdout]   |                                 ^^^^^ not found in this scope
[INFO] [stdout]   |
[INFO] [stdout] help: consider importing one of these traits
[INFO] [stdout]   |
[INFO] [stdout] 4 + use std::error::Error;
[INFO] [stdout]   |
[INFO] [stdout] 4 + use embedded_hal::can::Error;
[INFO] [stdout]   |
[INFO] [stdout] 
[INFO] [stdout] error[E0425]: cannot find value `sck` in this scope
[INFO] [stdout]   --> src/lib.rs:17:17
[INFO] [stdout]    |
[INFO] [stdout] 13 | let spi_pins = (sck, miso, mosi);
[INFO] [stdout]    |                 ^^^ not found in this scope
[INFO] [stdout] 
[INFO] [stdout] error[E0425]: cannot find value `miso` in this scope
[INFO] [stdout]   --> src/lib.rs:17:22
[INFO] [stdout]    |
[INFO] [stdout] 13 | let spi_pins = (sck, miso, mosi);
[INFO] [stdout]    |                      ^^^^ not found in this scope
[INFO] [stdout] 
[INFO] [stdout] error[E0425]: cannot find value `mosi` in this scope
[INFO] [stdout]   --> src/lib.rs:17:28
[INFO] [stdout]    |
[INFO] [stdout] 13 | let spi_pins = (sck, miso, mosi);
[INFO] [stdout]    |                            ^^^^ not found in this scope
[INFO] [stdout] 
[INFO] [stdout] error[E0425]: cannot find value `p` in this scope
[INFO] [stdout]   --> src/lib.rs:18:20
[INFO] [stdout]    |
[INFO] [stdout] 14 | let spi = Spi::new(p.SPI0, spi_pins, Frequency::K500, MODE_0);
[INFO] [stdout]    |                    ^ not found in this scope
[INFO] [stdout] 
[INFO] [stdout] error[E0433]: failed to resolve: use of undeclared type `Frequency`
[INFO] [stdout]   --> src/lib.rs:18:38
[INFO] [stdout]    |
[INFO] [stdout] 14 | let spi = Spi::new(p.SPI0, spi_pins, Frequency::K500, MODE_0);
[INFO] [stdout]    |                                      ^^^^^^^^^ use of undeclared type `Frequency`
[INFO] [stdout]    |
[INFO] [stdout] help: consider importing this struct
[INFO] [stdout]    |
[INFO] [stdout] 4  + use measurements::Frequency;
[INFO] [stdout]    |
[INFO] [stdout] 
[INFO] [stdout] error: aborting due to 7 previous errors
[INFO] [stdout] 
[INFO] [stdout] Some errors have detailed explanations: E0405, E0425, E0432, E0433.
[INFO] [stdout] For more information about an error, try `rustc --explain E0405`.
[INFO] [stdout] Couldn't compile the test.
[INFO] [stdout] 
[INFO] [stdout] failures:
[INFO] [stdout]     src/lib.rs - (line 6)
[INFO] [stdout] 
[INFO] [stdout] test result: FAILED. 0 passed; 1 failed; 0 ignored; 0 measured; 0 filtered out; finished in 0.10s
[INFO] [stdout] 
[INFO] [stderr] error: doctest failed, to rerun pass `--doc`
[INFO] running `Command { std: "docker" "inspect" "038f6fafbf9312bd7b3a2b2e2fc5d95347fa23df81854115c8082a75a368f558", kill_on_drop: false }`
[INFO] running `Command { std: "docker" "rm" "-f" "038f6fafbf9312bd7b3a2b2e2fc5d95347fa23df81854115c8082a75a368f558", kill_on_drop: false }`
[INFO] [stdout] 038f6fafbf9312bd7b3a2b2e2fc5d95347fa23df81854115c8082a75a368f558
