[INFO] cloning repository https://github.com/zahash/royalguard
[INFO] running `Command { std: "git" "-c" "credential.helper=" "-c" "credential.helper=/workspace/cargo-home/bin/git-credential-null" "clone" "--bare" "https://github.com/zahash/royalguard" "/workspace/cache/git-repos/https%3A%2F%2Fgithub.com%2Fzahash%2Froyalguard", kill_on_drop: false }`
[INFO] [stderr] Cloning into bare repository '/workspace/cache/git-repos/https%3A%2F%2Fgithub.com%2Fzahash%2Froyalguard'...
[INFO] running `Command { std: "git" "rev-parse" "HEAD", kill_on_drop: false }`
[INFO] [stdout] ae32813b7532cfe5daf687da44d61945a811f55f
[INFO] testing zahash/royalguard against beta-2024-12-08 for beta-1.84.0-4-retry
[INFO] running `Command { std: "git" "clone" "/workspace/cache/git-repos/https%3A%2F%2Fgithub.com%2Fzahash%2Froyalguard" "/workspace/builds/worker-4-tc2/source", kill_on_drop: false }`
[INFO] [stderr] Cloning into '/workspace/builds/worker-4-tc2/source'...
[INFO] [stderr] done.
[INFO] validating manifest of git repo https://github.com/zahash/royalguard on toolchain beta-2024-12-08
[INFO] running `Command { std: CARGO_HOME="/workspace/cargo-home" RUSTUP_HOME="/workspace/rustup-home" "/workspace/cargo-home/bin/cargo" "+beta-2024-12-08" "metadata" "--manifest-path" "Cargo.toml" "--no-deps", kill_on_drop: false }`
[INFO] started tweaking git repo https://github.com/zahash/royalguard
[INFO] finished tweaking git repo https://github.com/zahash/royalguard
[INFO] tweaked toml for git repo https://github.com/zahash/royalguard written to /workspace/builds/worker-4-tc2/source/Cargo.toml
[INFO] crate git repo https://github.com/zahash/royalguard already has a lockfile, it will not be regenerated
[INFO] running `Command { std: CARGO_HOME="/workspace/cargo-home" RUSTUP_HOME="/workspace/rustup-home" "/workspace/cargo-home/bin/cargo" "+beta-2024-12-08" "fetch" "--manifest-path" "Cargo.toml", kill_on_drop: false }`
[INFO] running `Command { std: "docker" "create" "-v" "/var/lib/crater-agent-workspace/builds/worker-4-tc2/target:/opt/rustwide/target:rw,Z" "-v" "/var/lib/crater-agent-workspace/builds/worker-4-tc2/source:/opt/rustwide/workdir:ro,Z" "-v" "/var/lib/crater-agent-workspace/cargo-home:/opt/rustwide/cargo-home:ro,Z" "-v" "/var/lib/crater-agent-workspace/rustup-home:/opt/rustwide/rustup-home:ro,Z" "-e" "SOURCE_DIR=/opt/rustwide/workdir" "-e" "CARGO_TARGET_DIR=/opt/rustwide/target" "-e" "CARGO_HOME=/opt/rustwide/cargo-home" "-e" "RUSTUP_HOME=/opt/rustwide/rustup-home" "-w" "/opt/rustwide/workdir" "-m" "1610612736" "--user" "0:0" "--network" "none" "ghcr.io/rust-lang/crates-build-env/linux@sha256:f3a9d4ad9d972b27faf3965f35b62e55ba32bbce8f20bc8fe909558a86702fde" "/opt/rustwide/cargo-home/bin/cargo" "+beta-2024-12-08" "metadata" "--no-deps" "--format-version=1", kill_on_drop: false }`
[INFO] [stdout] b0c1efcee6e698ff02124c6db2a353e565d9321aea4ba48133188b08f119920b
[INFO] running `Command { std: "docker" "start" "-a" "b0c1efcee6e698ff02124c6db2a353e565d9321aea4ba48133188b08f119920b", kill_on_drop: false }`
[INFO] running `Command { std: "docker" "inspect" "b0c1efcee6e698ff02124c6db2a353e565d9321aea4ba48133188b08f119920b", kill_on_drop: false }`
[INFO] running `Command { std: "docker" "rm" "-f" "b0c1efcee6e698ff02124c6db2a353e565d9321aea4ba48133188b08f119920b", kill_on_drop: false }`
[INFO] [stdout] b0c1efcee6e698ff02124c6db2a353e565d9321aea4ba48133188b08f119920b
[INFO] running `Command { std: "docker" "create" "-v" "/var/lib/crater-agent-workspace/builds/worker-4-tc2/target:/opt/rustwide/target:rw,Z" "-v" "/var/lib/crater-agent-workspace/builds/worker-4-tc2/source:/opt/rustwide/workdir:ro,Z" "-v" "/var/lib/crater-agent-workspace/cargo-home:/opt/rustwide/cargo-home:ro,Z" "-v" "/var/lib/crater-agent-workspace/rustup-home:/opt/rustwide/rustup-home:ro,Z" "-e" "SOURCE_DIR=/opt/rustwide/workdir" "-e" "CARGO_TARGET_DIR=/opt/rustwide/target" "-e" "CARGO_INCREMENTAL=0" "-e" "RUST_BACKTRACE=full" "-e" "RUSTFLAGS=--cap-lints=warn" "-e" "RUSTDOCFLAGS=--cap-lints=warn" "-e" "CARGO_HOME=/opt/rustwide/cargo-home" "-e" "RUSTUP_HOME=/opt/rustwide/rustup-home" "-w" "/opt/rustwide/workdir" "-m" "1610612736" "--user" "0:0" "--network" "none" "ghcr.io/rust-lang/crates-build-env/linux@sha256:f3a9d4ad9d972b27faf3965f35b62e55ba32bbce8f20bc8fe909558a86702fde" "/opt/rustwide/cargo-home/bin/cargo" "+beta-2024-12-08" "build" "--frozen" "--message-format=json", kill_on_drop: false }`
[INFO] [stdout] 1c0fae23a0eb925ac200b72d780d1feb3c5e1738e7cb8ddbcc5750a088a96e65
[INFO] running `Command { std: "docker" "start" "-a" "1c0fae23a0eb925ac200b72d780d1feb3c5e1738e7cb8ddbcc5750a088a96e65", kill_on_drop: false }`
[INFO] [stderr]    Compiling libc v0.2.150
[INFO] [stderr]    Compiling cfg-if v1.0.0
[INFO] [stderr]    Compiling autocfg v1.1.0
[INFO] [stderr]    Compiling proc-macro2 v1.0.70
[INFO] [stderr]    Compiling typenum v1.17.0
[INFO] [stderr]    Compiling unicode-ident v1.0.12
[INFO] [stderr]    Compiling version_check v0.9.4
[INFO] [stderr]    Compiling bitflags v1.3.2
[INFO] [stderr]    Compiling simd-adler32 v0.3.7
[INFO] [stderr]    Compiling crc32fast v1.3.2
[INFO] [stderr]    Compiling smallvec v1.11.2
[INFO] [stderr]    Compiling generic-array v0.14.7
[INFO] [stderr]    Compiling memoffset v0.7.1
[INFO] [stderr]    Compiling num-traits v0.2.17
[INFO] [stderr]    Compiling num-integer v0.1.45
[INFO] [stderr]    Compiling utf8parse v0.2.1
[INFO] [stderr]    Compiling serde v1.0.193
[INFO] [stderr]    Compiling adler v1.0.2
[INFO] [stderr]    Compiling miniz_oxide v0.7.1
[INFO] [stderr]    Compiling num-rational v0.4.1
[INFO] [stderr]    Compiling lock_api v0.4.11
[INFO] [stderr]    Compiling quote v1.0.33
[INFO] [stderr]    Compiling memchr v2.6.4
[INFO] [stderr]    Compiling parking_lot_core v0.9.9
[INFO] [stderr]    Compiling syn v2.0.39
[INFO] [stderr]    Compiling rustix v0.38.25
[INFO] [stderr]    Compiling cpufeatures v0.2.11
[INFO] [stderr]    Compiling subtle v2.5.0
[INFO] [stderr]    Compiling cc v1.0.83
[INFO] [stderr]    Compiling flate2 v1.0.28
[INFO] [stderr]    Compiling getrandom v0.2.11
[INFO] [stderr]    Compiling rand_core v0.6.4
[INFO] [stderr]    Compiling nix v0.26.4
[INFO] [stderr]    Compiling anstyle-parse v0.2.2
[INFO] [stderr]    Compiling crypto-common v0.1.6
[INFO] [stderr]    Compiling inout v0.1.3
[INFO] [stderr]    Compiling fdeflate v0.3.1
[INFO] [stderr]    Compiling universal-hash v0.5.1
[INFO] [stderr]    Compiling cipher v0.4.4
[INFO] [stderr]    Compiling linux-raw-sys v0.4.11
[INFO] [stderr]    Compiling thiserror v1.0.50
[INFO] [stderr]    Compiling bitflags v2.4.1
[INFO] [stderr]    Compiling anstyle-query v1.0.0
[INFO] [stderr]    Compiling colorchoice v1.0.0
[INFO] [stderr]    Compiling anstyle v1.0.4
[INFO] [stderr]    Compiling scopeguard v1.2.0
[INFO] [stderr]    Compiling opaque-debug v0.3.0
[INFO] [stderr]    Compiling x11rb v0.12.0
[INFO] [stderr]    Compiling anstream v0.6.4
[INFO] [stderr]    Compiling polyval v0.6.1
[INFO] [stderr]    Compiling png v0.17.10
[INFO] [stderr]    Compiling ring v0.17.6
[INFO] [stderr]    Compiling gethostname v0.3.0
[INFO] [stderr]    Compiling aho-corasick v1.1.2
[INFO] [stderr]    Compiling x11rb-protocol v0.12.0
[INFO] [stderr]    Compiling nibble_vec v0.1.0
[INFO] [stderr]    Compiling heck v0.4.1
[INFO] [stderr]    Compiling strsim v0.10.0
[INFO] [stderr]    Compiling regex-syntax v0.8.2
[INFO] [stderr]    Compiling anyhow v1.0.75
[INFO] [stderr]    Compiling log v0.4.20
[INFO] [stderr]    Compiling option-ext v0.2.0
[INFO] [stderr]    Compiling serde_json v1.0.108
[INFO] [stderr]    Compiling bytemuck v1.14.0
[INFO] [stderr]    Compiling clap_lex v0.6.0
[INFO] [stderr]    Compiling endian-type v0.1.2
[INFO] [stderr]    Compiling byteorder v1.5.0
[INFO] [stderr]    Compiling color_quant v1.1.0
[INFO] [stderr]    Compiling radix_trie v0.2.1
[INFO] [stderr]    Compiling image v0.24.7
[INFO] [stderr]    Compiling fd-lock v3.0.13
[INFO] [stderr]    Compiling clap_builder v4.4.9
[INFO] [stderr]    Compiling dirs-sys v0.4.1
[INFO] [stderr]    Compiling parking_lot v0.12.1
[INFO] [stderr]    Compiling serde_derive v1.0.193
[INFO] [stderr]    Compiling thiserror-impl v1.0.50
[INFO] [stderr]    Compiling regex-automata v0.4.3
[INFO] [stderr]    Compiling clap_derive v4.4.7
[INFO] [stderr]    Compiling ghash v0.5.0
[INFO] [stderr]    Compiling ctr v0.9.2
[INFO] [stderr]    Compiling aes v0.8.3
[INFO] [stderr]    Compiling aead v0.5.2
[INFO] [stderr]    Compiling rtoolbox v0.0.2
[INFO] [stderr]    Compiling iana-time-zone v0.1.58
[INFO] [stderr]    Compiling unicode-width v0.1.11
[INFO] [stderr]    Compiling home v0.5.5
[INFO] [stderr]    Compiling ryu v1.0.15
[INFO] [stderr]    Compiling untrusted v0.9.0
[INFO] [stderr]    Compiling spin v0.9.8
[INFO] [stderr]    Compiling itoa v1.0.9
[INFO] [stderr]    Compiling unicode-segmentation v1.10.1
[INFO] [stderr]    Compiling aes-gcm v0.10.3
[INFO] [stderr]    Compiling rustyline v12.0.0
[INFO] [stderr]    Compiling regex v1.10.2
[INFO] [stderr]    Compiling clap v4.4.10
[INFO] [stderr]    Compiling rpassword v7.3.1
[INFO] [stderr]    Compiling dirs v5.0.1
[INFO] [stderr]    Compiling chainchomp v0.1.6
[INFO] [stderr]    Compiling ignorant v0.1.0
[INFO] [stderr]    Compiling lazy_static v1.4.0
[INFO] [stderr]    Compiling arboard v3.3.0
[INFO] [stderr]    Compiling uuid v1.6.1
[INFO] [stderr]    Compiling chrono v0.4.31
[INFO] [stderr]    Compiling royalguard v0.4.9 (/opt/rustwide/workdir)
[INFO] [stdout] warning: field `0` is never read
[INFO] [stdout]   --> src/eval.rs:15:9
[INFO] [stdout]    |
[INFO] [stdout] 15 |     Lex(LexError),
[INFO] [stdout]    |     --- ^^^^^^^^
[INFO] [stdout]    |     |
[INFO] [stdout]    |     field in this variant
[INFO] [stdout]    |
[INFO] [stdout]    = note: `EvalError` has a derived impl for the trait `Debug`, but this is intentionally ignored during dead code analysis
[INFO] [stdout]    = note: `#[warn(dead_code)]` on by default
[INFO] [stdout] help: consider changing the field to be of unit type to suppress this warning while preserving the field numbering, or remove the field
[INFO] [stdout]    |
[INFO] [stdout] 15 |     Lex(()),
[INFO] [stdout]    |         ~~
[INFO] [stdout] 
[INFO] [stdout] 
[INFO] [stdout] warning: field `0` is never read
[INFO] [stdout]   --> src/eval.rs:16:11
[INFO] [stdout]    |
[INFO] [stdout] 16 |     Parse(ParseError<'text>),
[INFO] [stdout]    |     ----- ^^^^^^^^^^^^^^^^^
[INFO] [stdout]    |     |
[INFO] [stdout]    |     field in this variant
[INFO] [stdout]    |
[INFO] [stdout]    = note: `EvalError` has a derived impl for the trait `Debug`, but this is intentionally ignored during dead code analysis
[INFO] [stdout] help: consider changing the field to be of unit type to suppress this warning while preserving the field numbering, or remove the field
[INFO] [stdout]    |
[INFO] [stdout] 16 |     Parse(()),
[INFO] [stdout]    |           ~~
[INFO] [stdout] 
[INFO] [stdout] 
[INFO] [stdout] warning: field `0` is never read
[INFO] [stdout]   --> src/eval.rs:17:12
[INFO] [stdout]    |
[INFO] [stdout] 17 |     Import(anyhow::Error),
[INFO] [stdout]    |     ------ ^^^^^^^^^^^^^
[INFO] [stdout]    |     |
[INFO] [stdout]    |     field in this variant
[INFO] [stdout]    |
[INFO] [stdout]    = note: `EvalError` has a derived impl for the trait `Debug`, but this is intentionally ignored during dead code analysis
[INFO] [stdout] help: consider changing the field to be of unit type to suppress this warning while preserving the field numbering, or remove the field
[INFO] [stdout]    |
[INFO] [stdout] 17 |     Import(()),
[INFO] [stdout]    |            ~~
[INFO] [stdout] 
[INFO] [stdout] 
[INFO] [stdout] warning: field `pos` is never read
[INFO] [stdout]   --> src/lex.rs:20:20
[INFO] [stdout]    |
[INFO] [stdout] 20 |     InvalidToken { pos: usize },
[INFO] [stdout]    |     ------------   ^^^
[INFO] [stdout]    |     |
[INFO] [stdout]    |     field in this variant
[INFO] [stdout]    |
[INFO] [stdout]    = note: `LexError` has a derived impl for the trait `Debug`, but this is intentionally ignored during dead code analysis
[INFO] [stdout] 
[INFO] [stdout] 
[INFO] [stdout] warning: fields `0` and `1` are never read
[INFO] [stdout]   --> src/parse.rs:30:17
[INFO] [stdout]    |
[INFO] [stdout] 30 |     SyntaxError(usize, &'static str),
[INFO] [stdout]    |     ----------- ^^^^^  ^^^^^^^^^^^^
[INFO] [stdout]    |     |
[INFO] [stdout]    |     fields in this variant
[INFO] [stdout]    |
[INFO] [stdout]    = note: `ParseError` has a derived impl for the trait `Debug`, but this is intentionally ignored during dead code analysis
[INFO] [stdout] help: consider changing the fields to be of unit type to suppress this warning while preserving the field numbering, or remove the fields
[INFO] [stdout]    |
[INFO] [stdout] 30 |     SyntaxError((), ()),
[INFO] [stdout]    |                 ~~  ~~
[INFO] [stdout] 
[INFO] [stdout] 
[INFO] [stdout] warning: field `0` is never read
[INFO] [stdout]   --> src/parse.rs:31:18
[INFO] [stdout]    |
[INFO] [stdout] 31 |     ExpectedName(usize),
[INFO] [stdout]    |     ------------ ^^^^^
[INFO] [stdout]    |     |
[INFO] [stdout]    |     field in this variant
[INFO] [stdout]    |
[INFO] [stdout]    = note: `ParseError` has a derived impl for the trait `Debug`, but this is intentionally ignored during dead code analysis
[INFO] [stdout] help: consider changing the field to be of unit type to suppress this warning while preserving the field numbering, or remove the field
[INFO] [stdout]    |
[INFO] [stdout] 31 |     ExpectedName(()),
[INFO] [stdout]    |                  ~~
[INFO] [stdout] 
[INFO] [stdout] 
[INFO] [stdout] warning: field `0` is never read
[INFO] [stdout]   --> src/parse.rs:32:18
[INFO] [stdout]    |
[INFO] [stdout] 32 |     ExpectedAttr(usize),
[INFO] [stdout]    |     ------------ ^^^^^
[INFO] [stdout]    |     |
[INFO] [stdout]    |     field in this variant
[INFO] [stdout]    |
[INFO] [stdout]    = note: `ParseError` has a derived impl for the trait `Debug`, but this is intentionally ignored during dead code analysis
[INFO] [stdout] help: consider changing the field to be of unit type to suppress this warning while preserving the field numbering, or remove the field
[INFO] [stdout]    |
[INFO] [stdout] 32 |     ExpectedAttr(()),
[INFO] [stdout]    |                  ~~
[INFO] [stdout] 
[INFO] [stdout] 
[INFO] [stdout] warning: field `0` is never read
[INFO] [stdout]   --> src/parse.rs:33:19
[INFO] [stdout]    |
[INFO] [stdout] 33 |     ExpectedValue(usize),
[INFO] [stdout]    |     ------------- ^^^^^
[INFO] [stdout]    |     |
[INFO] [stdout]    |     field in this variant
[INFO] [stdout]    |
[INFO] [stdout]    = note: `ParseError` has a derived impl for the trait `Debug`, but this is intentionally ignored during dead code analysis
[INFO] [stdout] help: consider changing the field to be of unit type to suppress this warning while preserving the field numbering, or remove the field
[INFO] [stdout]    |
[INFO] [stdout] 33 |     ExpectedValue(()),
[INFO] [stdout]    |                   ~~
[INFO] [stdout] 
[INFO] [stdout] 
[INFO] [stdout] warning: fields `0` and `1` are never read
[INFO] [stdout]   --> src/parse.rs:34:14
[INFO] [stdout]    |
[INFO] [stdout] 34 |     Expected(Token<'static>, usize),
[INFO] [stdout]    |     -------- ^^^^^^^^^^^^^^  ^^^^^
[INFO] [stdout]    |     |
[INFO] [stdout]    |     fields in this variant
[INFO] [stdout]    |
[INFO] [stdout]    = note: `ParseError` has a derived impl for the trait `Debug`, but this is intentionally ignored during dead code analysis
[INFO] [stdout] help: consider changing the fields to be of unit type to suppress this warning while preserving the field numbering, or remove the fields
[INFO] [stdout]    |
[INFO] [stdout] 34 |     Expected((), ()),
[INFO] [stdout]    |              ~~  ~~
[INFO] [stdout] 
[INFO] [stdout] 
[INFO] [stdout] warning: fields `0` and `1` are never read
[INFO] [stdout]   --> src/parse.rs:35:19
[INFO] [stdout]    |
[INFO] [stdout] 35 |     ExpectedOneOf(Vec<Token<'static>>, usize),
[INFO] [stdout]    |     ------------- ^^^^^^^^^^^^^^^^^^^  ^^^^^
[INFO] [stdout]    |     |
[INFO] [stdout]    |     fields in this variant
[INFO] [stdout]    |
[INFO] [stdout]    = note: `ParseError` has a derived impl for the trait `Debug`, but this is intentionally ignored during dead code analysis
[INFO] [stdout] help: consider changing the fields to be of unit type to suppress this warning while preserving the field numbering, or remove the fields
[INFO] [stdout]    |
[INFO] [stdout] 35 |     ExpectedOneOf((), ()),
[INFO] [stdout]    |                   ~~  ~~
[INFO] [stdout] 
[INFO] [stdout] 
[INFO] [stdout] warning: field `0` is never read
[INFO] [stdout]   --> src/parse.rs:36:18
[INFO] [stdout]    |
[INFO] [stdout] 36 |     InvalidRegex(usize),
[INFO] [stdout]    |     ------------ ^^^^^
[INFO] [stdout]    |     |
[INFO] [stdout]    |     field in this variant
[INFO] [stdout]    |
[INFO] [stdout]    = note: `ParseError` has a derived impl for the trait `Debug`, but this is intentionally ignored during dead code analysis
[INFO] [stdout] help: consider changing the field to be of unit type to suppress this warning while preserving the field numbering, or remove the field
[INFO] [stdout]    |
[INFO] [stdout] 36 |     InvalidRegex(()),
[INFO] [stdout]    |                  ~~
[INFO] [stdout] 
[INFO] [stdout] 
[INFO] [stdout] warning: fields `0` and `1` are never read
[INFO] [stdout]   --> src/parse.rs:37:26
[INFO] [stdout]    |
[INFO] [stdout] 37 |     DuplicateAssignments(&'text str, usize),
[INFO] [stdout]    |     -------------------- ^^^^^^^^^^  ^^^^^
[INFO] [stdout]    |     |
[INFO] [stdout]    |     fields in this variant
[INFO] [stdout]    |
[INFO] [stdout]    = note: `ParseError` has a derived impl for the trait `Debug`, but this is intentionally ignored during dead code analysis
[INFO] [stdout] help: consider changing the fields to be of unit type to suppress this warning while preserving the field numbering, or remove the fields
[INFO] [stdout]    |
[INFO] [stdout] 37 |     DuplicateAssignments((), ()),
[INFO] [stdout]    |                          ~~  ~~
[INFO] [stdout] 
[INFO] [stdout] 
[INFO] [stdout] warning: field `0` is never read
[INFO] [stdout]   --> src/parse.rs:38:21
[INFO] [stdout]    |
[INFO] [stdout] 38 |     IncompleteParse(usize),
[INFO] [stdout]    |     --------------- ^^^^^
[INFO] [stdout]    |     |
[INFO] [stdout]    |     field in this variant
[INFO] [stdout]    |
[INFO] [stdout]    = note: `ParseError` has a derived impl for the trait `Debug`, but this is intentionally ignored during dead code analysis
[INFO] [stdout] help: consider changing the field to be of unit type to suppress this warning while preserving the field numbering, or remove the field
[INFO] [stdout]    |
[INFO] [stdout] 38 |     IncompleteParse(()),
[INFO] [stdout]    |                     ~~
[INFO] [stdout] 
[INFO] [stdout] 
[INFO] [stderr]     Finished `dev` profile [unoptimized + debuginfo] target(s) in 1m 27s
[INFO] running `Command { std: "docker" "inspect" "1c0fae23a0eb925ac200b72d780d1feb3c5e1738e7cb8ddbcc5750a088a96e65", kill_on_drop: false }`
[INFO] running `Command { std: "docker" "rm" "-f" "1c0fae23a0eb925ac200b72d780d1feb3c5e1738e7cb8ddbcc5750a088a96e65", kill_on_drop: false }`
[INFO] [stdout] 1c0fae23a0eb925ac200b72d780d1feb3c5e1738e7cb8ddbcc5750a088a96e65
[INFO] running `Command { std: "docker" "create" "-v" "/var/lib/crater-agent-workspace/builds/worker-4-tc2/target:/opt/rustwide/target:rw,Z" "-v" "/var/lib/crater-agent-workspace/builds/worker-4-tc2/source:/opt/rustwide/workdir:ro,Z" "-v" "/var/lib/crater-agent-workspace/cargo-home:/opt/rustwide/cargo-home:ro,Z" "-v" "/var/lib/crater-agent-workspace/rustup-home:/opt/rustwide/rustup-home:ro,Z" "-e" "SOURCE_DIR=/opt/rustwide/workdir" "-e" "CARGO_TARGET_DIR=/opt/rustwide/target" "-e" "CARGO_INCREMENTAL=0" "-e" "RUST_BACKTRACE=full" "-e" "RUSTFLAGS=--cap-lints=warn" "-e" "RUSTDOCFLAGS=--cap-lints=warn" "-e" "CARGO_HOME=/opt/rustwide/cargo-home" "-e" "RUSTUP_HOME=/opt/rustwide/rustup-home" "-w" "/opt/rustwide/workdir" "-m" "1610612736" "--user" "0:0" "--network" "none" "ghcr.io/rust-lang/crates-build-env/linux@sha256:f3a9d4ad9d972b27faf3965f35b62e55ba32bbce8f20bc8fe909558a86702fde" "/opt/rustwide/cargo-home/bin/cargo" "+beta-2024-12-08" "test" "--frozen" "--no-run" "--message-format=json", kill_on_drop: false }`
[INFO] [stdout] ef202fc797019776116772d7d18ff2dd6bf3677fcc22d5356ec16a77e741104a
[INFO] running `Command { std: "docker" "start" "-a" "ef202fc797019776116772d7d18ff2dd6bf3677fcc22d5356ec16a77e741104a", kill_on_drop: false }`
[INFO] [stderr]    Compiling fastrand v2.0.1
[INFO] [stderr]    Compiling diff v0.1.13
[INFO] [stderr]    Compiling yansi v0.5.1
[INFO] [stderr]    Compiling tempfile v3.8.1
[INFO] [stderr]    Compiling pretty_assertions v1.4.0
[INFO] [stderr]    Compiling royalguard v0.4.9 (/opt/rustwide/workdir)
[INFO] [stdout] warning: field `0` is never read
[INFO] [stdout]   --> src/eval.rs:15:9
[INFO] [stdout]    |
[INFO] [stdout] 15 |     Lex(LexError),
[INFO] [stdout]    |     --- ^^^^^^^^
[INFO] [stdout]    |     |
[INFO] [stdout]    |     field in this variant
[INFO] [stdout]    |
[INFO] [stdout]    = note: `EvalError` has a derived impl for the trait `Debug`, but this is intentionally ignored during dead code analysis
[INFO] [stdout]    = note: `#[warn(dead_code)]` on by default
[INFO] [stdout] help: consider changing the field to be of unit type to suppress this warning while preserving the field numbering, or remove the field
[INFO] [stdout]    |
[INFO] [stdout] 15 |     Lex(()),
[INFO] [stdout]    |         ~~
[INFO] [stdout] 
[INFO] [stdout] 
[INFO] [stdout] warning: field `0` is never read
[INFO] [stdout]   --> src/eval.rs:16:11
[INFO] [stdout]    |
[INFO] [stdout] 16 |     Parse(ParseError<'text>),
[INFO] [stdout]    |     ----- ^^^^^^^^^^^^^^^^^
[INFO] [stdout]    |     |
[INFO] [stdout]    |     field in this variant
[INFO] [stdout]    |
[INFO] [stdout]    = note: `EvalError` has a derived impl for the trait `Debug`, but this is intentionally ignored during dead code analysis
[INFO] [stdout] help: consider changing the field to be of unit type to suppress this warning while preserving the field numbering, or remove the field
[INFO] [stdout]    |
[INFO] [stdout] 16 |     Parse(()),
[INFO] [stdout]    |           ~~
[INFO] [stdout] 
[INFO] [stdout] 
[INFO] [stdout] warning: field `0` is never read
[INFO] [stdout]   --> src/eval.rs:17:12
[INFO] [stdout]    |
[INFO] [stdout] 17 |     Import(anyhow::Error),
[INFO] [stdout]    |     ------ ^^^^^^^^^^^^^
[INFO] [stdout]    |     |
[INFO] [stdout]    |     field in this variant
[INFO] [stdout]    |
[INFO] [stdout]    = note: `EvalError` has a derived impl for the trait `Debug`, but this is intentionally ignored during dead code analysis
[INFO] [stdout] help: consider changing the field to be of unit type to suppress this warning while preserving the field numbering, or remove the field
[INFO] [stdout]    |
[INFO] [stdout] 17 |     Import(()),
[INFO] [stdout]    |            ~~
[INFO] [stdout] 
[INFO] [stdout] 
[INFO] [stdout] warning: fields `0` and `1` are never read
[INFO] [stdout]   --> src/parse.rs:30:17
[INFO] [stdout]    |
[INFO] [stdout] 30 |     SyntaxError(usize, &'static str),
[INFO] [stdout]    |     ----------- ^^^^^  ^^^^^^^^^^^^
[INFO] [stdout]    |     |
[INFO] [stdout]    |     fields in this variant
[INFO] [stdout]    |
[INFO] [stdout]    = note: `ParseError` has a derived impl for the trait `Debug`, but this is intentionally ignored during dead code analysis
[INFO] [stdout] help: consider changing the fields to be of unit type to suppress this warning while preserving the field numbering, or remove the fields
[INFO] [stdout]    |
[INFO] [stdout] 30 |     SyntaxError((), ()),
[INFO] [stdout]    |                 ~~  ~~
[INFO] [stdout] 
[INFO] [stdout] 
[INFO] [stdout] warning: field `0` is never read
[INFO] [stdout]   --> src/parse.rs:31:18
[INFO] [stdout]    |
[INFO] [stdout] 31 |     ExpectedName(usize),
[INFO] [stdout]    |     ------------ ^^^^^
[INFO] [stdout]    |     |
[INFO] [stdout]    |     field in this variant
[INFO] [stdout]    |
[INFO] [stdout]    = note: `ParseError` has a derived impl for the trait `Debug`, but this is intentionally ignored during dead code analysis
[INFO] [stdout] help: consider changing the field to be of unit type to suppress this warning while preserving the field numbering, or remove the field
[INFO] [stdout]    |
[INFO] [stdout] 31 |     ExpectedName(()),
[INFO] [stdout]    |                  ~~
[INFO] [stdout] 
[INFO] [stdout] 
[INFO] [stdout] warning: field `0` is never read
[INFO] [stdout]   --> src/parse.rs:32:18
[INFO] [stdout]    |
[INFO] [stdout] 32 |     ExpectedAttr(usize),
[INFO] [stdout]    |     ------------ ^^^^^
[INFO] [stdout]    |     |
[INFO] [stdout]    |     field in this variant
[INFO] [stdout]    |
[INFO] [stdout]    = note: `ParseError` has a derived impl for the trait `Debug`, but this is intentionally ignored during dead code analysis
[INFO] [stdout] help: consider changing the field to be of unit type to suppress this warning while preserving the field numbering, or remove the field
[INFO] [stdout]    |
[INFO] [stdout] 32 |     ExpectedAttr(()),
[INFO] [stdout]    |                  ~~
[INFO] [stdout] 
[INFO] [stdout] 
[INFO] [stdout] warning: field `0` is never read
[INFO] [stdout]   --> src/parse.rs:33:19
[INFO] [stdout]    |
[INFO] [stdout] 33 |     ExpectedValue(usize),
[INFO] [stdout]    |     ------------- ^^^^^
[INFO] [stdout]    |     |
[INFO] [stdout]    |     field in this variant
[INFO] [stdout]    |
[INFO] [stdout]    = note: `ParseError` has a derived impl for the trait `Debug`, but this is intentionally ignored during dead code analysis
[INFO] [stdout] help: consider changing the field to be of unit type to suppress this warning while preserving the field numbering, or remove the field
[INFO] [stdout]    |
[INFO] [stdout] 33 |     ExpectedValue(()),
[INFO] [stdout]    |                   ~~
[INFO] [stdout] 
[INFO] [stdout] 
[INFO] [stdout] warning: fields `0` and `1` are never read
[INFO] [stdout]   --> src/parse.rs:34:14
[INFO] [stdout]    |
[INFO] [stdout] 34 |     Expected(Token<'static>, usize),
[INFO] [stdout]    |     -------- ^^^^^^^^^^^^^^  ^^^^^
[INFO] [stdout]    |     |
[INFO] [stdout]    |     fields in this variant
[INFO] [stdout]    |
[INFO] [stdout]    = note: `ParseError` has a derived impl for the trait `Debug`, but this is intentionally ignored during dead code analysis
[INFO] [stdout] help: consider changing the fields to be of unit type to suppress this warning while preserving the field numbering, or remove the fields
[INFO] [stdout]    |
[INFO] [stdout] 34 |     Expected((), ()),
[INFO] [stdout]    |              ~~  ~~
[INFO] [stdout] 
[INFO] [stdout] 
[INFO] [stdout] warning: fields `0` and `1` are never read
[INFO] [stdout]   --> src/parse.rs:35:19
[INFO] [stdout]    |
[INFO] [stdout] 35 |     ExpectedOneOf(Vec<Token<'static>>, usize),
[INFO] [stdout]    |     ------------- ^^^^^^^^^^^^^^^^^^^  ^^^^^
[INFO] [stdout]    |     |
[INFO] [stdout]    |     fields in this variant
[INFO] [stdout]    |
[INFO] [stdout]    = note: `ParseError` has a derived impl for the trait `Debug`, but this is intentionally ignored during dead code analysis
[INFO] [stdout] help: consider changing the fields to be of unit type to suppress this warning while preserving the field numbering, or remove the fields
[INFO] [stdout]    |
[INFO] [stdout] 35 |     ExpectedOneOf((), ()),
[INFO] [stdout]    |                   ~~  ~~
[INFO] [stdout] 
[INFO] [stdout] 
[INFO] [stdout] warning: field `0` is never read
[INFO] [stdout]   --> src/parse.rs:36:18
[INFO] [stdout]    |
[INFO] [stdout] 36 |     InvalidRegex(usize),
[INFO] [stdout]    |     ------------ ^^^^^
[INFO] [stdout]    |     |
[INFO] [stdout]    |     field in this variant
[INFO] [stdout]    |
[INFO] [stdout]    = note: `ParseError` has a derived impl for the trait `Debug`, but this is intentionally ignored during dead code analysis
[INFO] [stdout] help: consider changing the field to be of unit type to suppress this warning while preserving the field numbering, or remove the field
[INFO] [stdout]    |
[INFO] [stdout] 36 |     InvalidRegex(()),
[INFO] [stdout]    |                  ~~
[INFO] [stdout] 
[INFO] [stdout] 
[INFO] [stdout] warning: fields `0` and `1` are never read
[INFO] [stdout]   --> src/parse.rs:37:26
[INFO] [stdout]    |
[INFO] [stdout] 37 |     DuplicateAssignments(&'text str, usize),
[INFO] [stdout]    |     -------------------- ^^^^^^^^^^  ^^^^^
[INFO] [stdout]    |     |
[INFO] [stdout]    |     fields in this variant
[INFO] [stdout]    |
[INFO] [stdout]    = note: `ParseError` has a derived impl for the trait `Debug`, but this is intentionally ignored during dead code analysis
[INFO] [stdout] help: consider changing the fields to be of unit type to suppress this warning while preserving the field numbering, or remove the fields
[INFO] [stdout]    |
[INFO] [stdout] 37 |     DuplicateAssignments((), ()),
[INFO] [stdout]    |                          ~~  ~~
[INFO] [stdout] 
[INFO] [stdout] 
[INFO] [stdout] warning: field `0` is never read
[INFO] [stdout]   --> src/parse.rs:38:21
[INFO] [stdout]    |
[INFO] [stdout] 38 |     IncompleteParse(usize),
[INFO] [stdout]    |     --------------- ^^^^^
[INFO] [stdout]    |     |
[INFO] [stdout]    |     field in this variant
[INFO] [stdout]    |
[INFO] [stdout]    = note: `ParseError` has a derived impl for the trait `Debug`, but this is intentionally ignored during dead code analysis
[INFO] [stdout] help: consider changing the field to be of unit type to suppress this warning while preserving the field numbering, or remove the field
[INFO] [stdout]    |
[INFO] [stdout] 38 |     IncompleteParse(()),
[INFO] [stdout]    |                     ~~
[INFO] [stdout] 
[INFO] [stdout] 
[INFO] [stderr]     Finished `test` profile [unoptimized + debuginfo] target(s) in 6.75s
[INFO] running `Command { std: "docker" "inspect" "ef202fc797019776116772d7d18ff2dd6bf3677fcc22d5356ec16a77e741104a", kill_on_drop: false }`
[INFO] running `Command { std: "docker" "rm" "-f" "ef202fc797019776116772d7d18ff2dd6bf3677fcc22d5356ec16a77e741104a", kill_on_drop: false }`
[INFO] [stdout] ef202fc797019776116772d7d18ff2dd6bf3677fcc22d5356ec16a77e741104a
[INFO] running `Command { std: "docker" "create" "-v" "/var/lib/crater-agent-workspace/builds/worker-4-tc2/target:/opt/rustwide/target:rw,Z" "-v" "/var/lib/crater-agent-workspace/builds/worker-4-tc2/source:/opt/rustwide/workdir:ro,Z" "-v" "/var/lib/crater-agent-workspace/cargo-home:/opt/rustwide/cargo-home:ro,Z" "-v" "/var/lib/crater-agent-workspace/rustup-home:/opt/rustwide/rustup-home:ro,Z" "-e" "SOURCE_DIR=/opt/rustwide/workdir" "-e" "CARGO_TARGET_DIR=/opt/rustwide/target" "-e" "CARGO_INCREMENTAL=0" "-e" "RUST_BACKTRACE=full" "-e" "RUSTFLAGS=--cap-lints=warn" "-e" "RUSTDOCFLAGS=--cap-lints=warn" "-e" "CARGO_HOME=/opt/rustwide/cargo-home" "-e" "RUSTUP_HOME=/opt/rustwide/rustup-home" "-w" "/opt/rustwide/workdir" "-m" "1610612736" "--user" "0:0" "--network" "none" "ghcr.io/rust-lang/crates-build-env/linux@sha256:f3a9d4ad9d972b27faf3965f35b62e55ba32bbce8f20bc8fe909558a86702fde" "/opt/rustwide/cargo-home/bin/cargo" "+beta-2024-12-08" "test" "--frozen", kill_on_drop: false }`
[INFO] [stdout] 6360462d216d8ab7eeaf93a73ac1e244e2196fdf6a70293bdeb717cb28c9991e
[INFO] running `Command { std: "docker" "start" "-a" "6360462d216d8ab7eeaf93a73ac1e244e2196fdf6a70293bdeb717cb28c9991e", kill_on_drop: false }`
[INFO] [stderr] warning: field `0` is never read
[INFO] [stderr]   --> src/eval.rs:15:9
[INFO] [stderr]    |
[INFO] [stderr] 15 |     Lex(LexError),
[INFO] [stderr]    |     --- ^^^^^^^^
[INFO] [stderr]    |     |
[INFO] [stderr]    |     field in this variant
[INFO] [stderr]    |
[INFO] [stderr]    = note: `EvalError` has a derived impl for the trait `Debug`, but this is intentionally ignored during dead code analysis
[INFO] [stderr]    = note: `#[warn(dead_code)]` on by default
[INFO] [stderr] help: consider changing the field to be of unit type to suppress this warning while preserving the field numbering, or remove the field
[INFO] [stderr]    |
[INFO] [stderr] 15 |     Lex(()),
[INFO] [stderr]    |         ~~
[INFO] [stderr] 
[INFO] [stderr] warning: field `0` is never read
[INFO] [stderr]   --> src/eval.rs:16:11
[INFO] [stderr]    |
[INFO] [stderr] 16 |     Parse(ParseError<'text>),
[INFO] [stderr]    |     ----- ^^^^^^^^^^^^^^^^^
[INFO] [stderr]    |     |
[INFO] [stderr]    |     field in this variant
[INFO] [stderr]    |
[INFO] [stderr]    = note: `EvalError` has a derived impl for the trait `Debug`, but this is intentionally ignored during dead code analysis
[INFO] [stderr] help: consider changing the field to be of unit type to suppress this warning while preserving the field numbering, or remove the field
[INFO] [stderr]    |
[INFO] [stderr] 16 |     Parse(()),
[INFO] [stderr]    |           ~~
[INFO] [stderr] 
[INFO] [stderr] warning: field `0` is never read
[INFO] [stderr]   --> src/eval.rs:17:12
[INFO] [stderr]    |
[INFO] [stderr] 17 |     Import(anyhow::Error),
[INFO] [stderr]    |     ------ ^^^^^^^^^^^^^
[INFO] [stderr]    |     |
[INFO] [stderr]    |     field in this variant
[INFO] [stderr]    |
[INFO] [stderr]    = note: `EvalError` has a derived impl for the trait `Debug`, but this is intentionally ignored during dead code analysis
[INFO] [stderr] help: consider changing the field to be of unit type to suppress this warning while preserving the field numbering, or remove the field
[INFO] [stderr]    |
[INFO] [stderr] 17 |     Import(()),
[INFO] [stderr]    |            ~~
[INFO] [stderr] 
[INFO] [stderr] warning: fields `0` and `1` are never read
[INFO] [stderr]   --> src/parse.rs:30:17
[INFO] [stderr]    |
[INFO] [stderr] 30 |     SyntaxError(usize, &'static str),
[INFO] [stderr]    |     ----------- ^^^^^  ^^^^^^^^^^^^
[INFO] [stderr]    |     |
[INFO] [stderr]    |     fields in this variant
[INFO] [stderr]    |
[INFO] [stderr]    = note: `ParseError` has a derived impl for the trait `Debug`, but this is intentionally ignored during dead code analysis
[INFO] [stderr] help: consider changing the fields to be of unit type to suppress this warning while preserving the field numbering, or remove the fields
[INFO] [stderr]    |
[INFO] [stderr] 30 |     SyntaxError((), ()),
[INFO] [stderr]    |                 ~~  ~~
[INFO] [stderr] 
[INFO] [stderr] warning: field `0` is never read
[INFO] [stderr]   --> src/parse.rs:31:18
[INFO] [stderr]    |
[INFO] [stderr] 31 |     ExpectedName(usize),
[INFO] [stderr]    |     ------------ ^^^^^
[INFO] [stderr]    |     |
[INFO] [stderr]    |     field in this variant
[INFO] [stderr]    |
[INFO] [stderr]    = note: `ParseError` has a derived impl for the trait `Debug`, but this is intentionally ignored during dead code analysis
[INFO] [stderr] help: consider changing the field to be of unit type to suppress this warning while preserving the field numbering, or remove the field
[INFO] [stderr]    |
[INFO] [stderr] 31 |     ExpectedName(()),
[INFO] [stderr]    |                  ~~
[INFO] [stderr] 
[INFO] [stderr] warning: field `0` is never read
[INFO] [stderr]   --> src/parse.rs:32:18
[INFO] [stderr]    |
[INFO] [stderr] 32 |     ExpectedAttr(usize),
[INFO] [stderr]    |     ------------ ^^^^^
[INFO] [stderr]    |     |
[INFO] [stderr]    |     field in this variant
[INFO] [stderr]    |
[INFO] [stderr]    = note: `ParseError` has a derived impl for the trait `Debug`, but this is intentionally ignored during dead code analysis
[INFO] [stderr] help: consider changing the field to be of unit type to suppress this warning while preserving the field numbering, or remove the field
[INFO] [stderr]    |
[INFO] [stderr] 32 |     ExpectedAttr(()),
[INFO] [stderr]    |                  ~~
[INFO] [stderr] 
[INFO] [stderr] warning: field `0` is never read
[INFO] [stderr]   --> src/parse.rs:33:19
[INFO] [stderr]    |
[INFO] [stderr] 33 |     ExpectedValue(usize),
[INFO] [stderr]    |     ------------- ^^^^^
[INFO] [stderr]    |     |
[INFO] [stderr]    |     field in this variant
[INFO] [stderr]    |
[INFO] [stderr]    = note: `ParseError` has a derived impl for the trait `Debug`, but this is intentionally ignored during dead code analysis
[INFO] [stderr] help: consider changing the field to be of unit type to suppress this warning while preserving the field numbering, or remove the field
[INFO] [stderr]    |
[INFO] [stderr] 33 |     ExpectedValue(()),
[INFO] [stderr]    |                   ~~
[INFO] [stderr] 
[INFO] [stderr] warning: fields `0` and `1` are never read
[INFO] [stderr]   --> src/parse.rs:34:14
[INFO] [stderr]    |
[INFO] [stderr] 34 |     Expected(Token<'static>, usize),
[INFO] [stderr]    |     -------- ^^^^^^^^^^^^^^  ^^^^^
[INFO] [stderr]    |     |
[INFO] [stderr]    |     fields in this variant
[INFO] [stderr]    |
[INFO] [stderr]    = note: `ParseError` has a derived impl for the trait `Debug`, but this is intentionally ignored during dead code analysis
[INFO] [stderr] help: consider changing the fields to be of unit type to suppress this warning while preserving the field numbering, or remove the fields
[INFO] [stderr]    |
[INFO] [stderr] 34 |     Expected((), ()),
[INFO] [stderr]    |              ~~  ~~
[INFO] [stderr] 
[INFO] [stderr] warning: fields `0` and `1` are never read
[INFO] [stderr]   --> src/parse.rs:35:19
[INFO] [stderr]    |
[INFO] [stderr] 35 |     ExpectedOneOf(Vec<Token<'static>>, usize),
[INFO] [stderr]    |     ------------- ^^^^^^^^^^^^^^^^^^^  ^^^^^
[INFO] [stderr]    |     |
[INFO] [stderr]    |     fields in this variant
[INFO] [stderr]    |
[INFO] [stderr]    = note: `ParseError` has a derived impl for the trait `Debug`, but this is intentionally ignored during dead code analysis
[INFO] [stderr] help: consider changing the fields to be of unit type to suppress this warning while preserving the field numbering, or remove the fields
[INFO] [stderr]    |
[INFO] [stderr] 35 |     ExpectedOneOf((), ()),
[INFO] [stderr]    |                   ~~  ~~
[INFO] [stderr] 
[INFO] [stderr] warning: field `0` is never read
[INFO] [stderr]   --> src/parse.rs:36:18
[INFO] [stderr]    |
[INFO] [stderr] 36 |     InvalidRegex(usize),
[INFO] [stderr]    |     ------------ ^^^^^
[INFO] [stderr]    |     |
[INFO] [stderr]    |     field in this variant
[INFO] [stderr]    |
[INFO] [stderr]    = note: `ParseError` has a derived impl for the trait `Debug`, but this is intentionally ignored during dead code analysis
[INFO] [stderr] help: consider changing the field to be of unit type to suppress this warning while preserving the field numbering, or remove the field
[INFO] [stderr]    |
[INFO] [stderr] 36 |     InvalidRegex(()),
[INFO] [stderr]    |                  ~~
[INFO] [stderr] 
[INFO] [stderr] warning: fields `0` and `1` are never read
[INFO] [stderr]   --> src/parse.rs:37:26
[INFO] [stderr]    |
[INFO] [stderr] 37 |     DuplicateAssignments(&'text str, usize),
[INFO] [stderr]    |     -------------------- ^^^^^^^^^^  ^^^^^
[INFO] [stderr]    |     |
[INFO] [stderr]    |     fields in this variant
[INFO] [stderr]    |
[INFO] [stderr]    = note: `ParseError` has a derived impl for the trait `Debug`, but this is intentionally ignored during dead code analysis
[INFO] [stderr] help: consider changing the fields to be of unit type to suppress this warning while preserving the field numbering, or remove the fields
[INFO] [stderr]    |
[INFO] [stderr] 37 |     DuplicateAssignments((), ()),
[INFO] [stderr]    |                          ~~  ~~
[INFO] [stderr] 
[INFO] [stderr] warning: field `0` is never read
[INFO] [stderr]   --> src/parse.rs:38:21
[INFO] [stderr]    |
[INFO] [stderr] 38 |     IncompleteParse(usize),
[INFO] [stderr]    |     --------------- ^^^^^
[INFO] [stderr]    |     |
[INFO] [stderr]    |     field in this variant
[INFO] [stderr]    |
[INFO] [stderr]    = note: `ParseError` has a derived impl for the trait `Debug`, but this is intentionally ignored during dead code analysis
[INFO] [stderr] help: consider changing the field to be of unit type to suppress this warning while preserving the field numbering, or remove the field
[INFO] [stderr]    |
[INFO] [stderr] 38 |     IncompleteParse(()),
[INFO] [stderr]    |                     ~~
[INFO] [stderr] 
[INFO] [stderr] warning: `royalguard` (bin "royalguard" test) generated 12 warnings
[INFO] [stderr]     Finished `test` profile [unoptimized + debuginfo] target(s) in 0.21s
[INFO] [stderr]      Running unittests src/main.rs (/opt/rustwide/target/debug/deps/royalguard-bae0dda25c058c7d)
[INFO] [stdout] 
[INFO] [stdout] running 21 tests
[INFO] [stdout] test eval::tests::test_del ... ok
[INFO] [stdout] test eval::tests::test_import ... ok
[INFO] [stdout] test eval::tests::test_set ... ok
[INFO] [stdout] test eval::tests::test_reveal_history ... ok
[INFO] [stdout] test eval::tests::test_history ... ok
[INFO] [stdout] test parse::tests::test_cmd_copy ... ok
[INFO] [stdout] test parse::tests::test_cmd_del ... ok
[INFO] [stdout] test eval::tests::test_rename ... ok
[INFO] [stdout] test parse::tests::test_cmd_history ... ok
[INFO] [stdout] test lex::tests::test_all ... ok
[INFO] [stdout] test parse::tests::test_cmd_reveal ... ok
[INFO] [stdout] test parse::tests::test_cmd_show ... ok
[INFO] [stdout] test eval::tests::test_show_reveal ... ok
[INFO] [stdout] test parse::tests::test_cmd_rename ... ok
[INFO] [stdout] test parse::tests::test_or ... ok
[INFO] [stdout] test parse::tests::test_filter ... ok
[INFO] [stdout] test parse::tests::test_and ... ok
[INFO] [stdout] test parse::tests::test_query ... ok
[INFO] [stdout] test parse::tests::test_cmd_set ... ok
[INFO] [stdout] test parse::tests::test_cmd_import ... ok
[INFO] [stdout] test eval::tests::test_copy ... FAILED
[INFO] [stdout] 
[INFO] [stdout] failures:
[INFO] [stdout] 
[INFO] [stdout] ---- eval::tests::test_copy stdout ----
[INFO] [stdout] thread 'eval::tests::test_copy' panicked at src/eval.rs:542:9:
[INFO] [stdout] assertion failed: `(left == right)`
[INFO] [stdout] 
[INFO] [stdout] [1mDiff[0m [31m< left[0m / [32mright >[0m :
[INFO] [stdout]  [
[INFO] [stdout] [31m<    "[0m[1;48;5;52;31mUnable to [0m[31mCop[0m[1;48;5;52;31my! Try Aga[0m[31mi[0m[1;48;5;52;31mn[0m[31m!",[0m
[INFO] [stdout] [32m>    "Copi[0m[1;48;5;22;32med[0m[32m!",[0m
[INFO] [stdout]  ]
[INFO] [stdout] 
[INFO] [stdout] 
[INFO] [stdout] stack backtrace:
[INFO] [stdout]    0:     0x58c1addd21fa - std::backtrace_rs::backtrace::libunwind::trace::h8810477743020387
[INFO] [stdout]                                at /rustc/202008a1b8de96d2e5b6bc02d379db03a877d34d/library/std/src/../../backtrace/src/backtrace/libunwind.rs:116:5
[INFO] [stdout]    1:     0x58c1addd21fa - std::backtrace_rs::backtrace::trace_unsynchronized::h3aa55355dd6c54a6
[INFO] [stdout]                                at /rustc/202008a1b8de96d2e5b6bc02d379db03a877d34d/library/std/src/../../backtrace/src/backtrace/mod.rs:66:5
[INFO] [stdout]    2:     0x58c1addd21fa - std::sys::backtrace::_print_fmt::h8588b0f62410823f
[INFO] [stdout]                                at /rustc/202008a1b8de96d2e5b6bc02d379db03a877d34d/library/std/src/sys/backtrace.rs:66:9
[INFO] [stdout]    3:     0x58c1addd21fa - <std::sys::backtrace::BacktraceLock::print::DisplayBacktrace as core::fmt::Display>::fmt::h98c26ac25ffe89bb
[INFO] [stdout]                                at /rustc/202008a1b8de96d2e5b6bc02d379db03a877d34d/library/std/src/sys/backtrace.rs:39:26
[INFO] [stdout]    4:     0x58c1addfa503 - core::fmt::rt::Argument::fmt::hf95377f4aebd453b
[INFO] [stdout]                                at /rustc/202008a1b8de96d2e5b6bc02d379db03a877d34d/library/core/src/fmt/rt.rs:177:76
[INFO] [stdout]    5:     0x58c1addfa503 - core::fmt::write::h0dd5f6e2238c7982
[INFO] [stdout]                                at /rustc/202008a1b8de96d2e5b6bc02d379db03a877d34d/library/core/src/fmt/mod.rs:1189:21
[INFO] [stdout]    6:     0x58c1addcea83 - std::io::Write::write_fmt::h03bb0ca26e6faf8c
[INFO] [stdout]                                at /rustc/202008a1b8de96d2e5b6bc02d379db03a877d34d/library/std/src/io/mod.rs:1884:15
[INFO] [stdout]    7:     0x58c1addd2042 - std::sys::backtrace::BacktraceLock::print::h5c19c1c038ee186d
[INFO] [stdout]                                at /rustc/202008a1b8de96d2e5b6bc02d379db03a877d34d/library/std/src/sys/backtrace.rs:42:9
[INFO] [stdout]    8:     0x58c1addd367d - std::panicking::default_hook::{{closure}}::h77172f079a1fcb13
[INFO] [stdout]                                at /rustc/202008a1b8de96d2e5b6bc02d379db03a877d34d/library/std/src/panicking.rs:268:22
[INFO] [stdout]    9:     0x58c1addd3487 - std::panicking::default_hook::he5f8e3b203ccddba
[INFO] [stdout]                                at /rustc/202008a1b8de96d2e5b6bc02d379db03a877d34d/library/std/src/panicking.rs:292:9
[INFO] [stdout]   10:     0x58c1ad9e9c97 - <alloc::boxed::Box<F,A> as core::ops::function::Fn<Args>>::call::h7a3c7b4a1ae77f2f
[INFO] [stdout]                                at /rustc/202008a1b8de96d2e5b6bc02d379db03a877d34d/library/alloc/src/boxed.rs:1986:9
[INFO] [stdout]   11:     0x58c1ad9e9c97 - test::test_main::{{closure}}::hf0d3b69ae9b353d1
[INFO] [stdout]                                at /rustc/202008a1b8de96d2e5b6bc02d379db03a877d34d/library/test/src/lib.rs:134:21
[INFO] [stdout]   12:     0x58c1addd3d28 - <alloc::boxed::Box<F,A> as core::ops::function::Fn<Args>>::call::h6332e82e7b189abd
[INFO] [stdout]                                at /rustc/202008a1b8de96d2e5b6bc02d379db03a877d34d/library/alloc/src/boxed.rs:1986:9
[INFO] [stdout]   13:     0x58c1addd3d28 - std::panicking::rust_panic_with_hook::h53863d4e9018df39
[INFO] [stdout]                                at /rustc/202008a1b8de96d2e5b6bc02d379db03a877d34d/library/std/src/panicking.rs:809:13
[INFO] [stdout]   14:     0x58c1addd3aea - std::panicking::begin_panic_handler::{{closure}}::h67280e6fa0757873
[INFO] [stdout]                                at /rustc/202008a1b8de96d2e5b6bc02d379db03a877d34d/library/std/src/panicking.rs:674:13
[INFO] [stdout]   15:     0x58c1addd26d9 - std::sys::backtrace::__rust_end_short_backtrace::h1dac3f54d6fbbeb2
[INFO] [stdout]                                at /rustc/202008a1b8de96d2e5b6bc02d379db03a877d34d/library/std/src/sys/backtrace.rs:170:18
[INFO] [stdout]   16:     0x58c1addd377c - rust_begin_unwind
[INFO] [stdout]                                at /rustc/202008a1b8de96d2e5b6bc02d379db03a877d34d/library/std/src/panicking.rs:665:5
[INFO] [stdout]   17:     0x58c1ad93d3b0 - core::panicking::panic_fmt::h6792bd1b2bf01041
[INFO] [stdout]                                at /rustc/202008a1b8de96d2e5b6bc02d379db03a877d34d/library/core/src/panicking.rs:76:14
[INFO] [stdout]   18:     0x58c1ad981cff - royalguard::eval::tests::test_copy::hd1546fcb7da9bc65
[INFO] [stdout]                                at /opt/rustwide/workdir/src/eval.rs:286:13
[INFO] [stdout]   19:     0x58c1ad9808f7 - royalguard::eval::tests::test_copy::{{closure}}::hc59555512c8b0382
[INFO] [stdout]                                at /opt/rustwide/workdir/src/eval.rs:530:19
[INFO] [stdout]   20:     0x58c1ad99e386 - core::ops::function::FnOnce::call_once::hfcaf12a99a4f45bd
[INFO] [stdout]                                at /rustc/202008a1b8de96d2e5b6bc02d379db03a877d34d/library/core/src/ops/function.rs:250:5
[INFO] [stdout]   21:     0x58c1ad9ee7bb - core::ops::function::FnOnce::call_once::h871bf86719ec9aa4
[INFO] [stdout]                                at /rustc/202008a1b8de96d2e5b6bc02d379db03a877d34d/library/core/src/ops/function.rs:250:5
[INFO] [stdout]   22:     0x58c1ad9ee7bb - test::__rust_begin_short_backtrace::h2167df1e2b7d76fd
[INFO] [stdout]                                at /rustc/202008a1b8de96d2e5b6bc02d379db03a877d34d/library/test/src/lib.rs:632:18
[INFO] [stdout]   23:     0x58c1ad9ee1a8 - test::run_test_in_process::{{closure}}::h15d92f75a3adfb79
[INFO] [stdout]                                at /rustc/202008a1b8de96d2e5b6bc02d379db03a877d34d/library/test/src/lib.rs:655:60
[INFO] [stdout]   24:     0x58c1ad9ee1a8 - <core::panic::unwind_safe::AssertUnwindSafe<F> as core::ops::function::FnOnce<()>>::call_once::hb6c8955835a8dbbb
[INFO] [stdout]                                at /rustc/202008a1b8de96d2e5b6bc02d379db03a877d34d/library/core/src/panic/unwind_safe.rs:272:9
[INFO] [stdout]   25:     0x58c1ad9ee1a8 - std::panicking::try::do_call::hc79d0fc888a0bd30
[INFO] [stdout]                                at /rustc/202008a1b8de96d2e5b6bc02d379db03a877d34d/library/std/src/panicking.rs:557:40
[INFO] [stdout]   26:     0x58c1ad9ee1a8 - std::panicking::try::hb8a7878e3a8589d6
[INFO] [stdout]                                at /rustc/202008a1b8de96d2e5b6bc02d379db03a877d34d/library/std/src/panicking.rs:520:19
[INFO] [stdout]   27:     0x58c1ad9ee1a8 - std::panic::catch_unwind::hb8e4600ff0ff5cfa
[INFO] [stdout]                                at /rustc/202008a1b8de96d2e5b6bc02d379db03a877d34d/library/std/src/panic.rs:358:14
[INFO] [stdout]   28:     0x58c1ad9ee1a8 - test::run_test_in_process::hc2900b0b18688dd6
[INFO] [stdout]                                at /rustc/202008a1b8de96d2e5b6bc02d379db03a877d34d/library/test/src/lib.rs:655:27
[INFO] [stdout]   29:     0x58c1ad9ee1a8 - test::run_test::{{closure}}::hac2a9cb07be3d48d
[INFO] [stdout]                                at /rustc/202008a1b8de96d2e5b6bc02d379db03a877d34d/library/test/src/lib.rs:576:43
[INFO] [stdout]   30:     0x58c1ad9b1c4a - test::run_test::{{closure}}::h4a5b729e66a38cd8
[INFO] [stdout]                                at /rustc/202008a1b8de96d2e5b6bc02d379db03a877d34d/library/test/src/lib.rs:606:41
[INFO] [stdout]   31:     0x58c1ad9b1c4a - std::sys::backtrace::__rust_begin_short_backtrace::h0496fb742492f573
[INFO] [stdout]                                at /rustc/202008a1b8de96d2e5b6bc02d379db03a877d34d/library/std/src/sys/backtrace.rs:154:18
[INFO] [stdout]   32:     0x58c1ad9b55c4 - std::thread::Builder::spawn_unchecked_::{{closure}}::{{closure}}::hbb6d257c550a54bd
[INFO] [stdout]                                at /rustc/202008a1b8de96d2e5b6bc02d379db03a877d34d/library/std/src/thread/mod.rs:561:17
[INFO] [stdout]   33:     0x58c1ad9b55c4 - <core::panic::unwind_safe::AssertUnwindSafe<F> as core::ops::function::FnOnce<()>>::call_once::h46696fe4a6832328
[INFO] [stdout]                                at /rustc/202008a1b8de96d2e5b6bc02d379db03a877d34d/library/core/src/panic/unwind_safe.rs:272:9
[INFO] [stdout]   34:     0x58c1ad9b55c4 - std::panicking::try::do_call::h2625a51b667bfb64
[INFO] [stdout]                                at /rustc/202008a1b8de96d2e5b6bc02d379db03a877d34d/library/std/src/panicking.rs:557:40
[INFO] [stdout]   35:     0x58c1ad9b55c4 - std::panicking::try::hb956a59a1973aa4c
[INFO] [stdout]                                at /rustc/202008a1b8de96d2e5b6bc02d379db03a877d34d/library/std/src/panicking.rs:520:19
[INFO] [stdout]   36:     0x58c1ad9b55c4 - std::panic::catch_unwind::h64f3b9d1067ef6a0
[INFO] [stdout]                                at /rustc/202008a1b8de96d2e5b6bc02d379db03a877d34d/library/std/src/panic.rs:358:14
[INFO] [stdout]   37:     0x58c1ad9b55c4 - std::thread::Builder::spawn_unchecked_::{{closure}}::h42b2841295b6c0b2
[INFO] [stdout]                                at /rustc/202008a1b8de96d2e5b6bc02d379db03a877d34d/library/std/src/thread/mod.rs:559:30
[INFO] [stdout]   38:     0x58c1ad9b55c4 - core::ops::function::FnOnce::call_once{{vtable.shim}}::h6127de71b8124639
[INFO] [stdout]                                at /rustc/202008a1b8de96d2e5b6bc02d379db03a877d34d/library/core/src/ops/function.rs:250:5
[INFO] [stdout]   39:     0x58c1addd807b - <alloc::boxed::Box<F,A> as core::ops::function::FnOnce<Args>>::call_once::h42f0ba71002a1b2c
[INFO] [stdout]                                at /rustc/202008a1b8de96d2e5b6bc02d379db03a877d34d/library/alloc/src/boxed.rs:1972:9
[INFO] [stdout]   40:     0x58c1addd807b - <alloc::boxed::Box<F,A> as core::ops::function::FnOnce<Args>>::call_once::had9e47d7a3dcecb8
[INFO] [stdout]                                at /rustc/202008a1b8de96d2e5b6bc02d379db03a877d34d/library/alloc/src/boxed.rs:1972:9
[INFO] [stdout]   41:     0x58c1addd807b - std::sys::pal::unix::thread::Thread::new::thread_start::h48cf765408f6f5f2
[INFO] [stdout]                                at /rustc/202008a1b8de96d2e5b6bc02d379db03a877d34d/library/std/src/sys/pal/unix/thread.rs:105:17
[INFO] [stdout]   42:     0x702b9c495ac3 - <unknown>
[INFO] [stdout]   43:     0x702b9c526a04 - clone
[INFO] [stdout]   44:                0x0 - <unknown>
[INFO] [stdout] 
[INFO] [stdout] 
[INFO] [stdout] failures:
[INFO] [stdout]     eval::tests::test_copy
[INFO] [stdout] 
[INFO] [stdout] test result: FAILED. 20 passed; 1 failed; 0 ignored; 0 measured; 0 filtered out; finished in 0.11s
[INFO] [stdout] 
[INFO] [stderr] error: test failed, to rerun pass `--bin royalguard`
[INFO] running `Command { std: "docker" "inspect" "6360462d216d8ab7eeaf93a73ac1e244e2196fdf6a70293bdeb717cb28c9991e", kill_on_drop: false }`
[INFO] running `Command { std: "docker" "rm" "-f" "6360462d216d8ab7eeaf93a73ac1e244e2196fdf6a70293bdeb717cb28c9991e", kill_on_drop: false }`
[INFO] [stdout] 6360462d216d8ab7eeaf93a73ac1e244e2196fdf6a70293bdeb717cb28c9991e
