[INFO] cloning repository https://github.com/zacharyeinspanier/todo_list_rust
[INFO] running `Command { std: "git" "-c" "credential.helper=" "-c" "credential.helper=/workspace/cargo-home/bin/git-credential-null" "clone" "--bare" "https://github.com/zacharyeinspanier/todo_list_rust" "/workspace/cache/git-repos/https%3A%2F%2Fgithub.com%2Fzacharyeinspanier%2Ftodo_list_rust", kill_on_drop: false }`
[INFO] [stderr] Cloning into bare repository '/workspace/cache/git-repos/https%3A%2F%2Fgithub.com%2Fzacharyeinspanier%2Ftodo_list_rust'...
[INFO] running `Command { std: "git" "rev-parse" "HEAD", kill_on_drop: false }`
[INFO] [stdout] af97dda85d6a2b916e3cd3a3f4accf497da830cf
[INFO] testing zacharyeinspanier/todo_list_rust against 1.83.0 for beta-1.84.0-4-retry
[INFO] running `Command { std: "git" "clone" "/workspace/cache/git-repos/https%3A%2F%2Fgithub.com%2Fzacharyeinspanier%2Ftodo_list_rust" "/workspace/builds/worker-4-tc1/source", kill_on_drop: false }`
[INFO] [stderr] Cloning into '/workspace/builds/worker-4-tc1/source'...
[INFO] [stderr] done.
[INFO] validating manifest of git repo https://github.com/zacharyeinspanier/todo_list_rust on toolchain 1.83.0
[INFO] running `Command { std: CARGO_HOME="/workspace/cargo-home" RUSTUP_HOME="/workspace/rustup-home" "/workspace/cargo-home/bin/cargo" "+1.83.0" "metadata" "--manifest-path" "Cargo.toml" "--no-deps", kill_on_drop: false }`
[INFO] started tweaking git repo https://github.com/zacharyeinspanier/todo_list_rust
[INFO] finished tweaking git repo https://github.com/zacharyeinspanier/todo_list_rust
[INFO] tweaked toml for git repo https://github.com/zacharyeinspanier/todo_list_rust written to /workspace/builds/worker-4-tc1/source/Cargo.toml
[INFO] crate git repo https://github.com/zacharyeinspanier/todo_list_rust already has a lockfile, it will not be regenerated
[INFO] running `Command { std: CARGO_HOME="/workspace/cargo-home" RUSTUP_HOME="/workspace/rustup-home" "/workspace/cargo-home/bin/cargo" "+1.83.0" "fetch" "--manifest-path" "Cargo.toml", kill_on_drop: false }`
[INFO] [stderr]  Downloading crates ...
[INFO] [stderr]   Downloaded termion v2.0.3
[INFO] running `Command { std: "docker" "create" "-v" "/var/lib/crater-agent-workspace/builds/worker-4-tc1/target:/opt/rustwide/target:rw,Z" "-v" "/var/lib/crater-agent-workspace/builds/worker-4-tc1/source:/opt/rustwide/workdir:ro,Z" "-v" "/var/lib/crater-agent-workspace/cargo-home:/opt/rustwide/cargo-home:ro,Z" "-v" "/var/lib/crater-agent-workspace/rustup-home:/opt/rustwide/rustup-home:ro,Z" "-e" "SOURCE_DIR=/opt/rustwide/workdir" "-e" "CARGO_TARGET_DIR=/opt/rustwide/target" "-e" "CARGO_HOME=/opt/rustwide/cargo-home" "-e" "RUSTUP_HOME=/opt/rustwide/rustup-home" "-w" "/opt/rustwide/workdir" "-m" "1610612736" "--user" "0:0" "--network" "none" "ghcr.io/rust-lang/crates-build-env/linux@sha256:f3a9d4ad9d972b27faf3965f35b62e55ba32bbce8f20bc8fe909558a86702fde" "/opt/rustwide/cargo-home/bin/cargo" "+1.83.0" "metadata" "--no-deps" "--format-version=1", kill_on_drop: false }`
[INFO] [stdout] 6634d1ab09de7c39cade2d15ceaf6784f350c55c850246d45c02cb98ccdf61a0
[INFO] running `Command { std: "docker" "start" "-a" "6634d1ab09de7c39cade2d15ceaf6784f350c55c850246d45c02cb98ccdf61a0", kill_on_drop: false }`
[INFO] running `Command { std: "docker" "inspect" "6634d1ab09de7c39cade2d15ceaf6784f350c55c850246d45c02cb98ccdf61a0", kill_on_drop: false }`
[INFO] running `Command { std: "docker" "rm" "-f" "6634d1ab09de7c39cade2d15ceaf6784f350c55c850246d45c02cb98ccdf61a0", kill_on_drop: false }`
[INFO] [stdout] 6634d1ab09de7c39cade2d15ceaf6784f350c55c850246d45c02cb98ccdf61a0
[INFO] running `Command { std: "docker" "create" "-v" "/var/lib/crater-agent-workspace/builds/worker-4-tc1/target:/opt/rustwide/target:rw,Z" "-v" "/var/lib/crater-agent-workspace/builds/worker-4-tc1/source:/opt/rustwide/workdir:ro,Z" "-v" "/var/lib/crater-agent-workspace/cargo-home:/opt/rustwide/cargo-home:ro,Z" "-v" "/var/lib/crater-agent-workspace/rustup-home:/opt/rustwide/rustup-home:ro,Z" "-e" "SOURCE_DIR=/opt/rustwide/workdir" "-e" "CARGO_TARGET_DIR=/opt/rustwide/target" "-e" "CARGO_INCREMENTAL=0" "-e" "RUST_BACKTRACE=full" "-e" "RUSTFLAGS=--cap-lints=warn" "-e" "RUSTDOCFLAGS=--cap-lints=warn" "-e" "CARGO_HOME=/opt/rustwide/cargo-home" "-e" "RUSTUP_HOME=/opt/rustwide/rustup-home" "-w" "/opt/rustwide/workdir" "-m" "1610612736" "--user" "0:0" "--network" "none" "ghcr.io/rust-lang/crates-build-env/linux@sha256:f3a9d4ad9d972b27faf3965f35b62e55ba32bbce8f20bc8fe909558a86702fde" "/opt/rustwide/cargo-home/bin/cargo" "+1.83.0" "build" "--frozen" "--message-format=json", kill_on_drop: false }`
[INFO] [stdout] ac8f0176163986bac58e1124f4ea50011b6ad7d24c41349634006a987d94aa91
[INFO] running `Command { std: "docker" "start" "-a" "ac8f0176163986bac58e1124f4ea50011b6ad7d24c41349634006a987d94aa91", kill_on_drop: false }`
[INFO] [stderr]    Compiling libc v0.2.150
[INFO] [stderr]    Compiling cfg-if v1.0.0
[INFO] [stderr]    Compiling autocfg v1.1.0
[INFO] [stderr]    Compiling parking_lot_core v0.9.9
[INFO] [stderr]    Compiling version_check v0.9.4
[INFO] [stderr]    Compiling signal-hook v0.3.17
[INFO] [stderr]    Compiling smallvec v1.11.2
[INFO] [stderr]    Compiling proc-macro2 v1.0.69
[INFO] [stderr]    Compiling unicode-ident v1.0.12
[INFO] [stderr]    Compiling log v0.4.20
[INFO] [stderr]    Compiling scopeguard v1.2.0
[INFO] [stderr]    Compiling vcpkg v0.2.15
[INFO] [stderr]    Compiling once_cell v1.18.0
[INFO] [stderr]    Compiling zerocopy v0.7.26
[INFO] [stderr]    Compiling pkg-config v0.3.27
[INFO] [stderr]    Compiling allocator-api2 v0.2.16
[INFO] [stderr]    Compiling ppv-lite86 v0.2.17
[INFO] [stderr]    Compiling bitflags v1.3.2
[INFO] [stderr]    Compiling thiserror v1.0.50
[INFO] [stderr]    Compiling bitflags v2.4.1
[INFO] [stderr]    Compiling unicode-segmentation v1.10.1
[INFO] [stderr]    Compiling unicode-width v0.1.11
[INFO] [stderr]    Compiling numtoa v0.1.0
[INFO] [stderr]    Compiling cassowary v0.3.0
[INFO] [stderr]    Compiling fallible-streaming-iterator v0.1.9
[INFO] [stderr]    Compiling fallible-iterator v0.3.0
[INFO] [stderr]    Compiling iana-time-zone v0.1.58
[INFO] [stderr]    Compiling lock_api v0.4.11
[INFO] [stderr]    Compiling num-traits v0.2.17
[INFO] [stderr]    Compiling ahash v0.8.6
[INFO] [stderr]    Compiling libsqlite3-sys v0.27.0
[INFO] [stderr]    Compiling hashbrown v0.14.2
[INFO] [stderr]    Compiling quote v1.0.33
[INFO] [stderr]    Compiling syn v2.0.39
[INFO] [stderr]    Compiling signal-hook-registry v1.4.1
[INFO] [stderr]    Compiling mio v0.8.9
[INFO] [stderr]    Compiling getrandom v0.2.11
[INFO] [stderr]    Compiling termion v2.0.3
[INFO] [stderr]    Compiling hashlink v0.8.4
[INFO] [stderr]    Compiling parking_lot v0.12.1
[INFO] [stderr]    Compiling rand_core v0.6.4
[INFO] [stderr]    Compiling rand_chacha v0.3.1
[INFO] [stderr]    Compiling rusqlite v0.30.0
[INFO] [stderr]    Compiling signal-hook-mio v0.2.3
[INFO] [stderr]    Compiling crossterm v0.25.0
[INFO] [stderr]    Compiling crossterm v0.27.0
[INFO] [stderr]    Compiling rand v0.8.5
[INFO] [stderr]    Compiling chrono v0.4.31
[INFO] [stderr]    Compiling tui v0.19.0
[INFO] [stderr]    Compiling thiserror-impl v1.0.50
[INFO] [stderr]    Compiling todo_list_rust v0.1.0 (/opt/rustwide/workdir)
[INFO] [stdout] warning: fields `id`, `message`, and `code` are never read
[INFO] [stdout]   --> src/database.rs:15:9
[INFO] [stdout]    |
[INFO] [stdout] 14 |     pub struct TodoDatabaseError{
[INFO] [stdout]    |                ----------------- fields in this struct
[INFO] [stdout] 15 |         id: u32,
[INFO] [stdout]    |         ^^
[INFO] [stdout] 16 |         message: String,
[INFO] [stdout]    |         ^^^^^^^
[INFO] [stdout] 17 |         code: TodoDatabaseErrorCode
[INFO] [stdout]    |         ^^^^
[INFO] [stdout]    |
[INFO] [stdout]    = note: `#[warn(dead_code)]` on by default
[INFO] [stdout] 
[INFO] [stdout] 
[INFO] [stdout] warning: unused `Result` that must be used
[INFO] [stdout]    --> src/database.rs:103:13
[INFO] [stdout]     |
[INFO] [stdout] 103 |             self.connection.close();
[INFO] [stdout]     |             ^^^^^^^^^^^^^^^^^^^^^^^
[INFO] [stdout]     |
[INFO] [stdout]     = note: this `Result` may be an `Err` variant, which should be handled
[INFO] [stdout]     = note: `#[warn(unused_must_use)]` on by default
[INFO] [stdout] help: use `let _ = ...` to ignore the resulting value
[INFO] [stdout]     |
[INFO] [stdout] 103 |             let _ = self.connection.close();
[INFO] [stdout]     |             +++++++
[INFO] [stdout] 
[INFO] [stdout] 
[INFO] [stdout] warning: unused `Result` that must be used
[INFO] [stdout]    --> src/database.rs:415:17
[INFO] [stdout]     |
[INFO] [stdout] 415 |                 self.remove_list(list.list_id, user_id);
[INFO] [stdout]     |                 ^^^^^^^^^^^^^^^^^^^^^^^^^^^^^^^^^^^^^^^
[INFO] [stdout]     |
[INFO] [stdout]     = note: this `Result` may be an `Err` variant, which should be handled
[INFO] [stdout] help: use `let _ = ...` to ignore the resulting value
[INFO] [stdout]     |
[INFO] [stdout] 415 |                 let _ = self.remove_list(list.list_id, user_id);
[INFO] [stdout]     |                 +++++++
[INFO] [stdout] 
[INFO] [stdout] 
[INFO] [stdout] warning: fields `id`, `message`, and `code` are never read
[INFO] [stdout]   --> src/database.rs:15:9
[INFO] [stdout]    |
[INFO] [stdout] 14 |     pub struct TodoDatabaseError{
[INFO] [stdout]    |                ----------------- fields in this struct
[INFO] [stdout] 15 |         id: u32,
[INFO] [stdout]    |         ^^
[INFO] [stdout] 16 |         message: String,
[INFO] [stdout]    |         ^^^^^^^
[INFO] [stdout] 17 |         code: TodoDatabaseErrorCode
[INFO] [stdout]    |         ^^^^
[INFO] [stdout]    |
[INFO] [stdout]    = note: `#[warn(dead_code)]` on by default
[INFO] [stdout] 
[INFO] [stdout] 
[INFO] [stdout] warning: unused `Result` that must be used
[INFO] [stdout]    --> src/database.rs:103:13
[INFO] [stdout]     |
[INFO] [stdout] 103 |             self.connection.close();
[INFO] [stdout]     |             ^^^^^^^^^^^^^^^^^^^^^^^
[INFO] [stdout]     |
[INFO] [stdout]     = note: this `Result` may be an `Err` variant, which should be handled
[INFO] [stdout]     = note: `#[warn(unused_must_use)]` on by default
[INFO] [stdout] help: use `let _ = ...` to ignore the resulting value
[INFO] [stdout]     |
[INFO] [stdout] 103 |             let _ = self.connection.close();
[INFO] [stdout]     |             +++++++
[INFO] [stdout] 
[INFO] [stdout] 
[INFO] [stdout] warning: unused `Result` that must be used
[INFO] [stdout]    --> src/database.rs:415:17
[INFO] [stdout]     |
[INFO] [stdout] 415 |                 self.remove_list(list.list_id, user_id);
[INFO] [stdout]     |                 ^^^^^^^^^^^^^^^^^^^^^^^^^^^^^^^^^^^^^^^
[INFO] [stdout]     |
[INFO] [stdout]     = note: this `Result` may be an `Err` variant, which should be handled
[INFO] [stdout] help: use `let _ = ...` to ignore the resulting value
[INFO] [stdout]     |
[INFO] [stdout] 415 |                 let _ = self.remove_list(list.list_id, user_id);
[INFO] [stdout]     |                 +++++++
[INFO] [stdout] 
[INFO] [stdout] 
[INFO] [stderr]     Finished `dev` profile [unoptimized + debuginfo] target(s) in 16.42s
[INFO] running `Command { std: "docker" "inspect" "ac8f0176163986bac58e1124f4ea50011b6ad7d24c41349634006a987d94aa91", kill_on_drop: false }`
[INFO] running `Command { std: "docker" "rm" "-f" "ac8f0176163986bac58e1124f4ea50011b6ad7d24c41349634006a987d94aa91", kill_on_drop: false }`
[INFO] [stdout] ac8f0176163986bac58e1124f4ea50011b6ad7d24c41349634006a987d94aa91
[INFO] running `Command { std: "docker" "create" "-v" "/var/lib/crater-agent-workspace/builds/worker-4-tc1/target:/opt/rustwide/target:rw,Z" "-v" "/var/lib/crater-agent-workspace/builds/worker-4-tc1/source:/opt/rustwide/workdir:ro,Z" "-v" "/var/lib/crater-agent-workspace/cargo-home:/opt/rustwide/cargo-home:ro,Z" "-v" "/var/lib/crater-agent-workspace/rustup-home:/opt/rustwide/rustup-home:ro,Z" "-e" "SOURCE_DIR=/opt/rustwide/workdir" "-e" "CARGO_TARGET_DIR=/opt/rustwide/target" "-e" "CARGO_INCREMENTAL=0" "-e" "RUST_BACKTRACE=full" "-e" "RUSTFLAGS=--cap-lints=warn" "-e" "RUSTDOCFLAGS=--cap-lints=warn" "-e" "CARGO_HOME=/opt/rustwide/cargo-home" "-e" "RUSTUP_HOME=/opt/rustwide/rustup-home" "-w" "/opt/rustwide/workdir" "-m" "1610612736" "--user" "0:0" "--network" "none" "ghcr.io/rust-lang/crates-build-env/linux@sha256:f3a9d4ad9d972b27faf3965f35b62e55ba32bbce8f20bc8fe909558a86702fde" "/opt/rustwide/cargo-home/bin/cargo" "+1.83.0" "test" "--frozen" "--no-run" "--message-format=json", kill_on_drop: false }`
[INFO] [stdout] 684a9a1100742664c8e45d03a9d4f4d751d49d7b42f1cfd9883d31547498c85f
[INFO] running `Command { std: "docker" "start" "-a" "684a9a1100742664c8e45d03a9d4f4d751d49d7b42f1cfd9883d31547498c85f", kill_on_drop: false }`
[INFO] [stderr]    Compiling todo_list_rust v0.1.0 (/opt/rustwide/workdir)
[INFO] [stdout] warning: fields `id`, `message`, and `code` are never read
[INFO] [stdout]   --> src/database.rs:15:9
[INFO] [stdout]    |
[INFO] [stdout] 14 |     pub struct TodoDatabaseError{
[INFO] [stdout]    |                ----------------- fields in this struct
[INFO] [stdout] 15 |         id: u32,
[INFO] [stdout]    |         ^^
[INFO] [stdout] 16 |         message: String,
[INFO] [stdout]    |         ^^^^^^^
[INFO] [stdout] 17 |         code: TodoDatabaseErrorCode
[INFO] [stdout]    |         ^^^^
[INFO] [stdout]    |
[INFO] [stdout]    = note: `#[warn(dead_code)]` on by default
[INFO] [stdout] 
[INFO] [stdout] 
[INFO] [stdout] warning: unused `Result` that must be used
[INFO] [stdout]    --> src/database.rs:103:13
[INFO] [stdout]     |
[INFO] [stdout] 103 |             self.connection.close();
[INFO] [stdout]     |             ^^^^^^^^^^^^^^^^^^^^^^^
[INFO] [stdout]     |
[INFO] [stdout]     = note: this `Result` may be an `Err` variant, which should be handled
[INFO] [stdout]     = note: `#[warn(unused_must_use)]` on by default
[INFO] [stdout] help: use `let _ = ...` to ignore the resulting value
[INFO] [stdout]     |
[INFO] [stdout] 103 |             let _ = self.connection.close();
[INFO] [stdout]     |             +++++++
[INFO] [stdout] 
[INFO] [stdout] 
[INFO] [stdout] warning: unused `Result` that must be used
[INFO] [stdout]    --> src/database.rs:415:17
[INFO] [stdout]     |
[INFO] [stdout] 415 |                 self.remove_list(list.list_id, user_id);
[INFO] [stdout]     |                 ^^^^^^^^^^^^^^^^^^^^^^^^^^^^^^^^^^^^^^^
[INFO] [stdout]     |
[INFO] [stdout]     = note: this `Result` may be an `Err` variant, which should be handled
[INFO] [stdout] help: use `let _ = ...` to ignore the resulting value
[INFO] [stdout]     |
[INFO] [stdout] 415 |                 let _ = self.remove_list(list.list_id, user_id);
[INFO] [stdout]     |                 +++++++
[INFO] [stdout] 
[INFO] [stdout] 
[INFO] [stdout] warning: fields `id`, `message`, and `code` are never read
[INFO] [stdout]   --> src/database.rs:15:9
[INFO] [stdout]    |
[INFO] [stdout] 14 |     pub struct TodoDatabaseError{
[INFO] [stdout]    |                ----------------- fields in this struct
[INFO] [stdout] 15 |         id: u32,
[INFO] [stdout]    |         ^^
[INFO] [stdout] 16 |         message: String,
[INFO] [stdout]    |         ^^^^^^^
[INFO] [stdout] 17 |         code: TodoDatabaseErrorCode
[INFO] [stdout]    |         ^^^^
[INFO] [stdout]    |
[INFO] [stdout]    = note: `#[warn(dead_code)]` on by default
[INFO] [stdout] 
[INFO] [stdout] 
[INFO] [stdout] warning: unused `Result` that must be used
[INFO] [stdout]    --> src/database.rs:103:13
[INFO] [stdout]     |
[INFO] [stdout] 103 |             self.connection.close();
[INFO] [stdout]     |             ^^^^^^^^^^^^^^^^^^^^^^^
[INFO] [stdout]     |
[INFO] [stdout]     = note: this `Result` may be an `Err` variant, which should be handled
[INFO] [stdout]     = note: `#[warn(unused_must_use)]` on by default
[INFO] [stdout] help: use `let _ = ...` to ignore the resulting value
[INFO] [stdout]     |
[INFO] [stdout] 103 |             let _ = self.connection.close();
[INFO] [stdout]     |             +++++++
[INFO] [stdout] 
[INFO] [stdout] 
[INFO] [stdout] warning: unused `Result` that must be used
[INFO] [stdout]    --> src/database.rs:415:17
[INFO] [stdout]     |
[INFO] [stdout] 415 |                 self.remove_list(list.list_id, user_id);
[INFO] [stdout]     |                 ^^^^^^^^^^^^^^^^^^^^^^^^^^^^^^^^^^^^^^^
[INFO] [stdout]     |
[INFO] [stdout]     = note: this `Result` may be an `Err` variant, which should be handled
[INFO] [stdout] help: use `let _ = ...` to ignore the resulting value
[INFO] [stdout]     |
[INFO] [stdout] 415 |                 let _ = self.remove_list(list.list_id, user_id);
[INFO] [stdout]     |                 +++++++
[INFO] [stdout] 
[INFO] [stdout] 
[INFO] [stdout] warning: unused variable: `i`
[INFO] [stdout]   --> tests/test_todo.rs:34:10
[INFO] [stdout]    |
[INFO] [stdout] 34 |      for i in 0..10{
[INFO] [stdout]    |          ^ help: if this is intentional, prefix it with an underscore: `_i`
[INFO] [stdout]    |
[INFO] [stdout]    = note: `#[warn(unused_variables)]` on by default
[INFO] [stdout] 
[INFO] [stdout] 
[INFO] [stdout] warning: unused variable: `test_db`
[INFO] [stdout]   --> tests/test_database.rs:76:27
[INFO] [stdout]    |
[INFO] [stdout] 76 | fn test_list_items_insert(test_db: &TodoDatabase){
[INFO] [stdout]    |                           ^^^^^^^ help: if this is intentional, prefix it with an underscore: `_test_db`
[INFO] [stdout]    |
[INFO] [stdout]    = note: `#[warn(unused_variables)]` on by default
[INFO] [stdout] 
[INFO] [stdout] 
[INFO] [stdout] warning: unused `Result` that must be used
[INFO] [stdout]    --> tests/test_database.rs:110:9
[INFO] [stdout]     |
[INFO] [stdout] 110 |         test_db.remove_item(todo_list.get_item_id(0), todo_list.get_list_id());
[INFO] [stdout]     |         ^^^^^^^^^^^^^^^^^^^^^^^^^^^^^^^^^^^^^^^^^^^^^^^^^^^^^^^^^^^^^^^^^^^^^^
[INFO] [stdout]     |
[INFO] [stdout]     = note: this `Result` may be an `Err` variant, which should be handled
[INFO] [stdout]     = note: `#[warn(unused_must_use)]` on by default
[INFO] [stdout] help: use `let _ = ...` to ignore the resulting value
[INFO] [stdout]     |
[INFO] [stdout] 110 |         let _ = test_db.remove_item(todo_list.get_item_id(0), todo_list.get_list_id());
[INFO] [stdout]     |         +++++++
[INFO] [stdout] 
[INFO] [stdout] 
[INFO] [stdout] warning: unused `Result` that must be used
[INFO] [stdout]    --> tests/test_database.rs:126:13
[INFO] [stdout]     |
[INFO] [stdout] 126 |             test_db.update_item(todo_list.get_item_id(item_index), todo_list.get_list_id(), 1);
[INFO] [stdout]     |             ^^^^^^^^^^^^^^^^^^^^^^^^^^^^^^^^^^^^^^^^^^^^^^^^^^^^^^^^^^^^^^^^^^^^^^^^^^^^^^^^^^
[INFO] [stdout]     |
[INFO] [stdout]     = note: this `Result` may be an `Err` variant, which should be handled
[INFO] [stdout] help: use `let _ = ...` to ignore the resulting value
[INFO] [stdout]     |
[INFO] [stdout] 126 |             let _ = test_db.update_item(todo_list.get_item_id(item_index), todo_list.get_list_id(), 1);
[INFO] [stdout]     |             +++++++
[INFO] [stdout] 
[INFO] [stdout] 
[INFO] [stdout] warning: fields `id`, `message`, and `code` are never read
[INFO] [stdout]   --> src/database.rs:15:9
[INFO] [stdout]    |
[INFO] [stdout] 14 |     pub struct TodoDatabaseError{
[INFO] [stdout]    |                ----------------- fields in this struct
[INFO] [stdout] 15 |         id: u32,
[INFO] [stdout]    |         ^^
[INFO] [stdout] 16 |         message: String,
[INFO] [stdout]    |         ^^^^^^^
[INFO] [stdout] 17 |         code: TodoDatabaseErrorCode
[INFO] [stdout]    |         ^^^^
[INFO] [stdout]    |
[INFO] [stdout]    = note: `#[warn(dead_code)]` on by default
[INFO] [stdout] 
[INFO] [stdout] 
[INFO] [stdout] warning: unused `Result` that must be used
[INFO] [stdout]    --> src/database.rs:103:13
[INFO] [stdout]     |
[INFO] [stdout] 103 |             self.connection.close();
[INFO] [stdout]     |             ^^^^^^^^^^^^^^^^^^^^^^^
[INFO] [stdout]     |
[INFO] [stdout]     = note: this `Result` may be an `Err` variant, which should be handled
[INFO] [stdout]     = note: `#[warn(unused_must_use)]` on by default
[INFO] [stdout] help: use `let _ = ...` to ignore the resulting value
[INFO] [stdout]     |
[INFO] [stdout] 103 |             let _ = self.connection.close();
[INFO] [stdout]     |             +++++++
[INFO] [stdout] 
[INFO] [stdout] 
[INFO] [stdout] warning: unused `Result` that must be used
[INFO] [stdout]    --> src/database.rs:415:17
[INFO] [stdout]     |
[INFO] [stdout] 415 |                 self.remove_list(list.list_id, user_id);
[INFO] [stdout]     |                 ^^^^^^^^^^^^^^^^^^^^^^^^^^^^^^^^^^^^^^^
[INFO] [stdout]     |
[INFO] [stdout]     = note: this `Result` may be an `Err` variant, which should be handled
[INFO] [stdout] help: use `let _ = ...` to ignore the resulting value
[INFO] [stdout]     |
[INFO] [stdout] 415 |                 let _ = self.remove_list(list.list_id, user_id);
[INFO] [stdout]     |                 +++++++
[INFO] [stdout] 
[INFO] [stdout] 
[INFO] [stdout] warning: fields `id`, `message`, and `code` are never read
[INFO] [stdout]   --> src/database.rs:15:9
[INFO] [stdout]    |
[INFO] [stdout] 14 |     pub struct TodoDatabaseError{
[INFO] [stdout]    |                ----------------- fields in this struct
[INFO] [stdout] 15 |         id: u32,
[INFO] [stdout]    |         ^^
[INFO] [stdout] 16 |         message: String,
[INFO] [stdout]    |         ^^^^^^^
[INFO] [stdout] 17 |         code: TodoDatabaseErrorCode
[INFO] [stdout]    |         ^^^^
[INFO] [stdout]    |
[INFO] [stdout]    = note: `#[warn(dead_code)]` on by default
[INFO] [stdout] 
[INFO] [stdout] 
[INFO] [stdout] warning: unused `Result` that must be used
[INFO] [stdout]    --> src/database.rs:103:13
[INFO] [stdout]     |
[INFO] [stdout] 103 |             self.connection.close();
[INFO] [stdout]     |             ^^^^^^^^^^^^^^^^^^^^^^^
[INFO] [stdout]     |
[INFO] [stdout]     = note: this `Result` may be an `Err` variant, which should be handled
[INFO] [stdout]     = note: `#[warn(unused_must_use)]` on by default
[INFO] [stdout] help: use `let _ = ...` to ignore the resulting value
[INFO] [stdout]     |
[INFO] [stdout] 103 |             let _ = self.connection.close();
[INFO] [stdout]     |             +++++++
[INFO] [stdout] 
[INFO] [stdout] 
[INFO] [stdout] warning: unused `Result` that must be used
[INFO] [stdout]    --> src/database.rs:415:17
[INFO] [stdout]     |
[INFO] [stdout] 415 |                 self.remove_list(list.list_id, user_id);
[INFO] [stdout]     |                 ^^^^^^^^^^^^^^^^^^^^^^^^^^^^^^^^^^^^^^^
[INFO] [stdout]     |
[INFO] [stdout]     = note: this `Result` may be an `Err` variant, which should be handled
[INFO] [stdout] help: use `let _ = ...` to ignore the resulting value
[INFO] [stdout]     |
[INFO] [stdout] 415 |                 let _ = self.remove_list(list.list_id, user_id);
[INFO] [stdout]     |                 +++++++
[INFO] [stdout] 
[INFO] [stdout] 
[INFO] [stderr]     Finished `test` profile [unoptimized + debuginfo] target(s) in 2.34s
[INFO] running `Command { std: "docker" "inspect" "684a9a1100742664c8e45d03a9d4f4d751d49d7b42f1cfd9883d31547498c85f", kill_on_drop: false }`
[INFO] running `Command { std: "docker" "rm" "-f" "684a9a1100742664c8e45d03a9d4f4d751d49d7b42f1cfd9883d31547498c85f", kill_on_drop: false }`
[INFO] [stdout] 684a9a1100742664c8e45d03a9d4f4d751d49d7b42f1cfd9883d31547498c85f
[INFO] running `Command { std: "docker" "create" "-v" "/var/lib/crater-agent-workspace/builds/worker-4-tc1/target:/opt/rustwide/target:rw,Z" "-v" "/var/lib/crater-agent-workspace/builds/worker-4-tc1/source:/opt/rustwide/workdir:ro,Z" "-v" "/var/lib/crater-agent-workspace/cargo-home:/opt/rustwide/cargo-home:ro,Z" "-v" "/var/lib/crater-agent-workspace/rustup-home:/opt/rustwide/rustup-home:ro,Z" "-e" "SOURCE_DIR=/opt/rustwide/workdir" "-e" "CARGO_TARGET_DIR=/opt/rustwide/target" "-e" "CARGO_INCREMENTAL=0" "-e" "RUST_BACKTRACE=full" "-e" "RUSTFLAGS=--cap-lints=warn" "-e" "RUSTDOCFLAGS=--cap-lints=warn" "-e" "CARGO_HOME=/opt/rustwide/cargo-home" "-e" "RUSTUP_HOME=/opt/rustwide/rustup-home" "-w" "/opt/rustwide/workdir" "-m" "1610612736" "--user" "0:0" "--network" "none" "ghcr.io/rust-lang/crates-build-env/linux@sha256:f3a9d4ad9d972b27faf3965f35b62e55ba32bbce8f20bc8fe909558a86702fde" "/opt/rustwide/cargo-home/bin/cargo" "+1.83.0" "test" "--frozen", kill_on_drop: false }`
[INFO] [stdout] 75afc98e0b057e0fdd83ebcff84844291bbb86db39de3dbf74c89d1155f04015
[INFO] running `Command { std: "docker" "start" "-a" "75afc98e0b057e0fdd83ebcff84844291bbb86db39de3dbf74c89d1155f04015", kill_on_drop: false }`
[INFO] [stderr] warning: fields `id`, `message`, and `code` are never read
[INFO] [stderr]   --> src/database.rs:15:9
[INFO] [stderr]    |
[INFO] [stderr] 14 |     pub struct TodoDatabaseError{
[INFO] [stderr]    |                ----------------- fields in this struct
[INFO] [stderr] 15 |         id: u32,
[INFO] [stderr]    |         ^^
[INFO] [stderr] 16 |         message: String,
[INFO] [stderr]    |         ^^^^^^^
[INFO] [stderr] 17 |         code: TodoDatabaseErrorCode
[INFO] [stderr]    |         ^^^^
[INFO] [stderr]    |
[INFO] [stderr]    = note: `#[warn(dead_code)]` on by default
[INFO] [stderr] 
[INFO] [stderr] warning: unused `Result` that must be used
[INFO] [stderr]    --> src/database.rs:103:13
[INFO] [stderr]     |
[INFO] [stderr] 103 |             self.connection.close();
[INFO] [stderr]     |             ^^^^^^^^^^^^^^^^^^^^^^^
[INFO] [stderr]     |
[INFO] [stderr]     = note: this `Result` may be an `Err` variant, which should be handled
[INFO] [stderr]     = note: `#[warn(unused_must_use)]` on by default
[INFO] [stderr] help: use `let _ = ...` to ignore the resulting value
[INFO] [stderr]     |
[INFO] [stderr] 103 |             let _ = self.connection.close();
[INFO] [stderr]     |             +++++++
[INFO] [stderr] 
[INFO] [stderr] warning: unused `Result` that must be used
[INFO] [stderr]    --> src/database.rs:415:17
[INFO] [stderr]     |
[INFO] [stderr] 415 |                 self.remove_list(list.list_id, user_id);
[INFO] [stderr]     |                 ^^^^^^^^^^^^^^^^^^^^^^^^^^^^^^^^^^^^^^^
[INFO] [stderr]     |
[INFO] [stderr]     = note: this `Result` may be an `Err` variant, which should be handled
[INFO] [stderr] help: use `let _ = ...` to ignore the resulting value
[INFO] [stderr]     |
[INFO] [stderr] 415 |                 let _ = self.remove_list(list.list_id, user_id);
[INFO] [stderr]     |                 +++++++
[INFO] [stderr] 
[INFO] [stderr] warning: `todo_list_rust` (lib) generated 3 warnings
[INFO] [stderr] warning: `todo_list_rust` (lib test) generated 3 warnings (3 duplicates)
[INFO] [stderr] warning: unused variable: `i`
[INFO] [stderr]   --> tests/test_todo.rs:34:10
[INFO] [stderr]    |
[INFO] [stderr] 34 |      for i in 0..10{
[INFO] [stderr]    |          ^ help: if this is intentional, prefix it with an underscore: `_i`
[INFO] [stderr]    |
[INFO] [stderr]    = note: `#[warn(unused_variables)]` on by default
[INFO] [stderr] 
[INFO] [stderr] warning: unused variable: `test_db`
[INFO] [stderr]   --> tests/test_database.rs:76:27
[INFO] [stderr]    |
[INFO] [stderr] 76 | fn test_list_items_insert(test_db: &TodoDatabase){
[INFO] [stderr]    |                           ^^^^^^^ help: if this is intentional, prefix it with an underscore: `_test_db`
[INFO] [stderr]    |
[INFO] [stderr]    = note: `#[warn(unused_variables)]` on by default
[INFO] [stderr] 
[INFO] [stderr] warning: unused `Result` that must be used
[INFO] [stderr]    --> tests/test_database.rs:110:9
[INFO] [stderr]     |
[INFO] [stderr] 110 |         test_db.remove_item(todo_list.get_item_id(0), todo_list.get_list_id());
[INFO] [stderr]     |         ^^^^^^^^^^^^^^^^^^^^^^^^^^^^^^^^^^^^^^^^^^^^^^^^^^^^^^^^^^^^^^^^^^^^^^
[INFO] [stderr]     |
[INFO] [stderr]     = note: this `Result` may be an `Err` variant, which should be handled
[INFO] [stderr]     = note: `#[warn(unused_must_use)]` on by default
[INFO] [stderr] help: use `let _ = ...` to ignore the resulting value
[INFO] [stderr]     |
[INFO] [stderr] 110 |         let _ = test_db.remove_item(todo_list.get_item_id(0), todo_list.get_list_id());
[INFO] [stderr]     |         +++++++
[INFO] [stderr] 
[INFO] [stderr] warning: unused `Result` that must be used
[INFO] [stderr]    --> tests/test_database.rs:126:13
[INFO] [stderr]     |
[INFO] [stderr] 126 |             test_db.update_item(todo_list.get_item_id(item_index), todo_list.get_list_id(), 1);
[INFO] [stderr]     |             ^^^^^^^^^^^^^^^^^^^^^^^^^^^^^^^^^^^^^^^^^^^^^^^^^^^^^^^^^^^^^^^^^^^^^^^^^^^^^^^^^^
[INFO] [stderr]     |
[INFO] [stderr]     = note: this `Result` may be an `Err` variant, which should be handled
[INFO] [stderr] help: use `let _ = ...` to ignore the resulting value
[INFO] [stderr]     |
[INFO] [stderr] 126 |             let _ = test_db.update_item(todo_list.get_item_id(item_index), todo_list.get_list_id(), 1);
[INFO] [stderr]     |             +++++++
[INFO] [stderr] 
[INFO] [stderr] warning: `todo_list_rust` (bin "todo_list_rust") generated 3 warnings (3 duplicates)
[INFO] [stderr] warning: `todo_list_rust` (bin "todo_list_rust" test) generated 3 warnings (3 duplicates)
[INFO] [stderr] warning: `todo_list_rust` (test "test_todo") generated 1 warning
[INFO] [stderr] warning: `todo_list_rust` (test "test_database") generated 3 warnings
[INFO] [stderr]     Finished `test` profile [unoptimized + debuginfo] target(s) in 0.08s
[INFO] [stderr]      Running unittests src/lib.rs (/opt/rustwide/target/debug/deps/todo_list_rust-6cabcfe7485bcde5)
[INFO] [stdout] 
[INFO] [stdout] running 0 tests
[INFO] [stdout] 
[INFO] [stdout] test result: ok. 0 passed; 0 failed; 0 ignored; 0 measured; 0 filtered out; finished in 0.00s
[INFO] [stdout] 
[INFO] [stderr]      Running unittests src/main.rs (/opt/rustwide/target/debug/deps/todo_list_rust-015c31c428b0b983)
[INFO] [stdout] 
[INFO] [stdout] running 0 tests
[INFO] [stdout] 
[INFO] [stdout] test result: ok. 0 passed; 0 failed; 0 ignored; 0 measured; 0 filtered out; finished in 0.00s
[INFO] [stdout] 
[INFO] [stderr]      Running tests/test_database.rs (/opt/rustwide/target/debug/deps/test_database-a51ee58b24ea88f0)
[INFO] [stdout] 
[INFO] [stdout] running 1 test
[INFO] [stdout] test test_all ... FAILED
[INFO] [stdout] 
[INFO] [stdout] failures:
[INFO] [stdout] 
[INFO] [stdout] ---- test_all stdout ----
[INFO] [stdout] thread 'test_all' panicked at src/database.rs:86:28:
[INFO] [stdout] Cound not create connection: unable to open database file: database/test_data.db
[INFO] [stdout] stack backtrace:
[INFO] [stdout]    0:     0x64ddf8a3b53a - std::backtrace_rs::backtrace::libunwind::trace::h5a5b8284f2d0c266
[INFO] [stdout]                                at /rustc/90b35a6239c3d8bdabc530a6a0816f7ff89a0aaf/library/std/src/../../backtrace/src/backtrace/libunwind.rs:116:5
[INFO] [stdout]    1:     0x64ddf8a3b53a - std::backtrace_rs::backtrace::trace_unsynchronized::h76d4f1c9b0b875e3
[INFO] [stdout]                                at /rustc/90b35a6239c3d8bdabc530a6a0816f7ff89a0aaf/library/std/src/../../backtrace/src/backtrace/mod.rs:66:5
[INFO] [stdout]    2:     0x64ddf8a3b53a - std::sys::backtrace::_print_fmt::hc4546b8364a537c6
[INFO] [stdout]                                at /rustc/90b35a6239c3d8bdabc530a6a0816f7ff89a0aaf/library/std/src/sys/backtrace.rs:66:9
[INFO] [stdout]    3:     0x64ddf8a3b53a - <std::sys::backtrace::BacktraceLock::print::DisplayBacktrace as core::fmt::Display>::fmt::h5b6bd5631a6d1f6b
[INFO] [stdout]                                at /rustc/90b35a6239c3d8bdabc530a6a0816f7ff89a0aaf/library/std/src/sys/backtrace.rs:39:26
[INFO] [stdout]    4:     0x64ddf8a60a43 - core::fmt::rt::Argument::fmt::h270f6602a2b96f62
[INFO] [stdout]                                at /rustc/90b35a6239c3d8bdabc530a6a0816f7ff89a0aaf/library/core/src/fmt/rt.rs:177:76
[INFO] [stdout]    5:     0x64ddf8a60a43 - core::fmt::write::h7550c97b06c86515
[INFO] [stdout]                                at /rustc/90b35a6239c3d8bdabc530a6a0816f7ff89a0aaf/library/core/src/fmt/mod.rs:1186:21
[INFO] [stdout]    6:     0x64ddf8a38703 - std::io::Write::write_fmt::h509ff860e5956e5e
[INFO] [stdout]                                at /rustc/90b35a6239c3d8bdabc530a6a0816f7ff89a0aaf/library/std/src/io/mod.rs:1839:15
[INFO] [stdout]    7:     0x64ddf8a3b382 - std::sys::backtrace::BacktraceLock::print::h2395ccd2c84ba3aa
[INFO] [stdout]                                at /rustc/90b35a6239c3d8bdabc530a6a0816f7ff89a0aaf/library/std/src/sys/backtrace.rs:42:9
[INFO] [stdout]    8:     0x64ddf8a3c99a - std::panicking::default_hook::{{closure}}::he19d4c7230e07961
[INFO] [stdout]                                at /rustc/90b35a6239c3d8bdabc530a6a0816f7ff89a0aaf/library/std/src/panicking.rs:268:22
[INFO] [stdout]    9:     0x64ddf8a3c7a4 - std::panicking::default_hook::hf614597d3c67bbdb
[INFO] [stdout]                                at /rustc/90b35a6239c3d8bdabc530a6a0816f7ff89a0aaf/library/std/src/panicking.rs:292:9
[INFO] [stdout]   10:     0x64ddf89e7249 - <alloc::boxed::Box<F,A> as core::ops::function::Fn<Args>>::call::h39b51ce4599c23d1
[INFO] [stdout]                                at /rustc/90b35a6239c3d8bdabc530a6a0816f7ff89a0aaf/library/alloc/src/boxed.rs:2468:9
[INFO] [stdout]   11:     0x64ddf89e7249 - test::test_main::{{closure}}::he977ae839a582784
[INFO] [stdout]                                at /rustc/90b35a6239c3d8bdabc530a6a0816f7ff89a0aaf/library/test/src/lib.rs:133:21
[INFO] [stdout]   12:     0x64ddf8a3d038 - <alloc::boxed::Box<F,A> as core::ops::function::Fn<Args>>::call::h9455091b6b06f9fb
[INFO] [stdout]                                at /rustc/90b35a6239c3d8bdabc530a6a0816f7ff89a0aaf/library/alloc/src/boxed.rs:2468:9
[INFO] [stdout]   13:     0x64ddf8a3d038 - std::panicking::rust_panic_with_hook::h8942133a8b252070
[INFO] [stdout]                                at /rustc/90b35a6239c3d8bdabc530a6a0816f7ff89a0aaf/library/std/src/panicking.rs:809:13
[INFO] [stdout]   14:     0x64ddf8a3cdfa - std::panicking::begin_panic_handler::{{closure}}::hb5f5963570096b29
[INFO] [stdout]                                at /rustc/90b35a6239c3d8bdabc530a6a0816f7ff89a0aaf/library/std/src/panicking.rs:674:13
[INFO] [stdout]   15:     0x64ddf8a3ba19 - std::sys::backtrace::__rust_end_short_backtrace::h6208cedc1922feda
[INFO] [stdout]                                at /rustc/90b35a6239c3d8bdabc530a6a0816f7ff89a0aaf/library/std/src/sys/backtrace.rs:170:18
[INFO] [stdout]   16:     0x64ddf8a3ca8c - rust_begin_unwind
[INFO] [stdout]                                at /rustc/90b35a6239c3d8bdabc530a6a0816f7ff89a0aaf/library/std/src/panicking.rs:665:5
[INFO] [stdout]   17:     0x64ddf89a9ac0 - core::panicking::panic_fmt::h0c3082644d1bf418
[INFO] [stdout]                                at /rustc/90b35a6239c3d8bdabc530a6a0816f7ff89a0aaf/library/core/src/panicking.rs:74:14
[INFO] [stdout]   18:     0x64ddf89f3afe - todo_list_rust::database::database::TodoDatabase::new::h012b14cfea0164ac
[INFO] [stdout]                                at /opt/rustwide/workdir/src/database.rs:86:28
[INFO] [stdout]   19:     0x64ddf89aec6d - test_database::test_all::hc1054dd0222e8a54
[INFO] [stdout]                                at /opt/rustwide/workdir/tests/test_database.rs:6:19
[INFO] [stdout]   20:     0x64ddf89aec17 - test_database::test_all::{{closure}}::hb6857df062821fbf
[INFO] [stdout]                                at /opt/rustwide/workdir/tests/test_database.rs:5:14
[INFO] [stdout]   21:     0x64ddf89aa9a6 - core::ops::function::FnOnce::call_once::h14780234c789a7bc
[INFO] [stdout]                                at /rustc/90b35a6239c3d8bdabc530a6a0816f7ff89a0aaf/library/core/src/ops/function.rs:250:5
[INFO] [stdout]   22:     0x64ddf89ebc0b - core::ops::function::FnOnce::call_once::h109cf8051a59b34e
[INFO] [stdout]                                at /rustc/90b35a6239c3d8bdabc530a6a0816f7ff89a0aaf/library/core/src/ops/function.rs:250:5
[INFO] [stdout]   23:     0x64ddf89ebc0b - test::__rust_begin_short_backtrace::hf4fff89d377446ba
[INFO] [stdout]                                at /rustc/90b35a6239c3d8bdabc530a6a0816f7ff89a0aaf/library/test/src/lib.rs:621:18
[INFO] [stdout]   24:     0x64ddf89eb447 - test::run_test_in_process::{{closure}}::h0e39181dd7ee5a43
[INFO] [stdout]                                at /rustc/90b35a6239c3d8bdabc530a6a0816f7ff89a0aaf/library/test/src/lib.rs:644:60
[INFO] [stdout]   25:     0x64ddf89eb447 - <core::panic::unwind_safe::AssertUnwindSafe<F> as core::ops::function::FnOnce<()>>::call_once::hc5a66a30f0bdfd1f
[INFO] [stdout]                                at /rustc/90b35a6239c3d8bdabc530a6a0816f7ff89a0aaf/library/core/src/panic/unwind_safe.rs:272:9
[INFO] [stdout]   26:     0x64ddf89eb447 - std::panicking::try::do_call::h873b7cf639554a5e
[INFO] [stdout]                                at /rustc/90b35a6239c3d8bdabc530a6a0816f7ff89a0aaf/library/std/src/panicking.rs:557:40
[INFO] [stdout]   27:     0x64ddf89eb447 - std::panicking::try::hdb19862fad9c8bd1
[INFO] [stdout]                                at /rustc/90b35a6239c3d8bdabc530a6a0816f7ff89a0aaf/library/std/src/panicking.rs:520:19
[INFO] [stdout]   28:     0x64ddf89eb447 - std::panic::catch_unwind::h281fe732d236d260
[INFO] [stdout]                                at /rustc/90b35a6239c3d8bdabc530a6a0816f7ff89a0aaf/library/std/src/panic.rs:358:14
[INFO] [stdout]   29:     0x64ddf89eb447 - test::run_test_in_process::h949b6df8457ed338
[INFO] [stdout]                                at /rustc/90b35a6239c3d8bdabc530a6a0816f7ff89a0aaf/library/test/src/lib.rs:644:27
[INFO] [stdout]   30:     0x64ddf89eb447 - test::run_test::{{closure}}::h52c556a6d4740e10
[INFO] [stdout]                                at /rustc/90b35a6239c3d8bdabc530a6a0816f7ff89a0aaf/library/test/src/lib.rs:565:43
[INFO] [stdout]   31:     0x64ddf89b0724 - test::run_test::{{closure}}::h4237f6381c45ccb9
[INFO] [stdout]                                at /rustc/90b35a6239c3d8bdabc530a6a0816f7ff89a0aaf/library/test/src/lib.rs:595:41
[INFO] [stdout]   32:     0x64ddf89b0724 - std::sys::backtrace::__rust_begin_short_backtrace::h505c97a579eca628
[INFO] [stdout]                                at /rustc/90b35a6239c3d8bdabc530a6a0816f7ff89a0aaf/library/std/src/sys/backtrace.rs:154:18
[INFO] [stdout]   33:     0x64ddf89b3dee - std::thread::Builder::spawn_unchecked_::{{closure}}::{{closure}}::h9e86b2e2bc107ea3
[INFO] [stdout]                                at /rustc/90b35a6239c3d8bdabc530a6a0816f7ff89a0aaf/library/std/src/thread/mod.rs:538:17
[INFO] [stdout]   34:     0x64ddf89b3dee - <core::panic::unwind_safe::AssertUnwindSafe<F> as core::ops::function::FnOnce<()>>::call_once::h8b06ddb275ff4a25
[INFO] [stdout]                                at /rustc/90b35a6239c3d8bdabc530a6a0816f7ff89a0aaf/library/core/src/panic/unwind_safe.rs:272:9
[INFO] [stdout]   35:     0x64ddf89b3dee - std::panicking::try::do_call::hb26ecd7cd9a9355d
[INFO] [stdout]                                at /rustc/90b35a6239c3d8bdabc530a6a0816f7ff89a0aaf/library/std/src/panicking.rs:557:40
[INFO] [stdout]   36:     0x64ddf89b3dee - std::panicking::try::h8ddeca9d705f9069
[INFO] [stdout]                                at /rustc/90b35a6239c3d8bdabc530a6a0816f7ff89a0aaf/library/std/src/panicking.rs:520:19
[INFO] [stdout]   37:     0x64ddf89b3dee - std::panic::catch_unwind::h49e1c33078844c46
[INFO] [stdout]                                at /rustc/90b35a6239c3d8bdabc530a6a0816f7ff89a0aaf/library/std/src/panic.rs:358:14
[INFO] [stdout]   38:     0x64ddf89b3dee - std::thread::Builder::spawn_unchecked_::{{closure}}::h6073db6ff56ad35d
[INFO] [stdout]                                at /rustc/90b35a6239c3d8bdabc530a6a0816f7ff89a0aaf/library/std/src/thread/mod.rs:537:30
[INFO] [stdout]   39:     0x64ddf89b3dee - core::ops::function::FnOnce::call_once{{vtable.shim}}::h2c5a5f3779c774f1
[INFO] [stdout]                                at /rustc/90b35a6239c3d8bdabc530a6a0816f7ff89a0aaf/library/core/src/ops/function.rs:250:5
[INFO] [stdout]   40:     0x64ddf8a40d8b - <alloc::boxed::Box<F,A> as core::ops::function::FnOnce<Args>>::call_once::hf75717d9f28faebf
[INFO] [stdout]                                at /rustc/90b35a6239c3d8bdabc530a6a0816f7ff89a0aaf/library/alloc/src/boxed.rs:2454:9
[INFO] [stdout]   41:     0x64ddf8a40d8b - <alloc::boxed::Box<F,A> as core::ops::function::FnOnce<Args>>::call_once::h7bd883a5f3c5f3c1
[INFO] [stdout]                                at /rustc/90b35a6239c3d8bdabc530a6a0816f7ff89a0aaf/library/alloc/src/boxed.rs:2454:9
[INFO] [stdout]   42:     0x64ddf8a40d8b - std::sys::pal::unix::thread::Thread::new::thread_start::hcc78f3943333fa94
[INFO] [stdout]                                at /rustc/90b35a6239c3d8bdabc530a6a0816f7ff89a0aaf/library/std/src/sys/pal/unix/thread.rs:105:17
[INFO] [stdout]   43:     0x7eeed7482ac3 - <unknown>
[INFO] [stdout]   44:     0x7eeed7513a04 - clone
[INFO] [stdout]   45:                0x0 - <unknown>
[INFO] [stdout] 
[INFO] [stdout] 
[INFO] [stdout] failures:
[INFO] [stdout]     test_all
[INFO] [stdout] 
[INFO] [stdout] test result: FAILED. 0 passed; 1 failed; 0 ignored; 0 measured; 0 filtered out; finished in 0.05s
[INFO] [stdout] 
[INFO] [stderr] error: test failed, to rerun pass `--test test_database`
[INFO] running `Command { std: "docker" "inspect" "75afc98e0b057e0fdd83ebcff84844291bbb86db39de3dbf74c89d1155f04015", kill_on_drop: false }`
[INFO] running `Command { std: "docker" "rm" "-f" "75afc98e0b057e0fdd83ebcff84844291bbb86db39de3dbf74c89d1155f04015", kill_on_drop: false }`
[INFO] [stdout] 75afc98e0b057e0fdd83ebcff84844291bbb86db39de3dbf74c89d1155f04015
