[INFO] cloning repository https://github.com/z-yn/lite-jvm-rust
[INFO] running `Command { std: "git" "-c" "credential.helper=" "-c" "credential.helper=/workspace/cargo-home/bin/git-credential-null" "clone" "--bare" "https://github.com/z-yn/lite-jvm-rust" "/workspace/cache/git-repos/https%3A%2F%2Fgithub.com%2Fz-yn%2Flite-jvm-rust", kill_on_drop: false }`
[INFO] [stderr] Cloning into bare repository '/workspace/cache/git-repos/https%3A%2F%2Fgithub.com%2Fz-yn%2Flite-jvm-rust'...
[INFO] running `Command { std: "git" "rev-parse" "HEAD", kill_on_drop: false }`
[INFO] [stdout] d0e455a5d1784da4a66961ad9c2fec7551d9528b
[INFO] testing z-yn/lite-jvm-rust against 1.83.0 for beta-1.84.0-4-retry
[INFO] running `Command { std: "git" "clone" "/workspace/cache/git-repos/https%3A%2F%2Fgithub.com%2Fz-yn%2Flite-jvm-rust" "/workspace/builds/worker-7-tc1/source", kill_on_drop: false }`
[INFO] [stderr] Cloning into '/workspace/builds/worker-7-tc1/source'...
[INFO] [stderr] done.
[INFO] validating manifest of git repo https://github.com/z-yn/lite-jvm-rust on toolchain 1.83.0
[INFO] running `Command { std: CARGO_HOME="/workspace/cargo-home" RUSTUP_HOME="/workspace/rustup-home" "/workspace/cargo-home/bin/cargo" "+1.83.0" "metadata" "--manifest-path" "Cargo.toml" "--no-deps", kill_on_drop: false }`
[INFO] started tweaking git repo https://github.com/z-yn/lite-jvm-rust
[INFO] finished tweaking git repo https://github.com/z-yn/lite-jvm-rust
[INFO] tweaked toml for git repo https://github.com/z-yn/lite-jvm-rust written to /workspace/builds/worker-7-tc1/source/Cargo.toml
[INFO] crate git repo https://github.com/z-yn/lite-jvm-rust already has a lockfile, it will not be regenerated
[INFO] running `Command { std: CARGO_HOME="/workspace/cargo-home" RUSTUP_HOME="/workspace/rustup-home" "/workspace/cargo-home/bin/cargo" "+1.83.0" "fetch" "--manifest-path" "Cargo.toml", kill_on_drop: false }`
[INFO] [stderr]  Downloading crates ...
[INFO] [stderr]   Downloaded bitfield-struct v0.5.4
[INFO] running `Command { std: "docker" "create" "-v" "/var/lib/crater-agent-workspace/builds/worker-7-tc1/target:/opt/rustwide/target:rw,Z" "-v" "/var/lib/crater-agent-workspace/builds/worker-7-tc1/source:/opt/rustwide/workdir:ro,Z" "-v" "/var/lib/crater-agent-workspace/cargo-home:/opt/rustwide/cargo-home:ro,Z" "-v" "/var/lib/crater-agent-workspace/rustup-home:/opt/rustwide/rustup-home:ro,Z" "-e" "SOURCE_DIR=/opt/rustwide/workdir" "-e" "CARGO_TARGET_DIR=/opt/rustwide/target" "-e" "CARGO_HOME=/opt/rustwide/cargo-home" "-e" "RUSTUP_HOME=/opt/rustwide/rustup-home" "-w" "/opt/rustwide/workdir" "-m" "1610612736" "--user" "0:0" "--network" "none" "ghcr.io/rust-lang/crates-build-env/linux@sha256:f3a9d4ad9d972b27faf3965f35b62e55ba32bbce8f20bc8fe909558a86702fde" "/opt/rustwide/cargo-home/bin/cargo" "+1.83.0" "metadata" "--no-deps" "--format-version=1", kill_on_drop: false }`
[INFO] [stdout] 3fb119312c94ab2aa32accd55dd57cb9027e88aff409a85c17bf1fc02f69ba1b
[INFO] running `Command { std: "docker" "start" "-a" "3fb119312c94ab2aa32accd55dd57cb9027e88aff409a85c17bf1fc02f69ba1b", kill_on_drop: false }`
[INFO] running `Command { std: "docker" "inspect" "3fb119312c94ab2aa32accd55dd57cb9027e88aff409a85c17bf1fc02f69ba1b", kill_on_drop: false }`
[INFO] running `Command { std: "docker" "rm" "-f" "3fb119312c94ab2aa32accd55dd57cb9027e88aff409a85c17bf1fc02f69ba1b", kill_on_drop: false }`
[INFO] [stdout] 3fb119312c94ab2aa32accd55dd57cb9027e88aff409a85c17bf1fc02f69ba1b
[INFO] running `Command { std: "docker" "create" "-v" "/var/lib/crater-agent-workspace/builds/worker-7-tc1/target:/opt/rustwide/target:rw,Z" "-v" "/var/lib/crater-agent-workspace/builds/worker-7-tc1/source:/opt/rustwide/workdir:ro,Z" "-v" "/var/lib/crater-agent-workspace/cargo-home:/opt/rustwide/cargo-home:ro,Z" "-v" "/var/lib/crater-agent-workspace/rustup-home:/opt/rustwide/rustup-home:ro,Z" "-e" "SOURCE_DIR=/opt/rustwide/workdir" "-e" "CARGO_TARGET_DIR=/opt/rustwide/target" "-e" "CARGO_INCREMENTAL=0" "-e" "RUST_BACKTRACE=full" "-e" "RUSTFLAGS=--cap-lints=warn" "-e" "RUSTDOCFLAGS=--cap-lints=warn" "-e" "CARGO_HOME=/opt/rustwide/cargo-home" "-e" "RUSTUP_HOME=/opt/rustwide/rustup-home" "-w" "/opt/rustwide/workdir" "-m" "1610612736" "--user" "0:0" "--network" "none" "ghcr.io/rust-lang/crates-build-env/linux@sha256:f3a9d4ad9d972b27faf3965f35b62e55ba32bbce8f20bc8fe909558a86702fde" "/opt/rustwide/cargo-home/bin/cargo" "+1.83.0" "build" "--frozen" "--message-format=json", kill_on_drop: false }`
[INFO] [stdout] 9ab7934f0af8bc8e3b8408e045985c340ddedbb3c96c2404d507aa91987614b0
[INFO] running `Command { std: "docker" "start" "-a" "9ab7934f0af8bc8e3b8408e045985c340ddedbb3c96c2404d507aa91987614b0", kill_on_drop: false }`
[INFO] [stderr]    Compiling libc v0.2.149
[INFO] [stderr]    Compiling version_check v0.9.4
[INFO] [stderr]    Compiling typenum v1.17.0
[INFO] [stderr]    Compiling pkg-config v0.3.27
[INFO] [stderr]    Compiling proc-macro2 v1.0.69
[INFO] [stderr]    Compiling unicode-ident v1.0.12
[INFO] [stderr]    Compiling subtle v2.5.0
[INFO] [stderr]    Compiling cfg-if v1.0.0
[INFO] [stderr]    Compiling cpufeatures v0.2.9
[INFO] [stderr]    Compiling memchr v2.6.4
[INFO] [stderr]    Compiling rustversion v1.0.14
[INFO] [stderr]    Compiling zstd-safe v5.0.2+zstd.1.5.2
[INFO] [stderr]    Compiling rustix v0.38.21
[INFO] [stderr]    Compiling generic-array v0.14.7
[INFO] [stderr]    Compiling crc32fast v1.3.2
[INFO] [stderr]    Compiling bitflags v2.4.1
[INFO] [stderr]    Compiling aho-corasick v1.1.2
[INFO] [stderr]    Compiling rand_core v0.6.4
[INFO] [stderr]    Compiling regex-syntax v0.8.2
[INFO] [stderr]    Compiling linux-raw-sys v0.4.11
[INFO] [stderr]    Compiling powerfmt v0.2.0
[INFO] [stderr]    Compiling jobserver v0.1.27
[INFO] [stderr]    Compiling quote v1.0.33
[INFO] [stderr]    Compiling base64ct v1.6.0
[INFO] [stderr]    Compiling adler v1.0.2
[INFO] [stderr]    Compiling cc v1.0.83
[INFO] [stderr]    Compiling syn v2.0.38
[INFO] [stderr]    Compiling miniz_oxide v0.7.1
[INFO] [stderr]    Compiling password-hash v0.4.2
[INFO] [stderr]    Compiling regex-automata v0.4.3
[INFO] [stderr]    Compiling deranged v0.3.9
[INFO] [stderr]    Compiling crypto-common v0.1.6
[INFO] [stderr]    Compiling block-buffer v0.10.4
[INFO] [stderr]    Compiling inout v0.1.3
[INFO] [stderr]    Compiling digest v0.10.7
[INFO] [stderr]    Compiling cipher v0.4.4
[INFO] [stderr]    Compiling zstd-sys v2.0.9+zstd.1.5.5
[INFO] [stderr]    Compiling bzip2-sys v0.1.11+1.0.8
[INFO] [stderr]    Compiling sha2 v0.10.8
[INFO] [stderr]    Compiling hmac v0.12.1
[INFO] [stderr]    Compiling log v0.4.20
[INFO] [stderr]    Compiling time-core v0.1.2
[INFO] [stderr]    Compiling thiserror v1.0.50
[INFO] [stderr]    Compiling heck v0.4.1
[INFO] [stderr]    Compiling time v0.3.30
[INFO] [stderr]    Compiling flate2 v1.0.28
[INFO] [stderr]    Compiling pbkdf2 v0.11.0
[INFO] [stderr]    Compiling aes v0.8.3
[INFO] [stderr]    Compiling sha1 v0.10.6
[INFO] [stderr]    Compiling is-terminal v0.4.9
[INFO] [stderr]    Compiling hashbrown v0.14.2
[INFO] [stderr]    Compiling byteorder v1.5.0
[INFO] [stderr]    Compiling constant_time_eq v0.1.5
[INFO] [stderr]    Compiling termcolor v1.3.0
[INFO] [stderr]    Compiling cesu8 v1.1.0
[INFO] [stderr]    Compiling humantime v2.1.0
[INFO] [stderr]    Compiling equivalent v1.0.1
[INFO] [stderr]    Compiling typed-arena v2.0.2
[INFO] [stderr]    Compiling lite_jvm_cli v0.1.0 (/opt/rustwide/workdir/lite_jvm_cli)
[INFO] [stderr]    Compiling regex v1.10.2
[INFO] [stderr]    Compiling indexmap v2.0.2
[INFO] [stderr]    Compiling bzip2 v0.4.4
[INFO] [stderr]    Compiling env_logger v0.10.0
[INFO] [stderr]    Compiling thiserror-impl v1.0.50
[INFO] [stderr]    Compiling strum_macros v0.25.3
[INFO] [stderr]    Compiling bitfield-struct v0.5.4
[INFO] [stderr]    Compiling class_file_reader v0.1.0 (/opt/rustwide/workdir/class_file_reader)
[INFO] [stderr]    Compiling zstd v0.11.2+zstd.1.5.2
[INFO] [stderr]    Compiling zip v0.6.6
[INFO] [stderr]    Compiling lite_jvm v0.1.0 (/opt/rustwide/workdir/lite_jvm)
[INFO] [stdout] warning: unused variable: `method_name`
[INFO] [stdout]     --> lite_jvm/src/stack_frame.rs:1351:13
[INFO] [stdout]      |
[INFO] [stdout] 1351 |             method_name,
[INFO] [stdout]      |             ^^^^^^^^^^^ help: if this is intentional, prefix it with an underscore: `_method_name`
[INFO] [stdout]      |
[INFO] [stdout]      = note: `#[warn(unused_variables)]` on by default
[INFO] [stdout] 
[INFO] [stdout] 
[INFO] [stdout] warning: unused variable: `method_descriptor`
[INFO] [stdout]     --> lite_jvm/src/stack_frame.rs:1352:13
[INFO] [stdout]      |
[INFO] [stdout] 1352 |             method_descriptor,
[INFO] [stdout]      |             ^^^^^^^^^^^^^^^^^ help: if this is intentional, prefix it with an underscore: `_method_descriptor`
[INFO] [stdout] 
[INFO] [stdout] 
[INFO] [stdout] warning: unused variable: `callsite`
[INFO] [stdout]     --> lite_jvm/src/stack_frame.rs:1362:35
[INFO] [stdout]      |
[INFO] [stdout] 1362 |             if let Some(ObjectRef(callsite)) = vm.invoke_method(
[INFO] [stdout]      |                                   ^^^^^^^^ help: if this is intentional, prefix it with an underscore: `_callsite`
[INFO] [stdout] 
[INFO] [stdout] 
[INFO] [stdout] warning: unused variable: `call_stack`
[INFO] [stdout]   --> lite_jvm/src/virtual_machine.rs:92:9
[INFO] [stdout]    |
[INFO] [stdout] 92 |         call_stack: &mut CallStack<'a>,
[INFO] [stdout]    |         ^^^^^^^^^^ help: if this is intentional, prefix it with an underscore: `_call_stack`
[INFO] [stdout] 
[INFO] [stdout] 
[INFO] [stdout] warning: unused variable: `class_name`
[INFO] [stdout]   --> lite_jvm/src/virtual_machine.rs:93:9
[INFO] [stdout]    |
[INFO] [stdout] 93 |         class_name: &str,
[INFO] [stdout]    |         ^^^^^^^^^^ help: if this is intentional, prefix it with an underscore: `_class_name`
[INFO] [stdout] 
[INFO] [stdout] 
[INFO] [stdout] warning: unused variable: `method_name`
[INFO] [stdout]   --> lite_jvm/src/virtual_machine.rs:94:9
[INFO] [stdout]    |
[INFO] [stdout] 94 |         method_name: &str,
[INFO] [stdout]    |         ^^^^^^^^^^^ help: if this is intentional, prefix it with an underscore: `_method_name`
[INFO] [stdout] 
[INFO] [stdout] 
[INFO] [stdout] warning: unused variable: `method_descriptor`
[INFO] [stdout]   --> lite_jvm/src/virtual_machine.rs:95:9
[INFO] [stdout]    |
[INFO] [stdout] 95 |         method_descriptor: &str,
[INFO] [stdout]    |         ^^^^^^^^^^^^^^^^^ help: if this is intentional, prefix it with an underscore: `_method_descriptor`
[INFO] [stdout] 
[INFO] [stdout] 
[INFO] [stdout] warning: unused variable: `call_stack`
[INFO] [stdout]    --> lite_jvm/src/virtual_machine.rs:102:9
[INFO] [stdout]     |
[INFO] [stdout] 102 |         call_stack: &mut CallStack<'a>,
[INFO] [stdout]     |         ^^^^^^^^^^ help: if this is intentional, prefix it with an underscore: `_call_stack`
[INFO] [stdout] 
[INFO] [stdout] 
[INFO] [stdout] warning: unused variable: `kind`
[INFO] [stdout]    --> lite_jvm/src/virtual_machine.rs:103:9
[INFO] [stdout]     |
[INFO] [stdout] 103 |         kind: &MethodHandlerKind,
[INFO] [stdout]     |         ^^^^ help: if this is intentional, prefix it with an underscore: `_kind`
[INFO] [stdout] 
[INFO] [stdout] 
[INFO] [stdout] warning: unused variable: `class_name`
[INFO] [stdout]    --> lite_jvm/src/virtual_machine.rs:104:9
[INFO] [stdout]     |
[INFO] [stdout] 104 |         class_name: &str,
[INFO] [stdout]     |         ^^^^^^^^^^ help: if this is intentional, prefix it with an underscore: `_class_name`
[INFO] [stdout] 
[INFO] [stdout] 
[INFO] [stdout] warning: unused variable: `method_name`
[INFO] [stdout]    --> lite_jvm/src/virtual_machine.rs:105:9
[INFO] [stdout]     |
[INFO] [stdout] 105 |         method_name: &str,
[INFO] [stdout]     |         ^^^^^^^^^^^ help: if this is intentional, prefix it with an underscore: `_method_name`
[INFO] [stdout] 
[INFO] [stdout] 
[INFO] [stdout] warning: unused variable: `method_descriptor`
[INFO] [stdout]    --> lite_jvm/src/virtual_machine.rs:106:9
[INFO] [stdout]     |
[INFO] [stdout] 106 |         method_descriptor: &str,
[INFO] [stdout]     |         ^^^^^^^^^^^^^^^^^ help: if this is intentional, prefix it with an underscore: `_method_descriptor`
[INFO] [stdout] 
[INFO] [stdout] 
[INFO] [stderr]     Finished `dev` profile [unoptimized + debuginfo] target(s) in 59.54s
[INFO] running `Command { std: "docker" "inspect" "9ab7934f0af8bc8e3b8408e045985c340ddedbb3c96c2404d507aa91987614b0", kill_on_drop: false }`
[INFO] running `Command { std: "docker" "rm" "-f" "9ab7934f0af8bc8e3b8408e045985c340ddedbb3c96c2404d507aa91987614b0", kill_on_drop: false }`
[INFO] [stdout] 9ab7934f0af8bc8e3b8408e045985c340ddedbb3c96c2404d507aa91987614b0
[INFO] running `Command { std: "docker" "create" "-v" "/var/lib/crater-agent-workspace/builds/worker-7-tc1/target:/opt/rustwide/target:rw,Z" "-v" "/var/lib/crater-agent-workspace/builds/worker-7-tc1/source:/opt/rustwide/workdir:ro,Z" "-v" "/var/lib/crater-agent-workspace/cargo-home:/opt/rustwide/cargo-home:ro,Z" "-v" "/var/lib/crater-agent-workspace/rustup-home:/opt/rustwide/rustup-home:ro,Z" "-e" "SOURCE_DIR=/opt/rustwide/workdir" "-e" "CARGO_TARGET_DIR=/opt/rustwide/target" "-e" "CARGO_INCREMENTAL=0" "-e" "RUST_BACKTRACE=full" "-e" "RUSTFLAGS=--cap-lints=warn" "-e" "RUSTDOCFLAGS=--cap-lints=warn" "-e" "CARGO_HOME=/opt/rustwide/cargo-home" "-e" "RUSTUP_HOME=/opt/rustwide/rustup-home" "-w" "/opt/rustwide/workdir" "-m" "1610612736" "--user" "0:0" "--network" "none" "ghcr.io/rust-lang/crates-build-env/linux@sha256:f3a9d4ad9d972b27faf3965f35b62e55ba32bbce8f20bc8fe909558a86702fde" "/opt/rustwide/cargo-home/bin/cargo" "+1.83.0" "test" "--frozen" "--no-run" "--message-format=json", kill_on_drop: false }`
[INFO] [stdout] 45edd46cc537683db7f3971676d90e1e782931278c98fa5372923352f1904967
[INFO] running `Command { std: "docker" "start" "-a" "45edd46cc537683db7f3971676d90e1e782931278c98fa5372923352f1904967", kill_on_drop: false }`
[INFO] [stderr]    Compiling class_file_reader v0.1.0 (/opt/rustwide/workdir/class_file_reader)
[INFO] [stderr]    Compiling lite_jvm_cli v0.1.0 (/opt/rustwide/workdir/lite_jvm_cli)
[INFO] [stdout] warning: unused variable: `method_name`
[INFO] [stdout]     --> lite_jvm/src/stack_frame.rs:1351:13
[INFO] [stdout]      |
[INFO] [stdout] 1351 |             method_name,
[INFO] [stdout]      |             ^^^^^^^^^^^ help: if this is intentional, prefix it with an underscore: `_method_name`
[INFO] [stdout]      |
[INFO] [stdout]      = note: `#[warn(unused_variables)]` on by default
[INFO] [stdout] 
[INFO] [stdout] 
[INFO] [stdout] warning: unused variable: `method_descriptor`
[INFO] [stdout]     --> lite_jvm/src/stack_frame.rs:1352:13
[INFO] [stdout]      |
[INFO] [stdout] 1352 |             method_descriptor,
[INFO] [stdout]      |             ^^^^^^^^^^^^^^^^^ help: if this is intentional, prefix it with an underscore: `_method_descriptor`
[INFO] [stdout] 
[INFO] [stdout] 
[INFO] [stdout] warning: unused variable: `callsite`
[INFO] [stdout]     --> lite_jvm/src/stack_frame.rs:1362:35
[INFO] [stdout]      |
[INFO] [stdout] 1362 |             if let Some(ObjectRef(callsite)) = vm.invoke_method(
[INFO] [stdout]      |                                   ^^^^^^^^ help: if this is intentional, prefix it with an underscore: `_callsite`
[INFO] [stdout] 
[INFO] [stdout] 
[INFO] [stdout] warning: unused variable: `call_stack`
[INFO] [stdout]   --> lite_jvm/src/virtual_machine.rs:92:9
[INFO] [stdout]    |
[INFO] [stdout] 92 |         call_stack: &mut CallStack<'a>,
[INFO] [stdout]    |         ^^^^^^^^^^ help: if this is intentional, prefix it with an underscore: `_call_stack`
[INFO] [stdout] 
[INFO] [stdout] 
[INFO] [stdout] warning: unused variable: `class_name`
[INFO] [stdout]   --> lite_jvm/src/virtual_machine.rs:93:9
[INFO] [stdout]    |
[INFO] [stdout] 93 |         class_name: &str,
[INFO] [stdout]    |         ^^^^^^^^^^ help: if this is intentional, prefix it with an underscore: `_class_name`
[INFO] [stdout] 
[INFO] [stdout] 
[INFO] [stdout] warning: unused variable: `method_name`
[INFO] [stdout]   --> lite_jvm/src/virtual_machine.rs:94:9
[INFO] [stdout]    |
[INFO] [stdout] 94 |         method_name: &str,
[INFO] [stdout]    |         ^^^^^^^^^^^ help: if this is intentional, prefix it with an underscore: `_method_name`
[INFO] [stdout] 
[INFO] [stdout] 
[INFO] [stdout] warning: unused variable: `method_descriptor`
[INFO] [stdout]   --> lite_jvm/src/virtual_machine.rs:95:9
[INFO] [stdout]    |
[INFO] [stdout] 95 |         method_descriptor: &str,
[INFO] [stdout]    |         ^^^^^^^^^^^^^^^^^ help: if this is intentional, prefix it with an underscore: `_method_descriptor`
[INFO] [stdout] 
[INFO] [stdout] 
[INFO] [stdout] warning: unused variable: `call_stack`
[INFO] [stdout]    --> lite_jvm/src/virtual_machine.rs:102:9
[INFO] [stdout]     |
[INFO] [stdout] 102 |         call_stack: &mut CallStack<'a>,
[INFO] [stdout]     |         ^^^^^^^^^^ help: if this is intentional, prefix it with an underscore: `_call_stack`
[INFO] [stdout] 
[INFO] [stdout] 
[INFO] [stdout] warning: unused variable: `kind`
[INFO] [stdout]    --> lite_jvm/src/virtual_machine.rs:103:9
[INFO] [stdout]     |
[INFO] [stdout] 103 |         kind: &MethodHandlerKind,
[INFO] [stdout]     |         ^^^^ help: if this is intentional, prefix it with an underscore: `_kind`
[INFO] [stdout] 
[INFO] [stdout] 
[INFO] [stdout] warning: unused variable: `class_name`
[INFO] [stdout]    --> lite_jvm/src/virtual_machine.rs:104:9
[INFO] [stdout]     |
[INFO] [stdout] 104 |         class_name: &str,
[INFO] [stdout]     |         ^^^^^^^^^^ help: if this is intentional, prefix it with an underscore: `_class_name`
[INFO] [stdout] 
[INFO] [stdout] 
[INFO] [stdout] warning: unused variable: `method_name`
[INFO] [stdout]    --> lite_jvm/src/virtual_machine.rs:105:9
[INFO] [stdout]     |
[INFO] [stdout] 105 |         method_name: &str,
[INFO] [stdout]     |         ^^^^^^^^^^^ help: if this is intentional, prefix it with an underscore: `_method_name`
[INFO] [stdout] 
[INFO] [stdout] 
[INFO] [stdout] warning: unused variable: `method_descriptor`
[INFO] [stdout]    --> lite_jvm/src/virtual_machine.rs:106:9
[INFO] [stdout]     |
[INFO] [stdout] 106 |         method_descriptor: &str,
[INFO] [stdout]     |         ^^^^^^^^^^^^^^^^^ help: if this is intentional, prefix it with an underscore: `_method_descriptor`
[INFO] [stdout] 
[INFO] [stdout] 
[INFO] [stderr]    Compiling lite_jvm v0.1.0 (/opt/rustwide/workdir/lite_jvm)
[INFO] [stdout] warning: unused variable: `method_name`
[INFO] [stdout]     --> lite_jvm/src/stack_frame.rs:1351:13
[INFO] [stdout]      |
[INFO] [stdout] 1351 |             method_name,
[INFO] [stdout]      |             ^^^^^^^^^^^ help: if this is intentional, prefix it with an underscore: `_method_name`
[INFO] [stdout]      |
[INFO] [stdout]      = note: `#[warn(unused_variables)]` on by default
[INFO] [stdout] 
[INFO] [stdout] 
[INFO] [stdout] warning: unused variable: `method_descriptor`
[INFO] [stdout]     --> lite_jvm/src/stack_frame.rs:1352:13
[INFO] [stdout]      |
[INFO] [stdout] 1352 |             method_descriptor,
[INFO] [stdout]      |             ^^^^^^^^^^^^^^^^^ help: if this is intentional, prefix it with an underscore: `_method_descriptor`
[INFO] [stdout] 
[INFO] [stdout] 
[INFO] [stdout] warning: unused variable: `callsite`
[INFO] [stdout]     --> lite_jvm/src/stack_frame.rs:1362:35
[INFO] [stdout]      |
[INFO] [stdout] 1362 |             if let Some(ObjectRef(callsite)) = vm.invoke_method(
[INFO] [stdout]      |                                   ^^^^^^^^ help: if this is intentional, prefix it with an underscore: `_callsite`
[INFO] [stdout] 
[INFO] [stdout] 
[INFO] [stdout] warning: unused variable: `call_stack`
[INFO] [stdout]   --> lite_jvm/src/virtual_machine.rs:92:9
[INFO] [stdout]    |
[INFO] [stdout] 92 |         call_stack: &mut CallStack<'a>,
[INFO] [stdout]    |         ^^^^^^^^^^ help: if this is intentional, prefix it with an underscore: `_call_stack`
[INFO] [stdout] 
[INFO] [stdout] 
[INFO] [stdout] warning: unused variable: `class_name`
[INFO] [stdout]   --> lite_jvm/src/virtual_machine.rs:93:9
[INFO] [stdout]    |
[INFO] [stdout] 93 |         class_name: &str,
[INFO] [stdout]    |         ^^^^^^^^^^ help: if this is intentional, prefix it with an underscore: `_class_name`
[INFO] [stdout] 
[INFO] [stdout] 
[INFO] [stdout] warning: unused variable: `method_name`
[INFO] [stdout]   --> lite_jvm/src/virtual_machine.rs:94:9
[INFO] [stdout]    |
[INFO] [stdout] 94 |         method_name: &str,
[INFO] [stdout]    |         ^^^^^^^^^^^ help: if this is intentional, prefix it with an underscore: `_method_name`
[INFO] [stdout] 
[INFO] [stdout] 
[INFO] [stdout] warning: unused variable: `method_descriptor`
[INFO] [stdout]   --> lite_jvm/src/virtual_machine.rs:95:9
[INFO] [stdout]    |
[INFO] [stdout] 95 |         method_descriptor: &str,
[INFO] [stdout]    |         ^^^^^^^^^^^^^^^^^ help: if this is intentional, prefix it with an underscore: `_method_descriptor`
[INFO] [stdout] 
[INFO] [stdout] 
[INFO] [stdout] warning: unused variable: `call_stack`
[INFO] [stdout]    --> lite_jvm/src/virtual_machine.rs:102:9
[INFO] [stdout]     |
[INFO] [stdout] 102 |         call_stack: &mut CallStack<'a>,
[INFO] [stdout]     |         ^^^^^^^^^^ help: if this is intentional, prefix it with an underscore: `_call_stack`
[INFO] [stdout] 
[INFO] [stdout] 
[INFO] [stdout] warning: unused variable: `kind`
[INFO] [stdout]    --> lite_jvm/src/virtual_machine.rs:103:9
[INFO] [stdout]     |
[INFO] [stdout] 103 |         kind: &MethodHandlerKind,
[INFO] [stdout]     |         ^^^^ help: if this is intentional, prefix it with an underscore: `_kind`
[INFO] [stdout] 
[INFO] [stdout] 
[INFO] [stdout] warning: unused variable: `class_name`
[INFO] [stdout]    --> lite_jvm/src/virtual_machine.rs:104:9
[INFO] [stdout]     |
[INFO] [stdout] 104 |         class_name: &str,
[INFO] [stdout]     |         ^^^^^^^^^^ help: if this is intentional, prefix it with an underscore: `_class_name`
[INFO] [stdout] 
[INFO] [stdout] 
[INFO] [stdout] warning: unused variable: `method_name`
[INFO] [stdout]    --> lite_jvm/src/virtual_machine.rs:105:9
[INFO] [stdout]     |
[INFO] [stdout] 105 |         method_name: &str,
[INFO] [stdout]     |         ^^^^^^^^^^^ help: if this is intentional, prefix it with an underscore: `_method_name`
[INFO] [stdout] 
[INFO] [stdout] 
[INFO] [stdout] warning: unused variable: `method_descriptor`
[INFO] [stdout]    --> lite_jvm/src/virtual_machine.rs:106:9
[INFO] [stdout]     |
[INFO] [stdout] 106 |         method_descriptor: &str,
[INFO] [stdout]     |         ^^^^^^^^^^^^^^^^^ help: if this is intentional, prefix it with an underscore: `_method_descriptor`
[INFO] [stdout] 
[INFO] [stdout] 
[INFO] [stderr]     Finished `test` profile [unoptimized + debuginfo] target(s) in 6.01s
[INFO] running `Command { std: "docker" "inspect" "45edd46cc537683db7f3971676d90e1e782931278c98fa5372923352f1904967", kill_on_drop: false }`
[INFO] running `Command { std: "docker" "rm" "-f" "45edd46cc537683db7f3971676d90e1e782931278c98fa5372923352f1904967", kill_on_drop: false }`
[INFO] [stdout] 45edd46cc537683db7f3971676d90e1e782931278c98fa5372923352f1904967
[INFO] running `Command { std: "docker" "create" "-v" "/var/lib/crater-agent-workspace/builds/worker-7-tc1/target:/opt/rustwide/target:rw,Z" "-v" "/var/lib/crater-agent-workspace/builds/worker-7-tc1/source:/opt/rustwide/workdir:ro,Z" "-v" "/var/lib/crater-agent-workspace/cargo-home:/opt/rustwide/cargo-home:ro,Z" "-v" "/var/lib/crater-agent-workspace/rustup-home:/opt/rustwide/rustup-home:ro,Z" "-e" "SOURCE_DIR=/opt/rustwide/workdir" "-e" "CARGO_TARGET_DIR=/opt/rustwide/target" "-e" "CARGO_INCREMENTAL=0" "-e" "RUST_BACKTRACE=full" "-e" "RUSTFLAGS=--cap-lints=warn" "-e" "RUSTDOCFLAGS=--cap-lints=warn" "-e" "CARGO_HOME=/opt/rustwide/cargo-home" "-e" "RUSTUP_HOME=/opt/rustwide/rustup-home" "-w" "/opt/rustwide/workdir" "-m" "1610612736" "--user" "0:0" "--network" "none" "ghcr.io/rust-lang/crates-build-env/linux@sha256:f3a9d4ad9d972b27faf3965f35b62e55ba32bbce8f20bc8fe909558a86702fde" "/opt/rustwide/cargo-home/bin/cargo" "+1.83.0" "test" "--frozen", kill_on_drop: false }`
[INFO] [stdout] 20d7adcce06b27a8163c120755fe06b7e658f1c64eef51d65d92f4cc82361b69
[INFO] running `Command { std: "docker" "start" "-a" "20d7adcce06b27a8163c120755fe06b7e658f1c64eef51d65d92f4cc82361b69", kill_on_drop: false }`
[INFO] [stderr] warning: unused variable: `method_name`
[INFO] [stderr]     --> lite_jvm/src/stack_frame.rs:1351:13
[INFO] [stderr]      |
[INFO] [stderr] 1351 |             method_name,
[INFO] [stderr]      |             ^^^^^^^^^^^ help: if this is intentional, prefix it with an underscore: `_method_name`
[INFO] [stderr]      |
[INFO] [stderr]      = note: `#[warn(unused_variables)]` on by default
[INFO] [stderr] 
[INFO] [stderr] warning: unused variable: `method_descriptor`
[INFO] [stderr]     --> lite_jvm/src/stack_frame.rs:1352:13
[INFO] [stderr]      |
[INFO] [stderr] 1352 |             method_descriptor,
[INFO] [stderr]      |             ^^^^^^^^^^^^^^^^^ help: if this is intentional, prefix it with an underscore: `_method_descriptor`
[INFO] [stderr] 
[INFO] [stderr] warning: unused variable: `callsite`
[INFO] [stderr]     --> lite_jvm/src/stack_frame.rs:1362:35
[INFO] [stderr]      |
[INFO] [stderr] 1362 |             if let Some(ObjectRef(callsite)) = vm.invoke_method(
[INFO] [stderr]      |                                   ^^^^^^^^ help: if this is intentional, prefix it with an underscore: `_callsite`
[INFO] [stderr] 
[INFO] [stderr] warning: unused variable: `call_stack`
[INFO] [stderr]   --> lite_jvm/src/virtual_machine.rs:92:9
[INFO] [stderr]    |
[INFO] [stderr] 92 |         call_stack: &mut CallStack<'a>,
[INFO] [stderr]    |         ^^^^^^^^^^ help: if this is intentional, prefix it with an underscore: `_call_stack`
[INFO] [stderr] 
[INFO] [stderr] warning: unused variable: `class_name`
[INFO] [stderr]   --> lite_jvm/src/virtual_machine.rs:93:9
[INFO] [stderr]    |
[INFO] [stderr] 93 |         class_name: &str,
[INFO] [stderr]    |         ^^^^^^^^^^ help: if this is intentional, prefix it with an underscore: `_class_name`
[INFO] [stderr] 
[INFO] [stderr] warning: unused variable: `method_name`
[INFO] [stderr]   --> lite_jvm/src/virtual_machine.rs:94:9
[INFO] [stderr]    |
[INFO] [stderr] 94 |         method_name: &str,
[INFO] [stderr]    |         ^^^^^^^^^^^ help: if this is intentional, prefix it with an underscore: `_method_name`
[INFO] [stderr] 
[INFO] [stderr] warning: unused variable: `method_descriptor`
[INFO] [stderr]   --> lite_jvm/src/virtual_machine.rs:95:9
[INFO] [stderr]    |
[INFO] [stderr] 95 |         method_descriptor: &str,
[INFO] [stderr]    |         ^^^^^^^^^^^^^^^^^ help: if this is intentional, prefix it with an underscore: `_method_descriptor`
[INFO] [stderr] 
[INFO] [stderr] warning: unused variable: `call_stack`
[INFO] [stderr]    --> lite_jvm/src/virtual_machine.rs:102:9
[INFO] [stderr]     |
[INFO] [stderr] 102 |         call_stack: &mut CallStack<'a>,
[INFO] [stderr]     |         ^^^^^^^^^^ help: if this is intentional, prefix it with an underscore: `_call_stack`
[INFO] [stderr] 
[INFO] [stderr] warning: unused variable: `kind`
[INFO] [stderr]    --> lite_jvm/src/virtual_machine.rs:103:9
[INFO] [stderr]     |
[INFO] [stderr] 103 |         kind: &MethodHandlerKind,
[INFO] [stderr]     |         ^^^^ help: if this is intentional, prefix it with an underscore: `_kind`
[INFO] [stderr] 
[INFO] [stderr] warning: unused variable: `class_name`
[INFO] [stderr]    --> lite_jvm/src/virtual_machine.rs:104:9
[INFO] [stderr]     |
[INFO] [stderr] 104 |         class_name: &str,
[INFO] [stderr]     |         ^^^^^^^^^^ help: if this is intentional, prefix it with an underscore: `_class_name`
[INFO] [stderr] 
[INFO] [stderr] warning: unused variable: `method_name`
[INFO] [stderr]    --> lite_jvm/src/virtual_machine.rs:105:9
[INFO] [stderr]     |
[INFO] [stderr] 105 |         method_name: &str,
[INFO] [stderr]     |         ^^^^^^^^^^^ help: if this is intentional, prefix it with an underscore: `_method_name`
[INFO] [stderr] 
[INFO] [stderr] warning: unused variable: `method_descriptor`
[INFO] [stderr]    --> lite_jvm/src/virtual_machine.rs:106:9
[INFO] [stderr]     |
[INFO] [stderr] 106 |         method_descriptor: &str,
[INFO] [stderr]     |         ^^^^^^^^^^^^^^^^^ help: if this is intentional, prefix it with an underscore: `_method_descriptor`
[INFO] [stderr] 
[INFO] [stderr] warning: `lite_jvm` (lib) generated 12 warnings
[INFO] [stderr] warning: `lite_jvm` (lib test) generated 12 warnings (12 duplicates)
[INFO] [stderr]     Finished `test` profile [unoptimized + debuginfo] target(s) in 0.15s
[INFO] [stdout] 
[INFO] [stdout] running 5 tests
[INFO] [stderr]      Running unittests src/lib.rs (/opt/rustwide/target/debug/deps/class_file_reader-707e77d53da3918a)
[INFO] [stdout] test cesu8_byte_buffer::tests::buffer_works ... ok
[INFO] [stdout] test class_file_version::tests::can_parse_future_versions ... ok
[INFO] [stdout] test class_file_version::tests::get_version_of_known_jdk ... ok
[INFO] [stdout] test constant_pool::tests::constant_pool_works ... ok
[INFO] [stdout] test class_file_version::tests::can_parse_known_versions ... ok
[INFO] [stdout] 
[INFO] [stdout] test result: ok. 5 passed; 0 failed; 0 ignored; 0 measured; 0 filtered out; finished in 0.03s
[INFO] [stdout] 
[INFO] [stderr]      Running tests/integration/main.rs (/opt/rustwide/target/debug/deps/integration-c6fd5fc7271f19ce)
[INFO] [stdout] 
[INFO] [stdout] running 1 test
[INFO] [stdout] test test_read_class::test_read_class ... ok
[INFO] [stdout] 
[INFO] [stdout] test result: ok. 1 passed; 0 failed; 0 ignored; 0 measured; 0 filtered out; finished in 0.01s
[INFO] [stdout] 
[INFO] [stderr]      Running unittests src/lib.rs (/opt/rustwide/target/debug/deps/lite_jvm-740328651dd42774)
[INFO] [stdout] 
[INFO] [stdout] running 8 tests
[INFO] [stdout] test class_finder::tests::test_file_system_class_finding ... ok
[INFO] [stdout] test jvm_values::tests::test_value ... ok
[INFO] [stdout] test virtual_machine::tests::test_exception ... FAILED
[INFO] [stdout] test object_heap::tests::test_allocate_object ... ok
[INFO] [stdout] test method_area::tests::test_class_load ... ok
[INFO] [stdout] test class_finder::tests::test_jar_file_class_finding ... ok
[INFO] [stdout] test virtual_machine::tests::test_field_value ... ok
[INFO] [stdout] test virtual_machine::tests::test_thread ... FAILED
[INFO] [stdout] 
[INFO] [stdout] failures:
[INFO] [stdout] 
[INFO] [stdout] ---- virtual_machine::tests::test_exception stdout ----
[INFO] [stdout] thread 'virtual_machine::tests::test_exception' panicked at /opt/rustwide/cargo-home/registry/src/index.crates.io-6f17d22bba15001f/env_logger-0.10.0/src/lib.rs:1154:16:
[INFO] [stdout] env_logger::init should not be called after logger initialized: SetLoggerError(())
[INFO] [stdout] stack backtrace:
[INFO] [stdout]    0:     0x633173b8a79a - std::backtrace_rs::backtrace::libunwind::trace::h5a5b8284f2d0c266
[INFO] [stdout]                                at /rustc/90b35a6239c3d8bdabc530a6a0816f7ff89a0aaf/library/std/src/../../backtrace/src/backtrace/libunwind.rs:116:5
[INFO] [stdout]    1:     0x633173b8a79a - std::backtrace_rs::backtrace::trace_unsynchronized::h76d4f1c9b0b875e3
[INFO] [stdout]                                at /rustc/90b35a6239c3d8bdabc530a6a0816f7ff89a0aaf/library/std/src/../../backtrace/src/backtrace/mod.rs:66:5
[INFO] [stdout]    2:     0x633173b8a79a - std::sys::backtrace::_print_fmt::hc4546b8364a537c6
[INFO] [stdout]                                at /rustc/90b35a6239c3d8bdabc530a6a0816f7ff89a0aaf/library/std/src/sys/backtrace.rs:66:9
[INFO] [stdout]    3:     0x633173b8a79a - <std::sys::backtrace::BacktraceLock::print::DisplayBacktrace as core::fmt::Display>::fmt::h5b6bd5631a6d1f6b
[INFO] [stdout]                                at /rustc/90b35a6239c3d8bdabc530a6a0816f7ff89a0aaf/library/std/src/sys/backtrace.rs:39:26
[INFO] [stdout]    4:     0x633173bb0fe3 - core::fmt::rt::Argument::fmt::h270f6602a2b96f62
[INFO] [stdout]                                at /rustc/90b35a6239c3d8bdabc530a6a0816f7ff89a0aaf/library/core/src/fmt/rt.rs:177:76
[INFO] [stdout]    5:     0x633173bb0fe3 - core::fmt::write::h7550c97b06c86515
[INFO] [stdout]                                at /rustc/90b35a6239c3d8bdabc530a6a0816f7ff89a0aaf/library/core/src/fmt/mod.rs:1186:21
[INFO] [stdout]    6:     0x633173b87963 - std::io::Write::write_fmt::h509ff860e5956e5e
[INFO] [stdout]                                at /rustc/90b35a6239c3d8bdabc530a6a0816f7ff89a0aaf/library/std/src/io/mod.rs:1839:15
[INFO] [stdout]    7:     0x633173b8a5e2 - std::sys::backtrace::BacktraceLock::print::h2395ccd2c84ba3aa
[INFO] [stdout]                                at /rustc/90b35a6239c3d8bdabc530a6a0816f7ff89a0aaf/library/std/src/sys/backtrace.rs:42:9
[INFO] [stdout]    8:     0x633173b8bbfa - std::panicking::default_hook::{{closure}}::he19d4c7230e07961
[INFO] [stdout]                                at /rustc/90b35a6239c3d8bdabc530a6a0816f7ff89a0aaf/library/std/src/panicking.rs:268:22
[INFO] [stdout]    9:     0x633173b8ba04 - std::panicking::default_hook::hf614597d3c67bbdb
[INFO] [stdout]                                at /rustc/90b35a6239c3d8bdabc530a6a0816f7ff89a0aaf/library/std/src/panicking.rs:292:9
[INFO] [stdout]   10:     0x633173a5b189 - <alloc::boxed::Box<F,A> as core::ops::function::Fn<Args>>::call::h39b51ce4599c23d1
[INFO] [stdout]                                at /rustc/90b35a6239c3d8bdabc530a6a0816f7ff89a0aaf/library/alloc/src/boxed.rs:2468:9
[INFO] [stdout]   11:     0x633173a5b189 - test::test_main::{{closure}}::he977ae839a582784
[INFO] [stdout]                                at /rustc/90b35a6239c3d8bdabc530a6a0816f7ff89a0aaf/library/test/src/lib.rs:133:21
[INFO] [stdout]   12:     0x633173b8c298 - <alloc::boxed::Box<F,A> as core::ops::function::Fn<Args>>::call::h9455091b6b06f9fb
[INFO] [stdout]                                at /rustc/90b35a6239c3d8bdabc530a6a0816f7ff89a0aaf/library/alloc/src/boxed.rs:2468:9
[INFO] [stdout]   13:     0x633173b8c298 - std::panicking::rust_panic_with_hook::h8942133a8b252070
[INFO] [stdout]                                at /rustc/90b35a6239c3d8bdabc530a6a0816f7ff89a0aaf/library/std/src/panicking.rs:809:13
[INFO] [stdout]   14:     0x633173b8c05a - std::panicking::begin_panic_handler::{{closure}}::hb5f5963570096b29
[INFO] [stdout]                                at /rustc/90b35a6239c3d8bdabc530a6a0816f7ff89a0aaf/library/std/src/panicking.rs:674:13
[INFO] [stdout]   15:     0x633173b8ac79 - std::sys::backtrace::__rust_end_short_backtrace::h6208cedc1922feda
[INFO] [stdout]                                at /rustc/90b35a6239c3d8bdabc530a6a0816f7ff89a0aaf/library/std/src/sys/backtrace.rs:170:18
[INFO] [stdout]   16:     0x633173b8bcec - rust_begin_unwind
[INFO] [stdout]                                at /rustc/90b35a6239c3d8bdabc530a6a0816f7ff89a0aaf/library/std/src/panicking.rs:665:5
[INFO] [stdout]   17:     0x6331736e31c0 - core::panicking::panic_fmt::h0c3082644d1bf418
[INFO] [stdout]                                at /rustc/90b35a6239c3d8bdabc530a6a0816f7ff89a0aaf/library/core/src/panicking.rs:74:14
[INFO] [stdout]   18:     0x6331736e3646 - core::result::unwrap_failed::hd20b4aa073bda1e2
[INFO] [stdout]                                at /rustc/90b35a6239c3d8bdabc530a6a0816f7ff89a0aaf/library/core/src/result.rs:1700:5
[INFO] [stdout]   19:     0x63317378ab5e - core::result::Result<T,E>::expect::h0cdc861940e6f3b2
[INFO] [stdout]                                at /rustc/90b35a6239c3d8bdabc530a6a0816f7ff89a0aaf/library/core/src/result.rs:1061:23
[INFO] [stdout]   20:     0x6331737883e9 - env_logger::init::h4452d5a1376acc95
[INFO] [stdout]                                at /opt/rustwide/cargo-home/registry/src/index.crates.io-6f17d22bba15001f/env_logger-0.10.0/src/lib.rs:1154:5
[INFO] [stdout]   21:     0x63317377a4c8 - lite_jvm::virtual_machine::tests::test_exception::h5c561475810888a9
[INFO] [stdout]                                at /opt/rustwide/workdir/lite_jvm/src/virtual_machine.rs:534:9
[INFO] [stdout]   22:     0x63317377a497 - lite_jvm::virtual_machine::tests::test_exception::{{closure}}::ha1fe5954a7ea2549
[INFO] [stdout]                                at /opt/rustwide/workdir/lite_jvm/src/virtual_machine.rs:527:24
[INFO] [stdout]   23:     0x63317374a466 - core::ops::function::FnOnce::call_once::h6a18cccb0d551d07
[INFO] [stdout]                                at /rustc/90b35a6239c3d8bdabc530a6a0816f7ff89a0aaf/library/core/src/ops/function.rs:250:5
[INFO] [stdout]   24:     0x633173a5fb4b - core::ops::function::FnOnce::call_once::h109cf8051a59b34e
[INFO] [stdout]                                at /rustc/90b35a6239c3d8bdabc530a6a0816f7ff89a0aaf/library/core/src/ops/function.rs:250:5
[INFO] [stdout]   25:     0x633173a5fb4b - test::__rust_begin_short_backtrace::hf4fff89d377446ba
[INFO] [stdout]                                at /rustc/90b35a6239c3d8bdabc530a6a0816f7ff89a0aaf/library/test/src/lib.rs:621:18
[INFO] [stdout]   26:     0x633173a5f387 - test::run_test_in_process::{{closure}}::h0e39181dd7ee5a43
[INFO] [stdout]                                at /rustc/90b35a6239c3d8bdabc530a6a0816f7ff89a0aaf/library/test/src/lib.rs:644:60
[INFO] [stdout]   27:     0x633173a5f387 - <core::panic::unwind_safe::AssertUnwindSafe<F> as core::ops::function::FnOnce<()>>::call_once::hc5a66a30f0bdfd1f
[INFO] [stdout]                                at /rustc/90b35a6239c3d8bdabc530a6a0816f7ff89a0aaf/library/core/src/panic/unwind_safe.rs:272:9
[INFO] [stdout]   28:     0x633173a5f387 - std::panicking::try::do_call::h873b7cf639554a5e
[INFO] [stdout]                                at /rustc/90b35a6239c3d8bdabc530a6a0816f7ff89a0aaf/library/std/src/panicking.rs:557:40
[INFO] [stdout]   29:     0x633173a5f387 - std::panicking::try::hdb19862fad9c8bd1
[INFO] [stdout]                                at /rustc/90b35a6239c3d8bdabc530a6a0816f7ff89a0aaf/library/std/src/panicking.rs:520:19
[INFO] [stdout]   30:     0x633173a5f387 - std::panic::catch_unwind::h281fe732d236d260
[INFO] [stdout]                                at /rustc/90b35a6239c3d8bdabc530a6a0816f7ff89a0aaf/library/std/src/panic.rs:358:14
[INFO] [stdout]   31:     0x633173a5f387 - test::run_test_in_process::h949b6df8457ed338
[INFO] [stdout]                                at /rustc/90b35a6239c3d8bdabc530a6a0816f7ff89a0aaf/library/test/src/lib.rs:644:27
[INFO] [stdout]   32:     0x633173a5f387 - test::run_test::{{closure}}::h52c556a6d4740e10
[INFO] [stdout]                                at /rustc/90b35a6239c3d8bdabc530a6a0816f7ff89a0aaf/library/test/src/lib.rs:565:43
[INFO] [stdout]   33:     0x633173a24664 - test::run_test::{{closure}}::h4237f6381c45ccb9
[INFO] [stdout]                                at /rustc/90b35a6239c3d8bdabc530a6a0816f7ff89a0aaf/library/test/src/lib.rs:595:41
[INFO] [stdout]   34:     0x633173a24664 - std::sys::backtrace::__rust_begin_short_backtrace::h505c97a579eca628
[INFO] [stdout]                                at /rustc/90b35a6239c3d8bdabc530a6a0816f7ff89a0aaf/library/std/src/sys/backtrace.rs:154:18
[INFO] [stdout]   35:     0x633173a27d2e - std::thread::Builder::spawn_unchecked_::{{closure}}::{{closure}}::h9e86b2e2bc107ea3
[INFO] [stdout]                                at /rustc/90b35a6239c3d8bdabc530a6a0816f7ff89a0aaf/library/std/src/thread/mod.rs:538:17
[INFO] [stdout]   36:     0x633173a27d2e - <core::panic::unwind_safe::AssertUnwindSafe<F> as core::ops::function::FnOnce<()>>::call_once::h8b06ddb275ff4a25
[INFO] [stdout]                                at /rustc/90b35a6239c3d8bdabc530a6a0816f7ff89a0aaf/library/core/src/panic/unwind_safe.rs:272:9
[INFO] [stdout]   37:     0x633173a27d2e - std::panicking::try::do_call::hb26ecd7cd9a9355d
[INFO] [stdout]                                at /rustc/90b35a6239c3d8bdabc530a6a0816f7ff89a0aaf/library/std/src/panicking.rs:557:40
[INFO] [stdout]   38:     0x633173a27d2e - std::panicking::try::h8ddeca9d705f9069
[INFO] [stdout]                                at /rustc/90b35a6239c3d8bdabc530a6a0816f7ff89a0aaf/library/std/src/panicking.rs:520:19
[INFO] [stdout]   39:     0x633173a27d2e - std::panic::catch_unwind::h49e1c33078844c46
[INFO] [stdout]                                at /rustc/90b35a6239c3d8bdabc530a6a0816f7ff89a0aaf/library/std/src/panic.rs:358:14
[INFO] [stdout]   40:     0x633173a27d2e - std::thread::Builder::spawn_unchecked_::{{closure}}::h6073db6ff56ad35d
[INFO] [stdout]                                at /rustc/90b35a6239c3d8bdabc530a6a0816f7ff89a0aaf/library/std/src/thread/mod.rs:537:30
[INFO] [stdout]   41:     0x633173a27d2e - core::ops::function::FnOnce::call_once{{vtable.shim}}::h2c5a5f3779c774f1
[INFO] [stdout]                                at /rustc/90b35a6239c3d8bdabc530a6a0816f7ff89a0aaf/library/core/src/ops/function.rs:250:5
[INFO] [stdout]   42:     0x633173b8fffb - <alloc::boxed::Box<F,A> as core::ops::function::FnOnce<Args>>::call_once::hf75717d9f28faebf
[INFO] [stdout]                                at /rustc/90b35a6239c3d8bdabc530a6a0816f7ff89a0aaf/library/alloc/src/boxed.rs:2454:9
[INFO] [stdout]   43:     0x633173b8fffb - <alloc::boxed::Box<F,A> as core::ops::function::FnOnce<Args>>::call_once::h7bd883a5f3c5f3c1
[INFO] [stdout]                                at /rustc/90b35a6239c3d8bdabc530a6a0816f7ff89a0aaf/library/alloc/src/boxed.rs:2454:9
[INFO] [stdout]   44:     0x633173b8fffb - std::sys::pal::unix::thread::Thread::new::thread_start::hcc78f3943333fa94
[INFO] [stdout]                                at /rustc/90b35a6239c3d8bdabc530a6a0816f7ff89a0aaf/library/std/src/sys/pal/unix/thread.rs:105:17
[INFO] [stdout]   45:     0x729730b30ac3 - <unknown>
[INFO] [stdout]   46:     0x729730bc1a04 - clone
[INFO] [stdout]   47:                0x0 - <unknown>
[INFO] [stdout] 
[INFO] [stdout] ---- virtual_machine::tests::test_thread stdout ----
[INFO] [stdout] thread 'virtual_machine::tests::test_thread' panicked at lite_jvm/src/virtual_machine.rs:323:23:
[INFO] [stdout] called `Option::unwrap()` on a `None` value
[INFO] [stdout] stack backtrace:
[INFO] [stdout]    0:     0x633173b8a79a - std::backtrace_rs::backtrace::libunwind::trace::h5a5b8284f2d0c266
[INFO] [stdout]                                at /rustc/90b35a6239c3d8bdabc530a6a0816f7ff89a0aaf/library/std/src/../../backtrace/src/backtrace/libunwind.rs:116:5
[INFO] [stdout]    1:     0x633173b8a79a - std::backtrace_rs::backtrace::trace_unsynchronized::h76d4f1c9b0b875e3
[INFO] [stdout]                                at /rustc/90b35a6239c3d8bdabc530a6a0816f7ff89a0aaf/library/std/src/../../backtrace/src/backtrace/mod.rs:66:5
[INFO] [stdout]    2:     0x633173b8a79a - std::sys::backtrace::_print_fmt::hc4546b8364a537c6
[INFO] [stdout]                                at /rustc/90b35a6239c3d8bdabc530a6a0816f7ff89a0aaf/library/std/src/sys/backtrace.rs:66:9
[INFO] [stdout]    3:     0x633173b8a79a - <std::sys::backtrace::BacktraceLock::print::DisplayBacktrace as core::fmt::Display>::fmt::h5b6bd5631a6d1f6b
[INFO] [stdout]                                at /rustc/90b35a6239c3d8bdabc530a6a0816f7ff89a0aaf/library/std/src/sys/backtrace.rs:39:26
[INFO] [stdout]    4:     0x633173bb0fe3 - core::fmt::rt::Argument::fmt::h270f6602a2b96f62
[INFO] [stdout]                                at /rustc/90b35a6239c3d8bdabc530a6a0816f7ff89a0aaf/library/core/src/fmt/rt.rs:177:76
[INFO] [stdout]    5:     0x633173bb0fe3 - core::fmt::write::h7550c97b06c86515
[INFO] [stdout]                                at /rustc/90b35a6239c3d8bdabc530a6a0816f7ff89a0aaf/library/core/src/fmt/mod.rs:1186:21
[INFO] [stdout]    6:     0x633173b87963 - std::io::Write::write_fmt::h509ff860e5956e5e
[INFO] [stdout]                                at /rustc/90b35a6239c3d8bdabc530a6a0816f7ff89a0aaf/library/std/src/io/mod.rs:1839:15
[INFO] [stdout]    7:     0x633173b8a5e2 - std::sys::backtrace::BacktraceLock::print::h2395ccd2c84ba3aa
[INFO] [stdout]                                at /rustc/90b35a6239c3d8bdabc530a6a0816f7ff89a0aaf/library/std/src/sys/backtrace.rs:42:9
[INFO] [stdout]    8:     0x633173b8bbfa - std::panicking::default_hook::{{closure}}::he19d4c7230e07961
[INFO] [stdout]                                at /rustc/90b35a6239c3d8bdabc530a6a0816f7ff89a0aaf/library/std/src/panicking.rs:268:22
[INFO] [stdout]    9:     0x633173b8ba04 - std::panicking::default_hook::hf614597d3c67bbdb
[INFO] [stdout]                                at /rustc/90b35a6239c3d8bdabc530a6a0816f7ff89a0aaf/library/std/src/panicking.rs:292:9
[INFO] [stdout]   10:     0x633173a5b189 - <alloc::boxed::Box<F,A> as core::ops::function::Fn<Args>>::call::h39b51ce4599c23d1
[INFO] [stdout]                                at /rustc/90b35a6239c3d8bdabc530a6a0816f7ff89a0aaf/library/alloc/src/boxed.rs:2468:9
[INFO] [stdout]   11:     0x633173a5b189 - test::test_main::{{closure}}::he977ae839a582784
[INFO] [stdout]                                at /rustc/90b35a6239c3d8bdabc530a6a0816f7ff89a0aaf/library/test/src/lib.rs:133:21
[INFO] [stdout]   12:     0x633173b8c298 - <alloc::boxed::Box<F,A> as core::ops::function::Fn<Args>>::call::h9455091b6b06f9fb
[INFO] [stdout]                                at /rustc/90b35a6239c3d8bdabc530a6a0816f7ff89a0aaf/library/alloc/src/boxed.rs:2468:9
[INFO] [stdout]   13:     0x633173b8c298 - std::panicking::rust_panic_with_hook::h8942133a8b252070
[INFO] [stdout]                                at /rustc/90b35a6239c3d8bdabc530a6a0816f7ff89a0aaf/library/std/src/panicking.rs:809:13
[INFO] [stdout]   14:     0x633173b8c026 - std::panicking::begin_panic_handler::{{closure}}::hb5f5963570096b29
[INFO] [stdout]                                at /rustc/90b35a6239c3d8bdabc530a6a0816f7ff89a0aaf/library/std/src/panicking.rs:667:13
[INFO] [stdout]   15:     0x633173b8ac79 - std::sys::backtrace::__rust_end_short_backtrace::h6208cedc1922feda
[INFO] [stdout]                                at /rustc/90b35a6239c3d8bdabc530a6a0816f7ff89a0aaf/library/std/src/sys/backtrace.rs:170:18
[INFO] [stdout]   16:     0x633173b8bcec - rust_begin_unwind
[INFO] [stdout]                                at /rustc/90b35a6239c3d8bdabc530a6a0816f7ff89a0aaf/library/std/src/panicking.rs:665:5
[INFO] [stdout]   17:     0x6331736e31c0 - core::panicking::panic_fmt::h0c3082644d1bf418
[INFO] [stdout]                                at /rustc/90b35a6239c3d8bdabc530a6a0816f7ff89a0aaf/library/core/src/panicking.rs:74:14
[INFO] [stdout]   18:     0x6331736e324c - core::panicking::panic::h957f98c65a3b3074
[INFO] [stdout]                                at /rustc/90b35a6239c3d8bdabc530a6a0816f7ff89a0aaf/library/core/src/panicking.rs:148:5
[INFO] [stdout]   19:     0x6331736e3139 - core::option::unwrap_failed::h098b0d47c83374d6
[INFO] [stdout]                                at /rustc/90b35a6239c3d8bdabc530a6a0816f7ff89a0aaf/library/core/src/option.rs:2012:5
[INFO] [stdout]   20:     0x63317371c36e - core::option::Option<T>::unwrap::h785bae3346a1b484
[INFO] [stdout]                                at /rustc/90b35a6239c3d8bdabc530a6a0816f7ff89a0aaf/library/core/src/option.rs:972:21
[INFO] [stdout]   21:     0x63317371c36e - lite_jvm::virtual_machine::VirtualMachine::invoke_native_method::h2cd0922c8056e73d
[INFO] [stdout]                                at /opt/rustwide/workdir/lite_jvm/src/virtual_machine.rs:323:9
[INFO] [stdout]   22:     0x63317371d3db - lite_jvm::virtual_machine::VirtualMachine::invoke_method::h628b08cba8e217d8
[INFO] [stdout]                                at /opt/rustwide/workdir/lite_jvm/src/virtual_machine.rs:366:20
[INFO] [stdout]   23:     0x633173706afa - lite_jvm::stack_frame::StackFrame::invoke_virtual_on_receiver::h6f56106cf94bd4d6
[INFO] [stdout]                                at /opt/rustwide/workdir/lite_jvm/src/stack_frame.rs:1174:21
[INFO] [stdout]   24:     0x633173707b82 - lite_jvm::stack_frame::StackFrame::exec_invoke_virtual::h405a895b7dcc9f0d
[INFO] [stdout]                                at /opt/rustwide/workdir/lite_jvm/src/stack_frame.rs:1244:13
[INFO] [stdout]   25:     0x6331736fe881 - lite_jvm::stack_frame::StackFrame::execute_instruction::h1f68db5a4719ee05
[INFO] [stdout]                                at /opt/rustwide/workdir/lite_jvm/src/stack_frame.rs:833:17
[INFO] [stdout]   26:     0x6331737089a9 - lite_jvm::stack_frame::StackFrame::execute::hd4f77d7822e86cb7
[INFO] [stdout]                                at /opt/rustwide/workdir/lite_jvm/src/stack_frame.rs:1318:26
[INFO] [stdout]   27:     0x63317371d4bf - lite_jvm::virtual_machine::VirtualMachine::invoke_method::h628b08cba8e217d8
[INFO] [stdout]                                at /opt/rustwide/workdir/lite_jvm/src/virtual_machine.rs:369:22
[INFO] [stdout]   28:     0x63317371b42f - lite_jvm::virtual_machine::VirtualMachine::initialize_class::h5249b071f8b83fac
[INFO] [stdout]                                at /opt/rustwide/workdir/lite_jvm/src/virtual_machine.rs:203:17
[INFO] [stdout]   29:     0x63317371b68c - lite_jvm::virtual_machine::VirtualMachine::lookup_class_and_initialize::hd2c3dced633c2ec1
[INFO] [stdout]                                at /opt/rustwide/workdir/lite_jvm/src/virtual_machine.rs:227:9
[INFO] [stdout]   30:     0x633173703f8f - lite_jvm::stack_frame::StackFrame::exec_new_object::h21ba97071fa1dca7
[INFO] [stdout]                                at /opt/rustwide/workdir/lite_jvm/src/stack_frame.rs:962:25
[INFO] [stdout]   31:     0x6331736ff9c0 - lite_jvm::stack_frame::StackFrame::execute_instruction::h1f68db5a4719ee05
[INFO] [stdout]                                at /opt/rustwide/workdir/lite_jvm/src/stack_frame.rs:923:17
[INFO] [stdout]   32:     0x6331737089a9 - lite_jvm::stack_frame::StackFrame::execute::hd4f77d7822e86cb7
[INFO] [stdout]                                at /opt/rustwide/workdir/lite_jvm/src/stack_frame.rs:1318:26
[INFO] [stdout]   33:     0x63317371d4bf - lite_jvm::virtual_machine::VirtualMachine::invoke_method::h628b08cba8e217d8
[INFO] [stdout]                                at /opt/rustwide/workdir/lite_jvm/src/virtual_machine.rs:369:22
[INFO] [stdout]   34:     0x6331737076b2 - lite_jvm::stack_frame::StackFrame::exec_invoke_special::hbfad385a3998f7ae
[INFO] [stdout]                                at /opt/rustwide/workdir/lite_jvm/src/stack_frame.rs:1220:17
[INFO] [stdout]   35:     0x6331736fe7a5 - lite_jvm::stack_frame::StackFrame::execute_instruction::h1f68db5a4719ee05
[INFO] [stdout]                                at /opt/rustwide/workdir/lite_jvm/src/stack_frame.rs:829:17
[INFO] [stdout]   36:     0x6331737089a9 - lite_jvm::stack_frame::StackFrame::execute::hd4f77d7822e86cb7
[INFO] [stdout]                                at /opt/rustwide/workdir/lite_jvm/src/stack_frame.rs:1318:26
[INFO] [stdout]   37:     0x63317371d4bf - lite_jvm::virtual_machine::VirtualMachine::invoke_method::h628b08cba8e217d8
[INFO] [stdout]                                at /opt/rustwide/workdir/lite_jvm/src/virtual_machine.rs:369:22
[INFO] [stdout]   38:     0x63317371b42f - lite_jvm::virtual_machine::VirtualMachine::initialize_class::h5249b071f8b83fac
[INFO] [stdout]                                at /opt/rustwide/workdir/lite_jvm/src/virtual_machine.rs:203:17
[INFO] [stdout]   39:     0x63317371b68c - lite_jvm::virtual_machine::VirtualMachine::lookup_class_and_initialize::hd2c3dced633c2ec1
[INFO] [stdout]                                at /opt/rustwide/workdir/lite_jvm/src/virtual_machine.rs:227:9
[INFO] [stdout]   40:     0x6331736fac50 - lite_jvm::stack_frame::StackFrame::exec_anewarray::hd796fa17c55669a6
[INFO] [stdout]                                at /opt/rustwide/workdir/lite_jvm/src/stack_frame.rs:535:21
[INFO] [stdout]   41:     0x6331736fbccd - lite_jvm::stack_frame::StackFrame::execute_instruction::h1f68db5a4719ee05
[INFO] [stdout]                                at /opt/rustwide/workdir/lite_jvm/src/stack_frame.rs:622:17
[INFO] [stdout]   42:     0x6331737089a9 - lite_jvm::stack_frame::StackFrame::execute::hd4f77d7822e86cb7
[INFO] [stdout]                                at /opt/rustwide/workdir/lite_jvm/src/stack_frame.rs:1318:26
[INFO] [stdout]   43:     0x63317371d4bf - lite_jvm::virtual_machine::VirtualMachine::invoke_method::h628b08cba8e217d8
[INFO] [stdout]                                at /opt/rustwide/workdir/lite_jvm/src/virtual_machine.rs:369:22
[INFO] [stdout]   44:     0x63317371b42f - lite_jvm::virtual_machine::VirtualMachine::initialize_class::h5249b071f8b83fac
[INFO] [stdout]                                at /opt/rustwide/workdir/lite_jvm/src/virtual_machine.rs:203:17
[INFO] [stdout]   45:     0x63317371b68c - lite_jvm::virtual_machine::VirtualMachine::lookup_class_and_initialize::hd2c3dced633c2ec1
[INFO] [stdout]                                at /opt/rustwide/workdir/lite_jvm/src/virtual_machine.rs:227:9
[INFO] [stdout]   46:     0x633173708fcb - lite_jvm::stack_frame::StackFrame::exec_invoke_dynamic::h602b0797e29aa780
[INFO] [stdout]                                at /opt/rustwide/workdir/lite_jvm/src/stack_frame.rs:1357:17
[INFO] [stdout]   47:     0x6331736fe6b8 - lite_jvm::stack_frame::StackFrame::execute_instruction::h1f68db5a4719ee05
[INFO] [stdout]                                at /opt/rustwide/workdir/lite_jvm/src/stack_frame.rs:823:17
[INFO] [stdout]   48:     0x6331737089a9 - lite_jvm::stack_frame::StackFrame::execute::hd4f77d7822e86cb7
[INFO] [stdout]                                at /opt/rustwide/workdir/lite_jvm/src/stack_frame.rs:1318:26
[INFO] [stdout]   49:     0x63317371d4bf - lite_jvm::virtual_machine::VirtualMachine::invoke_method::h628b08cba8e217d8
[INFO] [stdout]                                at /opt/rustwide/workdir/lite_jvm/src/virtual_machine.rs:369:22
[INFO] [stdout]   50:     0x633173778471 - lite_jvm::virtual_machine::tests::test_thread::hcbaedc635912cf1c
[INFO] [stdout]                                at /opt/rustwide/workdir/lite_jvm/src/virtual_machine.rs:446:9
[INFO] [stdout]   51:     0x633173777c37 - lite_jvm::virtual_machine::tests::test_thread::{{closure}}::hb11c3a1417b7a745
[INFO] [stdout]                                at /opt/rustwide/workdir/lite_jvm/src/virtual_machine.rs:426:21
[INFO] [stdout]   52:     0x63317374aaa6 - core::ops::function::FnOnce::call_once::hc8b0314d4ddb50f7
[INFO] [stdout]                                at /rustc/90b35a6239c3d8bdabc530a6a0816f7ff89a0aaf/library/core/src/ops/function.rs:250:5
[INFO] [stdout]   53:     0x633173a5fb4b - core::ops::function::FnOnce::call_once::h109cf8051a59b34e
[INFO] [stdout]                                at /rustc/90b35a6239c3d8bdabc530a6a0816f7ff89a0aaf/library/core/src/ops/function.rs:250:5
[INFO] [stdout]   54:     0x633173a5fb4b - test::__rust_begin_short_backtrace::hf4fff89d377446ba
[INFO] [stdout]                                at /rustc/90b35a6239c3d8bdabc530a6a0816f7ff89a0aaf/library/test/src/lib.rs:621:18
[INFO] [stdout]   55:     0x633173a5f387 - test::run_test_in_process::{{closure}}::h0e39181dd7ee5a43
[INFO] [stdout]                                at /rustc/90b35a6239c3d8bdabc530a6a0816f7ff89a0aaf/library/test/src/lib.rs:644:60
[INFO] [stdout]   56:     0x633173a5f387 - <core::panic::unwind_safe::AssertUnwindSafe<F> as core::ops::function::FnOnce<()>>::call_once::hc5a66a30f0bdfd1f
[INFO] [stdout]                                at /rustc/90b35a6239c3d8bdabc530a6a0816f7ff89a0aaf/library/core/src/panic/unwind_safe.rs:272:9
[INFO] [stdout]   57:     0x633173a5f387 - std::panicking::try::do_call::h873b7cf639554a5e
[INFO] [stdout]                                at /rustc/90b35a6239c3d8bdabc530a6a0816f7ff89a0aaf/library/std/src/panicking.rs:557:40
[INFO] [stdout]   58:     0x633173a5f387 - std::panicking::try::hdb19862fad9c8bd1
[INFO] [stdout]                                at /rustc/90b35a6239c3d8bdabc530a6a0816f7ff89a0aaf/library/std/src/panicking.rs:520:19
[INFO] [stdout]   59:     0x633173a5f387 - std::panic::catch_unwind::h281fe732d236d260
[INFO] [stdout]                                at /rustc/90b35a6239c3d8bdabc530a6a0816f7ff89a0aaf/library/std/src/panic.rs:358:14
[INFO] [stdout]   60:     0x633173a5f387 - test::run_test_in_process::h949b6df8457ed338
[INFO] [stdout]                                at /rustc/90b35a6239c3d8bdabc530a6a0816f7ff89a0aaf/library/test/src/lib.rs:644:27
[INFO] [stdout]   61:     0x633173a5f387 - test::run_test::{{closure}}::h52c556a6d4740e10
[INFO] [stdout]                                at /rustc/90b35a6239c3d8bdabc530a6a0816f7ff89a0aaf/library/test/src/lib.rs:565:43
[INFO] [stdout]   62:     0x633173a24664 - test::run_test::{{closure}}::h4237f6381c45ccb9
[INFO] [stdout]                                at /rustc/90b35a6239c3d8bdabc530a6a0816f7ff89a0aaf/library/test/src/lib.rs:595:41
[INFO] [stdout]   63:     0x633173a24664 - std::sys::backtrace::__rust_begin_short_backtrace::h505c97a579eca628
[INFO] [stdout]                                at /rustc/90b35a6239c3d8bdabc530a6a0816f7ff89a0aaf/library/std/src/sys/backtrace.rs:154:18
[INFO] [stdout]   64:     0x633173a27d2e - std::thread::Builder::spawn_unchecked_::{{closure}}::{{closure}}::h9e86b2e2bc107ea3
[INFO] [stdout]                                at /rustc/90b35a6239c3d8bdabc530a6a0816f7ff89a0aaf/library/std/src/thread/mod.rs:538:17
[INFO] [stdout]   65:     0x633173a27d2e - <core::panic::unwind_safe::AssertUnwindSafe<F> as core::ops::function::FnOnce<()>>::call_once::h8b06ddb275ff4a25
[INFO] [stdout]                                at /rustc/90b35a6239c3d8bdabc530a6a0816f7ff89a0aaf/library/core/src/panic/unwind_safe.rs:272:9
[INFO] [stdout]   66:     0x633173a27d2e - std::panicking::try::do_call::hb26ecd7cd9a9355d
[INFO] [stdout]                                at /rustc/90b35a6239c3d8bdabc530a6a0816f7ff89a0aaf/library/std/src/panicking.rs:557:40
[INFO] [stdout]   67:     0x633173a27d2e - std::panicking::try::h8ddeca9d705f9069
[INFO] [stdout]                                at /rustc/90b35a6239c3d8bdabc530a6a0816f7ff89a0aaf/library/std/src/panicking.rs:520:19
[INFO] [stdout]   68:     0x633173a27d2e - std::panic::catch_unwind::h49e1c33078844c46
[INFO] [stdout]                                at /rustc/90b35a6239c3d8bdabc530a6a0816f7ff89a0aaf/library/std/src/panic.rs:358:14
[INFO] [stdout]   69:     0x633173a27d2e - std::thread::Builder::spawn_unchecked_::{{closure}}::h6073db6ff56ad35d
[INFO] [stdout]                                at /rustc/90b35a6239c3d8bdabc530a6a0816f7ff89a0aaf/library/std/src/thread/mod.rs:537:30
[INFO] [stdout]   70:     0x633173a27d2e - core::ops::function::FnOnce::call_once{{vtable.shim}}::h2c5a5f3779c774f1
[INFO] [stdout]                                at /rustc/90b35a6239c3d8bdabc530a6a0816f7ff89a0aaf/library/core/src/ops/function.rs:250:5
[INFO] [stdout]   71:     0x633173b8fffb - <alloc::boxed::Box<F,A> as core::ops::function::FnOnce<Args>>::call_once::hf75717d9f28faebf
[INFO] [stdout]                                at /rustc/90b35a6239c3d8bdabc530a6a0816f7ff89a0aaf/library/alloc/src/boxed.rs:2454:9
[INFO] [stdout]   72:     0x633173b8fffb - <alloc::boxed::Box<F,A> as core::ops::function::FnOnce<Args>>::call_once::h7bd883a5f3c5f3c1
[INFO] [stdout]                                at /rustc/90b35a6239c3d8bdabc530a6a0816f7ff89a0aaf/library/alloc/src/boxed.rs:2454:9
[INFO] [stdout]   73:     0x633173b8fffb - std::sys::pal::unix::thread::Thread::new::thread_start::hcc78f3943333fa94
[INFO] [stdout]                                at /rustc/90b35a6239c3d8bdabc530a6a0816f7ff89a0aaf/library/std/src/sys/pal/unix/thread.rs:105:17
[INFO] [stdout]   74:     0x729730b30ac3 - <unknown>
[INFO] [stdout]   75:     0x729730bc1a04 - clone
[INFO] [stdout]   76:                0x0 - <unknown>
[INFO] [stdout] 
[INFO] [stdout] 
[INFO] [stdout] failures:
[INFO] [stdout]     virtual_machine::tests::test_exception
[INFO] [stdout]     virtual_machine::tests::test_thread
[INFO] [stdout] 
[INFO] [stdout] test result: FAILED. 6 passed; 2 failed; 0 ignored; 0 measured; 0 filtered out; finished in 0.71s
[INFO] [stdout] 
[INFO] [stderr] error: test failed, to rerun pass `-p lite_jvm --lib`
[INFO] running `Command { std: "docker" "inspect" "20d7adcce06b27a8163c120755fe06b7e658f1c64eef51d65d92f4cc82361b69", kill_on_drop: false }`
[INFO] running `Command { std: "docker" "rm" "-f" "20d7adcce06b27a8163c120755fe06b7e658f1c64eef51d65d92f4cc82361b69", kill_on_drop: false }`
[INFO] [stdout] 20d7adcce06b27a8163c120755fe06b7e658f1c64eef51d65d92f4cc82361b69
