[INFO] cloning repository https://github.com/yuyang-ok/isle-analyzer
[INFO] running `Command { std: "git" "-c" "credential.helper=" "-c" "credential.helper=/workspace/cargo-home/bin/git-credential-null" "clone" "--bare" "https://github.com/yuyang-ok/isle-analyzer" "/workspace/cache/git-repos/https%3A%2F%2Fgithub.com%2Fyuyang-ok%2Fisle-analyzer", kill_on_drop: false }`
[INFO] [stderr] Cloning into bare repository '/workspace/cache/git-repos/https%3A%2F%2Fgithub.com%2Fyuyang-ok%2Fisle-analyzer'...
[INFO] running `Command { std: "git" "rev-parse" "HEAD", kill_on_drop: false }`
[INFO] [stdout] 9455e1316333cc5c52f91f6c9ed290f3ec707a57
[INFO] testing yuyang-ok/isle-analyzer against 1.83.0 for beta-1.84.0-4-retry
[INFO] running `Command { std: "git" "clone" "/workspace/cache/git-repos/https%3A%2F%2Fgithub.com%2Fyuyang-ok%2Fisle-analyzer" "/workspace/builds/worker-3-tc1/source", kill_on_drop: false }`
[INFO] [stderr] Cloning into '/workspace/builds/worker-3-tc1/source'...
[INFO] [stderr] done.
[INFO] validating manifest of git repo https://github.com/yuyang-ok/isle-analyzer on toolchain 1.83.0
[INFO] running `Command { std: CARGO_HOME="/workspace/cargo-home" RUSTUP_HOME="/workspace/rustup-home" "/workspace/cargo-home/bin/cargo" "+1.83.0" "metadata" "--manifest-path" "Cargo.toml" "--no-deps", kill_on_drop: false }`
[INFO] started tweaking git repo https://github.com/yuyang-ok/isle-analyzer
[INFO] finished tweaking git repo https://github.com/yuyang-ok/isle-analyzer
[INFO] tweaked toml for git repo https://github.com/yuyang-ok/isle-analyzer written to /workspace/builds/worker-3-tc1/source/Cargo.toml
[INFO] crate git repo https://github.com/yuyang-ok/isle-analyzer already has a lockfile, it will not be regenerated
[INFO] running `Command { std: CARGO_HOME="/workspace/cargo-home" RUSTUP_HOME="/workspace/rustup-home" "/workspace/cargo-home/bin/cargo" "+1.83.0" "fetch" "--manifest-path" "Cargo.toml", kill_on_drop: false }`
[INFO] [stderr]     Updating git submodule `https://github.com/WebAssembly/WASI`
[INFO] [stderr]     Updating git submodule `https://github.com/WebAssembly/wasm-c-api`
[INFO] [stderr]     Updating git submodule `https://github.com/WebAssembly/wasi-crypto.git`
[INFO] [stderr]     Updating git submodule `https://github.com/WebAssembly/wasi-http`
[INFO] [stderr]     Updating git submodule `https://github.com/WebAssembly/wasi-nn`
[INFO] [stderr]     Updating git submodule `https://github.com/WebAssembly/testsuite`
[INFO] [stderr]     Updating git submodule `https://github.com/WebAssembly/wasi-testsuite.git`
[INFO] [stderr]     Updating git submodule `https://github.com/WebAssembly/wasi-threads`
[INFO] [stderr]     Updating crates.io index
[INFO] [stderr]  Downloading crates ...
[INFO] [stderr]   Downloaded lsp-server v0.7.0
[INFO] [stderr]   Downloaded lsp-types v0.94.0
[INFO] running `Command { std: "docker" "create" "-v" "/var/lib/crater-agent-workspace/builds/worker-3-tc1/target:/opt/rustwide/target:rw,Z" "-v" "/var/lib/crater-agent-workspace/builds/worker-3-tc1/source:/opt/rustwide/workdir:ro,Z" "-v" "/var/lib/crater-agent-workspace/cargo-home:/opt/rustwide/cargo-home:ro,Z" "-v" "/var/lib/crater-agent-workspace/rustup-home:/opt/rustwide/rustup-home:ro,Z" "-e" "SOURCE_DIR=/opt/rustwide/workdir" "-e" "CARGO_TARGET_DIR=/opt/rustwide/target" "-e" "CARGO_HOME=/opt/rustwide/cargo-home" "-e" "RUSTUP_HOME=/opt/rustwide/rustup-home" "-w" "/opt/rustwide/workdir" "-m" "1610612736" "--user" "0:0" "--network" "none" "ghcr.io/rust-lang/crates-build-env/linux@sha256:f3a9d4ad9d972b27faf3965f35b62e55ba32bbce8f20bc8fe909558a86702fde" "/opt/rustwide/cargo-home/bin/cargo" "+1.83.0" "metadata" "--no-deps" "--format-version=1", kill_on_drop: false }`
[INFO] [stdout] ae2121c51db840c9894cd03f37623b5afb0a16e4ed0f6caede163a6f75a58dce
[INFO] running `Command { std: "docker" "start" "-a" "ae2121c51db840c9894cd03f37623b5afb0a16e4ed0f6caede163a6f75a58dce", kill_on_drop: false }`
[INFO] running `Command { std: "docker" "inspect" "ae2121c51db840c9894cd03f37623b5afb0a16e4ed0f6caede163a6f75a58dce", kill_on_drop: false }`
[INFO] running `Command { std: "docker" "rm" "-f" "ae2121c51db840c9894cd03f37623b5afb0a16e4ed0f6caede163a6f75a58dce", kill_on_drop: false }`
[INFO] [stdout] ae2121c51db840c9894cd03f37623b5afb0a16e4ed0f6caede163a6f75a58dce
[INFO] running `Command { std: "docker" "create" "-v" "/var/lib/crater-agent-workspace/builds/worker-3-tc1/target:/opt/rustwide/target:rw,Z" "-v" "/var/lib/crater-agent-workspace/builds/worker-3-tc1/source:/opt/rustwide/workdir:ro,Z" "-v" "/var/lib/crater-agent-workspace/cargo-home:/opt/rustwide/cargo-home:ro,Z" "-v" "/var/lib/crater-agent-workspace/rustup-home:/opt/rustwide/rustup-home:ro,Z" "-e" "SOURCE_DIR=/opt/rustwide/workdir" "-e" "CARGO_TARGET_DIR=/opt/rustwide/target" "-e" "CARGO_INCREMENTAL=0" "-e" "RUST_BACKTRACE=full" "-e" "RUSTFLAGS=--cap-lints=warn" "-e" "RUSTDOCFLAGS=--cap-lints=warn" "-e" "CARGO_HOME=/opt/rustwide/cargo-home" "-e" "RUSTUP_HOME=/opt/rustwide/rustup-home" "-w" "/opt/rustwide/workdir" "-m" "1610612736" "--user" "0:0" "--network" "none" "ghcr.io/rust-lang/crates-build-env/linux@sha256:f3a9d4ad9d972b27faf3965f35b62e55ba32bbce8f20bc8fe909558a86702fde" "/opt/rustwide/cargo-home/bin/cargo" "+1.83.0" "build" "--frozen" "--message-format=json", kill_on_drop: false }`
[INFO] [stdout] bcaba4a2993b5e4eaaf4e7af436454adeb2876da415e2bf2f75b267d3f15cccf
[INFO] running `Command { std: "docker" "start" "-a" "bcaba4a2993b5e4eaaf4e7af436454adeb2876da415e2bf2f75b267d3f15cccf", kill_on_drop: false }`
[INFO] [stderr]    Compiling autocfg v1.1.0
[INFO] [stderr]    Compiling proc-macro2 v1.0.58
[INFO] [stderr]    Compiling unicode-ident v1.0.8
[INFO] [stderr]    Compiling quote v1.0.27
[INFO] [stderr]    Compiling libc v0.2.144
[INFO] [stderr]    Compiling cfg-if v1.0.0
[INFO] [stderr]    Compiling crossbeam-utils v0.8.15
[INFO] [stderr]    Compiling io-lifetimes v1.0.10
[INFO] [stderr]    Compiling bitflags v1.3.2
[INFO] [stderr]    Compiling serde v1.0.163
[INFO] [stderr]    Compiling rustix v0.37.19
[INFO] [stderr]    Compiling tinyvec_macros v0.1.1
[INFO] [stderr]    Compiling linux-raw-sys v0.3.7
[INFO] [stderr]    Compiling utf8parse v0.2.1
[INFO] [stderr]    Compiling serde_json v1.0.96
[INFO] [stderr]    Compiling log v0.4.17
[INFO] [stderr]    Compiling tinyvec v1.6.0
[INFO] [stderr]    Compiling ryu v1.0.13
[INFO] [stderr]    Compiling colorchoice v1.0.0
[INFO] [stderr]    Compiling anstyle-parse v0.2.0
[INFO] [stderr]    Compiling scopeguard v1.1.0
[INFO] [stderr]    Compiling crossbeam-queue v0.3.8
[INFO] [stderr]    Compiling itoa v1.0.6
[INFO] [stderr]    Compiling once_cell v1.17.1
[INFO] [stderr]    Compiling percent-encoding v2.2.0
[INFO] [stderr]    Compiling anstyle v1.0.0
[INFO] [stderr]    Compiling unicode-bidi v0.3.13
[INFO] [stderr]    Compiling anstyle-query v1.0.0
[INFO] [stderr]    Compiling num-traits v0.2.15
[INFO] [stderr]    Compiling memoffset v0.8.0
[INFO] [stderr]    Compiling crossbeam-epoch v0.9.14
[INFO] [stderr]    Compiling num-integer v0.1.45
[INFO] [stderr]    Compiling form_urlencoded v1.1.0
[INFO] [stderr]    Compiling cranelift-isle v0.97.0 (https://github.com/bytecodealliance/wasmtime?branch=main#b90731fa)
[INFO] [stderr]    Compiling strsim v0.10.0
[INFO] [stderr]    Compiling clap_lex v0.4.1
[INFO] [stderr]    Compiling heck v0.4.1
[INFO] [stderr]    Compiling iana-time-zone v0.1.56
[INFO] [stderr]    Compiling thread_local v1.1.7
[INFO] [stderr]    Compiling termcolor v1.1.3
[INFO] [stderr]    Compiling crossbeam-channel v0.5.8
[INFO] [stderr]    Compiling same-file v1.0.6
[INFO] [stderr]    Compiling lazy_static v1.4.0
[INFO] [stderr]    Compiling syn v2.0.16
[INFO] [stderr]    Compiling walkdir v2.3.3
[INFO] [stderr]    Compiling unicode-normalization v0.1.22
[INFO] [stderr]    Compiling crossbeam-deque v0.8.3
[INFO] [stderr]    Compiling crossbeam v0.8.2
[INFO] [stderr]    Compiling idna v0.3.0
[INFO] [stderr]    Compiling atty v0.2.14
[INFO] [stderr]    Compiling chrono v0.4.24
[INFO] [stderr]    Compiling stderrlog v0.5.4
[INFO] [stderr]    Compiling is-terminal v0.4.7
[INFO] [stderr]    Compiling anstream v0.3.2
[INFO] [stderr]    Compiling clap_builder v4.2.7
[INFO] [stderr]    Compiling serde_derive v1.0.163
[INFO] [stderr]    Compiling clap_derive v4.2.0
[INFO] [stderr]    Compiling enum-iterator-derive v1.2.1
[INFO] [stderr]    Compiling serde_repr v0.1.12
[INFO] [stderr]    Compiling enum-iterator v1.4.1
[INFO] [stderr]    Compiling clap v4.2.7
[INFO] [stderr]    Compiling url v2.3.1
[INFO] [stderr]    Compiling lsp-types v0.94.0
[INFO] [stderr]    Compiling lsp-server v0.7.0
[INFO] [stderr]    Compiling isle-analyzer v0.1.0 (/opt/rustwide/workdir)
[INFO] [stdout] warning: unused variable: `ast`
[INFO] [stdout]   --> src/fmt.rs:11:9
[INFO] [stdout]    |
[INFO] [stdout] 11 |     let ast = parser::parse(lexer)?;
[INFO] [stdout]    |         ^^^ help: if this is intentional, prefix it with an underscore: `_ast`
[INFO] [stdout]    |
[INFO] [stdout]    = note: `#[warn(unused_variables)]` on by default
[INFO] [stdout] 
[INFO] [stdout] 
[INFO] [stdout] warning: unused variable: `pos`
[INFO] [stdout]   --> src/fmt.rs:89:33
[INFO] [stdout]    |
[INFO] [stdout] 89 |             Pattern::Var { var, pos } => self.push_str(&var.0),
[INFO] [stdout]    |                                 ^^^ help: try ignoring the field: `pos: _`
[INFO] [stdout] 
[INFO] [stdout] 
[INFO] [stdout] warning: unused variable: `subpat`
[INFO] [stdout]   --> src/fmt.rs:90:41
[INFO] [stdout]    |
[INFO] [stdout] 90 |             Pattern::BindPattern { var, subpat, pos } => {
[INFO] [stdout]    |                                         ^^^^^^ help: try ignoring the field: `subpat: _`
[INFO] [stdout] 
[INFO] [stdout] 
[INFO] [stdout] warning: unused variable: `pos`
[INFO] [stdout]   --> src/fmt.rs:90:49
[INFO] [stdout]    |
[INFO] [stdout] 90 |             Pattern::BindPattern { var, subpat, pos } => {
[INFO] [stdout]    |                                                 ^^^ help: try ignoring the field: `pos: _`
[INFO] [stdout] 
[INFO] [stdout] 
[INFO] [stdout] warning: unused variable: `val`
[INFO] [stdout]   --> src/fmt.rs:97:33
[INFO] [stdout]    |
[INFO] [stdout] 97 |             Pattern::ConstInt { val, pos } => todo!(),
[INFO] [stdout]    |                                 ^^^ help: try ignoring the field: `val: _`
[INFO] [stdout] 
[INFO] [stdout] 
[INFO] [stdout] warning: unused variable: `pos`
[INFO] [stdout]   --> src/fmt.rs:97:38
[INFO] [stdout]    |
[INFO] [stdout] 97 |             Pattern::ConstInt { val, pos } => todo!(),
[INFO] [stdout]    |                                      ^^^ help: try ignoring the field: `pos: _`
[INFO] [stdout] 
[INFO] [stdout] 
[INFO] [stdout] warning: unused variable: `val`
[INFO] [stdout]   --> src/fmt.rs:98:34
[INFO] [stdout]    |
[INFO] [stdout] 98 |             Pattern::ConstPrim { val, pos } => todo!(),
[INFO] [stdout]    |                                  ^^^ help: try ignoring the field: `val: _`
[INFO] [stdout] 
[INFO] [stdout] 
[INFO] [stdout] warning: unused variable: `pos`
[INFO] [stdout]   --> src/fmt.rs:98:39
[INFO] [stdout]    |
[INFO] [stdout] 98 |             Pattern::ConstPrim { val, pos } => todo!(),
[INFO] [stdout]    |                                       ^^^ help: try ignoring the field: `pos: _`
[INFO] [stdout] 
[INFO] [stdout] 
[INFO] [stdout] warning: unused variable: `sym`
[INFO] [stdout]   --> src/fmt.rs:99:29
[INFO] [stdout]    |
[INFO] [stdout] 99 |             Pattern::Term { sym, args, pos } => todo!(),
[INFO] [stdout]    |                             ^^^ help: try ignoring the field: `sym: _`
[INFO] [stdout] 
[INFO] [stdout] 
[INFO] [stdout] warning: unused variable: `args`
[INFO] [stdout]   --> src/fmt.rs:99:34
[INFO] [stdout]    |
[INFO] [stdout] 99 |             Pattern::Term { sym, args, pos } => todo!(),
[INFO] [stdout]    |                                  ^^^^ help: try ignoring the field: `args: _`
[INFO] [stdout] 
[INFO] [stdout] 
[INFO] [stdout] warning: unused variable: `pos`
[INFO] [stdout]   --> src/fmt.rs:99:40
[INFO] [stdout]    |
[INFO] [stdout] 99 |             Pattern::Term { sym, args, pos } => todo!(),
[INFO] [stdout]    |                                        ^^^ help: try ignoring the field: `pos: _`
[INFO] [stdout] 
[INFO] [stdout] 
[INFO] [stdout] warning: unused variable: `pos`
[INFO] [stdout]    --> src/fmt.rs:100:33
[INFO] [stdout]     |
[INFO] [stdout] 100 |             Pattern::Wildcard { pos } => todo!(),
[INFO] [stdout]     |                                 ^^^ help: try ignoring the field: `pos: _`
[INFO] [stdout] 
[INFO] [stdout] 
[INFO] [stdout] warning: unused variable: `subpats`
[INFO] [stdout]    --> src/fmt.rs:101:28
[INFO] [stdout]     |
[INFO] [stdout] 101 |             Pattern::And { subpats, pos } => todo!(),
[INFO] [stdout]     |                            ^^^^^^^ help: try ignoring the field: `subpats: _`
[INFO] [stdout] 
[INFO] [stdout] 
[INFO] [stdout] warning: unused variable: `pos`
[INFO] [stdout]    --> src/fmt.rs:101:37
[INFO] [stdout]     |
[INFO] [stdout] 101 |             Pattern::And { subpats, pos } => todo!(),
[INFO] [stdout]     |                                     ^^^ help: try ignoring the field: `pos: _`
[INFO] [stdout] 
[INFO] [stdout] 
[INFO] [stdout] warning: unused variable: `index`
[INFO] [stdout]    --> src/fmt.rs:102:33
[INFO] [stdout]     |
[INFO] [stdout] 102 |             Pattern::MacroArg { index, pos } => todo!(),
[INFO] [stdout]     |                                 ^^^^^ help: try ignoring the field: `index: _`
[INFO] [stdout] 
[INFO] [stdout] 
[INFO] [stdout] warning: unused variable: `pos`
[INFO] [stdout]    --> src/fmt.rs:102:40
[INFO] [stdout]     |
[INFO] [stdout] 102 |             Pattern::MacroArg { index, pos } => todo!(),
[INFO] [stdout]     |                                        ^^^ help: try ignoring the field: `pos: _`
[INFO] [stdout] 
[INFO] [stdout] 
[INFO] [stdout] warning: unused variable: `pos`
[INFO] [stdout]    --> src/fmt.rs:162:17
[INFO] [stdout]     |
[INFO] [stdout] 162 |                 pos,
[INFO] [stdout]     |                 ^^^ help: try ignoring the field: `pos: _`
[INFO] [stdout] 
[INFO] [stdout] 
[INFO] [stdout] warning: unused variable: `pos`
[INFO] [stdout]    --> src/fmt.rs:174:47
[INFO] [stdout]     |
[INFO] [stdout] 174 |             Extern::Constructor { term, func, pos } => {
[INFO] [stdout]     |                                               ^^^ help: try ignoring the field: `pos: _`
[INFO] [stdout] 
[INFO] [stdout] 
[INFO] [stdout] warning: unused variable: `pos`
[INFO] [stdout]    --> src/fmt.rs:180:39
[INFO] [stdout]     |
[INFO] [stdout] 180 |             Extern::Const { name, ty, pos } => {
[INFO] [stdout]     |                                       ^^^ help: try ignoring the field: `pos: _`
[INFO] [stdout] 
[INFO] [stdout] 
[INFO] [stderr]     Finished `dev` profile [unoptimized + debuginfo] target(s) in 31.91s
[INFO] running `Command { std: "docker" "inspect" "bcaba4a2993b5e4eaaf4e7af436454adeb2876da415e2bf2f75b267d3f15cccf", kill_on_drop: false }`
[INFO] running `Command { std: "docker" "rm" "-f" "bcaba4a2993b5e4eaaf4e7af436454adeb2876da415e2bf2f75b267d3f15cccf", kill_on_drop: false }`
[INFO] [stdout] bcaba4a2993b5e4eaaf4e7af436454adeb2876da415e2bf2f75b267d3f15cccf
[INFO] running `Command { std: "docker" "create" "-v" "/var/lib/crater-agent-workspace/builds/worker-3-tc1/target:/opt/rustwide/target:rw,Z" "-v" "/var/lib/crater-agent-workspace/builds/worker-3-tc1/source:/opt/rustwide/workdir:ro,Z" "-v" "/var/lib/crater-agent-workspace/cargo-home:/opt/rustwide/cargo-home:ro,Z" "-v" "/var/lib/crater-agent-workspace/rustup-home:/opt/rustwide/rustup-home:ro,Z" "-e" "SOURCE_DIR=/opt/rustwide/workdir" "-e" "CARGO_TARGET_DIR=/opt/rustwide/target" "-e" "CARGO_INCREMENTAL=0" "-e" "RUST_BACKTRACE=full" "-e" "RUSTFLAGS=--cap-lints=warn" "-e" "RUSTDOCFLAGS=--cap-lints=warn" "-e" "CARGO_HOME=/opt/rustwide/cargo-home" "-e" "RUSTUP_HOME=/opt/rustwide/rustup-home" "-w" "/opt/rustwide/workdir" "-m" "1610612736" "--user" "0:0" "--network" "none" "ghcr.io/rust-lang/crates-build-env/linux@sha256:f3a9d4ad9d972b27faf3965f35b62e55ba32bbce8f20bc8fe909558a86702fde" "/opt/rustwide/cargo-home/bin/cargo" "+1.83.0" "test" "--frozen" "--no-run" "--message-format=json", kill_on_drop: false }`
[INFO] [stdout] 341c3842a2cee206e132a2d0b3eae3f1bf9596cf8c15f844ad10dae78e0bc189
[INFO] running `Command { std: "docker" "start" "-a" "341c3842a2cee206e132a2d0b3eae3f1bf9596cf8c15f844ad10dae78e0bc189", kill_on_drop: false }`
[INFO] [stdout] warning: unused variable: `ast`
[INFO] [stdout]   --> src/fmt.rs:11:9
[INFO] [stdout]    |
[INFO] [stdout] 11 |     let ast = parser::parse(lexer)?;
[INFO] [stdout]    |         ^^^ help: if this is intentional, prefix it with an underscore: `_ast`
[INFO] [stdout]    |
[INFO] [stdout]    = note: `#[warn(unused_variables)]` on by default
[INFO] [stdout] 
[INFO] [stdout] 
[INFO] [stdout] warning: unused variable: `pos`
[INFO] [stdout]   --> src/fmt.rs:89:33
[INFO] [stdout]    |
[INFO] [stdout] 89 |             Pattern::Var { var, pos } => self.push_str(&var.0),
[INFO] [stdout]    |                                 ^^^ help: try ignoring the field: `pos: _`
[INFO] [stdout] 
[INFO] [stdout] 
[INFO] [stdout] warning: unused variable: `subpat`
[INFO] [stdout]   --> src/fmt.rs:90:41
[INFO] [stdout]    |
[INFO] [stdout] 90 |             Pattern::BindPattern { var, subpat, pos } => {
[INFO] [stdout]    |                                         ^^^^^^ help: try ignoring the field: `subpat: _`
[INFO] [stdout] 
[INFO] [stdout] 
[INFO] [stdout] warning: unused variable: `pos`
[INFO] [stdout]   --> src/fmt.rs:90:49
[INFO] [stdout]    |
[INFO] [stdout] 90 |             Pattern::BindPattern { var, subpat, pos } => {
[INFO] [stdout]    |                                                 ^^^ help: try ignoring the field: `pos: _`
[INFO] [stdout] 
[INFO] [stdout] 
[INFO] [stdout] warning: unused variable: `val`
[INFO] [stdout]   --> src/fmt.rs:97:33
[INFO] [stdout]    |
[INFO] [stdout] 97 |             Pattern::ConstInt { val, pos } => todo!(),
[INFO] [stdout]    |                                 ^^^ help: try ignoring the field: `val: _`
[INFO] [stdout] 
[INFO] [stdout] 
[INFO] [stdout] warning: unused variable: `pos`
[INFO] [stdout]   --> src/fmt.rs:97:38
[INFO] [stdout]    |
[INFO] [stdout] 97 |             Pattern::ConstInt { val, pos } => todo!(),
[INFO] [stdout]    |                                      ^^^ help: try ignoring the field: `pos: _`
[INFO] [stdout] 
[INFO] [stdout] 
[INFO] [stdout] warning: unused variable: `val`
[INFO] [stdout]   --> src/fmt.rs:98:34
[INFO] [stdout]    |
[INFO] [stdout] 98 |             Pattern::ConstPrim { val, pos } => todo!(),
[INFO] [stdout]    |                                  ^^^ help: try ignoring the field: `val: _`
[INFO] [stdout] 
[INFO] [stdout] 
[INFO] [stdout] warning: unused variable: `pos`
[INFO] [stdout]   --> src/fmt.rs:98:39
[INFO] [stdout]    |
[INFO] [stdout] 98 |             Pattern::ConstPrim { val, pos } => todo!(),
[INFO] [stdout]    |                                       ^^^ help: try ignoring the field: `pos: _`
[INFO] [stdout] 
[INFO] [stdout] 
[INFO] [stdout] warning: unused variable: `sym`
[INFO] [stdout]   --> src/fmt.rs:99:29
[INFO] [stdout]    |
[INFO] [stdout] 99 |             Pattern::Term { sym, args, pos } => todo!(),
[INFO] [stdout]    |                             ^^^ help: try ignoring the field: `sym: _`
[INFO] [stdout] 
[INFO] [stdout] 
[INFO] [stdout] warning: unused variable: `args`
[INFO] [stdout]   --> src/fmt.rs:99:34
[INFO] [stdout]    |
[INFO] [stdout] 99 |             Pattern::Term { sym, args, pos } => todo!(),
[INFO] [stdout]    |                                  ^^^^ help: try ignoring the field: `args: _`
[INFO] [stdout] 
[INFO] [stdout] 
[INFO] [stdout] warning: unused variable: `pos`
[INFO] [stdout]   --> src/fmt.rs:99:40
[INFO] [stdout]    |
[INFO] [stdout] 99 |             Pattern::Term { sym, args, pos } => todo!(),
[INFO] [stdout]    |                                        ^^^ help: try ignoring the field: `pos: _`
[INFO] [stdout] 
[INFO] [stdout] 
[INFO] [stdout] warning: unused variable: `pos`
[INFO] [stdout]    --> src/fmt.rs:100:33
[INFO] [stdout]     |
[INFO] [stdout] 100 |             Pattern::Wildcard { pos } => todo!(),
[INFO] [stdout]     |                                 ^^^ help: try ignoring the field: `pos: _`
[INFO] [stdout] 
[INFO] [stdout] 
[INFO] [stdout] warning: unused variable: `subpats`
[INFO] [stdout]    --> src/fmt.rs:101:28
[INFO] [stdout]     |
[INFO] [stdout] 101 |             Pattern::And { subpats, pos } => todo!(),
[INFO] [stdout]     |                            ^^^^^^^ help: try ignoring the field: `subpats: _`
[INFO] [stdout] 
[INFO] [stdout] 
[INFO] [stdout] warning: unused variable: `pos`
[INFO] [stdout]    --> src/fmt.rs:101:37
[INFO] [stdout]     |
[INFO] [stdout] 101 |             Pattern::And { subpats, pos } => todo!(),
[INFO] [stdout]     |                                     ^^^ help: try ignoring the field: `pos: _`
[INFO] [stdout] 
[INFO] [stdout] 
[INFO] [stdout] warning: unused variable: `index`
[INFO] [stdout]    --> src/fmt.rs:102:33
[INFO] [stdout]     |
[INFO] [stdout] 102 |             Pattern::MacroArg { index, pos } => todo!(),
[INFO] [stdout]     |                                 ^^^^^ help: try ignoring the field: `index: _`
[INFO] [stdout] 
[INFO] [stdout] 
[INFO] [stdout] warning: unused variable: `pos`
[INFO] [stdout]    --> src/fmt.rs:102:40
[INFO] [stdout]     |
[INFO] [stdout] 102 |             Pattern::MacroArg { index, pos } => todo!(),
[INFO] [stdout]     |                                        ^^^ help: try ignoring the field: `pos: _`
[INFO] [stdout] 
[INFO] [stdout] 
[INFO] [stdout] warning: unused variable: `pos`
[INFO] [stdout]    --> src/fmt.rs:162:17
[INFO] [stdout]     |
[INFO] [stdout] 162 |                 pos,
[INFO] [stdout]     |                 ^^^ help: try ignoring the field: `pos: _`
[INFO] [stdout] 
[INFO] [stdout] 
[INFO] [stdout] warning: unused variable: `pos`
[INFO] [stdout]    --> src/fmt.rs:174:47
[INFO] [stdout]     |
[INFO] [stdout] 174 |             Extern::Constructor { term, func, pos } => {
[INFO] [stdout]     |                                               ^^^ help: try ignoring the field: `pos: _`
[INFO] [stdout] 
[INFO] [stdout] 
[INFO] [stderr]    Compiling isle-analyzer v0.1.0 (/opt/rustwide/workdir)
[INFO] [stdout] warning: unused variable: `pos`
[INFO] [stdout]    --> src/fmt.rs:180:39
[INFO] [stdout]     |
[INFO] [stdout] 180 |             Extern::Const { name, ty, pos } => {
[INFO] [stdout]     |                                       ^^^ help: try ignoring the field: `pos: _`
[INFO] [stdout] 
[INFO] [stdout] 
[INFO] [stdout] warning: unused variable: `ast`
[INFO] [stdout]   --> src/fmt.rs:11:9
[INFO] [stdout]    |
[INFO] [stdout] 11 |     let ast = parser::parse(lexer)?;
[INFO] [stdout]    |         ^^^ help: if this is intentional, prefix it with an underscore: `_ast`
[INFO] [stdout]    |
[INFO] [stdout]    = note: `#[warn(unused_variables)]` on by default
[INFO] [stdout] 
[INFO] [stdout] 
[INFO] [stdout] warning: unused variable: `pos`
[INFO] [stdout]   --> src/fmt.rs:89:33
[INFO] [stdout]    |
[INFO] [stdout] 89 |             Pattern::Var { var, pos } => self.push_str(&var.0),
[INFO] [stdout]    |                                 ^^^ help: try ignoring the field: `pos: _`
[INFO] [stdout] 
[INFO] [stdout] 
[INFO] [stdout] warning: unused variable: `subpat`
[INFO] [stdout]   --> src/fmt.rs:90:41
[INFO] [stdout]    |
[INFO] [stdout] 90 |             Pattern::BindPattern { var, subpat, pos } => {
[INFO] [stdout]    |                                         ^^^^^^ help: try ignoring the field: `subpat: _`
[INFO] [stdout] 
[INFO] [stdout] 
[INFO] [stdout] warning: unused variable: `pos`
[INFO] [stdout]   --> src/fmt.rs:90:49
[INFO] [stdout]    |
[INFO] [stdout] 90 |             Pattern::BindPattern { var, subpat, pos } => {
[INFO] [stdout]    |                                                 ^^^ help: try ignoring the field: `pos: _`
[INFO] [stdout] 
[INFO] [stdout] 
[INFO] [stdout] warning: unused variable: `val`
[INFO] [stdout]   --> src/fmt.rs:97:33
[INFO] [stdout]    |
[INFO] [stdout] 97 |             Pattern::ConstInt { val, pos } => todo!(),
[INFO] [stdout]    |                                 ^^^ help: try ignoring the field: `val: _`
[INFO] [stdout] 
[INFO] [stdout] 
[INFO] [stdout] warning: unused variable: `pos`
[INFO] [stdout]   --> src/fmt.rs:97:38
[INFO] [stdout]    |
[INFO] [stdout] 97 |             Pattern::ConstInt { val, pos } => todo!(),
[INFO] [stdout]    |                                      ^^^ help: try ignoring the field: `pos: _`
[INFO] [stdout] 
[INFO] [stdout] 
[INFO] [stdout] warning: unused variable: `val`
[INFO] [stdout]   --> src/fmt.rs:98:34
[INFO] [stdout]    |
[INFO] [stdout] 98 |             Pattern::ConstPrim { val, pos } => todo!(),
[INFO] [stdout]    |                                  ^^^ help: try ignoring the field: `val: _`
[INFO] [stdout] 
[INFO] [stdout] 
[INFO] [stdout] warning: unused variable: `pos`
[INFO] [stdout]   --> src/fmt.rs:98:39
[INFO] [stdout]    |
[INFO] [stdout] 98 |             Pattern::ConstPrim { val, pos } => todo!(),
[INFO] [stdout]    |                                       ^^^ help: try ignoring the field: `pos: _`
[INFO] [stdout] 
[INFO] [stdout] 
[INFO] [stdout] warning: unused variable: `sym`
[INFO] [stdout]   --> src/fmt.rs:99:29
[INFO] [stdout]    |
[INFO] [stdout] 99 |             Pattern::Term { sym, args, pos } => todo!(),
[INFO] [stdout]    |                             ^^^ help: try ignoring the field: `sym: _`
[INFO] [stdout] 
[INFO] [stdout] 
[INFO] [stdout] warning: unused variable: `args`
[INFO] [stdout]   --> src/fmt.rs:99:34
[INFO] [stdout]    |
[INFO] [stdout] 99 |             Pattern::Term { sym, args, pos } => todo!(),
[INFO] [stdout]    |                                  ^^^^ help: try ignoring the field: `args: _`
[INFO] [stdout] 
[INFO] [stdout] 
[INFO] [stdout] warning: unused variable: `pos`
[INFO] [stdout]   --> src/fmt.rs:99:40
[INFO] [stdout]    |
[INFO] [stdout] 99 |             Pattern::Term { sym, args, pos } => todo!(),
[INFO] [stdout]    |                                        ^^^ help: try ignoring the field: `pos: _`
[INFO] [stdout] 
[INFO] [stdout] 
[INFO] [stdout] warning: unused variable: `pos`
[INFO] [stdout]    --> src/fmt.rs:100:33
[INFO] [stdout]     |
[INFO] [stdout] 100 |             Pattern::Wildcard { pos } => todo!(),
[INFO] [stdout]     |                                 ^^^ help: try ignoring the field: `pos: _`
[INFO] [stdout] 
[INFO] [stdout] 
[INFO] [stdout] warning: unused variable: `subpats`
[INFO] [stdout]    --> src/fmt.rs:101:28
[INFO] [stdout]     |
[INFO] [stdout] 101 |             Pattern::And { subpats, pos } => todo!(),
[INFO] [stdout]     |                            ^^^^^^^ help: try ignoring the field: `subpats: _`
[INFO] [stdout] 
[INFO] [stdout] 
[INFO] [stdout] warning: unused variable: `pos`
[INFO] [stdout]    --> src/fmt.rs:101:37
[INFO] [stdout]     |
[INFO] [stdout] 101 |             Pattern::And { subpats, pos } => todo!(),
[INFO] [stdout]     |                                     ^^^ help: try ignoring the field: `pos: _`
[INFO] [stdout] 
[INFO] [stdout] 
[INFO] [stdout] warning: unused variable: `index`
[INFO] [stdout]    --> src/fmt.rs:102:33
[INFO] [stdout]     |
[INFO] [stdout] 102 |             Pattern::MacroArg { index, pos } => todo!(),
[INFO] [stdout]     |                                 ^^^^^ help: try ignoring the field: `index: _`
[INFO] [stdout] 
[INFO] [stdout] 
[INFO] [stdout] warning: unused variable: `pos`
[INFO] [stdout]    --> src/fmt.rs:102:40
[INFO] [stdout]     |
[INFO] [stdout] 102 |             Pattern::MacroArg { index, pos } => todo!(),
[INFO] [stdout]     |                                        ^^^ help: try ignoring the field: `pos: _`
[INFO] [stdout] 
[INFO] [stdout] 
[INFO] [stdout] warning: unused variable: `pos`
[INFO] [stdout]    --> src/fmt.rs:162:17
[INFO] [stdout]     |
[INFO] [stdout] 162 |                 pos,
[INFO] [stdout]     |                 ^^^ help: try ignoring the field: `pos: _`
[INFO] [stdout] 
[INFO] [stdout] 
[INFO] [stdout] warning: unused variable: `pos`
[INFO] [stdout]    --> src/fmt.rs:174:47
[INFO] [stdout]     |
[INFO] [stdout] 174 |             Extern::Constructor { term, func, pos } => {
[INFO] [stdout]     |                                               ^^^ help: try ignoring the field: `pos: _`
[INFO] [stdout] 
[INFO] [stdout] 
[INFO] [stdout] warning: unused variable: `pos`
[INFO] [stdout]    --> src/fmt.rs:180:39
[INFO] [stdout]     |
[INFO] [stdout] 180 |             Extern::Const { name, ty, pos } => {
[INFO] [stdout]     |                                       ^^^ help: try ignoring the field: `pos: _`
[INFO] [stdout] 
[INFO] [stdout] 
[INFO] [stdout] warning: variable does not need to be mutable
[INFO] [stdout]    --> src/fmt.rs:235:9
[INFO] [stdout]     |
[INFO] [stdout] 235 |     let mut f = Fmt::new(a.defs);
[INFO] [stdout]     |         ----^
[INFO] [stdout]     |         |
[INFO] [stdout]     |         help: remove this `mut`
[INFO] [stdout]     |
[INFO] [stdout]     = note: `#[warn(unused_mut)]` on by default
[INFO] [stdout] 
[INFO] [stdout] 
[INFO] [stderr]     Finished `test` profile [unoptimized + debuginfo] target(s) in 1.47s
[INFO] running `Command { std: "docker" "inspect" "341c3842a2cee206e132a2d0b3eae3f1bf9596cf8c15f844ad10dae78e0bc189", kill_on_drop: false }`
[INFO] running `Command { std: "docker" "rm" "-f" "341c3842a2cee206e132a2d0b3eae3f1bf9596cf8c15f844ad10dae78e0bc189", kill_on_drop: false }`
[INFO] [stdout] 341c3842a2cee206e132a2d0b3eae3f1bf9596cf8c15f844ad10dae78e0bc189
[INFO] running `Command { std: "docker" "create" "-v" "/var/lib/crater-agent-workspace/builds/worker-3-tc1/target:/opt/rustwide/target:rw,Z" "-v" "/var/lib/crater-agent-workspace/builds/worker-3-tc1/source:/opt/rustwide/workdir:ro,Z" "-v" "/var/lib/crater-agent-workspace/cargo-home:/opt/rustwide/cargo-home:ro,Z" "-v" "/var/lib/crater-agent-workspace/rustup-home:/opt/rustwide/rustup-home:ro,Z" "-e" "SOURCE_DIR=/opt/rustwide/workdir" "-e" "CARGO_TARGET_DIR=/opt/rustwide/target" "-e" "CARGO_INCREMENTAL=0" "-e" "RUST_BACKTRACE=full" "-e" "RUSTFLAGS=--cap-lints=warn" "-e" "RUSTDOCFLAGS=--cap-lints=warn" "-e" "CARGO_HOME=/opt/rustwide/cargo-home" "-e" "RUSTUP_HOME=/opt/rustwide/rustup-home" "-w" "/opt/rustwide/workdir" "-m" "1610612736" "--user" "0:0" "--network" "none" "ghcr.io/rust-lang/crates-build-env/linux@sha256:f3a9d4ad9d972b27faf3965f35b62e55ba32bbce8f20bc8fe909558a86702fde" "/opt/rustwide/cargo-home/bin/cargo" "+1.83.0" "test" "--frozen", kill_on_drop: false }`
[INFO] [stdout] d80df34f58bb7e482e0c7c0fcc9e8fd34e37b5a6c2f1bfbbcdeb93651b32085f
[INFO] running `Command { std: "docker" "start" "-a" "d80df34f58bb7e482e0c7c0fcc9e8fd34e37b5a6c2f1bfbbcdeb93651b32085f", kill_on_drop: false }`
[INFO] [stderr] warning: unused variable: `ast`
[INFO] [stderr]   --> src/fmt.rs:11:9
[INFO] [stderr]    |
[INFO] [stderr] 11 |     let ast = parser::parse(lexer)?;
[INFO] [stderr]    |         ^^^ help: if this is intentional, prefix it with an underscore: `_ast`
[INFO] [stderr]    |
[INFO] [stderr]    = note: `#[warn(unused_variables)]` on by default
[INFO] [stderr] 
[INFO] [stderr] warning: unused variable: `pos`
[INFO] [stderr]   --> src/fmt.rs:89:33
[INFO] [stderr]    |
[INFO] [stderr] 89 |             Pattern::Var { var, pos } => self.push_str(&var.0),
[INFO] [stderr]    |                                 ^^^ help: try ignoring the field: `pos: _`
[INFO] [stderr] 
[INFO] [stderr] warning: unused variable: `subpat`
[INFO] [stderr]   --> src/fmt.rs:90:41
[INFO] [stderr]    |
[INFO] [stderr] 90 |             Pattern::BindPattern { var, subpat, pos } => {
[INFO] [stderr]    |                                         ^^^^^^ help: try ignoring the field: `subpat: _`
[INFO] [stderr] 
[INFO] [stderr] warning: unused variable: `pos`
[INFO] [stderr]   --> src/fmt.rs:90:49
[INFO] [stderr]    |
[INFO] [stderr] 90 |             Pattern::BindPattern { var, subpat, pos } => {
[INFO] [stderr]    |                                                 ^^^ help: try ignoring the field: `pos: _`
[INFO] [stderr] 
[INFO] [stderr] warning: unused variable: `val`
[INFO] [stderr]   --> src/fmt.rs:97:33
[INFO] [stderr]    |
[INFO] [stderr] 97 |             Pattern::ConstInt { val, pos } => todo!(),
[INFO] [stderr]    |                                 ^^^ help: try ignoring the field: `val: _`
[INFO] [stderr] 
[INFO] [stderr] warning: unused variable: `pos`
[INFO] [stderr]   --> src/fmt.rs:97:38
[INFO] [stderr]    |
[INFO] [stderr] 97 |             Pattern::ConstInt { val, pos } => todo!(),
[INFO] [stderr]    |                                      ^^^ help: try ignoring the field: `pos: _`
[INFO] [stderr] 
[INFO] [stderr] warning: unused variable: `val`
[INFO] [stderr]   --> src/fmt.rs:98:34
[INFO] [stderr]    |
[INFO] [stderr] 98 |             Pattern::ConstPrim { val, pos } => todo!(),
[INFO] [stderr]    |                                  ^^^ help: try ignoring the field: `val: _`
[INFO] [stderr] 
[INFO] [stderr] warning: unused variable: `pos`
[INFO] [stderr]   --> src/fmt.rs:98:39
[INFO] [stderr]    |
[INFO] [stderr] 98 |             Pattern::ConstPrim { val, pos } => todo!(),
[INFO] [stderr]    |                                       ^^^ help: try ignoring the field: `pos: _`
[INFO] [stderr] 
[INFO] [stderr] warning: unused variable: `sym`
[INFO] [stderr]   --> src/fmt.rs:99:29
[INFO] [stderr]    |
[INFO] [stderr] 99 |             Pattern::Term { sym, args, pos } => todo!(),
[INFO] [stderr]    |                             ^^^ help: try ignoring the field: `sym: _`
[INFO] [stderr] 
[INFO] [stderr] warning: unused variable: `args`
[INFO] [stderr]   --> src/fmt.rs:99:34
[INFO] [stderr]    |
[INFO] [stderr] 99 |             Pattern::Term { sym, args, pos } => todo!(),
[INFO] [stderr]    |                                  ^^^^ help: try ignoring the field: `args: _`
[INFO] [stderr] 
[INFO] [stderr] warning: unused variable: `pos`
[INFO] [stderr]   --> src/fmt.rs:99:40
[INFO] [stderr]    |
[INFO] [stderr] 99 |             Pattern::Term { sym, args, pos } => todo!(),
[INFO] [stderr]    |                                        ^^^ help: try ignoring the field: `pos: _`
[INFO] [stderr] 
[INFO] [stderr] warning: unused variable: `pos`
[INFO] [stderr]    --> src/fmt.rs:100:33
[INFO] [stderr]     |
[INFO] [stderr] 100 |             Pattern::Wildcard { pos } => todo!(),
[INFO] [stderr]     |                                 ^^^ help: try ignoring the field: `pos: _`
[INFO] [stderr] 
[INFO] [stderr] warning: unused variable: `subpats`
[INFO] [stderr]    --> src/fmt.rs:101:28
[INFO] [stderr]     |
[INFO] [stderr] 101 |             Pattern::And { subpats, pos } => todo!(),
[INFO] [stderr]     |                            ^^^^^^^ help: try ignoring the field: `subpats: _`
[INFO] [stderr] 
[INFO] [stderr] warning: unused variable: `pos`
[INFO] [stderr]    --> src/fmt.rs:101:37
[INFO] [stderr]     |
[INFO] [stderr] 101 |             Pattern::And { subpats, pos } => todo!(),
[INFO] [stderr]     |                                     ^^^ help: try ignoring the field: `pos: _`
[INFO] [stderr] 
[INFO] [stderr] warning: unused variable: `index`
[INFO] [stderr]    --> src/fmt.rs:102:33
[INFO] [stderr]     |
[INFO] [stderr] 102 |             Pattern::MacroArg { index, pos } => todo!(),
[INFO] [stderr]     |                                 ^^^^^ help: try ignoring the field: `index: _`
[INFO] [stderr] 
[INFO] [stderr] warning: unused variable: `pos`
[INFO] [stderr]    --> src/fmt.rs:102:40
[INFO] [stderr]     |
[INFO] [stderr] 102 |             Pattern::MacroArg { index, pos } => todo!(),
[INFO] [stderr]     |                                        ^^^ help: try ignoring the field: `pos: _`
[INFO] [stderr] 
[INFO] [stderr] warning: unused variable: `pos`
[INFO] [stderr]    --> src/fmt.rs:162:17
[INFO] [stderr]     |
[INFO] [stderr] 162 |                 pos,
[INFO] [stderr]     |                 ^^^ help: try ignoring the field: `pos: _`
[INFO] [stderr] 
[INFO] [stderr] warning: unused variable: `pos`
[INFO] [stderr]    --> src/fmt.rs:174:47
[INFO] [stderr]     |
[INFO] [stderr] 174 |             Extern::Constructor { term, func, pos } => {
[INFO] [stderr]     |                                               ^^^ help: try ignoring the field: `pos: _`
[INFO] [stderr] 
[INFO] [stderr] warning: unused variable: `pos`
[INFO] [stderr]    --> src/fmt.rs:180:39
[INFO] [stderr]     |
[INFO] [stderr] 180 |             Extern::Const { name, ty, pos } => {
[INFO] [stderr]     |                                       ^^^ help: try ignoring the field: `pos: _`
[INFO] [stderr] 
[INFO] [stderr] warning: variable does not need to be mutable
[INFO] [stderr]    --> src/fmt.rs:235:9
[INFO] [stderr]     |
[INFO] [stderr] 235 |     let mut f = Fmt::new(a.defs);
[INFO] [stderr]     |         ----^
[INFO] [stderr]     |         |
[INFO] [stderr]     |         help: remove this `mut`
[INFO] [stderr]     |
[INFO] [stderr]     = note: `#[warn(unused_mut)]` on by default
[INFO] [stderr] 
[INFO] [stderr] warning: `isle-analyzer` (lib) generated 19 warnings
[INFO] [stderr] warning: `isle-analyzer` (lib test) generated 20 warnings (19 duplicates) (run `cargo fix --lib -p isle-analyzer --tests` to apply 1 suggestion)
[INFO] [stderr]     Finished `test` profile [unoptimized + debuginfo] target(s) in 0.12s
[INFO] [stderr]      Running unittests src/lib.rs (/opt/rustwide/target/debug/deps/isle_analyzer-756cb4bd472ba82b)
[INFO] [stdout] 
[INFO] [stdout] running 9 tests
[INFO] [stdout] test comment::test_document_comments ... ok
[INFO] [stdout] test semantic_tokens::test_vec_st::test_vec_st ... ok
[INFO] [stdout] test project::test_splited_symbol ... ok
[INFO] [stdout] test semantic_tokens::ts_code ... ok
[INFO] [stdout] test ide_test::xxx ... ok
[INFO] [stdout] test ide_test::completion ... ok
[INFO] [stdout] test show_rust_code::xxx ... ok
[INFO] [stdout] test fmt::test_fmt ... FAILED
[INFO] [stdout] test ide_test::goto_definition ... FAILED
[INFO] [stdout] 
[INFO] [stdout] failures:
[INFO] [stdout] 
[INFO] [stdout] ---- fmt::test_fmt stdout ----
[INFO] [stdout] thread 'fmt::test_fmt' panicked at src/fmt.rs:30:9:
[INFO] [stdout] not implemented
[INFO] [stdout] stack backtrace:
[INFO] [stdout]    0:     0x55e2bd3c3a1a - std::backtrace_rs::backtrace::libunwind::trace::h5a5b8284f2d0c266
[INFO] [stdout]                                at /rustc/90b35a6239c3d8bdabc530a6a0816f7ff89a0aaf/library/std/src/../../backtrace/src/backtrace/libunwind.rs:116:5
[INFO] [stdout]    1:     0x55e2bd3c3a1a - std::backtrace_rs::backtrace::trace_unsynchronized::h76d4f1c9b0b875e3
[INFO] [stdout]                                at /rustc/90b35a6239c3d8bdabc530a6a0816f7ff89a0aaf/library/std/src/../../backtrace/src/backtrace/mod.rs:66:5
[INFO] [stdout]    2:     0x55e2bd3c3a1a - std::sys::backtrace::_print_fmt::hc4546b8364a537c6
[INFO] [stdout]                                at /rustc/90b35a6239c3d8bdabc530a6a0816f7ff89a0aaf/library/std/src/sys/backtrace.rs:66:9
[INFO] [stdout]    3:     0x55e2bd3c3a1a - <std::sys::backtrace::BacktraceLock::print::DisplayBacktrace as core::fmt::Display>::fmt::h5b6bd5631a6d1f6b
[INFO] [stdout]                                at /rustc/90b35a6239c3d8bdabc530a6a0816f7ff89a0aaf/library/std/src/sys/backtrace.rs:39:26
[INFO] [stdout]    4:     0x55e2bd3e9563 - core::fmt::rt::Argument::fmt::h270f6602a2b96f62
[INFO] [stdout]                                at /rustc/90b35a6239c3d8bdabc530a6a0816f7ff89a0aaf/library/core/src/fmt/rt.rs:177:76
[INFO] [stdout]    5:     0x55e2bd3e9563 - core::fmt::write::h7550c97b06c86515
[INFO] [stdout]                                at /rustc/90b35a6239c3d8bdabc530a6a0816f7ff89a0aaf/library/core/src/fmt/mod.rs:1186:21
[INFO] [stdout]    6:     0x55e2bd3c0b73 - std::io::Write::write_fmt::h509ff860e5956e5e
[INFO] [stdout]                                at /rustc/90b35a6239c3d8bdabc530a6a0816f7ff89a0aaf/library/std/src/io/mod.rs:1839:15
[INFO] [stdout]    7:     0x55e2bd3c3862 - std::sys::backtrace::BacktraceLock::print::h2395ccd2c84ba3aa
[INFO] [stdout]                                at /rustc/90b35a6239c3d8bdabc530a6a0816f7ff89a0aaf/library/std/src/sys/backtrace.rs:42:9
[INFO] [stdout]    8:     0x55e2bd3c4e7a - std::panicking::default_hook::{{closure}}::he19d4c7230e07961
[INFO] [stdout]                                at /rustc/90b35a6239c3d8bdabc530a6a0816f7ff89a0aaf/library/std/src/panicking.rs:268:22
[INFO] [stdout]    9:     0x55e2bd3c4c84 - std::panicking::default_hook::hf614597d3c67bbdb
[INFO] [stdout]                                at /rustc/90b35a6239c3d8bdabc530a6a0816f7ff89a0aaf/library/std/src/panicking.rs:292:9
[INFO] [stdout]   10:     0x55e2bd2a19a9 - <alloc::boxed::Box<F,A> as core::ops::function::Fn<Args>>::call::h39b51ce4599c23d1
[INFO] [stdout]                                at /rustc/90b35a6239c3d8bdabc530a6a0816f7ff89a0aaf/library/alloc/src/boxed.rs:2468:9
[INFO] [stdout]   11:     0x55e2bd2a19a9 - test::test_main::{{closure}}::he977ae839a582784
[INFO] [stdout]                                at /rustc/90b35a6239c3d8bdabc530a6a0816f7ff89a0aaf/library/test/src/lib.rs:133:21
[INFO] [stdout]   12:     0x55e2bd3c5518 - <alloc::boxed::Box<F,A> as core::ops::function::Fn<Args>>::call::h9455091b6b06f9fb
[INFO] [stdout]                                at /rustc/90b35a6239c3d8bdabc530a6a0816f7ff89a0aaf/library/alloc/src/boxed.rs:2468:9
[INFO] [stdout]   13:     0x55e2bd3c5518 - std::panicking::rust_panic_with_hook::h8942133a8b252070
[INFO] [stdout]                                at /rustc/90b35a6239c3d8bdabc530a6a0816f7ff89a0aaf/library/std/src/panicking.rs:809:13
[INFO] [stdout]   14:     0x55e2bd3c52a6 - std::panicking::begin_panic_handler::{{closure}}::hb5f5963570096b29
[INFO] [stdout]                                at /rustc/90b35a6239c3d8bdabc530a6a0816f7ff89a0aaf/library/std/src/panicking.rs:667:13
[INFO] [stdout]   15:     0x55e2bd3c3ef9 - std::sys::backtrace::__rust_end_short_backtrace::h6208cedc1922feda
[INFO] [stdout]                                at /rustc/90b35a6239c3d8bdabc530a6a0816f7ff89a0aaf/library/std/src/sys/backtrace.rs:170:18
[INFO] [stdout]   16:     0x55e2bd3c4f6c - rust_begin_unwind
[INFO] [stdout]                                at /rustc/90b35a6239c3d8bdabc530a6a0816f7ff89a0aaf/library/std/src/panicking.rs:665:5
[INFO] [stdout]   17:     0x55e2bd21ab00 - core::panicking::panic_fmt::h0c3082644d1bf418
[INFO] [stdout]                                at /rustc/90b35a6239c3d8bdabc530a6a0816f7ff89a0aaf/library/core/src/panicking.rs:74:14
[INFO] [stdout]   18:     0x55e2bd21ab8c - core::panicking::panic::h957f98c65a3b3074
[INFO] [stdout]                                at /rustc/90b35a6239c3d8bdabc530a6a0816f7ff89a0aaf/library/core/src/panicking.rs:148:5
[INFO] [stdout]   19:     0x55e2bd24ba01 - isle_analyzer::fmt::Fmt::new_line::h7d26deaeef3a4561
[INFO] [stdout]                                at /opt/rustwide/workdir/src/fmt.rs:30:9
[INFO] [stdout]   20:     0x55e2bd24bb69 - isle_analyzer::fmt::Fmt::format_defs::h36d9890aca06d088
[INFO] [stdout]                                at /opt/rustwide/workdir/src/fmt.rs:35:13
[INFO] [stdout]   21:     0x55e2bd24f134 - isle_analyzer::fmt::test_fmt::h1c8309c808a4f524
[INFO] [stdout]                                at /opt/rustwide/workdir/src/fmt.rs:236:18
[INFO] [stdout]   22:     0x55e2bd24ee57 - isle_analyzer::fmt::test_fmt::{{closure}}::h0dcca208979cfd2e
[INFO] [stdout]                                at /opt/rustwide/workdir/src/fmt.rs:217:14
[INFO] [stdout]   23:     0x55e2bd25fd96 - core::ops::function::FnOnce::call_once::h259649deed150d04
[INFO] [stdout]                                at /rustc/90b35a6239c3d8bdabc530a6a0816f7ff89a0aaf/library/core/src/ops/function.rs:250:5
[INFO] [stdout]   24:     0x55e2bd2a636b - core::ops::function::FnOnce::call_once::h109cf8051a59b34e
[INFO] [stdout]                                at /rustc/90b35a6239c3d8bdabc530a6a0816f7ff89a0aaf/library/core/src/ops/function.rs:250:5
[INFO] [stdout]   25:     0x55e2bd2a636b - test::__rust_begin_short_backtrace::hf4fff89d377446ba
[INFO] [stdout]                                at /rustc/90b35a6239c3d8bdabc530a6a0816f7ff89a0aaf/library/test/src/lib.rs:621:18
[INFO] [stdout]   26:     0x55e2bd2a5ba7 - test::run_test_in_process::{{closure}}::h0e39181dd7ee5a43
[INFO] [stdout]                                at /rustc/90b35a6239c3d8bdabc530a6a0816f7ff89a0aaf/library/test/src/lib.rs:644:60
[INFO] [stdout]   27:     0x55e2bd2a5ba7 - <core::panic::unwind_safe::AssertUnwindSafe<F> as core::ops::function::FnOnce<()>>::call_once::hc5a66a30f0bdfd1f
[INFO] [stdout]                                at /rustc/90b35a6239c3d8bdabc530a6a0816f7ff89a0aaf/library/core/src/panic/unwind_safe.rs:272:9
[INFO] [stdout]   28:     0x55e2bd2a5ba7 - std::panicking::try::do_call::h873b7cf639554a5e
[INFO] [stdout]                                at /rustc/90b35a6239c3d8bdabc530a6a0816f7ff89a0aaf/library/std/src/panicking.rs:557:40
[INFO] [stdout]   29:     0x55e2bd2a5ba7 - std::panicking::try::hdb19862fad9c8bd1
[INFO] [stdout]                                at /rustc/90b35a6239c3d8bdabc530a6a0816f7ff89a0aaf/library/std/src/panicking.rs:520:19
[INFO] [stdout]   30:     0x55e2bd2a5ba7 - std::panic::catch_unwind::h281fe732d236d260
[INFO] [stdout]                                at /rustc/90b35a6239c3d8bdabc530a6a0816f7ff89a0aaf/library/std/src/panic.rs:358:14
[INFO] [stdout]   31:     0x55e2bd2a5ba7 - test::run_test_in_process::h949b6df8457ed338
[INFO] [stdout]                                at /rustc/90b35a6239c3d8bdabc530a6a0816f7ff89a0aaf/library/test/src/lib.rs:644:27
[INFO] [stdout]   32:     0x55e2bd2a5ba7 - test::run_test::{{closure}}::h52c556a6d4740e10
[INFO] [stdout]                                at /rustc/90b35a6239c3d8bdabc530a6a0816f7ff89a0aaf/library/test/src/lib.rs:565:43
[INFO] [stdout]   33:     0x55e2bd26ae84 - test::run_test::{{closure}}::h4237f6381c45ccb9
[INFO] [stdout]                                at /rustc/90b35a6239c3d8bdabc530a6a0816f7ff89a0aaf/library/test/src/lib.rs:595:41
[INFO] [stdout]   34:     0x55e2bd26ae84 - std::sys::backtrace::__rust_begin_short_backtrace::h505c97a579eca628
[INFO] [stdout]                                at /rustc/90b35a6239c3d8bdabc530a6a0816f7ff89a0aaf/library/std/src/sys/backtrace.rs:154:18
[INFO] [stdout]   35:     0x55e2bd26e54e - std::thread::Builder::spawn_unchecked_::{{closure}}::{{closure}}::h9e86b2e2bc107ea3
[INFO] [stdout]                                at /rustc/90b35a6239c3d8bdabc530a6a0816f7ff89a0aaf/library/std/src/thread/mod.rs:538:17
[INFO] [stdout]   36:     0x55e2bd26e54e - <core::panic::unwind_safe::AssertUnwindSafe<F> as core::ops::function::FnOnce<()>>::call_once::h8b06ddb275ff4a25
[INFO] [stdout]                                at /rustc/90b35a6239c3d8bdabc530a6a0816f7ff89a0aaf/library/core/src/panic/unwind_safe.rs:272:9
[INFO] [stdout]   37:     0x55e2bd26e54e - std::panicking::try::do_call::hb26ecd7cd9a9355d
[INFO] [stdout]                                at /rustc/90b35a6239c3d8bdabc530a6a0816f7ff89a0aaf/library/std/src/panicking.rs:557:40
[INFO] [stdout]   38:     0x55e2bd26e54e - std::panicking::try::h8ddeca9d705f9069
[INFO] [stdout]                                at /rustc/90b35a6239c3d8bdabc530a6a0816f7ff89a0aaf/library/std/src/panicking.rs:520:19
[INFO] [stdout]   39:     0x55e2bd26e54e - std::panic::catch_unwind::h49e1c33078844c46
[INFO] [stdout]                                at /rustc/90b35a6239c3d8bdabc530a6a0816f7ff89a0aaf/library/std/src/panic.rs:358:14
[INFO] [stdout]   40:     0x55e2bd26e54e - std::thread::Builder::spawn_unchecked_::{{closure}}::h6073db6ff56ad35d
[INFO] [stdout]                                at /rustc/90b35a6239c3d8bdabc530a6a0816f7ff89a0aaf/library/std/src/thread/mod.rs:537:30
[INFO] [stdout]   41:     0x55e2bd26e54e - core::ops::function::FnOnce::call_once{{vtable.shim}}::h2c5a5f3779c774f1
[INFO] [stdout]                                at /rustc/90b35a6239c3d8bdabc530a6a0816f7ff89a0aaf/library/core/src/ops/function.rs:250:5
[INFO] [stdout]   42:     0x55e2bd3c92eb - <alloc::boxed::Box<F,A> as core::ops::function::FnOnce<Args>>::call_once::hf75717d9f28faebf
[INFO] [stdout]                                at /rustc/90b35a6239c3d8bdabc530a6a0816f7ff89a0aaf/library/alloc/src/boxed.rs:2454:9
[INFO] [stdout]   43:     0x55e2bd3c92eb - <alloc::boxed::Box<F,A> as core::ops::function::FnOnce<Args>>::call_once::h7bd883a5f3c5f3c1
[INFO] [stdout]                                at /rustc/90b35a6239c3d8bdabc530a6a0816f7ff89a0aaf/library/alloc/src/boxed.rs:2454:9
[INFO] [stdout]   44:     0x55e2bd3c92eb - std::sys::pal::unix::thread::Thread::new::thread_start::hcc78f3943333fa94
[INFO] [stdout]                                at /rustc/90b35a6239c3d8bdabc530a6a0816f7ff89a0aaf/library/std/src/sys/pal/unix/thread.rs:105:17
[INFO] [stdout]   45:     0x7227da717ac3 - <unknown>
[INFO] [stdout]   46:     0x7227da7a8a04 - clone
[INFO] [stdout]   47:                0x0 - <unknown>
[INFO] [stdout] 
[INFO] [stdout] ---- ide_test::goto_definition stdout ----
[INFO] [stdout] TRACE - enter item name:u32 pos:2:6 item_type:u32
[INFO] [stdout] TRACE - enter item name:A pos:4:6 item_decl:A
[INFO] [stdout] TRACE - enter item name:u32 pos:2:6 item_type:u32
[INFO] [stdout] TRACE - enter item name:A pos:4:6 item_decl:A
[INFO] [stdout] thread 'ide_test::goto_definition' panicked at src/ide_test.rs:46:64:
[INFO] [stdout] called `Option::unwrap()` on a `None` value
[INFO] [stdout] stack backtrace:
[INFO] [stdout]    0:     0x55e2bd3c3a1a - std::backtrace_rs::backtrace::libunwind::trace::h5a5b8284f2d0c266
[INFO] [stdout]                                at /rustc/90b35a6239c3d8bdabc530a6a0816f7ff89a0aaf/library/std/src/../../backtrace/src/backtrace/libunwind.rs:116:5
[INFO] [stdout]    1:     0x55e2bd3c3a1a - std::backtrace_rs::backtrace::trace_unsynchronized::h76d4f1c9b0b875e3
[INFO] [stdout]                                at /rustc/90b35a6239c3d8bdabc530a6a0816f7ff89a0aaf/library/std/src/../../backtrace/src/backtrace/mod.rs:66:5
[INFO] [stdout]    2:     0x55e2bd3c3a1a - std::sys::backtrace::_print_fmt::hc4546b8364a537c6
[INFO] [stdout]                                at /rustc/90b35a6239c3d8bdabc530a6a0816f7ff89a0aaf/library/std/src/sys/backtrace.rs:66:9
[INFO] [stdout]    3:     0x55e2bd3c3a1a - <std::sys::backtrace::BacktraceLock::print::DisplayBacktrace as core::fmt::Display>::fmt::h5b6bd5631a6d1f6b
[INFO] [stdout]                                at /rustc/90b35a6239c3d8bdabc530a6a0816f7ff89a0aaf/library/std/src/sys/backtrace.rs:39:26
[INFO] [stdout]    4:     0x55e2bd3e9563 - core::fmt::rt::Argument::fmt::h270f6602a2b96f62
[INFO] [stdout]                                at /rustc/90b35a6239c3d8bdabc530a6a0816f7ff89a0aaf/library/core/src/fmt/rt.rs:177:76
[INFO] [stdout]    5:     0x55e2bd3e9563 - core::fmt::write::h7550c97b06c86515
[INFO] [stdout]                                at /rustc/90b35a6239c3d8bdabc530a6a0816f7ff89a0aaf/library/core/src/fmt/mod.rs:1186:21
[INFO] [stdout]    6:     0x55e2bd3c0b73 - std::io::Write::write_fmt::h509ff860e5956e5e
[INFO] [stdout]                                at /rustc/90b35a6239c3d8bdabc530a6a0816f7ff89a0aaf/library/std/src/io/mod.rs:1839:15
[INFO] [stdout]    7:     0x55e2bd3c3862 - std::sys::backtrace::BacktraceLock::print::h2395ccd2c84ba3aa
[INFO] [stdout]                                at /rustc/90b35a6239c3d8bdabc530a6a0816f7ff89a0aaf/library/std/src/sys/backtrace.rs:42:9
[INFO] [stdout]    8:     0x55e2bd3c4e7a - std::panicking::default_hook::{{closure}}::he19d4c7230e07961
[INFO] [stdout]                                at /rustc/90b35a6239c3d8bdabc530a6a0816f7ff89a0aaf/library/std/src/panicking.rs:268:22
[INFO] [stdout]    9:     0x55e2bd3c4c84 - std::panicking::default_hook::hf614597d3c67bbdb
[INFO] [stdout]                                at /rustc/90b35a6239c3d8bdabc530a6a0816f7ff89a0aaf/library/std/src/panicking.rs:292:9
[INFO] [stdout]   10:     0x55e2bd2a19a9 - <alloc::boxed::Box<F,A> as core::ops::function::Fn<Args>>::call::h39b51ce4599c23d1
[INFO] [stdout]                                at /rustc/90b35a6239c3d8bdabc530a6a0816f7ff89a0aaf/library/alloc/src/boxed.rs:2468:9
[INFO] [stdout]   11:     0x55e2bd2a19a9 - test::test_main::{{closure}}::he977ae839a582784
[INFO] [stdout]                                at /rustc/90b35a6239c3d8bdabc530a6a0816f7ff89a0aaf/library/test/src/lib.rs:133:21
[INFO] [stdout]   12:     0x55e2bd3c5518 - <alloc::boxed::Box<F,A> as core::ops::function::Fn<Args>>::call::h9455091b6b06f9fb
[INFO] [stdout]                                at /rustc/90b35a6239c3d8bdabc530a6a0816f7ff89a0aaf/library/alloc/src/boxed.rs:2468:9
[INFO] [stdout]   13:     0x55e2bd3c5518 - std::panicking::rust_panic_with_hook::h8942133a8b252070
[INFO] [stdout]                                at /rustc/90b35a6239c3d8bdabc530a6a0816f7ff89a0aaf/library/std/src/panicking.rs:809:13
[INFO] [stdout]   14:     0x55e2bd3c52a6 - std::panicking::begin_panic_handler::{{closure}}::hb5f5963570096b29
[INFO] [stdout]                                at /rustc/90b35a6239c3d8bdabc530a6a0816f7ff89a0aaf/library/std/src/panicking.rs:667:13
[INFO] [stdout]   15:     0x55e2bd3c3ef9 - std::sys::backtrace::__rust_end_short_backtrace::h6208cedc1922feda
[INFO] [stdout]                                at /rustc/90b35a6239c3d8bdabc530a6a0816f7ff89a0aaf/library/std/src/sys/backtrace.rs:170:18
[INFO] [stdout]   16:     0x55e2bd3c4f6c - rust_begin_unwind
[INFO] [stdout]                                at /rustc/90b35a6239c3d8bdabc530a6a0816f7ff89a0aaf/library/std/src/panicking.rs:665:5
[INFO] [stdout]   17:     0x55e2bd21ab00 - core::panicking::panic_fmt::h0c3082644d1bf418
[INFO] [stdout]                                at /rustc/90b35a6239c3d8bdabc530a6a0816f7ff89a0aaf/library/core/src/panicking.rs:74:14
[INFO] [stdout]   18:     0x55e2bd21ab8c - core::panicking::panic::h957f98c65a3b3074
[INFO] [stdout]                                at /rustc/90b35a6239c3d8bdabc530a6a0816f7ff89a0aaf/library/core/src/panicking.rs:148:5
[INFO] [stdout]   19:     0x55e2bd21aa79 - core::option::unwrap_failed::h098b0d47c83374d6
[INFO] [stdout]                                at /rustc/90b35a6239c3d8bdabc530a6a0816f7ff89a0aaf/library/core/src/option.rs:2012:5
[INFO] [stdout]   20:     0x55e2bd25550b - core::option::Option<T>::unwrap::he77e9e1765802e39
[INFO] [stdout]                                at /rustc/90b35a6239c3d8bdabc530a6a0816f7ff89a0aaf/library/core/src/option.rs:972:21
[INFO] [stdout]   21:     0x55e2bd25550b - isle_analyzer::ide_test::goto_definition::h2e6a6f3c2241f761
[INFO] [stdout]                                at /opt/rustwide/workdir/src/ide_test.rs:46:49
[INFO] [stdout]   22:     0x55e2bd2550e7 - isle_analyzer::ide_test::goto_definition::{{closure}}::hdfb96a11414567d9
[INFO] [stdout]                                at /opt/rustwide/workdir/src/ide_test.rs:40:21
[INFO] [stdout]   23:     0x55e2bd25ffb6 - core::ops::function::FnOnce::call_once::h6418a78ed30f0e34
[INFO] [stdout]                                at /rustc/90b35a6239c3d8bdabc530a6a0816f7ff89a0aaf/library/core/src/ops/function.rs:250:5
[INFO] [stdout]   24:     0x55e2bd2a636b - core::ops::function::FnOnce::call_once::h109cf8051a59b34e
[INFO] [stdout]                                at /rustc/90b35a6239c3d8bdabc530a6a0816f7ff89a0aaf/library/core/src/ops/function.rs:250:5
[INFO] [stdout]   25:     0x55e2bd2a636b - test::__rust_begin_short_backtrace::hf4fff89d377446ba
[INFO] [stdout]                                at /rustc/90b35a6239c3d8bdabc530a6a0816f7ff89a0aaf/library/test/src/lib.rs:621:18
[INFO] [stdout]   26:     0x55e2bd2a5ba7 - test::run_test_in_process::{{closure}}::h0e39181dd7ee5a43
[INFO] [stdout]                                at /rustc/90b35a6239c3d8bdabc530a6a0816f7ff89a0aaf/library/test/src/lib.rs:644:60
[INFO] [stdout]   27:     0x55e2bd2a5ba7 - <core::panic::unwind_safe::AssertUnwindSafe<F> as core::ops::function::FnOnce<()>>::call_once::hc5a66a30f0bdfd1f
[INFO] [stdout]                                at /rustc/90b35a6239c3d8bdabc530a6a0816f7ff89a0aaf/library/core/src/panic/unwind_safe.rs:272:9
[INFO] [stdout]   28:     0x55e2bd2a5ba7 - std::panicking::try::do_call::h873b7cf639554a5e
[INFO] [stdout]                                at /rustc/90b35a6239c3d8bdabc530a6a0816f7ff89a0aaf/library/std/src/panicking.rs:557:40
[INFO] [stdout]   29:     0x55e2bd2a5ba7 - std::panicking::try::hdb19862fad9c8bd1
[INFO] [stdout]                                at /rustc/90b35a6239c3d8bdabc530a6a0816f7ff89a0aaf/library/std/src/panicking.rs:520:19
[INFO] [stdout]   30:     0x55e2bd2a5ba7 - std::panic::catch_unwind::h281fe732d236d260
[INFO] [stdout]                                at /rustc/90b35a6239c3d8bdabc530a6a0816f7ff89a0aaf/library/std/src/panic.rs:358:14
[INFO] [stdout]   31:     0x55e2bd2a5ba7 - test::run_test_in_process::h949b6df8457ed338
[INFO] [stdout]                                at /rustc/90b35a6239c3d8bdabc530a6a0816f7ff89a0aaf/library/test/src/lib.rs:644:27
[INFO] [stdout]   32:     0x55e2bd2a5ba7 - test::run_test::{{closure}}::h52c556a6d4740e10
[INFO] [stdout]                                at /rustc/90b35a6239c3d8bdabc530a6a0816f7ff89a0aaf/library/test/src/lib.rs:565:43
[INFO] [stdout]   33:     0x55e2bd26ae84 - test::run_test::{{closure}}::h4237f6381c45ccb9
[INFO] [stdout]                                at /rustc/90b35a6239c3d8bdabc530a6a0816f7ff89a0aaf/library/test/src/lib.rs:595:41
[INFO] [stdout]   34:     0x55e2bd26ae84 - std::sys::backtrace::__rust_begin_short_backtrace::h505c97a579eca628
[INFO] [stdout]                                at /rustc/90b35a6239c3d8bdabc530a6a0816f7ff89a0aaf/library/std/src/sys/backtrace.rs:154:18
[INFO] [stdout]   35:     0x55e2bd26e54e - std::thread::Builder::spawn_unchecked_::{{closure}}::{{closure}}::h9e86b2e2bc107ea3
[INFO] [stdout]                                at /rustc/90b35a6239c3d8bdabc530a6a0816f7ff89a0aaf/library/std/src/thread/mod.rs:538:17
[INFO] [stdout]   36:     0x55e2bd26e54e - <core::panic::unwind_safe::AssertUnwindSafe<F> as core::ops::function::FnOnce<()>>::call_once::h8b06ddb275ff4a25
[INFO] [stdout]                                at /rustc/90b35a6239c3d8bdabc530a6a0816f7ff89a0aaf/library/core/src/panic/unwind_safe.rs:272:9
[INFO] [stdout]   37:     0x55e2bd26e54e - std::panicking::try::do_call::hb26ecd7cd9a9355d
[INFO] [stdout]                                at /rustc/90b35a6239c3d8bdabc530a6a0816f7ff89a0aaf/library/std/src/panicking.rs:557:40
[INFO] [stdout]   38:     0x55e2bd26e54e - std::panicking::try::h8ddeca9d705f9069
[INFO] [stdout]                                at /rustc/90b35a6239c3d8bdabc530a6a0816f7ff89a0aaf/library/std/src/panicking.rs:520:19
[INFO] [stdout]   39:     0x55e2bd26e54e - std::panic::catch_unwind::h49e1c33078844c46
[INFO] [stdout]                                at /rustc/90b35a6239c3d8bdabc530a6a0816f7ff89a0aaf/library/std/src/panic.rs:358:14
[INFO] [stdout]   40:     0x55e2bd26e54e - std::thread::Builder::spawn_unchecked_::{{closure}}::h6073db6ff56ad35d
[INFO] [stdout]                                at /rustc/90b35a6239c3d8bdabc530a6a0816f7ff89a0aaf/library/std/src/thread/mod.rs:537:30
[INFO] [stdout]   41:     0x55e2bd26e54e - core::ops::function::FnOnce::call_once{{vtable.shim}}::h2c5a5f3779c774f1
[INFO] [stdout]                                at /rustc/90b35a6239c3d8bdabc530a6a0816f7ff89a0aaf/library/core/src/ops/function.rs:250:5
[INFO] [stdout]   42:     0x55e2bd3c92eb - <alloc::boxed::Box<F,A> as core::ops::function::FnOnce<Args>>::call_once::hf75717d9f28faebf
[INFO] [stdout]                                at /rustc/90b35a6239c3d8bdabc530a6a0816f7ff89a0aaf/library/alloc/src/boxed.rs:2454:9
[INFO] [stdout]   43:     0x55e2bd3c92eb - <alloc::boxed::Box<F,A> as core::ops::function::FnOnce<Args>>::call_once::h7bd883a5f3c5f3c1
[INFO] [stdout]                                at /rustc/90b35a6239c3d8bdabc530a6a0816f7ff89a0aaf/library/alloc/src/boxed.rs:2454:9
[INFO] [stdout]   44:     0x55e2bd3c92eb - std::sys::pal::unix::thread::Thread::new::thread_start::hcc78f3943333fa94
[INFO] [stdout]                                at /rustc/90b35a6239c3d8bdabc530a6a0816f7ff89a0aaf/library/std/src/sys/pal/unix/thread.rs:105:17
[INFO] [stdout]   45:     0x7227da717ac3 - <unknown>
[INFO] [stdout]   46:     0x7227da7a8a04 - clone
[INFO] [stdout]   47:                0x0 - <unknown>
[INFO] [stdout] 
[INFO] [stdout] 
[INFO] [stdout] failures:
[INFO] [stdout]     fmt::test_fmt
[INFO] [stdout]     ide_test::goto_definition
[INFO] [stdout] 
[INFO] [stdout] test result: FAILED. 7 passed; 2 failed; 0 ignored; 0 measured; 0 filtered out; finished in 0.02s
[INFO] [stdout] 
[INFO] [stderr] error: test failed, to rerun pass `--lib`
[INFO] running `Command { std: "docker" "inspect" "d80df34f58bb7e482e0c7c0fcc9e8fd34e37b5a6c2f1bfbbcdeb93651b32085f", kill_on_drop: false }`
[INFO] running `Command { std: "docker" "rm" "-f" "d80df34f58bb7e482e0c7c0fcc9e8fd34e37b5a6c2f1bfbbcdeb93651b32085f", kill_on_drop: false }`
[INFO] [stdout] d80df34f58bb7e482e0c7c0fcc9e8fd34e37b5a6c2f1bfbbcdeb93651b32085f
