[INFO] cloning repository https://github.com/yunyi1201/comp
[INFO] running `Command { std: "git" "-c" "credential.helper=" "-c" "credential.helper=/workspace/cargo-home/bin/git-credential-null" "clone" "--bare" "https://github.com/yunyi1201/comp" "/workspace/cache/git-repos/https%3A%2F%2Fgithub.com%2Fyunyi1201%2Fcomp", kill_on_drop: false }`
[INFO] [stderr] Cloning into bare repository '/workspace/cache/git-repos/https%3A%2F%2Fgithub.com%2Fyunyi1201%2Fcomp'...
[INFO] running `Command { std: "git" "rev-parse" "HEAD", kill_on_drop: false }`
[INFO] [stdout] fb7b5f432f433b689ce393ded81671123cc0032b
[INFO] testing yunyi1201/comp against beta-2024-12-08 for beta-1.84.0-4-retry
[INFO] running `Command { std: "git" "clone" "/workspace/cache/git-repos/https%3A%2F%2Fgithub.com%2Fyunyi1201%2Fcomp" "/workspace/builds/worker-7-tc2/source", kill_on_drop: false }`
[INFO] [stderr] Cloning into '/workspace/builds/worker-7-tc2/source'...
[INFO] [stderr] done.
[INFO] validating manifest of git repo https://github.com/yunyi1201/comp on toolchain beta-2024-12-08
[INFO] running `Command { std: CARGO_HOME="/workspace/cargo-home" RUSTUP_HOME="/workspace/rustup-home" "/workspace/cargo-home/bin/cargo" "+beta-2024-12-08" "metadata" "--manifest-path" "Cargo.toml" "--no-deps", kill_on_drop: false }`
[INFO] removed /workspace/builds/worker-7-tc2/source/rust-toolchain
[INFO] started tweaking git repo https://github.com/yunyi1201/comp
[INFO] finished tweaking git repo https://github.com/yunyi1201/comp
[INFO] tweaked toml for git repo https://github.com/yunyi1201/comp written to /workspace/builds/worker-7-tc2/source/Cargo.toml
[INFO] crate git repo https://github.com/yunyi1201/comp already has a lockfile, it will not be regenerated
[INFO] running `Command { std: CARGO_HOME="/workspace/cargo-home" RUSTUP_HOME="/workspace/rustup-home" "/workspace/cargo-home/bin/cargo" "+beta-2024-12-08" "fetch" "--manifest-path" "Cargo.toml", kill_on_drop: false }`
[INFO] running `Command { std: "docker" "create" "-v" "/var/lib/crater-agent-workspace/builds/worker-7-tc2/target:/opt/rustwide/target:rw,Z" "-v" "/var/lib/crater-agent-workspace/builds/worker-7-tc2/source:/opt/rustwide/workdir:ro,Z" "-v" "/var/lib/crater-agent-workspace/cargo-home:/opt/rustwide/cargo-home:ro,Z" "-v" "/var/lib/crater-agent-workspace/rustup-home:/opt/rustwide/rustup-home:ro,Z" "-e" "SOURCE_DIR=/opt/rustwide/workdir" "-e" "CARGO_TARGET_DIR=/opt/rustwide/target" "-e" "CARGO_HOME=/opt/rustwide/cargo-home" "-e" "RUSTUP_HOME=/opt/rustwide/rustup-home" "-w" "/opt/rustwide/workdir" "-m" "1610612736" "--user" "0:0" "--network" "none" "ghcr.io/rust-lang/crates-build-env/linux@sha256:f3a9d4ad9d972b27faf3965f35b62e55ba32bbce8f20bc8fe909558a86702fde" "/opt/rustwide/cargo-home/bin/cargo" "+beta-2024-12-08" "metadata" "--no-deps" "--format-version=1", kill_on_drop: false }`
[INFO] [stdout] 37f8c9d3d3d18bc403f711d0ea750d8dcc886be4bb8b37b258450cc75e902d87
[INFO] running `Command { std: "docker" "start" "-a" "37f8c9d3d3d18bc403f711d0ea750d8dcc886be4bb8b37b258450cc75e902d87", kill_on_drop: false }`
[INFO] running `Command { std: "docker" "inspect" "37f8c9d3d3d18bc403f711d0ea750d8dcc886be4bb8b37b258450cc75e902d87", kill_on_drop: false }`
[INFO] running `Command { std: "docker" "rm" "-f" "37f8c9d3d3d18bc403f711d0ea750d8dcc886be4bb8b37b258450cc75e902d87", kill_on_drop: false }`
[INFO] [stdout] 37f8c9d3d3d18bc403f711d0ea750d8dcc886be4bb8b37b258450cc75e902d87
[INFO] running `Command { std: "docker" "create" "-v" "/var/lib/crater-agent-workspace/builds/worker-7-tc2/target:/opt/rustwide/target:rw,Z" "-v" "/var/lib/crater-agent-workspace/builds/worker-7-tc2/source:/opt/rustwide/workdir:ro,Z" "-v" "/var/lib/crater-agent-workspace/cargo-home:/opt/rustwide/cargo-home:ro,Z" "-v" "/var/lib/crater-agent-workspace/rustup-home:/opt/rustwide/rustup-home:ro,Z" "-e" "SOURCE_DIR=/opt/rustwide/workdir" "-e" "CARGO_TARGET_DIR=/opt/rustwide/target" "-e" "CARGO_INCREMENTAL=0" "-e" "RUST_BACKTRACE=full" "-e" "RUSTFLAGS=--cap-lints=warn" "-e" "RUSTDOCFLAGS=--cap-lints=warn" "-e" "CARGO_HOME=/opt/rustwide/cargo-home" "-e" "RUSTUP_HOME=/opt/rustwide/rustup-home" "-w" "/opt/rustwide/workdir" "-m" "1610612736" "--user" "0:0" "--network" "none" "ghcr.io/rust-lang/crates-build-env/linux@sha256:f3a9d4ad9d972b27faf3965f35b62e55ba32bbce8f20bc8fe909558a86702fde" "/opt/rustwide/cargo-home/bin/cargo" "+beta-2024-12-08" "build" "--frozen" "--message-format=json", kill_on_drop: false }`
[INFO] [stdout] 99f76917400c9e7833be15eb3572e6e8cf414b754bab53ebf9742b109efcd9c2
[INFO] running `Command { std: "docker" "start" "-a" "99f76917400c9e7833be15eb3572e6e8cf414b754bab53ebf9742b109efcd9c2", kill_on_drop: false }`
[INFO] [stderr]    Compiling proc-macro2 v1.0.82
[INFO] [stderr]    Compiling unicode-ident v1.0.12
[INFO] [stderr]    Compiling libc v0.2.154
[INFO] [stderr]    Compiling cfg-if v1.0.0
[INFO] [stderr]    Compiling autocfg v1.1.0
[INFO] [stderr]    Compiling rustix v0.38.34
[INFO] [stderr]    Compiling peg-runtime v0.8.3
[INFO] [stderr]    Compiling thiserror v1.0.60
[INFO] [stderr]    Compiling bitflags v2.4.1
[INFO] [stderr]    Compiling ppv-lite86 v0.2.17
[INFO] [stderr]    Compiling linux-raw-sys v0.4.13
[INFO] [stderr]    Compiling fastrand v2.0.1
[INFO] [stderr]    Compiling either v1.9.0
[INFO] [stderr]    Compiling hexf-parse v0.2.1
[INFO] [stderr]    Compiling lang-c v0.15.1
[INFO] [stderr]    Compiling itertools v0.12.1
[INFO] [stderr]    Compiling num-traits v0.2.17
[INFO] [stderr]    Compiling quote v1.0.36
[INFO] [stderr]    Compiling getrandom v0.2.9
[INFO] [stderr]    Compiling wait-timeout v0.2.0
[INFO] [stderr]    Compiling syn v2.0.61
[INFO] [stderr]    Compiling peg-macros v0.8.3
[INFO] [stderr]    Compiling rand_core v0.6.4
[INFO] [stderr]    Compiling rand_chacha v0.3.1
[INFO] [stderr]    Compiling rand v0.8.5
[INFO] [stderr]    Compiling ordered-float v4.2.0
[INFO] [stderr]    Compiling tempfile v3.10.1
[INFO] [stderr]    Compiling peg v0.8.3
[INFO] [stderr]    Compiling thiserror-impl v1.0.60
[INFO] [stderr]    Compiling kecc v0.1.0 (/opt/rustwide/workdir)
[INFO] [stdout] warning: lint `pointer_structural_match` has been removed: converted into hard error, see RFC #3535 <https://rust-lang.github.io/rfcs/3535-constants-in-patterns.html> for more information
[INFO] [stdout]   --> src/lib.rs:24:9
[INFO] [stdout]    |
[INFO] [stdout] 24 | #![deny(pointer_structural_match)]
[INFO] [stdout]    |         ^^^^^^^^^^^^^^^^^^^^^^^^
[INFO] [stdout]    |
[INFO] [stdout] note: the lint level is defined here
[INFO] [stdout]   --> src/lib.rs:5:9
[INFO] [stdout]    |
[INFO] [stdout] 5  | #![deny(warnings)]
[INFO] [stdout]    |         ^^^^^^^^
[INFO] [stdout]    = note: `#[warn(renamed_and_removed_lints)]` implied by `#[warn(warnings)]`
[INFO] [stdout] 
[INFO] [stdout] 
[INFO] [stdout] warning: elided lifetime has a name
[INFO] [stdout]     --> src/ir/interp.rs:1158:71
[INFO] [stdout]      |
[INFO] [stdout] 1157 | impl<'i> State<'i> {
[INFO] [stdout]      |      -- lifetime `'i` declared here
[INFO] [stdout] 1158 |     fn new(ir: &'i TranslationUnit, args: Vec<Value>) -> Result<State<'_>, InterpreterError> {
[INFO] [stdout]      |                                                                       ^^ this elided lifetime gets resolved as `'i`
[INFO] [stdout]      |
[INFO] [stdout]      = note: `#[warn(elided_named_lifetimes)]` implied by `#[warn(warnings)]`
[INFO] [stdout] 
[INFO] [stdout] 
[INFO] [stderr]     Finished `dev` profile [unoptimized + debuginfo] target(s) in 19.30s
[INFO] running `Command { std: "docker" "inspect" "99f76917400c9e7833be15eb3572e6e8cf414b754bab53ebf9742b109efcd9c2", kill_on_drop: false }`
[INFO] running `Command { std: "docker" "rm" "-f" "99f76917400c9e7833be15eb3572e6e8cf414b754bab53ebf9742b109efcd9c2", kill_on_drop: false }`
[INFO] [stdout] 99f76917400c9e7833be15eb3572e6e8cf414b754bab53ebf9742b109efcd9c2
[INFO] running `Command { std: "docker" "create" "-v" "/var/lib/crater-agent-workspace/builds/worker-7-tc2/target:/opt/rustwide/target:rw,Z" "-v" "/var/lib/crater-agent-workspace/builds/worker-7-tc2/source:/opt/rustwide/workdir:ro,Z" "-v" "/var/lib/crater-agent-workspace/cargo-home:/opt/rustwide/cargo-home:ro,Z" "-v" "/var/lib/crater-agent-workspace/rustup-home:/opt/rustwide/rustup-home:ro,Z" "-e" "SOURCE_DIR=/opt/rustwide/workdir" "-e" "CARGO_TARGET_DIR=/opt/rustwide/target" "-e" "CARGO_INCREMENTAL=0" "-e" "RUST_BACKTRACE=full" "-e" "RUSTFLAGS=--cap-lints=warn" "-e" "RUSTDOCFLAGS=--cap-lints=warn" "-e" "CARGO_HOME=/opt/rustwide/cargo-home" "-e" "RUSTUP_HOME=/opt/rustwide/rustup-home" "-w" "/opt/rustwide/workdir" "-m" "1610612736" "--user" "0:0" "--network" "none" "ghcr.io/rust-lang/crates-build-env/linux@sha256:f3a9d4ad9d972b27faf3965f35b62e55ba32bbce8f20bc8fe909558a86702fde" "/opt/rustwide/cargo-home/bin/cargo" "+beta-2024-12-08" "test" "--frozen" "--no-run" "--message-format=json", kill_on_drop: false }`
[INFO] [stdout] 2a17bbced75df6a93caa456e8fd90204b60a379455b564db26e57a41b0aeb754
[INFO] running `Command { std: "docker" "start" "-a" "2a17bbced75df6a93caa456e8fd90204b60a379455b564db26e57a41b0aeb754", kill_on_drop: false }`
[INFO] [stdout] warning: lint `pointer_structural_match` has been removed: converted into hard error, see RFC #3535 <https://rust-lang.github.io/rfcs/3535-constants-in-patterns.html> for more information
[INFO] [stdout]   --> src/lib.rs:24:9
[INFO] [stdout]    |
[INFO] [stdout] 24 | #![deny(pointer_structural_match)]
[INFO] [stdout]    |         ^^^^^^^^^^^^^^^^^^^^^^^^
[INFO] [stdout]    |
[INFO] [stdout] note: the lint level is defined here
[INFO] [stdout]   --> src/lib.rs:5:9
[INFO] [stdout]    |
[INFO] [stdout] 5  | #![deny(warnings)]
[INFO] [stdout]    |         ^^^^^^^^
[INFO] [stdout]    = note: `#[warn(renamed_and_removed_lints)]` implied by `#[warn(warnings)]`
[INFO] [stdout] 
[INFO] [stdout] 
[INFO] [stdout] warning: elided lifetime has a name
[INFO] [stdout]     --> src/ir/interp.rs:1158:71
[INFO] [stdout]      |
[INFO] [stdout] 1157 | impl<'i> State<'i> {
[INFO] [stdout]      |      -- lifetime `'i` declared here
[INFO] [stdout] 1158 |     fn new(ir: &'i TranslationUnit, args: Vec<Value>) -> Result<State<'_>, InterpreterError> {
[INFO] [stdout]      |                                                                       ^^ this elided lifetime gets resolved as `'i`
[INFO] [stdout]      |
[INFO] [stdout]      = note: `#[warn(elided_named_lifetimes)]` implied by `#[warn(warnings)]`
[INFO] [stdout] 
[INFO] [stdout] 
[INFO] [stderr]    Compiling kecc v0.1.0 (/opt/rustwide/workdir)
[INFO] [stdout] warning: lint `pointer_structural_match` has been removed: converted into hard error, see RFC #3535 <https://rust-lang.github.io/rfcs/3535-constants-in-patterns.html> for more information
[INFO] [stdout]   --> src/lib.rs:24:9
[INFO] [stdout]    |
[INFO] [stdout] 24 | #![deny(pointer_structural_match)]
[INFO] [stdout]    |         ^^^^^^^^^^^^^^^^^^^^^^^^
[INFO] [stdout]    |
[INFO] [stdout] note: the lint level is defined here
[INFO] [stdout]   --> src/lib.rs:5:9
[INFO] [stdout]    |
[INFO] [stdout] 5  | #![deny(warnings)]
[INFO] [stdout]    |         ^^^^^^^^
[INFO] [stdout]    = note: `#[warn(renamed_and_removed_lints)]` implied by `#[warn(warnings)]`
[INFO] [stdout] 
[INFO] [stdout] 
[INFO] [stdout] warning: elided lifetime has a name
[INFO] [stdout]     --> src/ir/interp.rs:1158:71
[INFO] [stdout]      |
[INFO] [stdout] 1157 | impl<'i> State<'i> {
[INFO] [stdout]      |      -- lifetime `'i` declared here
[INFO] [stdout] 1158 |     fn new(ir: &'i TranslationUnit, args: Vec<Value>) -> Result<State<'_>, InterpreterError> {
[INFO] [stdout]      |                                                                       ^^ this elided lifetime gets resolved as `'i`
[INFO] [stdout]      |
[INFO] [stdout]      = note: `#[warn(elided_named_lifetimes)]` implied by `#[warn(warnings)]`
[INFO] [stdout] 
[INFO] [stdout] 
[INFO] [stderr]     Finished `test` profile [unoptimized + debuginfo] target(s) in 2.53s
[INFO] running `Command { std: "docker" "inspect" "2a17bbced75df6a93caa456e8fd90204b60a379455b564db26e57a41b0aeb754", kill_on_drop: false }`
[INFO] running `Command { std: "docker" "rm" "-f" "2a17bbced75df6a93caa456e8fd90204b60a379455b564db26e57a41b0aeb754", kill_on_drop: false }`
[INFO] [stdout] 2a17bbced75df6a93caa456e8fd90204b60a379455b564db26e57a41b0aeb754
[INFO] running `Command { std: "docker" "create" "-v" "/var/lib/crater-agent-workspace/builds/worker-7-tc2/target:/opt/rustwide/target:rw,Z" "-v" "/var/lib/crater-agent-workspace/builds/worker-7-tc2/source:/opt/rustwide/workdir:ro,Z" "-v" "/var/lib/crater-agent-workspace/cargo-home:/opt/rustwide/cargo-home:ro,Z" "-v" "/var/lib/crater-agent-workspace/rustup-home:/opt/rustwide/rustup-home:ro,Z" "-e" "SOURCE_DIR=/opt/rustwide/workdir" "-e" "CARGO_TARGET_DIR=/opt/rustwide/target" "-e" "CARGO_INCREMENTAL=0" "-e" "RUST_BACKTRACE=full" "-e" "RUSTFLAGS=--cap-lints=warn" "-e" "RUSTDOCFLAGS=--cap-lints=warn" "-e" "CARGO_HOME=/opt/rustwide/cargo-home" "-e" "RUSTUP_HOME=/opt/rustwide/rustup-home" "-w" "/opt/rustwide/workdir" "-m" "1610612736" "--user" "0:0" "--network" "none" "ghcr.io/rust-lang/crates-build-env/linux@sha256:f3a9d4ad9d972b27faf3965f35b62e55ba32bbce8f20bc8fe909558a86702fde" "/opt/rustwide/cargo-home/bin/cargo" "+beta-2024-12-08" "test" "--frozen", kill_on_drop: false }`
[INFO] [stdout] dcf8b28b1f84094aac893d11801a2544352798d0d1d97c0b0cc5a80ebd1904b9
[INFO] running `Command { std: "docker" "start" "-a" "dcf8b28b1f84094aac893d11801a2544352798d0d1d97c0b0cc5a80ebd1904b9", kill_on_drop: false }`
[INFO] [stderr] warning: lint `pointer_structural_match` has been removed: converted into hard error, see RFC #3535 <https://rust-lang.github.io/rfcs/3535-constants-in-patterns.html> for more information
[INFO] [stderr]   --> src/lib.rs:24:9
[INFO] [stderr]    |
[INFO] [stderr] 24 | #![deny(pointer_structural_match)]
[INFO] [stderr]    |         ^^^^^^^^^^^^^^^^^^^^^^^^
[INFO] [stderr]    |
[INFO] [stderr] note: the lint level is defined here
[INFO] [stderr]   --> src/lib.rs:5:9
[INFO] [stderr]    |
[INFO] [stderr] 5  | #![deny(warnings)]
[INFO] [stderr]    |         ^^^^^^^^
[INFO] [stderr]    = note: `#[warn(renamed_and_removed_lints)]` implied by `#[warn(warnings)]`
[INFO] [stderr] 
[INFO] [stderr] warning: elided lifetime has a name
[INFO] [stderr]     --> src/ir/interp.rs:1158:71
[INFO] [stderr]      |
[INFO] [stderr] 1157 | impl<'i> State<'i> {
[INFO] [stderr]      |      -- lifetime `'i` declared here
[INFO] [stderr] 1158 |     fn new(ir: &'i TranslationUnit, args: Vec<Value>) -> Result<State<'_>, InterpreterError> {
[INFO] [stderr]      |                                                                       ^^ this elided lifetime gets resolved as `'i`
[INFO] [stderr]      |
[INFO] [stderr]      = note: `#[warn(elided_named_lifetimes)]` implied by `#[warn(warnings)]`
[INFO] [stderr] 
[INFO] [stderr] warning: `kecc` (lib) generated 2 warnings
[INFO] [stderr] warning: `kecc` (lib test) generated 2 warnings (2 duplicates)
[INFO] [stderr]     Finished `test` profile [unoptimized + debuginfo] target(s) in 0.07s
[INFO] [stderr]      Running unittests src/lib.rs (/opt/rustwide/target/debug/deps/kecc-75aac67d7cf6c7ce)
[INFO] [stdout] 
[INFO] [stdout] running 0 tests
[INFO] [stdout] 
[INFO] [stdout] test result: ok. 0 passed; 0 failed; 0 ignored; 0 measured; 0 filtered out; finished in 0.00s
[INFO] [stdout] 
[INFO] [stderr]      Running tests/test_examples.rs (/opt/rustwide/target/debug/deps/test_examples-2cc99e79c4ae7b51)
[INFO] [stdout] 
[INFO] [stdout] running 12 tests
[INFO] [stdout] test test_examples_asmgen_small ... FAILED
[INFO] [stdout] test test_examples_deadcode ... FAILED
[INFO] [stdout] test test_examples_gvn ... FAILED
[INFO] [stdout] test test_examples_asmgen_large ... FAILED
[INFO] [stdout] test test_examples_mem2reg ... FAILED
[INFO] [stdout] test test_examples_irgen_small ... FAILED
[INFO] [stdout] test test_examples_optimize ... FAILED
[INFO] [stdout] test test_examples_simplify_cfg ... FAILED
[INFO] [stdout] test test_examples_irgen_large ... FAILED
[INFO] [stdout] test test_examples_irparse ... FAILED
[INFO] [stderr] error: test failed, to rerun pass `--test test_examples`
[INFO] [stderr] 
[INFO] [stderr] Caused by:
[INFO] [stderr]   process didn't exit successfully: `/opt/rustwide/target/debug/deps/test_examples-2cc99e79c4ae7b51` (exit status: 102)
[INFO] [stderr] note: test exited abnormally; to see the full output pass --nocapture to the harness.
[INFO] running `Command { std: "docker" "inspect" "dcf8b28b1f84094aac893d11801a2544352798d0d1d97c0b0cc5a80ebd1904b9", kill_on_drop: false }`
[INFO] running `Command { std: "docker" "rm" "-f" "dcf8b28b1f84094aac893d11801a2544352798d0d1d97c0b0cc5a80ebd1904b9", kill_on_drop: false }`
[INFO] [stdout] dcf8b28b1f84094aac893d11801a2544352798d0d1d97c0b0cc5a80ebd1904b9
