[INFO] cloning repository https://github.com/yukibtc/async-wsocket
[INFO] running `Command { std: "git" "-c" "credential.helper=" "-c" "credential.helper=/workspace/cargo-home/bin/git-credential-null" "clone" "--bare" "https://github.com/yukibtc/async-wsocket" "/workspace/cache/git-repos/https%3A%2F%2Fgithub.com%2Fyukibtc%2Fasync-wsocket", kill_on_drop: false }`
[INFO] [stderr] Cloning into bare repository '/workspace/cache/git-repos/https%3A%2F%2Fgithub.com%2Fyukibtc%2Fasync-wsocket'...
[INFO] running `Command { std: "git" "rev-parse" "HEAD", kill_on_drop: false }`
[INFO] [stdout] 2ef2b4e2c10df382f8c55bcf1b77a70e1d53575a
[INFO] testing yukibtc/async-wsocket against 1.83.0 for beta-1.84.0-4-retry
[INFO] running `Command { std: "git" "clone" "/workspace/cache/git-repos/https%3A%2F%2Fgithub.com%2Fyukibtc%2Fasync-wsocket" "/workspace/builds/worker-7-tc1/source", kill_on_drop: false }`
[INFO] [stderr] Cloning into '/workspace/builds/worker-7-tc1/source'...
[INFO] [stderr] done.
[INFO] validating manifest of git repo https://github.com/yukibtc/async-wsocket on toolchain 1.83.0
[INFO] running `Command { std: CARGO_HOME="/workspace/cargo-home" RUSTUP_HOME="/workspace/rustup-home" "/workspace/cargo-home/bin/cargo" "+1.83.0" "metadata" "--manifest-path" "Cargo.toml" "--no-deps", kill_on_drop: false }`
[INFO] removed /workspace/builds/worker-7-tc1/source/rust-toolchain.toml
[INFO] started tweaking git repo https://github.com/yukibtc/async-wsocket
[INFO] removed 0 missing examples
[INFO] finished tweaking git repo https://github.com/yukibtc/async-wsocket
[INFO] tweaked toml for git repo https://github.com/yukibtc/async-wsocket written to /workspace/builds/worker-7-tc1/source/Cargo.toml
[INFO] crate git repo https://github.com/yukibtc/async-wsocket already has a lockfile, it will not be regenerated
[INFO] running `Command { std: CARGO_HOME="/workspace/cargo-home" RUSTUP_HOME="/workspace/rustup-home" "/workspace/cargo-home/bin/cargo" "+1.83.0" "fetch" "--manifest-path" "Cargo.toml", kill_on_drop: false }`
[INFO] [stderr]     Updating crates.io index
[INFO] [stderr]  Downloading crates ...
[INFO] [stderr]   Downloaded retry-error v0.5.4
[INFO] [stderr]   Downloaded tor-error v0.22.0
[INFO] [stderr]   Downloaded tor-relay-selection v0.22.0
[INFO] [stderr]   Downloaded x509-signature v0.5.0
[INFO] [stderr]   Downloaded hostname-validator v1.1.1
[INFO] [stderr]   Downloaded derive_builder_macro_fork_arti v0.11.2
[INFO] [stderr]   Downloaded caret v0.4.7
[INFO] [stderr]   Downloaded k12 v0.3.0
[INFO] [stderr]   Downloaded tor-consdiff v0.22.0
[INFO] [stderr]   Downloaded tor-hsclient v0.22.0
[INFO] [stderr]   Downloaded tor-keymgr v0.22.0
[INFO] [stderr]   Downloaded tor-rtmock v0.22.0
[INFO] [stderr]   Downloaded tor-dirmgr v0.22.0
[INFO] [stderr]   Downloaded tor-guardmgr v0.22.0
[INFO] [stderr]   Downloaded tor-hsservice v0.22.0
[INFO] [stderr]   Downloaded tor-log-ratelim v0.22.0
[INFO] [stderr]   Downloaded typed-index-collections v3.1.0
[INFO] [stderr]   Downloaded p521 v0.13.3
[INFO] [stderr]   Downloaded ssh-key v0.6.6
[INFO] [stderr]   Downloaded derive-deftly-macros v0.14.2
[INFO] [stderr]   Downloaded tor-netdoc v0.22.0
[INFO] [stderr]   Downloaded arti-client v0.22.0
[INFO] [stderr]   Downloaded tor-circmgr v0.22.0
[INFO] [stderr]   Downloaded tor-cell v0.22.0
[INFO] [stderr]   Downloaded derive-deftly v0.14.2
[INFO] [stderr]   Downloaded derive_builder_fork_arti v0.11.2
[INFO] [stderr]   Downloaded derive-adhoc-macros v0.7.3
[INFO] [stderr]   Downloaded fs-mistrust v0.7.13
[INFO] [stderr]   Downloaded tor-config v0.22.0
[INFO] [stderr]   Downloaded tor-netdir v0.22.0
[INFO] [stderr]   Downloaded tor-bytes v0.22.0
[INFO] [stderr]   Downloaded amplify_derive v4.0.1
[INFO] [stderr]   Downloaded amplify_num v0.5.3
[INFO] [stderr]   Downloaded derive-adhoc v0.7.3
[INFO] [stderr]   Downloaded tor-linkspec v0.22.0
[INFO] [stderr]   Downloaded tor-llcrypto v0.22.0
[INFO] [stderr]   Downloaded tor-chanmgr v0.22.0
[INFO] [stderr]   Downloaded priority-queue v2.1.1
[INFO] [stderr]   Downloaded amplify_syn v2.0.1
[INFO] [stderr]   Downloaded amplify v4.7.0
[INFO] [stderr]   Downloaded derive_builder_core_fork_arti v0.11.2
[INFO] [stderr]   Downloaded pwd-grp v0.1.1
[INFO] [stderr]   Downloaded tor-basic-utils v0.22.0
[INFO] [stderr]   Downloaded safelog v0.3.8
[INFO] [stderr]   Downloaded visibility v0.1.1
[INFO] [stderr]   Downloaded tor-rtcompat v0.22.0
[INFO] [stderr]   Downloaded tor-hsrproxy v0.22.0
[INFO] [stderr]   Downloaded growable-bloom-filter v2.1.0
[INFO] [stderr]   Downloaded tor-socksproto v0.22.0
[INFO] [stderr]   Downloaded tor-dirclient v0.22.0
[INFO] [stderr]   Downloaded tor-proto v0.22.0
[INFO] [stderr]   Downloaded ssh-cipher v0.2.0
[INFO] [stderr]   Downloaded ssh-encoding v0.2.0
[INFO] [stderr]   Downloaded fslock-arti-fork v0.2.0
[INFO] [stderr]   Downloaded tor-persist v0.22.0
[INFO] [stderr]   Downloaded tor-async-utils v0.22.0
[INFO] [stderr]   Downloaded tor-checkable v0.22.0
[INFO] [stderr]   Downloaded tor-hscrypto v0.22.0
[INFO] [stderr]   Downloaded bounded-vec-deque v0.1.1
[INFO] [stderr]   Downloaded tor-cert v0.22.0
[INFO] [stderr]   Downloaded fluid-let v1.0.0
[INFO] [stderr]   Downloaded futures-rustls v0.26.0
[INFO] [stderr]   Downloaded tor-protover v0.22.0
[INFO] [stderr]   Downloaded tor-units v0.22.0
[INFO] [stderr]   Downloaded async-utility v0.3.0
[INFO] [stderr]   Downloaded fslock-guard v0.1.5
[INFO] [stderr]   Downloaded oneshot-fused-workaround v0.1.0
[INFO] running `Command { std: "docker" "create" "-v" "/var/lib/crater-agent-workspace/builds/worker-7-tc1/target:/opt/rustwide/target:rw,Z" "-v" "/var/lib/crater-agent-workspace/builds/worker-7-tc1/source:/opt/rustwide/workdir:ro,Z" "-v" "/var/lib/crater-agent-workspace/cargo-home:/opt/rustwide/cargo-home:ro,Z" "-v" "/var/lib/crater-agent-workspace/rustup-home:/opt/rustwide/rustup-home:ro,Z" "-e" "SOURCE_DIR=/opt/rustwide/workdir" "-e" "CARGO_TARGET_DIR=/opt/rustwide/target" "-e" "CARGO_HOME=/opt/rustwide/cargo-home" "-e" "RUSTUP_HOME=/opt/rustwide/rustup-home" "-w" "/opt/rustwide/workdir" "-m" "1610612736" "--user" "0:0" "--network" "none" "ghcr.io/rust-lang/crates-build-env/linux@sha256:f3a9d4ad9d972b27faf3965f35b62e55ba32bbce8f20bc8fe909558a86702fde" "/opt/rustwide/cargo-home/bin/cargo" "+1.83.0" "metadata" "--no-deps" "--format-version=1", kill_on_drop: false }`
[INFO] [stdout] 7e62bcf82ceb31cf561e5ec77166c7f391eb5a6bd55e7da73198412b4936226d
[INFO] running `Command { std: "docker" "start" "-a" "7e62bcf82ceb31cf561e5ec77166c7f391eb5a6bd55e7da73198412b4936226d", kill_on_drop: false }`
[INFO] running `Command { std: "docker" "inspect" "7e62bcf82ceb31cf561e5ec77166c7f391eb5a6bd55e7da73198412b4936226d", kill_on_drop: false }`
[INFO] running `Command { std: "docker" "rm" "-f" "7e62bcf82ceb31cf561e5ec77166c7f391eb5a6bd55e7da73198412b4936226d", kill_on_drop: false }`
[INFO] [stdout] 7e62bcf82ceb31cf561e5ec77166c7f391eb5a6bd55e7da73198412b4936226d
[INFO] running `Command { std: "docker" "create" "-v" "/var/lib/crater-agent-workspace/builds/worker-7-tc1/target:/opt/rustwide/target:rw,Z" "-v" "/var/lib/crater-agent-workspace/builds/worker-7-tc1/source:/opt/rustwide/workdir:ro,Z" "-v" "/var/lib/crater-agent-workspace/cargo-home:/opt/rustwide/cargo-home:ro,Z" "-v" "/var/lib/crater-agent-workspace/rustup-home:/opt/rustwide/rustup-home:ro,Z" "-e" "SOURCE_DIR=/opt/rustwide/workdir" "-e" "CARGO_TARGET_DIR=/opt/rustwide/target" "-e" "CARGO_INCREMENTAL=0" "-e" "RUST_BACKTRACE=full" "-e" "RUSTFLAGS=--cap-lints=warn" "-e" "RUSTDOCFLAGS=--cap-lints=warn" "-e" "CARGO_HOME=/opt/rustwide/cargo-home" "-e" "RUSTUP_HOME=/opt/rustwide/rustup-home" "-w" "/opt/rustwide/workdir" "-m" "1610612736" "--user" "0:0" "--network" "none" "ghcr.io/rust-lang/crates-build-env/linux@sha256:f3a9d4ad9d972b27faf3965f35b62e55ba32bbce8f20bc8fe909558a86702fde" "/opt/rustwide/cargo-home/bin/cargo" "+1.83.0" "build" "--frozen" "--message-format=json", kill_on_drop: false }`
[INFO] [stdout] 9034adfe22291303b15c6214712c56a5361928fa803f958b534f4c389c55bf3a
[INFO] running `Command { std: "docker" "start" "-a" "9034adfe22291303b15c6214712c56a5361928fa803f958b534f4c389c55bf3a", kill_on_drop: false }`
[INFO] [stderr]    Compiling libc v0.2.158
[INFO] [stderr]    Compiling proc-macro2 v1.0.86
[INFO] [stderr]    Compiling unicode-ident v1.0.13
[INFO] [stderr]    Compiling shlex v1.3.0
[INFO] [stderr]    Compiling typenum v1.17.0
[INFO] [stderr]    Compiling version_check v0.9.5
[INFO] [stderr]    Compiling rustls-pki-types v1.10.0
[INFO] [stderr]    Compiling spin v0.9.8
[INFO] [stderr]    Compiling untrusted v0.9.0
[INFO] [stderr]    Compiling byteorder v1.5.0
[INFO] [stderr]    Compiling autocfg v1.3.0
[INFO] [stderr]    Compiling rustls v0.23.19
[INFO] [stderr]    Compiling bytes v1.7.2
[INFO] [stderr]    Compiling httparse v1.9.4
[INFO] [stderr]    Compiling subtle v2.6.1
[INFO] [stderr]    Compiling zeroize v1.8.1
[INFO] [stderr]    Compiling tinyvec_macros v0.1.1
[INFO] [stderr]    Compiling pin-project-lite v0.2.14
[INFO] [stderr]    Compiling thiserror v1.0.64
[INFO] [stderr]    Compiling once_cell v1.19.0
[INFO] [stderr]    Compiling tinyvec v1.8.0
[INFO] [stderr]    Compiling cpufeatures v0.2.14
[INFO] [stderr]    Compiling itoa v1.0.11
[INFO] [stderr]    Compiling unicode-bidi v0.3.15
[INFO] [stderr]    Compiling cc v1.1.21
[INFO] [stderr]    Compiling futures-sink v0.3.31
[INFO] [stderr]    Compiling percent-encoding v2.3.1
[INFO] [stderr]    Compiling futures-task v0.3.31
[INFO] [stderr]    Compiling slab v0.4.9
[INFO] [stderr]    Compiling data-encoding v2.6.0
[INFO] [stderr]    Compiling http v1.1.0
[INFO] [stderr]    Compiling utf-8 v0.7.6
[INFO] [stderr]    Compiling log v0.4.22
[INFO] [stderr]    Compiling generic-array v0.14.7
[INFO] [stderr]    Compiling futures-core v0.3.31
[INFO] [stderr]    Compiling form_urlencoded v1.2.1
[INFO] [stderr]    Compiling unicode-normalization v0.1.24
[INFO] [stderr]    Compiling webpki-roots v0.26.6
[INFO] [stderr]    Compiling futures-util v0.3.31
[INFO] [stderr]    Compiling quote v1.0.37
[INFO] [stderr]    Compiling getrandom v0.2.15
[INFO] [stderr]    Compiling mio v1.0.2
[INFO] [stderr]    Compiling socket2 v0.5.7
[INFO] [stderr]    Compiling syn v2.0.77
[INFO] [stderr]    Compiling ring v0.17.8
[INFO] [stderr]    Compiling rand_core v0.6.4
[INFO] [stderr]    Compiling idna v0.5.0
[INFO] [stderr]    Compiling tokio v1.40.0
[INFO] [stderr]    Compiling url v2.5.2
[INFO] [stderr]    Compiling crypto-common v0.1.6
[INFO] [stderr]    Compiling block-buffer v0.10.4
[INFO] [stderr]    Compiling digest v0.10.7
[INFO] [stderr]    Compiling sha1 v0.10.6
[INFO] [stderr]    Compiling zerocopy-derive v0.7.35
[INFO] [stderr]    Compiling thiserror-impl v1.0.64
[INFO] [stderr]    Compiling zerocopy v0.7.35
[INFO] [stderr]    Compiling ppv-lite86 v0.2.20
[INFO] [stderr]    Compiling rand_chacha v0.3.1
[INFO] [stderr]    Compiling rand v0.8.5
[INFO] [stderr]    Compiling rustls-webpki v0.102.8
[INFO] [stderr]    Compiling tungstenite v0.24.0
[INFO] [stderr]    Compiling tokio-rustls v0.26.0
[INFO] [stderr]    Compiling tokio-tungstenite v0.24.0
[INFO] [stderr]    Compiling async-wsocket v0.11.0 (/opt/rustwide/workdir)
[INFO] [stderr]     Finished `dev` profile [unoptimized + debuginfo] target(s) in 20.30s
[INFO] running `Command { std: "docker" "inspect" "9034adfe22291303b15c6214712c56a5361928fa803f958b534f4c389c55bf3a", kill_on_drop: false }`
[INFO] running `Command { std: "docker" "rm" "-f" "9034adfe22291303b15c6214712c56a5361928fa803f958b534f4c389c55bf3a", kill_on_drop: false }`
[INFO] [stdout] 9034adfe22291303b15c6214712c56a5361928fa803f958b534f4c389c55bf3a
[INFO] running `Command { std: "docker" "create" "-v" "/var/lib/crater-agent-workspace/builds/worker-7-tc1/target:/opt/rustwide/target:rw,Z" "-v" "/var/lib/crater-agent-workspace/builds/worker-7-tc1/source:/opt/rustwide/workdir:ro,Z" "-v" "/var/lib/crater-agent-workspace/cargo-home:/opt/rustwide/cargo-home:ro,Z" "-v" "/var/lib/crater-agent-workspace/rustup-home:/opt/rustwide/rustup-home:ro,Z" "-e" "SOURCE_DIR=/opt/rustwide/workdir" "-e" "CARGO_TARGET_DIR=/opt/rustwide/target" "-e" "CARGO_INCREMENTAL=0" "-e" "RUST_BACKTRACE=full" "-e" "RUSTFLAGS=--cap-lints=warn" "-e" "RUSTDOCFLAGS=--cap-lints=warn" "-e" "CARGO_HOME=/opt/rustwide/cargo-home" "-e" "RUSTUP_HOME=/opt/rustwide/rustup-home" "-w" "/opt/rustwide/workdir" "-m" "1610612736" "--user" "0:0" "--network" "none" "ghcr.io/rust-lang/crates-build-env/linux@sha256:f3a9d4ad9d972b27faf3965f35b62e55ba32bbce8f20bc8fe909558a86702fde" "/opt/rustwide/cargo-home/bin/cargo" "+1.83.0" "test" "--frozen" "--no-run" "--message-format=json", kill_on_drop: false }`
[INFO] [stdout] 3a4ca70ea5316842c2c9a56e0e0e6ec2b508230a60b6ec13211fef0210868019
[INFO] running `Command { std: "docker" "start" "-a" "3a4ca70ea5316842c2c9a56e0e0e6ec2b508230a60b6ec13211fef0210868019", kill_on_drop: false }`
[INFO] [stderr]    Compiling syn v2.0.77
[INFO] [stderr]    Compiling zerocopy-derive v0.7.35
[INFO] [stderr]    Compiling thiserror-impl v1.0.64
[INFO] [stderr]    Compiling tokio-macros v2.4.0
[INFO] [stderr]    Compiling tokio v1.40.0
[INFO] [stderr]    Compiling zerocopy v0.7.35
[INFO] [stderr]    Compiling thiserror v1.0.64
[INFO] [stderr]    Compiling ppv-lite86 v0.2.20
[INFO] [stderr]    Compiling rand_chacha v0.3.1
[INFO] [stderr]    Compiling rand v0.8.5
[INFO] [stderr]    Compiling tokio-rustls v0.26.0
[INFO] [stderr]    Compiling tungstenite v0.24.0
[INFO] [stderr]    Compiling tokio-tungstenite v0.24.0
[INFO] [stderr]    Compiling async-wsocket v0.11.0 (/opt/rustwide/workdir)
[INFO] [stderr]     Finished `test` profile [unoptimized + debuginfo] target(s) in 12.16s
[INFO] running `Command { std: "docker" "inspect" "3a4ca70ea5316842c2c9a56e0e0e6ec2b508230a60b6ec13211fef0210868019", kill_on_drop: false }`
[INFO] running `Command { std: "docker" "rm" "-f" "3a4ca70ea5316842c2c9a56e0e0e6ec2b508230a60b6ec13211fef0210868019", kill_on_drop: false }`
[INFO] [stdout] 3a4ca70ea5316842c2c9a56e0e0e6ec2b508230a60b6ec13211fef0210868019
[INFO] running `Command { std: "docker" "create" "-v" "/var/lib/crater-agent-workspace/builds/worker-7-tc1/target:/opt/rustwide/target:rw,Z" "-v" "/var/lib/crater-agent-workspace/builds/worker-7-tc1/source:/opt/rustwide/workdir:ro,Z" "-v" "/var/lib/crater-agent-workspace/cargo-home:/opt/rustwide/cargo-home:ro,Z" "-v" "/var/lib/crater-agent-workspace/rustup-home:/opt/rustwide/rustup-home:ro,Z" "-e" "SOURCE_DIR=/opt/rustwide/workdir" "-e" "CARGO_TARGET_DIR=/opt/rustwide/target" "-e" "CARGO_INCREMENTAL=0" "-e" "RUST_BACKTRACE=full" "-e" "RUSTFLAGS=--cap-lints=warn" "-e" "RUSTDOCFLAGS=--cap-lints=warn" "-e" "CARGO_HOME=/opt/rustwide/cargo-home" "-e" "RUSTUP_HOME=/opt/rustwide/rustup-home" "-w" "/opt/rustwide/workdir" "-m" "1610612736" "--user" "0:0" "--network" "none" "ghcr.io/rust-lang/crates-build-env/linux@sha256:f3a9d4ad9d972b27faf3965f35b62e55ba32bbce8f20bc8fe909558a86702fde" "/opt/rustwide/cargo-home/bin/cargo" "+1.83.0" "test" "--frozen", kill_on_drop: false }`
[INFO] [stdout] 2d6b4cdd435083b4c4e68be928b8932ed97d1cc8033574a019c7f4a753c68d4a
[INFO] running `Command { std: "docker" "start" "-a" "2d6b4cdd435083b4c4e68be928b8932ed97d1cc8033574a019c7f4a753c68d4a", kill_on_drop: false }`
[INFO] [stderr]     Finished `test` profile [unoptimized + debuginfo] target(s) in 0.28s
[INFO] [stderr]      Running unittests src/lib.rs (/opt/rustwide/target/debug/deps/async_wsocket-5b697dc1354012da)
[INFO] [stdout] 
[INFO] [stdout] running 0 tests
[INFO] [stdout] 
[INFO] [stdout] test result: ok. 0 passed; 0 failed; 0 ignored; 0 measured; 0 filtered out; finished in 0.00s
[INFO] [stdout] 
[INFO] [stderr]    Doc-tests async_wsocket
[INFO] [stdout] 
[INFO] [stdout] running 1 test
[INFO] [stdout] test src/lib.rs - (line 9) ... FAILED
[INFO] [stdout] 
[INFO] [stdout] failures:
[INFO] [stdout] 
[INFO] [stdout] ---- src/lib.rs - (line 9) stdout ----
[INFO] [stdout] error: The #[tokio::main] macro requires rt or rt-multi-thread.
[INFO] [stdout]   --> src/lib.rs:18:1
[INFO] [stdout]    |
[INFO] [stdout] 11 | #[tokio::main]
[INFO] [stdout]    | ^^^^^^^^^^^^^^
[INFO] [stdout]    |
[INFO] [stdout]    = note: this error originates in the attribute macro `tokio::main` (in Nightly builds, run with -Z macro-backtrace for more info)
[INFO] [stdout] 
[INFO] [stdout] error[E0601]: `main` function not found in crate `rust_out`
[INFO] [stdout]   --> src/lib.rs:39:2
[INFO] [stdout]    |
[INFO] [stdout] 32 | }
[INFO] [stdout]    |  ^ consider adding a `main` function to `src/lib.rs`
[INFO] [stdout] 
[INFO] [stdout] error: aborting due to 2 previous errors
[INFO] [stdout] 
[INFO] [stdout] For more information about this error, try `rustc --explain E0601`.
[INFO] [stdout] Couldn't compile the test.
[INFO] [stdout] 
[INFO] [stdout] failures:
[INFO] [stdout]     src/lib.rs - (line 9)
[INFO] [stdout] 
[INFO] [stdout] test result: FAILED. 0 passed; 1 failed; 0 ignored; 0 measured; 0 filtered out; finished in 0.11s
[INFO] [stdout] 
[INFO] [stderr] error: doctest failed, to rerun pass `--doc`
[INFO] running `Command { std: "docker" "inspect" "2d6b4cdd435083b4c4e68be928b8932ed97d1cc8033574a019c7f4a753c68d4a", kill_on_drop: false }`
[INFO] running `Command { std: "docker" "rm" "-f" "2d6b4cdd435083b4c4e68be928b8932ed97d1cc8033574a019c7f4a753c68d4a", kill_on_drop: false }`
[INFO] [stdout] 2d6b4cdd435083b4c4e68be928b8932ed97d1cc8033574a019c7f4a753c68d4a
