[INFO] cloning repository https://github.com/yskszk63/cargo-llvmcov
[INFO] running `Command { std: "git" "-c" "credential.helper=" "-c" "credential.helper=/workspace/cargo-home/bin/git-credential-null" "clone" "--bare" "https://github.com/yskszk63/cargo-llvmcov" "/workspace/cache/git-repos/https%3A%2F%2Fgithub.com%2Fyskszk63%2Fcargo-llvmcov", kill_on_drop: false }`
[INFO] [stderr] Cloning into bare repository '/workspace/cache/git-repos/https%3A%2F%2Fgithub.com%2Fyskszk63%2Fcargo-llvmcov'...
[INFO] running `Command { std: "git" "rev-parse" "HEAD", kill_on_drop: false }`
[INFO] [stdout] 4e6bb53f5fa52b4a989a862aad1220562f1e1595
[INFO] testing yskszk63/cargo-llvmcov against 1.83.0 for beta-1.84.0-4-retry
[INFO] running `Command { std: "git" "clone" "/workspace/cache/git-repos/https%3A%2F%2Fgithub.com%2Fyskszk63%2Fcargo-llvmcov" "/workspace/builds/worker-0-tc1/source", kill_on_drop: false }`
[INFO] [stderr] Cloning into '/workspace/builds/worker-0-tc1/source'...
[INFO] [stderr] done.
[INFO] validating manifest of git repo https://github.com/yskszk63/cargo-llvmcov on toolchain 1.83.0
[INFO] running `Command { std: CARGO_HOME="/workspace/cargo-home" RUSTUP_HOME="/workspace/rustup-home" "/workspace/cargo-home/bin/cargo" "+1.83.0" "metadata" "--manifest-path" "Cargo.toml" "--no-deps", kill_on_drop: false }`
[INFO] started tweaking git repo https://github.com/yskszk63/cargo-llvmcov
[INFO] finished tweaking git repo https://github.com/yskszk63/cargo-llvmcov
[INFO] tweaked toml for git repo https://github.com/yskszk63/cargo-llvmcov written to /workspace/builds/worker-0-tc1/source/Cargo.toml
[INFO] crate git repo https://github.com/yskszk63/cargo-llvmcov already has a lockfile, it will not be regenerated
[INFO] running `Command { std: CARGO_HOME="/workspace/cargo-home" RUSTUP_HOME="/workspace/rustup-home" "/workspace/cargo-home/bin/cargo" "+1.83.0" "fetch" "--manifest-path" "Cargo.toml", kill_on_drop: false }`
[INFO] [stderr]     Updating crates.io index
[INFO] [stderr]  Downloading crates ...
[INFO] [stderr]   Downloaded stderrlog v0.5.0
[INFO] [stderr]   Downloaded capture-logger v0.1.1
[INFO] [stderr]   Downloaded cargo_metadata v0.11.4
[INFO] [stderr]   Downloaded mktemp v0.4.0
[INFO] [stderr]   Downloaded cargo-binutils v0.3.3
[INFO] [stderr]   Downloaded rustc-cfg v0.4.0
[INFO] running `Command { std: "docker" "create" "-v" "/var/lib/crater-agent-workspace/builds/worker-0-tc1/target:/opt/rustwide/target:rw,Z" "-v" "/var/lib/crater-agent-workspace/builds/worker-0-tc1/source:/opt/rustwide/workdir:ro,Z" "-v" "/var/lib/crater-agent-workspace/cargo-home:/opt/rustwide/cargo-home:ro,Z" "-v" "/var/lib/crater-agent-workspace/rustup-home:/opt/rustwide/rustup-home:ro,Z" "-e" "SOURCE_DIR=/opt/rustwide/workdir" "-e" "CARGO_TARGET_DIR=/opt/rustwide/target" "-e" "CARGO_HOME=/opt/rustwide/cargo-home" "-e" "RUSTUP_HOME=/opt/rustwide/rustup-home" "-w" "/opt/rustwide/workdir" "-m" "1610612736" "--user" "0:0" "--network" "none" "ghcr.io/rust-lang/crates-build-env/linux@sha256:f3a9d4ad9d972b27faf3965f35b62e55ba32bbce8f20bc8fe909558a86702fde" "/opt/rustwide/cargo-home/bin/cargo" "+1.83.0" "metadata" "--no-deps" "--format-version=1", kill_on_drop: false }`
[INFO] [stdout] b677e9806603c703bacc76910a4580ee03d5264db9e2137718b028b0539aaf2a
[INFO] running `Command { std: "docker" "start" "-a" "b677e9806603c703bacc76910a4580ee03d5264db9e2137718b028b0539aaf2a", kill_on_drop: false }`
[INFO] running `Command { std: "docker" "inspect" "b677e9806603c703bacc76910a4580ee03d5264db9e2137718b028b0539aaf2a", kill_on_drop: false }`
[INFO] running `Command { std: "docker" "rm" "-f" "b677e9806603c703bacc76910a4580ee03d5264db9e2137718b028b0539aaf2a", kill_on_drop: false }`
[INFO] [stdout] b677e9806603c703bacc76910a4580ee03d5264db9e2137718b028b0539aaf2a
[INFO] running `Command { std: "docker" "create" "-v" "/var/lib/crater-agent-workspace/builds/worker-0-tc1/target:/opt/rustwide/target:rw,Z" "-v" "/var/lib/crater-agent-workspace/builds/worker-0-tc1/source:/opt/rustwide/workdir:ro,Z" "-v" "/var/lib/crater-agent-workspace/cargo-home:/opt/rustwide/cargo-home:ro,Z" "-v" "/var/lib/crater-agent-workspace/rustup-home:/opt/rustwide/rustup-home:ro,Z" "-e" "SOURCE_DIR=/opt/rustwide/workdir" "-e" "CARGO_TARGET_DIR=/opt/rustwide/target" "-e" "CARGO_INCREMENTAL=0" "-e" "RUST_BACKTRACE=full" "-e" "RUSTFLAGS=--cap-lints=warn" "-e" "RUSTDOCFLAGS=--cap-lints=warn" "-e" "CARGO_HOME=/opt/rustwide/cargo-home" "-e" "RUSTUP_HOME=/opt/rustwide/rustup-home" "-w" "/opt/rustwide/workdir" "-m" "1610612736" "--user" "0:0" "--network" "none" "ghcr.io/rust-lang/crates-build-env/linux@sha256:f3a9d4ad9d972b27faf3965f35b62e55ba32bbce8f20bc8fe909558a86702fde" "/opt/rustwide/cargo-home/bin/cargo" "+1.83.0" "build" "--frozen" "--message-format=json", kill_on_drop: false }`
[INFO] [stdout] 1770309c2347db620f02f0077ba23f5ebe083b282511f13938290a2cb5b219ab
[INFO] running `Command { std: "docker" "start" "-a" "1770309c2347db620f02f0077ba23f5ebe083b282511f13938290a2cb5b219ab", kill_on_drop: false }`
[INFO] [stderr]    Compiling proc-macro2 v1.0.24
[INFO] [stderr]    Compiling unicode-xid v0.2.1
[INFO] [stderr]    Compiling autocfg v1.0.1
[INFO] [stderr]    Compiling syn v1.0.53
[INFO] [stderr]    Compiling libc v0.2.80
[INFO] [stderr]    Compiling serde_derive v1.0.117
[INFO] [stderr]    Compiling version_check v0.9.2
[INFO] [stderr]    Compiling serde v1.0.117
[INFO] [stderr]    Compiling lazy_static v1.4.0
[INFO] [stderr]    Compiling unicode-width v0.1.8
[INFO] [stderr]    Compiling semver-parser v0.7.0
[INFO] [stderr]    Compiling bitflags v1.2.1
[INFO] [stderr]    Compiling ryu v1.0.5
[INFO] [stderr]    Compiling gimli v0.23.0
[INFO] [stderr]    Compiling adler v0.2.3
[INFO] [stderr]    Compiling failure_derive v0.1.8
[INFO] [stderr]    Compiling memchr v2.3.4
[INFO] [stderr]    Compiling object v0.22.0
[INFO] [stderr]    Compiling cfg-if v1.0.0
[INFO] [stderr]    Compiling rustc-demangle v0.1.18
[INFO] [stderr]    Compiling serde_json v1.0.60
[INFO] [stderr]    Compiling thread_local v1.0.1
[INFO] [stderr]    Compiling itoa v0.4.6
[INFO] [stderr]    Compiling log v0.4.11
[INFO] [stderr]    Compiling proc-macro-error-attr v1.0.4
[INFO] [stderr]    Compiling proc-macro-error v1.0.4
[INFO] [stderr]    Compiling miniz_oxide v0.4.3
[INFO] [stderr]    Compiling num-traits v0.2.14
[INFO] [stderr]    Compiling num-integer v0.1.44
[INFO] [stderr]    Compiling indexmap v1.6.0
[INFO] [stderr]    Compiling unicode-segmentation v1.7.1
[INFO] [stderr]    Compiling anyhow v1.0.34
[INFO] [stderr]    Compiling vec_map v0.8.2
[INFO] [stderr]    Compiling aho-corasick v0.7.15
[INFO] [stderr]    Compiling semver v0.9.0
[INFO] [stderr]    Compiling textwrap v0.11.0
[INFO] [stderr]    Compiling strsim v0.8.0
[INFO] [stderr]    Compiling cfg-if v0.1.10
[INFO] [stderr]    Compiling hashbrown v0.9.1
[INFO] [stderr]    Compiling regex-syntax v0.6.21
[INFO] [stderr]    Compiling ansi_term v0.11.0
[INFO] [stderr]    Compiling quote v1.0.7
[INFO] [stderr]    Compiling heck v0.3.1
[INFO] [stderr]    Compiling termcolor v1.1.2
[INFO] [stderr]    Compiling rustc_version v0.2.3
[INFO] [stderr]    Compiling textwrap v0.12.1
[INFO] [stderr]    Compiling strsim v0.10.0
[INFO] [stderr]    Compiling os_str_bytes v2.4.0
[INFO] [stderr]    Compiling atty v0.2.14
[INFO] [stderr]    Compiling time v0.1.44
[INFO] [stderr]    Compiling opener v0.4.1
[INFO] [stderr]    Compiling clap v2.33.3
[INFO] [stderr]    Compiling glob v0.3.0
[INFO] [stderr]    Compiling chrono v0.4.19
[INFO] [stderr]    Compiling addr2line v0.14.0
[INFO] [stderr]    Compiling stderrlog v0.5.0
[INFO] [stderr]    Compiling backtrace v0.3.55
[INFO] [stderr]    Compiling regex v1.4.2
[INFO] [stderr]    Compiling synstructure v0.12.4
[INFO] [stderr]    Compiling thiserror-impl v1.0.22
[INFO] [stderr]    Compiling clap_derive v3.0.0-beta.2
[INFO] [stderr]    Compiling failure v0.1.8
[INFO] [stderr]    Compiling rustc-cfg v0.4.0
[INFO] [stderr]    Compiling clap v3.0.0-beta.2
[INFO] [stderr]    Compiling thiserror v1.0.22
[INFO] [stderr]    Compiling which v4.0.2
[INFO] [stderr]    Compiling semver v0.10.0
[INFO] [stderr]    Compiling toml v0.5.7
[INFO] [stderr]    Compiling cargo_metadata v0.11.4
[INFO] [stderr]    Compiling cargo-binutils v0.3.3
[INFO] [stderr]    Compiling cargo-llvmcov v0.1.0 (/opt/rustwide/workdir)
[INFO] [stderr]     Finished `dev` profile [unoptimized + debuginfo] target(s) in 40.23s
[INFO] running `Command { std: "docker" "inspect" "1770309c2347db620f02f0077ba23f5ebe083b282511f13938290a2cb5b219ab", kill_on_drop: false }`
[INFO] running `Command { std: "docker" "rm" "-f" "1770309c2347db620f02f0077ba23f5ebe083b282511f13938290a2cb5b219ab", kill_on_drop: false }`
[INFO] [stdout] 1770309c2347db620f02f0077ba23f5ebe083b282511f13938290a2cb5b219ab
[INFO] running `Command { std: "docker" "create" "-v" "/var/lib/crater-agent-workspace/builds/worker-0-tc1/target:/opt/rustwide/target:rw,Z" "-v" "/var/lib/crater-agent-workspace/builds/worker-0-tc1/source:/opt/rustwide/workdir:ro,Z" "-v" "/var/lib/crater-agent-workspace/cargo-home:/opt/rustwide/cargo-home:ro,Z" "-v" "/var/lib/crater-agent-workspace/rustup-home:/opt/rustwide/rustup-home:ro,Z" "-e" "SOURCE_DIR=/opt/rustwide/workdir" "-e" "CARGO_TARGET_DIR=/opt/rustwide/target" "-e" "CARGO_INCREMENTAL=0" "-e" "RUST_BACKTRACE=full" "-e" "RUSTFLAGS=--cap-lints=warn" "-e" "RUSTDOCFLAGS=--cap-lints=warn" "-e" "CARGO_HOME=/opt/rustwide/cargo-home" "-e" "RUSTUP_HOME=/opt/rustwide/rustup-home" "-w" "/opt/rustwide/workdir" "-m" "1610612736" "--user" "0:0" "--network" "none" "ghcr.io/rust-lang/crates-build-env/linux@sha256:f3a9d4ad9d972b27faf3965f35b62e55ba32bbce8f20bc8fe909558a86702fde" "/opt/rustwide/cargo-home/bin/cargo" "+1.83.0" "test" "--frozen" "--no-run" "--message-format=json", kill_on_drop: false }`
[INFO] [stdout] ce83a118ed94e32013619d6ac8ea2eb44a24e0584fd4b92295b8dbe71606aa3c
[INFO] running `Command { std: "docker" "start" "-a" "ce83a118ed94e32013619d6ac8ea2eb44a24e0584fd4b92295b8dbe71606aa3c", kill_on_drop: false }`
[INFO] [stderr]    Compiling rand_core v0.4.2
[INFO] [stderr]    Compiling autocfg v0.1.7
[INFO] [stderr]    Compiling capture-logger v0.1.1
[INFO] [stderr]    Compiling rand_pcg v0.1.2
[INFO] [stderr]    Compiling rand_chacha v0.1.1
[INFO] [stderr]    Compiling rand v0.6.5
[INFO] [stderr]    Compiling rand_core v0.3.1
[INFO] [stderr]    Compiling rand_os v0.1.3
[INFO] [stderr]    Compiling rand_jitter v0.1.4
[INFO] [stderr]    Compiling rand_isaac v0.1.1
[INFO] [stderr]    Compiling rand_xorshift v0.1.1
[INFO] [stderr]    Compiling rand_hc v0.1.0
[INFO] [stderr]    Compiling uuid v0.7.4
[INFO] [stderr]    Compiling mktemp v0.4.0
[INFO] [stderr]    Compiling cargo-llvmcov v0.1.0 (/opt/rustwide/workdir)
[INFO] [stdout] warning: field `1` is never read
[INFO] [stdout]   --> src/main.rs:59:19
[INFO] [stdout]    |
[INFO] [stdout] 59 |     Mock(Vec<u8>, bool),
[INFO] [stdout]    |     ----          ^^^^
[INFO] [stdout]    |     |
[INFO] [stdout]    |     field in this variant
[INFO] [stdout]    |
[INFO] [stdout]    = note: `Output` has a derived impl for the trait `Debug`, but this is intentionally ignored during dead code analysis
[INFO] [stdout]    = note: `#[warn(dead_code)]` on by default
[INFO] [stdout] help: consider changing the field to be of unit type to suppress this warning while preserving the field numbering, or remove the field
[INFO] [stdout]    |
[INFO] [stdout] 59 |     Mock(Vec<u8>, ()),
[INFO] [stdout]    |                   ~~
[INFO] [stdout] 
[INFO] [stdout] 
[INFO] [stderr]     Finished `test` profile [unoptimized + debuginfo] target(s) in 6.72s
[INFO] running `Command { std: "docker" "inspect" "ce83a118ed94e32013619d6ac8ea2eb44a24e0584fd4b92295b8dbe71606aa3c", kill_on_drop: false }`
[INFO] running `Command { std: "docker" "rm" "-f" "ce83a118ed94e32013619d6ac8ea2eb44a24e0584fd4b92295b8dbe71606aa3c", kill_on_drop: false }`
[INFO] [stdout] ce83a118ed94e32013619d6ac8ea2eb44a24e0584fd4b92295b8dbe71606aa3c
[INFO] running `Command { std: "docker" "create" "-v" "/var/lib/crater-agent-workspace/builds/worker-0-tc1/target:/opt/rustwide/target:rw,Z" "-v" "/var/lib/crater-agent-workspace/builds/worker-0-tc1/source:/opt/rustwide/workdir:ro,Z" "-v" "/var/lib/crater-agent-workspace/cargo-home:/opt/rustwide/cargo-home:ro,Z" "-v" "/var/lib/crater-agent-workspace/rustup-home:/opt/rustwide/rustup-home:ro,Z" "-e" "SOURCE_DIR=/opt/rustwide/workdir" "-e" "CARGO_TARGET_DIR=/opt/rustwide/target" "-e" "CARGO_INCREMENTAL=0" "-e" "RUST_BACKTRACE=full" "-e" "RUSTFLAGS=--cap-lints=warn" "-e" "RUSTDOCFLAGS=--cap-lints=warn" "-e" "CARGO_HOME=/opt/rustwide/cargo-home" "-e" "RUSTUP_HOME=/opt/rustwide/rustup-home" "-w" "/opt/rustwide/workdir" "-m" "1610612736" "--user" "0:0" "--network" "none" "ghcr.io/rust-lang/crates-build-env/linux@sha256:f3a9d4ad9d972b27faf3965f35b62e55ba32bbce8f20bc8fe909558a86702fde" "/opt/rustwide/cargo-home/bin/cargo" "+1.83.0" "test" "--frozen", kill_on_drop: false }`
[INFO] [stdout] 01797d6a31740aab7b6e97cd01376c53f45ed670d6549611be7938f9e0866bf2
[INFO] running `Command { std: "docker" "start" "-a" "01797d6a31740aab7b6e97cd01376c53f45ed670d6549611be7938f9e0866bf2", kill_on_drop: false }`
[INFO] [stderr] warning: field `1` is never read
[INFO] [stderr]   --> src/main.rs:59:19
[INFO] [stderr]    |
[INFO] [stderr] 59 |     Mock(Vec<u8>, bool),
[INFO] [stderr]    |     ----          ^^^^
[INFO] [stderr]    |     |
[INFO] [stderr]    |     field in this variant
[INFO] [stderr]    |
[INFO] [stderr]    = note: `Output` has a derived impl for the trait `Debug`, but this is intentionally ignored during dead code analysis
[INFO] [stderr]    = note: `#[warn(dead_code)]` on by default
[INFO] [stderr] help: consider changing the field to be of unit type to suppress this warning while preserving the field numbering, or remove the field
[INFO] [stderr]    |
[INFO] [stderr] 59 |     Mock(Vec<u8>, ()),
[INFO] [stderr]    |                   ~~
[INFO] [stderr] 
[INFO] [stderr] warning: `cargo-llvmcov` (bin "cargo-llvmcov" test) generated 1 warning
[INFO] [stderr]     Finished `test` profile [unoptimized + debuginfo] target(s) in 0.09s
[INFO] [stderr]      Running unittests src/main.rs (/opt/rustwide/target/debug/deps/cargo_llvmcov-2d29a455b71ecb44)
[INFO] [stdout] 
[INFO] [stdout] running 19 tests
[INFO] [stdout] test tests::test_build_failed ... ok
[INFO] [stdout] test tests::test_build ... ok
[INFO] [stdout] test tests::test_llvm_cov_export ... ok
[INFO] [stdout] test tests::test_merge_profdata_failed ... ok
[INFO] [stdout] test tests::test_cargo_home ... ok
[INFO] [stdout] test tests::test_rustup_home ... ok
[INFO] [stdout] test tests::test_target_dir ... ok
[INFO] [stdout] test tests::test_build_message ... ok
[INFO] [stdout] test tests::test_run_test_failed ... ok
[INFO] [stdout] test tests::test_run_test ... ok
[INFO] [stdout] test tests::test_merge_profdata ... ok
[INFO] [stdout] test tests::test_llvm_cov_show ... ok
[INFO] [stdout] test tests::test_llvm_cov_show_failed ... ok
[INFO] [stdout] test tests::test_cargo ... ok
[INFO] [stdout] test tests::test_llvm_cov_export_failed ... ok
[INFO] [stdout] test tests::test_build_no_executable_found ... ok
[INFO] [stdout] test tests::test_llvm_cov_show_html ... ok
[INFO] [stdout] test tests::test_to_obj_args ... ok
[INFO] [stdout] cargo 1.83.0 (5ffbef321 2024-10-29)
[INFO] [stdout] test tests::test_command ... ok
[INFO] [stdout] 
[INFO] [stdout] test result: ok. 19 passed; 0 failed; 0 ignored; 0 measured; 0 filtered out; finished in 0.31s
[INFO] [stdout] 
[INFO] [stderr]      Running tests/text.rs (/opt/rustwide/target/debug/deps/text-35bd31c0ad7826c6)
[INFO] [stdout] 
[INFO] [stdout] running 1 test
[INFO] [stderr] Error: No llvm-profdata exists.May be needs `rustup component add llvm-tools{-preview}?`
[INFO] [stdout] test test ... FAILED
[INFO] [stdout] 
[INFO] [stdout] failures:
[INFO] [stdout] 
[INFO] [stdout] ---- test stdout ----
[INFO] [stdout] thread 'test' panicked at tests/text.rs:20:5:
[INFO] [stdout] assertion failed: r.success()
[INFO] [stdout] stack backtrace:
[INFO] [stdout]    0:     0x5bbe5411f20a - std::backtrace_rs::backtrace::libunwind::trace::h5a5b8284f2d0c266
[INFO] [stdout]                                at /rustc/90b35a6239c3d8bdabc530a6a0816f7ff89a0aaf/library/std/src/../../backtrace/src/backtrace/libunwind.rs:116:5
[INFO] [stdout]    1:     0x5bbe5411f20a - std::backtrace_rs::backtrace::trace_unsynchronized::h76d4f1c9b0b875e3
[INFO] [stdout]                                at /rustc/90b35a6239c3d8bdabc530a6a0816f7ff89a0aaf/library/std/src/../../backtrace/src/backtrace/mod.rs:66:5
[INFO] [stdout]    2:     0x5bbe5411f20a - std::sys::backtrace::_print_fmt::hc4546b8364a537c6
[INFO] [stdout]                                at /rustc/90b35a6239c3d8bdabc530a6a0816f7ff89a0aaf/library/std/src/sys/backtrace.rs:66:9
[INFO] [stdout]    3:     0x5bbe5411f20a - <std::sys::backtrace::BacktraceLock::print::DisplayBacktrace as core::fmt::Display>::fmt::h5b6bd5631a6d1f6b
[INFO] [stdout]                                at /rustc/90b35a6239c3d8bdabc530a6a0816f7ff89a0aaf/library/std/src/sys/backtrace.rs:39:26
[INFO] [stdout]    4:     0x5bbe54144803 - core::fmt::rt::Argument::fmt::h270f6602a2b96f62
[INFO] [stdout]                                at /rustc/90b35a6239c3d8bdabc530a6a0816f7ff89a0aaf/library/core/src/fmt/rt.rs:177:76
[INFO] [stdout]    5:     0x5bbe54144803 - core::fmt::write::h7550c97b06c86515
[INFO] [stdout]                                at /rustc/90b35a6239c3d8bdabc530a6a0816f7ff89a0aaf/library/core/src/fmt/mod.rs:1186:21
[INFO] [stdout]    6:     0x5bbe5411c253 - std::io::Write::write_fmt::h509ff860e5956e5e
[INFO] [stdout]                                at /rustc/90b35a6239c3d8bdabc530a6a0816f7ff89a0aaf/library/std/src/io/mod.rs:1839:15
[INFO] [stdout]    7:     0x5bbe5411f052 - std::sys::backtrace::BacktraceLock::print::h2395ccd2c84ba3aa
[INFO] [stdout]                                at /rustc/90b35a6239c3d8bdabc530a6a0816f7ff89a0aaf/library/std/src/sys/backtrace.rs:42:9
[INFO] [stdout]    8:     0x5bbe5412066a - std::panicking::default_hook::{{closure}}::he19d4c7230e07961
[INFO] [stdout]                                at /rustc/90b35a6239c3d8bdabc530a6a0816f7ff89a0aaf/library/std/src/panicking.rs:268:22
[INFO] [stdout]    9:     0x5bbe54120474 - std::panicking::default_hook::hf614597d3c67bbdb
[INFO] [stdout]                                at /rustc/90b35a6239c3d8bdabc530a6a0816f7ff89a0aaf/library/std/src/panicking.rs:292:9
[INFO] [stdout]   10:     0x5bbe540ebae9 - <alloc::boxed::Box<F,A> as core::ops::function::Fn<Args>>::call::h39b51ce4599c23d1
[INFO] [stdout]                                at /rustc/90b35a6239c3d8bdabc530a6a0816f7ff89a0aaf/library/alloc/src/boxed.rs:2468:9
[INFO] [stdout]   11:     0x5bbe540ebae9 - test::test_main::{{closure}}::he977ae839a582784
[INFO] [stdout]                                at /rustc/90b35a6239c3d8bdabc530a6a0816f7ff89a0aaf/library/test/src/lib.rs:133:21
[INFO] [stdout]   12:     0x5bbe54120d08 - <alloc::boxed::Box<F,A> as core::ops::function::Fn<Args>>::call::h9455091b6b06f9fb
[INFO] [stdout]                                at /rustc/90b35a6239c3d8bdabc530a6a0816f7ff89a0aaf/library/alloc/src/boxed.rs:2468:9
[INFO] [stdout]   13:     0x5bbe54120d08 - std::panicking::rust_panic_with_hook::h8942133a8b252070
[INFO] [stdout]                                at /rustc/90b35a6239c3d8bdabc530a6a0816f7ff89a0aaf/library/std/src/panicking.rs:809:13
[INFO] [stdout]   14:     0x5bbe54120a96 - std::panicking::begin_panic_handler::{{closure}}::hb5f5963570096b29
[INFO] [stdout]                                at /rustc/90b35a6239c3d8bdabc530a6a0816f7ff89a0aaf/library/std/src/panicking.rs:667:13
[INFO] [stdout]   15:     0x5bbe5411f6e9 - std::sys::backtrace::__rust_end_short_backtrace::h6208cedc1922feda
[INFO] [stdout]                                at /rustc/90b35a6239c3d8bdabc530a6a0816f7ff89a0aaf/library/std/src/sys/backtrace.rs:170:18
[INFO] [stdout]   16:     0x5bbe5412075c - rust_begin_unwind
[INFO] [stdout]                                at /rustc/90b35a6239c3d8bdabc530a6a0816f7ff89a0aaf/library/std/src/panicking.rs:665:5
[INFO] [stdout]   17:     0x5bbe540aba60 - core::panicking::panic_fmt::h0c3082644d1bf418
[INFO] [stdout]                                at /rustc/90b35a6239c3d8bdabc530a6a0816f7ff89a0aaf/library/core/src/panicking.rs:74:14
[INFO] [stdout]   18:     0x5bbe540abaec - core::panicking::panic::h957f98c65a3b3074
[INFO] [stdout]                                at /rustc/90b35a6239c3d8bdabc530a6a0816f7ff89a0aaf/library/core/src/panicking.rs:148:5
[INFO] [stdout]   19:     0x5bbe540b030c - text::run::h65454643dada1238
[INFO] [stdout]                                at /opt/rustwide/workdir/tests/text.rs:20:5
[INFO] [stdout]   20:     0x5bbe540b0782 - text::test::ha910346981535277
[INFO] [stdout]                                at /opt/rustwide/workdir/tests/text.rs:9:5
[INFO] [stdout]   21:     0x5bbe540b0757 - text::test::{{closure}}::hdaf2848c1b42b03a
[INFO] [stdout]                                at /opt/rustwide/workdir/tests/text.rs:8:10
[INFO] [stdout]   22:     0x5bbe540ad256 - core::ops::function::FnOnce::call_once::h8e8e387107087e42
[INFO] [stdout]                                at /rustc/90b35a6239c3d8bdabc530a6a0816f7ff89a0aaf/library/core/src/ops/function.rs:250:5
[INFO] [stdout]   23:     0x5bbe540f04ab - core::ops::function::FnOnce::call_once::h109cf8051a59b34e
[INFO] [stdout]                                at /rustc/90b35a6239c3d8bdabc530a6a0816f7ff89a0aaf/library/core/src/ops/function.rs:250:5
[INFO] [stdout]   24:     0x5bbe540f04ab - test::__rust_begin_short_backtrace::hf4fff89d377446ba
[INFO] [stdout]                                at /rustc/90b35a6239c3d8bdabc530a6a0816f7ff89a0aaf/library/test/src/lib.rs:621:18
[INFO] [stdout]   25:     0x5bbe540efce7 - test::run_test_in_process::{{closure}}::h0e39181dd7ee5a43
[INFO] [stdout]                                at /rustc/90b35a6239c3d8bdabc530a6a0816f7ff89a0aaf/library/test/src/lib.rs:644:60
[INFO] [stdout]   26:     0x5bbe540efce7 - <core::panic::unwind_safe::AssertUnwindSafe<F> as core::ops::function::FnOnce<()>>::call_once::hc5a66a30f0bdfd1f
[INFO] [stdout]                                at /rustc/90b35a6239c3d8bdabc530a6a0816f7ff89a0aaf/library/core/src/panic/unwind_safe.rs:272:9
[INFO] [stdout]   27:     0x5bbe540efce7 - std::panicking::try::do_call::h873b7cf639554a5e
[INFO] [stdout]                                at /rustc/90b35a6239c3d8bdabc530a6a0816f7ff89a0aaf/library/std/src/panicking.rs:557:40
[INFO] [stdout]   28:     0x5bbe540efce7 - std::panicking::try::hdb19862fad9c8bd1
[INFO] [stdout]                                at /rustc/90b35a6239c3d8bdabc530a6a0816f7ff89a0aaf/library/std/src/panicking.rs:520:19
[INFO] [stdout]   29:     0x5bbe540efce7 - std::panic::catch_unwind::h281fe732d236d260
[INFO] [stdout]                                at /rustc/90b35a6239c3d8bdabc530a6a0816f7ff89a0aaf/library/std/src/panic.rs:358:14
[INFO] [stdout]   30:     0x5bbe540efce7 - test::run_test_in_process::h949b6df8457ed338
[INFO] [stdout]                                at /rustc/90b35a6239c3d8bdabc530a6a0816f7ff89a0aaf/library/test/src/lib.rs:644:27
[INFO] [stdout]   31:     0x5bbe540efce7 - test::run_test::{{closure}}::h52c556a6d4740e10
[INFO] [stdout]                                at /rustc/90b35a6239c3d8bdabc530a6a0816f7ff89a0aaf/library/test/src/lib.rs:565:43
[INFO] [stdout]   32:     0x5bbe540b4fc4 - test::run_test::{{closure}}::h4237f6381c45ccb9
[INFO] [stdout]                                at /rustc/90b35a6239c3d8bdabc530a6a0816f7ff89a0aaf/library/test/src/lib.rs:595:41
[INFO] [stdout]   33:     0x5bbe540b4fc4 - std::sys::backtrace::__rust_begin_short_backtrace::h505c97a579eca628
[INFO] [stdout]                                at /rustc/90b35a6239c3d8bdabc530a6a0816f7ff89a0aaf/library/std/src/sys/backtrace.rs:154:18
[INFO] [stdout]   34:     0x5bbe540b868e - std::thread::Builder::spawn_unchecked_::{{closure}}::{{closure}}::h9e86b2e2bc107ea3
[INFO] [stdout]                                at /rustc/90b35a6239c3d8bdabc530a6a0816f7ff89a0aaf/library/std/src/thread/mod.rs:538:17
[INFO] [stdout]   35:     0x5bbe540b868e - <core::panic::unwind_safe::AssertUnwindSafe<F> as core::ops::function::FnOnce<()>>::call_once::h8b06ddb275ff4a25
[INFO] [stdout]                                at /rustc/90b35a6239c3d8bdabc530a6a0816f7ff89a0aaf/library/core/src/panic/unwind_safe.rs:272:9
[INFO] [stdout]   36:     0x5bbe540b868e - std::panicking::try::do_call::hb26ecd7cd9a9355d
[INFO] [stdout]                                at /rustc/90b35a6239c3d8bdabc530a6a0816f7ff89a0aaf/library/std/src/panicking.rs:557:40
[INFO] [stdout]   37:     0x5bbe540b868e - std::panicking::try::h8ddeca9d705f9069
[INFO] [stdout]                                at /rustc/90b35a6239c3d8bdabc530a6a0816f7ff89a0aaf/library/std/src/panicking.rs:520:19
[INFO] [stdout]   38:     0x5bbe540b868e - std::panic::catch_unwind::h49e1c33078844c46
[INFO] [stdout]                                at /rustc/90b35a6239c3d8bdabc530a6a0816f7ff89a0aaf/library/std/src/panic.rs:358:14
[INFO] [stdout]   39:     0x5bbe540b868e - std::thread::Builder::spawn_unchecked_::{{closure}}::h6073db6ff56ad35d
[INFO] [stdout]                                at /rustc/90b35a6239c3d8bdabc530a6a0816f7ff89a0aaf/library/std/src/thread/mod.rs:537:30
[INFO] [stdout]   40:     0x5bbe540b868e - core::ops::function::FnOnce::call_once{{vtable.shim}}::h2c5a5f3779c774f1
[INFO] [stdout]                                at /rustc/90b35a6239c3d8bdabc530a6a0816f7ff89a0aaf/library/core/src/ops/function.rs:250:5
[INFO] [stdout]   41:     0x5bbe54124c3b - <alloc::boxed::Box<F,A> as core::ops::function::FnOnce<Args>>::call_once::hf75717d9f28faebf
[INFO] [stdout]                                at /rustc/90b35a6239c3d8bdabc530a6a0816f7ff89a0aaf/library/alloc/src/boxed.rs:2454:9
[INFO] [stdout]   42:     0x5bbe54124c3b - <alloc::boxed::Box<F,A> as core::ops::function::FnOnce<Args>>::call_once::h7bd883a5f3c5f3c1
[INFO] [stdout]                                at /rustc/90b35a6239c3d8bdabc530a6a0816f7ff89a0aaf/library/alloc/src/boxed.rs:2454:9
[INFO] [stdout]   43:     0x5bbe54124c3b - std::sys::pal::unix::thread::Thread::new::thread_start::hcc78f3943333fa94
[INFO] [stdout]                                at /rustc/90b35a6239c3d8bdabc530a6a0816f7ff89a0aaf/library/std/src/sys/pal/unix/thread.rs:105:17
[INFO] [stdout]   44:     0x799f57f6cac3 - <unknown>
[INFO] [stdout]   45:     0x799f57ffda04 - clone
[INFO] [stdout]   46:                0x0 - <unknown>
[INFO] [stdout] 
[INFO] [stdout] 
[INFO] [stdout] failures:
[INFO] [stdout]     test
[INFO] [stdout] 
[INFO] [stdout] test result: FAILED. 0 passed; 1 failed; 0 ignored; 0 measured; 0 filtered out; finished in 0.25s
[INFO] [stdout] 
[INFO] [stderr] error: test failed, to rerun pass `--test text`
[INFO] running `Command { std: "docker" "inspect" "01797d6a31740aab7b6e97cd01376c53f45ed670d6549611be7938f9e0866bf2", kill_on_drop: false }`
[INFO] running `Command { std: "docker" "rm" "-f" "01797d6a31740aab7b6e97cd01376c53f45ed670d6549611be7938f9e0866bf2", kill_on_drop: false }`
[INFO] [stdout] 01797d6a31740aab7b6e97cd01376c53f45ed670d6549611be7938f9e0866bf2
